192.109.200.27 - - [16/Mar/2026:18:31:13 +0000] "GET /wp-admin/edit.php HTTP/1.1" 500 981 "https://km104.com/wp-login.php" "Mozilla/5.0 (Windows NT 10.0; Win64; x64) AppleWebKit/537.36 (KHTML, like Gecko) Chrome/121.0.0.0 Safari/537.36"
192.109.200.27 - - [16/Mar/2026:18:31:13 +0000] "GET /wp-admin/plugins.php HTTP/1.1" 500 981 "https://km104.com/wp-login.php" "Mozilla/5.0 (Windows NT 10.0; Win64; x64) AppleWebKit/537.36 (KHTML, like Gecko) Chrome/121.0.0.0 Safari/537.36"
192.109.200.27 - - [16/Mar/2026:18:31:13 +0000] "POST /wp-login.php HTTP/1.1" 307 797 "https://km104.com/wp-login.php" "Mozilla/5.0 (X11; Linux x86_64) AppleWebKit/537.36 (KHTML, like Gecko) Chrome/120.0.0.0 Safari/537.36"
192.109.200.27 - - [16/Mar/2026:18:31:14 +0000] "GET /wp-admin/index.php HTTP/1.1" 500 981 "https://km104.com/wp-login.php" "Mozilla/5.0 (Macintosh; Intel Mac OS X 10_15_7; rv:119.0) Gecko/20100101 Firefox/119.0"
192.109.200.27 - - [16/Mar/2026:18:31:14 +0000] "GET /wp-admin/profile.php HTTP/1.1" 500 981 "https://km104.com/wp-login.php" "Mozilla/5.0 (Macintosh; Intel Mac OS X 10_15_7; rv:119.0) Gecko/20100101 Firefox/119.0"
192.109.200.27 - - [16/Mar/2026:18:31:14 +0000] "GET /wp-admin/edit.php HTTP/1.1" 500 981 "https://km104.com/wp-login.php" "Mozilla/5.0 (Macintosh; Intel Mac OS X 10_15_7; rv:119.0) Gecko/20100101 Firefox/119.0"
192.109.200.27 - - [16/Mar/2026:18:31:14 +0000] "GET /wp-admin/plugins.php HTTP/1.1" 500 981 "https://km104.com/wp-login.php" "Mozilla/5.0 (Macintosh; Intel Mac OS X 10_15_7; rv:119.0) Gecko/20100101 Firefox/119.0"
192.109.200.27 - - [16/Mar/2026:18:31:15 +0000] "POST /wp-login.php HTTP/1.1" 307 797 "https://km104.com/wp-login.php" "Mozilla/5.0 (Windows NT 11.0; Win64; x64; rv:121.0) Gecko/20100101 Firefox/121.0"
192.109.200.27 - - [16/Mar/2026:18:31:15 +0000] "GET /wp-admin/index.php HTTP/1.1" 500 981 "https://km104.com/wp-login.php" "Mozilla/5.0 (Macintosh; Intel Mac OS X 13_6_1; rv:120.0) Gecko/20100101 Firefox/120.0"
192.109.200.27 - - [16/Mar/2026:18:31:16 +0000] "GET /wp-admin/profile.php HTTP/1.1" 500 981 "https://km104.com/wp-login.php" "Mozilla/5.0 (Macintosh; Intel Mac OS X 13_6_1; rv:120.0) Gecko/20100101 Firefox/120.0"
192.109.200.27 - - [16/Mar/2026:18:31:16 +0000] "GET /wp-admin/edit.php HTTP/1.1" 500 981 "https://km104.com/wp-login.php" "Mozilla/5.0 (Macintosh; Intel Mac OS X 13_6_1; rv:120.0) Gecko/20100101 Firefox/120.0"
192.109.200.27 - - [16/Mar/2026:18:31:16 +0000] "GET /wp-admin/plugins.php HTTP/1.1" 500 981 "https://km104.com/wp-login.php" "Mozilla/5.0 (Macintosh; Intel Mac OS X 13_6_1; rv:120.0) Gecko/20100101 Firefox/120.0"
192.109.200.27 - - [16/Mar/2026:18:31:17 +0000] "POST /wp-login.php HTTP/1.1" 307 797 "https://km104.com/wp-login.php" "Mozilla/5.0 (Macintosh; Intel Mac OS X 10_15_7) AppleWebKit/537.36 (KHTML, like Gecko) Chrome/121.0.0.0 Safari/537.36"
192.109.200.27 - - [16/Mar/2026:18:31:17 +0000] "GET /wp-admin/index.php HTTP/1.1" 500 981 "https://km104.com/wp-login.php" "Mozilla/5.0 (Macintosh; Intel Mac OS X 10_15_7) AppleWebKit/605.1.15 (KHTML, like Gecko) Version/17.0 Safari/605.1.15"
192.109.200.27 - - [16/Mar/2026:18:31:18 +0000] "GET /wp-admin/profile.php HTTP/1.1" 500 981 "https://km104.com/wp-login.php" "Mozilla/5.0 (Macintosh; Intel Mac OS X 10_15_7) AppleWebKit/605.1.15 (KHTML, like Gecko) Version/17.0 Safari/605.1.15"
192.109.200.27 - - [16/Mar/2026:18:31:18 +0000] "GET /wp-admin/edit.php HTTP/1.1" 500 981 "https://km104.com/wp-login.php" "Mozilla/5.0 (Macintosh; Intel Mac OS X 10_15_7) AppleWebKit/605.1.15 (KHTML, like Gecko) Version/17.0 Safari/605.1.15"
192.109.200.27 - - [16/Mar/2026:18:31:18 +0000] "GET /wp-admin/plugins.php HTTP/1.1" 500 981 "https://km104.com/wp-login.php" "Mozilla/5.0 (Macintosh; Intel Mac OS X 10_15_7) AppleWebKit/605.1.15 (KHTML, like Gecko) Version/17.0 Safari/605.1.15"
192.109.200.27 - - [16/Mar/2026:18:31:19 +0000] "POST /wp-login.php HTTP/1.1" 307 797 "https://km104.com/wp-login.php" "Mozilla/5.0 (Macintosh; Intel Mac OS X 13_6_1) AppleWebKit/605.1.15 (KHTML, like Gecko) Version/17.2 Safari/605.1.15"
192.109.200.27 - - [16/Mar/2026:18:31:19 +0000] "GET /wp-admin/index.php HTTP/1.1" 500 981 "https://km104.com/wp-login.php" "Mozilla/5.0 (Macintosh; Intel Mac OS X 10_15_7; rv:118.0) Gecko/20100101 Firefox/118.0"
192.109.200.27 - - [16/Mar/2026:18:31:19 +0000] "GET /wp-admin/profile.php HTTP/1.1" 500 981 "https://km104.com/wp-login.php" "Mozilla/5.0 (Macintosh; Intel Mac OS X 10_15_7; rv:118.0) Gecko/20100101 Firefox/118.0"
192.109.200.27 - - [16/Mar/2026:18:31:19 +0000] "GET /wp-admin/edit.php HTTP/1.1" 500 981 "https://km104.com/wp-login.php" "Mozilla/5.0 (Macintosh; Intel Mac OS X 10_15_7; rv:118.0) Gecko/20100101 Firefox/118.0"
192.109.200.27 - - [16/Mar/2026:18:31:20 +0000] "GET /wp-admin/plugins.php HTTP/1.1" 500 981 "https://km104.com/wp-login.php" "Mozilla/5.0 (Macintosh; Intel Mac OS X 10_15_7; rv:118.0) Gecko/20100101 Firefox/118.0"
192.109.200.27 - - [16/Mar/2026:18:31:20 +0000] "POST /wp-login.php HTTP/1.1" 307 797 "https://km104.com/wp-login.php" "Mozilla/5.0 (Macintosh; Intel Mac OS X 10_15_7) AppleWebKit/537.36 (KHTML, like Gecko) Chrome/120.0.0.0 Safari/537.36"
192.109.200.27 - - [16/Mar/2026:18:31:20 +0000] "GET /wp-admin/index.php HTTP/1.1" 500 981 "https://km104.com/wp-login.php" "Mozilla/5.0 (Macintosh; Intel Mac OS X 13_6_1) AppleWebKit/537.36 (KHTML, like Gecko) Chrome/121.0.0.0 Safari/537.36"
192.109.200.27 - - [16/Mar/2026:18:31:20 +0000] "GET /wp-admin/profile.php HTTP/1.1" 500 981 "https://km104.com/wp-login.php" "Mozilla/5.0 (Macintosh; Intel Mac OS X 13_6_1) AppleWebKit/537.36 (KHTML, like Gecko) Chrome/121.0.0.0 Safari/537.36"
192.109.200.27 - - [16/Mar/2026:18:31:21 +0000] "GET /wp-admin/edit.php HTTP/1.1" 500 981 "https://km104.com/wp-login.php" "Mozilla/5.0 (Macintosh; Intel Mac OS X 13_6_1) AppleWebKit/537.36 (KHTML, like Gecko) Chrome/121.0.0.0 Safari/537.36"
192.109.200.27 - - [16/Mar/2026:18:31:21 +0000] "GET /wp-admin/plugins.php HTTP/1.1" 500 981 "https://km104.com/wp-login.php" "Mozilla/5.0 (Macintosh; Intel Mac OS X 13_6_1) AppleWebKit/537.36 (KHTML, like Gecko) Chrome/121.0.0.0 Safari/537.36"
192.109.200.27 - - [16/Mar/2026:18:31:21 +0000] "POST /wp-login.php HTTP/1.1" 307 797 "https://km104.com/wp-login.php" "Mozilla/5.0 (Macintosh; Intel Mac OS X 10_15_7) AppleWebKit/605.1.15 (KHTML, like Gecko) Version/17.0 Safari/605.1.15"
192.109.200.27 - - [16/Mar/2026:18:31:22 +0000] "GET /wp-admin/index.php HTTP/1.1" 500 981 "https://km104.com/wp-login.php" "Mozilla/5.0 (Macintosh; Intel Mac OS X 10_15_7) AppleWebKit/605.1.15 (KHTML, like Gecko) Version/16.6 Safari/605.1.15"
192.109.200.27 - - [16/Mar/2026:18:31:22 +0000] "GET /wp-admin/profile.php HTTP/1.1" 500 981 "https://km104.com/wp-login.php" "Mozilla/5.0 (Macintosh; Intel Mac OS X 10_15_7) AppleWebKit/605.1.15 (KHTML, like Gecko) Version/16.6 Safari/605.1.15"
192.109.200.27 - - [16/Mar/2026:18:31:22 +0000] "GET /wp-admin/edit.php HTTP/1.1" 500 981 "https://km104.com/wp-login.php" "Mozilla/5.0 (Macintosh; Intel Mac OS X 10_15_7) AppleWebKit/605.1.15 (KHTML, like Gecko) Version/16.6 Safari/605.1.15"
192.109.200.27 - - [16/Mar/2026:18:31:23 +0000] "GET /wp-admin/plugins.php HTTP/1.1" 500 981 "https://km104.com/wp-login.php" "Mozilla/5.0 (Macintosh; Intel Mac OS X 10_15_7) AppleWebKit/605.1.15 (KHTML, like Gecko) Version/16.6 Safari/605.1.15"
192.109.200.27 - - [16/Mar/2026:18:31:23 +0000] "POST /wp-login.php HTTP/1.1" 307 797 "https://km104.com/wp-login.php" "Mozilla/5.0 (Windows NT 11.0; Win64; x64) AppleWebKit/537.36 (KHTML, like Gecko) Chrome/119.0.0.0 Safari/537.36"
192.109.200.27 - - [16/Mar/2026:18:31:23 +0000] "GET /wp-admin/index.php HTTP/1.1" 500 981 "https://km104.com/wp-login.php" "Mozilla/5.0 (X11; Ubuntu; Linux x86_64) AppleWebKit/537.36 (KHTML, like Gecko) Chrome/119.0.0.0 Safari/537.36"
192.109.200.27 - - [16/Mar/2026:18:31:23 +0000] "GET /wp-admin/profile.php HTTP/1.1" 500 981 "https://km104.com/wp-login.php" "Mozilla/5.0 (X11; Ubuntu; Linux x86_64) AppleWebKit/537.36 (KHTML, like Gecko) Chrome/119.0.0.0 Safari/537.36"
192.109.200.27 - - [16/Mar/2026:18:31:24 +0000] "GET /wp-admin/edit.php HTTP/1.1" 500 981 "https://km104.com/wp-login.php" "Mozilla/5.0 (X11; Ubuntu; Linux x86_64) AppleWebKit/537.36 (KHTML, like Gecko) Chrome/119.0.0.0 Safari/537.36"
192.109.200.27 - - [16/Mar/2026:18:31:24 +0000] "GET /wp-admin/plugins.php HTTP/1.1" 500 981 "https://km104.com/wp-login.php" "Mozilla/5.0 (X11; Ubuntu; Linux x86_64) AppleWebKit/537.36 (KHTML, like Gecko) Chrome/119.0.0.0 Safari/537.36"
192.109.200.27 - - [16/Mar/2026:18:31:24 +0000] "POST /wp-login.php HTTP/1.1" 307 797 "https://km104.com/wp-login.php" "Mozilla/5.0 (X11; Linux x86_64) AppleWebKit/537.36 (KHTML, like Gecko) Chrome/120.0.0.0 Safari/537.36"
192.109.200.27 - - [16/Mar/2026:18:31:25 +0000] "GET /wp-admin/index.php HTTP/1.1" 500 981 "https://km104.com/wp-login.php" "Mozilla/5.0 (X11; Linux x86_64) AppleWebKit/537.36 (KHTML, like Gecko) Chrome/120.0.0.0 Safari/537.36"
192.109.200.27 - - [16/Mar/2026:18:31:25 +0000] "GET /wp-admin/profile.php HTTP/1.1" 500 981 "https://km104.com/wp-login.php" "Mozilla/5.0 (X11; Linux x86_64) AppleWebKit/537.36 (KHTML, like Gecko) Chrome/120.0.0.0 Safari/537.36"
192.109.200.27 - - [16/Mar/2026:18:31:25 +0000] "GET /wp-admin/edit.php HTTP/1.1" 500 981 "https://km104.com/wp-login.php" "Mozilla/5.0 (X11; Linux x86_64) AppleWebKit/537.36 (KHTML, like Gecko) Chrome/120.0.0.0 Safari/537.36"
192.109.200.27 - - [16/Mar/2026:18:31:25 +0000] "GET /wp-admin/plugins.php HTTP/1.1" 500 981 "https://km104.com/wp-login.php" "Mozilla/5.0 (X11; Linux x86_64) AppleWebKit/537.36 (KHTML, like Gecko) Chrome/120.0.0.0 Safari/537.36"
192.109.200.27 - - [16/Mar/2026:18:31:25 +0000] "POST /wp-login.php HTTP/1.1" 307 797 "https://km104.com/wp-login.php" "Mozilla/5.0 (Windows NT 11.0; Win64; x64) AppleWebKit/537.36 (KHTML, like Gecko) Chrome/120.0.0.0 Safari/537.36"
192.109.200.27 - - [16/Mar/2026:18:31:26 +0000] "GET /wp-admin/index.php HTTP/1.1" 500 981 "https://km104.com/wp-login.php" "Mozilla/5.0 (X11; Linux x86_64) AppleWebKit/537.36 (KHTML, like Gecko) Chrome/119.0.0.0 Safari/537.36"
192.109.200.27 - - [16/Mar/2026:18:31:26 +0000] "GET /wp-admin/profile.php HTTP/1.1" 500 981 "https://km104.com/wp-login.php" "Mozilla/5.0 (X11; Linux x86_64) AppleWebKit/537.36 (KHTML, like Gecko) Chrome/119.0.0.0 Safari/537.36"
192.109.200.27 - - [16/Mar/2026:18:31:26 +0000] "GET /wp-admin/edit.php HTTP/1.1" 500 981 "https://km104.com/wp-login.php" "Mozilla/5.0 (X11; Linux x86_64) AppleWebKit/537.36 (KHTML, like Gecko) Chrome/119.0.0.0 Safari/537.36"
192.109.200.27 - - [16/Mar/2026:18:31:26 +0000] "GET /wp-admin/plugins.php HTTP/1.1" 500 981 "https://km104.com/wp-login.php" "Mozilla/5.0 (X11; Linux x86_64) AppleWebKit/537.36 (KHTML, like Gecko) Chrome/119.0.0.0 Safari/537.36"
192.109.200.27 - - [16/Mar/2026:18:31:26 +0000] "POST /wp-login.php HTTP/1.1" 307 797 "https://km104.com/wp-login.php" "Mozilla/5.0 (Macintosh; Intel Mac OS X 10_15_7) AppleWebKit/537.36 (KHTML, like Gecko) Chrome/121.0.0.0 Safari/537.36"
192.109.200.27 - - [16/Mar/2026:18:31:27 +0000] "GET /wp-admin/index.php HTTP/1.1" 500 981 "https://km104.com/wp-login.php" "Mozilla/5.0 (Windows NT 10.0; Win64; x64) AppleWebKit/537.36 (KHTML, like Gecko) Chrome/121.0.0.0 Safari/537.36"
192.109.200.27 - - [16/Mar/2026:18:31:27 +0000] "GET /wp-admin/profile.php HTTP/1.1" 500 981 "https://km104.com/wp-login.php" "Mozilla/5.0 (Windows NT 10.0; Win64; x64) AppleWebKit/537.36 (KHTML, like Gecko) Chrome/121.0.0.0 Safari/537.36"
192.109.200.27 - - [16/Mar/2026:18:31:27 +0000] "GET /wp-admin/edit.php HTTP/1.1" 500 981 "https://km104.com/wp-login.php" "Mozilla/5.0 (Windows NT 10.0; Win64; x64) AppleWebKit/537.36 (KHTML, like Gecko) Chrome/121.0.0.0 Safari/537.36"
192.109.200.27 - - [16/Mar/2026:18:31:28 +0000] "GET /wp-admin/plugins.php HTTP/1.1" 500 981 "https://km104.com/wp-login.php" "Mozilla/5.0 (Windows NT 10.0; Win64; x64) AppleWebKit/537.36 (KHTML, like Gecko) Chrome/121.0.0.0 Safari/537.36"
192.109.200.27 - - [16/Mar/2026:18:31:28 +0000] "POST /wp-login.php HTTP/1.1" 307 797 "https://km104.com/wp-login.php" "Mozilla/5.0 (Windows NT 10.0; Win64; x64; rv:119.0) Gecko/20100101 Firefox/119.0"
192.109.200.27 - - [16/Mar/2026:18:31:28 +0000] "GET /wp-admin/index.php HTTP/1.1" 500 981 "https://km104.com/wp-login.php" "Mozilla/5.0 (Macintosh; Intel Mac OS X 13_6_1; rv:119.0) Gecko/20100101 Firefox/119.0"
192.109.200.27 - - [16/Mar/2026:18:31:28 +0000] "GET /wp-admin/profile.php HTTP/1.1" 500 981 "https://km104.com/wp-login.php" "Mozilla/5.0 (Macintosh; Intel Mac OS X 13_6_1; rv:119.0) Gecko/20100101 Firefox/119.0"
192.109.200.27 - - [16/Mar/2026:18:31:28 +0000] "GET /wp-admin/edit.php HTTP/1.1" 500 981 "https://km104.com/wp-login.php" "Mozilla/5.0 (Macintosh; Intel Mac OS X 13_6_1; rv:119.0) Gecko/20100101 Firefox/119.0"
192.109.200.27 - - [16/Mar/2026:18:31:28 +0000] "GET /wp-admin/plugins.php HTTP/1.1" 500 981 "https://km104.com/wp-login.php" "Mozilla/5.0 (Macintosh; Intel Mac OS X 13_6_1; rv:119.0) Gecko/20100101 Firefox/119.0"
192.109.200.27 - - [16/Mar/2026:18:31:29 +0000] "POST /wp-login.php HTTP/1.1" 307 797 "https://km104.com/wp-login.php" "Mozilla/5.0 (Macintosh; Intel Mac OS X 13_6_1) AppleWebKit/605.1.15 (KHTML, like Gecko) Version/17.2 Safari/605.1.15"
192.109.200.27 - - [16/Mar/2026:18:31:29 +0000] "GET /wp-admin/index.php HTTP/1.1" 500 981 "https://km104.com/wp-login.php" "Mozilla/5.0 (X11; Ubuntu; Linux x86_64) AppleWebKit/537.36 (KHTML, like Gecko) Chrome/120.0.0.0 Safari/537.36"
192.109.200.27 - - [16/Mar/2026:18:31:30 +0000] "GET /wp-admin/profile.php HTTP/1.1" 500 981 "https://km104.com/wp-login.php" "Mozilla/5.0 (X11; Ubuntu; Linux x86_64) AppleWebKit/537.36 (KHTML, like Gecko) Chrome/120.0.0.0 Safari/537.36"
192.109.200.27 - - [16/Mar/2026:18:31:30 +0000] "GET /wp-admin/edit.php HTTP/1.1" 500 981 "https://km104.com/wp-login.php" "Mozilla/5.0 (X11; Ubuntu; Linux x86_64) AppleWebKit/537.36 (KHTML, like Gecko) Chrome/120.0.0.0 Safari/537.36"
192.109.200.27 - - [16/Mar/2026:18:31:30 +0000] "GET /wp-admin/plugins.php HTTP/1.1" 500 981 "https://km104.com/wp-login.php" "Mozilla/5.0 (X11; Ubuntu; Linux x86_64) AppleWebKit/537.36 (KHTML, like Gecko) Chrome/120.0.0.0 Safari/537.36"
192.109.200.27 - - [16/Mar/2026:18:31:30 +0000] "POST /wp-login.php HTTP/1.1" 307 797 "https://km104.com/wp-login.php" "Mozilla/5.0 (Macintosh; Intel Mac OS X 13_6_1) AppleWebKit/537.36 (KHTML, like Gecko) Chrome/118.0.0.0 Safari/537.36"
192.109.200.27 - - [16/Mar/2026:18:31:31 +0000] "GET /wp-admin/index.php HTTP/1.1" 500 981 "https://km104.com/wp-login.php" "Mozilla/5.0 (Windows NT 11.0; Win64; x64; rv:119.0) Gecko/20100101 Firefox/119.0"
192.109.200.27 - - [16/Mar/2026:18:31:31 +0000] "GET /wp-admin/profile.php HTTP/1.1" 500 981 "https://km104.com/wp-login.php" "Mozilla/5.0 (Windows NT 11.0; Win64; x64; rv:119.0) Gecko/20100101 Firefox/119.0"
192.109.200.27 - - [16/Mar/2026:18:31:31 +0000] "GET /wp-admin/edit.php HTTP/1.1" 500 981 "https://km104.com/wp-login.php" "Mozilla/5.0 (Windows NT 11.0; Win64; x64; rv:119.0) Gecko/20100101 Firefox/119.0"
192.109.200.27 - - [16/Mar/2026:18:31:31 +0000] "GET /wp-admin/plugins.php HTTP/1.1" 500 981 "https://km104.com/wp-login.php" "Mozilla/5.0 (Windows NT 11.0; Win64; x64; rv:119.0) Gecko/20100101 Firefox/119.0"
192.109.200.27 - - [16/Mar/2026:18:31:32 +0000] "POST /wp-login.php HTTP/1.1" 307 797 "https://km104.com/wp-login.php" "Mozilla/5.0 (Macintosh; Intel Mac OS X 10_15_7) AppleWebKit/605.1.15 (KHTML, like Gecko) Version/17.1 Safari/605.1.15"
192.109.200.27 - - [16/Mar/2026:18:31:32 +0000] "GET /wp-admin/index.php HTTP/1.1" 500 981 "https://km104.com/wp-login.php" "Mozilla/5.0 (X11; Ubuntu; Linux x86_64) AppleWebKit/537.36 (KHTML, like Gecko) Chrome/121.0.0.0 Safari/537.36"
192.109.200.27 - - [16/Mar/2026:18:31:32 +0000] "GET /wp-admin/profile.php HTTP/1.1" 500 981 "https://km104.com/wp-login.php" "Mozilla/5.0 (X11; Ubuntu; Linux x86_64) AppleWebKit/537.36 (KHTML, like Gecko) Chrome/121.0.0.0 Safari/537.36"
192.109.200.27 - - [16/Mar/2026:18:31:32 +0000] "GET /wp-admin/edit.php HTTP/1.1" 500 981 "https://km104.com/wp-login.php" "Mozilla/5.0 (X11; Ubuntu; Linux x86_64) AppleWebKit/537.36 (KHTML, like Gecko) Chrome/121.0.0.0 Safari/537.36"
192.109.200.27 - - [16/Mar/2026:18:31:32 +0000] "GET /wp-admin/plugins.php HTTP/1.1" 500 981 "https://km104.com/wp-login.php" "Mozilla/5.0 (X11; Ubuntu; Linux x86_64) AppleWebKit/537.36 (KHTML, like Gecko) Chrome/121.0.0.0 Safari/537.36"
192.109.200.27 - - [16/Mar/2026:18:31:33 +0000] "POST /wp-login.php HTTP/1.1" 307 797 "https://km104.com/wp-login.php" "Mozilla/5.0 (Windows NT 10.0; Win64; x64) AppleWebKit/537.36 (KHTML, like Gecko) Chrome/119.0.0.0 Safari/537.36"
192.109.200.27 - - [16/Mar/2026:18:31:33 +0000] "GET /wp-admin/index.php HTTP/1.1" 500 981 "https://km104.com/wp-login.php" "Mozilla/5.0 (Macintosh; Intel Mac OS X 13_6_1) AppleWebKit/537.36 (KHTML, like Gecko) Chrome/119.0.0.0 Safari/537.36"
192.109.200.27 - - [16/Mar/2026:18:31:33 +0000] "GET /wp-admin/profile.php HTTP/1.1" 500 981 "https://km104.com/wp-login.php" "Mozilla/5.0 (Macintosh; Intel Mac OS X 13_6_1) AppleWebKit/537.36 (KHTML, like Gecko) Chrome/119.0.0.0 Safari/537.36"
192.109.200.27 - - [16/Mar/2026:18:31:34 +0000] "GET /wp-admin/edit.php HTTP/1.1" 500 981 "https://km104.com/wp-login.php" "Mozilla/5.0 (Macintosh; Intel Mac OS X 13_6_1) AppleWebKit/537.36 (KHTML, like Gecko) Chrome/119.0.0.0 Safari/537.36"
192.109.200.27 - - [16/Mar/2026:18:31:34 +0000] "GET /wp-admin/plugins.php HTTP/1.1" 500 981 "https://km104.com/wp-login.php" "Mozilla/5.0 (Macintosh; Intel Mac OS X 13_6_1) AppleWebKit/537.36 (KHTML, like Gecko) Chrome/119.0.0.0 Safari/537.36"
192.109.200.27 - - [16/Mar/2026:18:31:34 +0000] "POST /wp-login.php HTTP/1.1" 307 797 "https://km104.com/wp-login.php" "Mozilla/5.0 (Windows NT 10.0; Win64; x64) AppleWebKit/537.36 (KHTML, like Gecko) Chrome/120.0.0.0 Safari/537.36"
192.109.200.27 - - [16/Mar/2026:18:31:34 +0000] "GET /wp-admin/index.php HTTP/1.1" 500 981 "https://km104.com/wp-login.php" "Mozilla/5.0 (Macintosh; Intel Mac OS X 13_6_1; rv:121.0) Gecko/20100101 Firefox/121.0"
192.109.200.27 - - [16/Mar/2026:18:31:34 +0000] "GET /wp-admin/profile.php HTTP/1.1" 500 981 "https://km104.com/wp-login.php" "Mozilla/5.0 (Macintosh; Intel Mac OS X 13_6_1; rv:121.0) Gecko/20100101 Firefox/121.0"
192.109.200.27 - - [16/Mar/2026:18:31:35 +0000] "GET /wp-admin/edit.php HTTP/1.1" 500 981 "https://km104.com/wp-login.php" "Mozilla/5.0 (Macintosh; Intel Mac OS X 13_6_1; rv:121.0) Gecko/20100101 Firefox/121.0"
192.109.200.27 - - [16/Mar/2026:18:31:35 +0000] "GET /wp-admin/plugins.php HTTP/1.1" 500 981 "https://km104.com/wp-login.php" "Mozilla/5.0 (Macintosh; Intel Mac OS X 13_6_1; rv:121.0) Gecko/20100101 Firefox/121.0"
192.109.200.27 - - [16/Mar/2026:18:31:35 +0000] "POST /wp-login.php HTTP/1.1" 307 797 "https://km104.com/wp-login.php" "Mozilla/5.0 (Windows NT 10.0; Win64; x64) AppleWebKit/537.36 (KHTML, like Gecko) Chrome/118.0.0.0 Safari/537.36"
216.73.216.148 - - [16/Mar/2026:18:29:55 +0000] "GET /item/3676799 HTTP/2" 500 981 "-" "Mozilla/5.0 AppleWebKit/537.36 (KHTML, like Gecko; compatible; ClaudeBot/1.0; +claudebot@anthropic.com)"
216.73.216.148 - - [16/Mar/2026:18:30:00 +0000] "GET /item/3307151 HTTP/2" 500 981 "-" "Mozilla/5.0 AppleWebKit/537.36 (KHTML, like Gecko; compatible; ClaudeBot/1.0; +claudebot@anthropic.com)"
216.73.216.148 - - [16/Mar/2026:18:30:13 +0000] "GET /item/5376883 HTTP/2" 500 981 "-" "Mozilla/5.0 AppleWebKit/537.36 (KHTML, like Gecko; compatible; ClaudeBot/1.0; +claudebot@anthropic.com)"
216.73.216.148 - - [16/Mar/2026:18:30:17 +0000] "GET /item/4672230 HTTP/2" 500 981 "-" "Mozilla/5.0 AppleWebKit/537.36 (KHTML, like Gecko; compatible; ClaudeBot/1.0; +claudebot@anthropic.com)"
216.73.216.148 - - [16/Mar/2026:18:30:22 +0000] "GET /item/4676482 HTTP/2" 500 981 "-" "Mozilla/5.0 AppleWebKit/537.36 (KHTML, like Gecko; compatible; ClaudeBot/1.0; +claudebot@anthropic.com)"
185.191.171.4 - - [16/Mar/2026:18:30:26 +0000] "GET /item/2738914 HTTP/1.1" 500 277 "-" "Mozilla/5.0 (compatible; SemrushBot/7~bl; +http://www.semrush.com/bot.html)"
216.73.216.148 - - [16/Mar/2026:18:30:27 +0000] "GET /item/3517630 HTTP/2" 500 981 "-" "Mozilla/5.0 AppleWebKit/537.36 (KHTML, like Gecko; compatible; ClaudeBot/1.0; +claudebot@anthropic.com)"
216.73.216.148 - - [16/Mar/2026:18:30:32 +0000] "GET /item/2473977 HTTP/2" 500 981 "-" "Mozilla/5.0 AppleWebKit/537.36 (KHTML, like Gecko; compatible; ClaudeBot/1.0; +claudebot@anthropic.com)"
216.73.216.148 - - [16/Mar/2026:18:30:37 +0000] "GET /item/4200018 HTTP/2" 500 981 "-" "Mozilla/5.0 AppleWebKit/537.36 (KHTML, like Gecko; compatible; ClaudeBot/1.0; +claudebot@anthropic.com)"
216.73.216.148 - - [16/Mar/2026:18:30:42 +0000] "GET /item/4351355 HTTP/2" 500 981 "-" "Mozilla/5.0 AppleWebKit/537.36 (KHTML, like Gecko; compatible; ClaudeBot/1.0; +claudebot@anthropic.com)"
216.73.216.148 - - [16/Mar/2026:18:30:47 +0000] "GET /item/3817461 HTTP/2" 500 981 "-" "Mozilla/5.0 AppleWebKit/537.36 (KHTML, like Gecko; compatible; ClaudeBot/1.0; +claudebot@anthropic.com)"
216.73.216.148 - - [16/Mar/2026:18:30:52 +0000] "GET /item/4012380 HTTP/2" 500 981 "-" "Mozilla/5.0 AppleWebKit/537.36 (KHTML, like Gecko; compatible; ClaudeBot/1.0; +claudebot@anthropic.com)"
216.73.216.148 - - [16/Mar/2026:18:30:57 +0000] "GET /item/4042729 HTTP/2" 500 981 "-" "Mozilla/5.0 AppleWebKit/537.36 (KHTML, like Gecko; compatible; ClaudeBot/1.0; +claudebot@anthropic.com)"
216.73.216.148 - - [16/Mar/2026:18:31:02 +0000] "GET /item/5134906 HTTP/2" 500 981 "-" "Mozilla/5.0 AppleWebKit/537.36 (KHTML, like Gecko; compatible; ClaudeBot/1.0; +claudebot@anthropic.com)"
216.73.216.148 - - [16/Mar/2026:18:31:07 +0000] "GET /item/3069240 HTTP/2" 500 981 "-" "Mozilla/5.0 AppleWebKit/537.36 (KHTML, like Gecko; compatible; ClaudeBot/1.0; +claudebot@anthropic.com)"
216.73.216.148 - - [16/Mar/2026:18:31:12 +0000] "GET /item/3310707 HTTP/2" 500 981 "-" "Mozilla/5.0 AppleWebKit/537.36 (KHTML, like Gecko; compatible; ClaudeBot/1.0; +claudebot@anthropic.com)"
216.73.216.148 - - [16/Mar/2026:18:31:18 +0000] "GET /item/2895603 HTTP/2" 500 981 "-" "Mozilla/5.0 AppleWebKit/537.36 (KHTML, like Gecko; compatible; ClaudeBot/1.0; +claudebot@anthropic.com)"
216.73.216.148 - - [16/Mar/2026:18:31:23 +0000] "GET /item/5310962 HTTP/2" 500 981 "-" "Mozilla/5.0 AppleWebKit/537.36 (KHTML, like Gecko; compatible; ClaudeBot/1.0; +claudebot@anthropic.com)"
85.208.96.206 - - [16/Mar/2026:18:31:26 +0000] "GET /item/4923184 HTTP/1.1" 500 277 "-" "Mozilla/5.0 (compatible; SemrushBot/7~bl; +http://www.semrush.com/bot.html)"
216.73.216.148 - - [16/Mar/2026:18:31:28 +0000] "GET /item/5074136 HTTP/2" 500 981 "-" "Mozilla/5.0 AppleWebKit/537.36 (KHTML, like Gecko; compatible; ClaudeBot/1.0; +claudebot@anthropic.com)"
216.73.216.148 - - [16/Mar/2026:18:31:33 +0000] "GET /item/2740800 HTTP/2" 500 981 "-" "Mozilla/5.0 AppleWebKit/537.36 (KHTML, like Gecko; compatible; ClaudeBot/1.0; +claudebot@anthropic.com)"
74.7.227.189 - - [16/Mar/2026:18:31:35 +0000] "GET /item/3392976 HTTP/2" 500 981 "https://km104.com/sitemap-6.xml" "Mozilla/5.0 AppleWebKit/537.36 (KHTML, like Gecko; compatible; GPTBot/1.3; +https://openai.com/gptbot)"
192.109.200.27 - - [16/Mar/2026:18:31:36 +0000] "GET /wp-admin/index.php HTTP/1.1" 500 981 "https://km104.com/wp-login.php" "Mozilla/5.0 (Windows NT 11.0; Win64; x64) AppleWebKit/537.36 (KHTML, like Gecko) Chrome/120.0.0.0 Safari/537.36"
192.109.200.27 - - [16/Mar/2026:18:31:36 +0000] "GET /wp-admin/profile.php HTTP/1.1" 500 981 "https://km104.com/wp-login.php" "Mozilla/5.0 (Windows NT 11.0; Win64; x64) AppleWebKit/537.36 (KHTML, like Gecko) Chrome/120.0.0.0 Safari/537.36"
192.109.200.27 - - [16/Mar/2026:18:31:36 +0000] "GET /wp-admin/edit.php HTTP/1.1" 500 981 "https://km104.com/wp-login.php" "Mozilla/5.0 (Windows NT 11.0; Win64; x64) AppleWebKit/537.36 (KHTML, like Gecko) Chrome/120.0.0.0 Safari/537.36"
192.109.200.27 - - [16/Mar/2026:18:31:36 +0000] "GET /wp-admin/plugins.php HTTP/1.1" 500 981 "https://km104.com/wp-login.php" "Mozilla/5.0 (Windows NT 11.0; Win64; x64) AppleWebKit/537.36 (KHTML, like Gecko) Chrome/120.0.0.0 Safari/537.36"
192.109.200.27 - - [16/Mar/2026:18:31:37 +0000] "POST /wp-login.php HTTP/1.1" 307 797 "https://km104.com/wp-login.php" "Mozilla/5.0 (X11; Linux x86_64) AppleWebKit/537.36 (KHTML, like Gecko) Chrome/118.0.0.0 Safari/537.36"
192.109.200.27 - - [16/Mar/2026:18:31:37 +0000] "GET /wp-admin/index.php HTTP/1.1" 500 981 "https://km104.com/wp-login.php" "Mozilla/5.0 (Windows NT 11.0; Win64; x64) AppleWebKit/537.36 (KHTML, like Gecko) Chrome/119.0.0.0 Safari/537.36"
192.109.200.27 - - [16/Mar/2026:18:31:37 +0000] "GET /wp-admin/profile.php HTTP/1.1" 500 981 "https://km104.com/wp-login.php" "Mozilla/5.0 (Windows NT 11.0; Win64; x64) AppleWebKit/537.36 (KHTML, like Gecko) Chrome/119.0.0.0 Safari/537.36"
192.109.200.27 - - [16/Mar/2026:18:31:38 +0000] "GET /wp-admin/edit.php HTTP/1.1" 500 981 "https://km104.com/wp-login.php" "Mozilla/5.0 (Windows NT 11.0; Win64; x64) AppleWebKit/537.36 (KHTML, like Gecko) Chrome/119.0.0.0 Safari/537.36"
192.109.200.27 - - [16/Mar/2026:18:31:38 +0000] "GET /wp-admin/plugins.php HTTP/1.1" 500 981 "https://km104.com/wp-login.php" "Mozilla/5.0 (Windows NT 11.0; Win64; x64) AppleWebKit/537.36 (KHTML, like Gecko) Chrome/119.0.0.0 Safari/537.36"
192.109.200.27 - - [16/Mar/2026:18:31:38 +0000] "POST /wp-login.php HTTP/1.1" 307 797 "https://km104.com/wp-login.php" "Mozilla/5.0 (X11; Linux x86_64) AppleWebKit/537.36 (KHTML, like Gecko) Chrome/118.0.0.0 Safari/537.36"
192.109.200.27 - - [16/Mar/2026:18:31:38 +0000] "GET /wp-admin/index.php HTTP/1.1" 500 981 "https://km104.com/wp-login.php" "Mozilla/5.0 (Macintosh; Intel Mac OS X 10_15_7) AppleWebKit/605.1.15 (KHTML, like Gecko) Version/16.6 Safari/605.1.15"
192.109.200.27 - - [16/Mar/2026:18:31:38 +0000] "GET /wp-admin/profile.php HTTP/1.1" 500 981 "https://km104.com/wp-login.php" "Mozilla/5.0 (Macintosh; Intel Mac OS X 10_15_7) AppleWebKit/605.1.15 (KHTML, like Gecko) Version/16.6 Safari/605.1.15"
192.109.200.27 - - [16/Mar/2026:18:31:39 +0000] "GET /wp-admin/edit.php HTTP/1.1" 500 981 "https://km104.com/wp-login.php" "Mozilla/5.0 (Macintosh; Intel Mac OS X 10_15_7) AppleWebKit/605.1.15 (KHTML, like Gecko) Version/16.6 Safari/605.1.15"
192.109.200.27 - - [16/Mar/2026:18:31:39 +0000] "GET /wp-admin/plugins.php HTTP/1.1" 500 981 "https://km104.com/wp-login.php" "Mozilla/5.0 (Macintosh; Intel Mac OS X 10_15_7) AppleWebKit/605.1.15 (KHTML, like Gecko) Version/16.6 Safari/605.1.15"
192.109.200.27 - - [16/Mar/2026:18:31:39 +0000] "POST /wp-login.php HTTP/1.1" 307 797 "https://km104.com/wp-login.php" "Mozilla/5.0 (Macintosh; Intel Mac OS X 13_6_1) AppleWebKit/537.36 (KHTML, like Gecko) Chrome/118.0.0.0 Safari/537.36"
192.109.200.27 - - [16/Mar/2026:18:31:39 +0000] "GET /wp-admin/index.php HTTP/1.1" 500 981 "https://km104.com/wp-login.php" "Mozilla/5.0 (Macintosh; Intel Mac OS X 10_15_7) AppleWebKit/605.1.15 (KHTML, like Gecko) Version/17.1 Safari/605.1.15"
216.73.216.148 - - [16/Mar/2026:18:31:38 +0000] "GET /item/4838676 HTTP/2" 500 981 "-" "Mozilla/5.0 AppleWebKit/537.36 (KHTML, like Gecko; compatible; ClaudeBot/1.0; +claudebot@anthropic.com)"
69.171.230.7 - - [16/Mar/2026:18:31:43 +0000] "GET /robots.txt HTTP/2" 206 2569 "-" "facebookexternalhit/1.1 (+http://www.facebook.com/externalhit_uatext.php)"
216.73.216.148 - - [16/Mar/2026:18:31:43 +0000] "GET /item/3321338 HTTP/2" 500 981 "-" "Mozilla/5.0 AppleWebKit/537.36 (KHTML, like Gecko; compatible; ClaudeBot/1.0; +claudebot@anthropic.com)"
192.109.200.27 - - [16/Mar/2026:18:31:44 +0000] "GET /wp-admin/index.php HTTP/1.1" 500 981 "https://km104.com/wp-login.php" "Mozilla/5.0 (X11; Linux x86_64) AppleWebKit/537.36 (KHTML, like Gecko) Chrome/120.0.0.0 Safari/537.36"
192.109.200.27 - - [16/Mar/2026:18:31:44 +0000] "GET /wp-admin/profile.php HTTP/1.1" 500 981 "https://km104.com/wp-login.php" "Mozilla/5.0 (X11; Linux x86_64) AppleWebKit/537.36 (KHTML, like Gecko) Chrome/120.0.0.0 Safari/537.36"
192.109.200.27 - - [16/Mar/2026:18:31:44 +0000] "GET /wp-admin/edit.php HTTP/1.1" 500 981 "https://km104.com/wp-login.php" "Mozilla/5.0 (X11; Linux x86_64) AppleWebKit/537.36 (KHTML, like Gecko) Chrome/120.0.0.0 Safari/537.36"
192.109.200.27 - - [16/Mar/2026:18:31:44 +0000] "GET /wp-admin/plugins.php HTTP/1.1" 500 981 "https://km104.com/wp-login.php" "Mozilla/5.0 (X11; Linux x86_64) AppleWebKit/537.36 (KHTML, like Gecko) Chrome/120.0.0.0 Safari/537.36"
192.109.200.27 - - [16/Mar/2026:18:31:45 +0000] "POST /wp-login.php HTTP/1.1" 307 797 "https://km104.com/wp-login.php" "Mozilla/5.0 (Windows NT 10.0; Win64; x64; rv:120.0) Gecko/20100101 Firefox/120.0"
192.109.200.27 - - [16/Mar/2026:18:31:45 +0000] "GET /wp-admin/index.php HTTP/1.1" 500 981 "https://km104.com/wp-login.php" "Mozilla/5.0 (Macintosh; Intel Mac OS X 13_6_1) AppleWebKit/537.36 (KHTML, like Gecko) Chrome/118.0.0.0 Safari/537.36"
192.109.200.27 - - [16/Mar/2026:18:31:46 +0000] "GET /wp-admin/profile.php HTTP/1.1" 500 981 "https://km104.com/wp-login.php" "Mozilla/5.0 (Macintosh; Intel Mac OS X 13_6_1) AppleWebKit/537.36 (KHTML, like Gecko) Chrome/118.0.0.0 Safari/537.36"
192.109.200.27 - - [16/Mar/2026:18:31:46 +0000] "GET /wp-admin/edit.php HTTP/1.1" 500 981 "https://km104.com/wp-login.php" "Mozilla/5.0 (Macintosh; Intel Mac OS X 13_6_1) AppleWebKit/537.36 (KHTML, like Gecko) Chrome/118.0.0.0 Safari/537.36"
192.109.200.27 - - [16/Mar/2026:18:31:46 +0000] "GET /wp-admin/plugins.php HTTP/1.1" 500 981 "https://km104.com/wp-login.php" "Mozilla/5.0 (Macintosh; Intel Mac OS X 13_6_1) AppleWebKit/537.36 (KHTML, like Gecko) Chrome/118.0.0.0 Safari/537.36"
192.109.200.27 - - [16/Mar/2026:18:31:46 +0000] "POST /wp-login.php HTTP/1.1" 307 797 "https://km104.com/wp-login.php" "Mozilla/5.0 (Windows NT 10.0; Win64; x64) AppleWebKit/537.36 (KHTML, like Gecko) Chrome/119.0.0.0 Safari/537.36"
192.109.200.27 - - [16/Mar/2026:18:31:46 +0000] "GET /wp-admin/index.php HTTP/1.1" 500 981 "https://km104.com/wp-login.php" "Mozilla/5.0 (Macintosh; Intel Mac OS X 10_15_7) AppleWebKit/537.36 (KHTML, like Gecko) Chrome/118.0.0.0 Safari/537.36"
192.109.200.27 - - [16/Mar/2026:18:31:47 +0000] "GET /wp-admin/profile.php HTTP/1.1" 500 981 "https://km104.com/wp-login.php" "Mozilla/5.0 (Macintosh; Intel Mac OS X 10_15_7) AppleWebKit/537.36 (KHTML, like Gecko) Chrome/118.0.0.0 Safari/537.36"
192.109.200.27 - - [16/Mar/2026:18:31:47 +0000] "GET /wp-admin/edit.php HTTP/1.1" 500 981 "https://km104.com/wp-login.php" "Mozilla/5.0 (Macintosh; Intel Mac OS X 10_15_7) AppleWebKit/537.36 (KHTML, like Gecko) Chrome/118.0.0.0 Safari/537.36"
192.109.200.27 - - [16/Mar/2026:18:31:47 +0000] "GET /wp-admin/plugins.php HTTP/1.1" 500 981 "https://km104.com/wp-login.php" "Mozilla/5.0 (Macintosh; Intel Mac OS X 10_15_7) AppleWebKit/537.36 (KHTML, like Gecko) Chrome/118.0.0.0 Safari/537.36"
192.109.200.27 - - [16/Mar/2026:18:31:47 +0000] "POST /wp-login.php HTTP/1.1" 307 797 "https://km104.com/wp-login.php" "Mozilla/5.0 (Macintosh; Intel Mac OS X 13_6_1; rv:119.0) Gecko/20100101 Firefox/119.0"
192.109.200.27 - - [16/Mar/2026:18:31:47 +0000] "GET /wp-admin/index.php HTTP/1.1" 500 981 "https://km104.com/wp-login.php" "Mozilla/5.0 (Macintosh; Intel Mac OS X 10_15_7; rv:121.0) Gecko/20100101 Firefox/121.0"
192.109.200.27 - - [16/Mar/2026:18:31:47 +0000] "GET /wp-admin/profile.php HTTP/1.1" 500 981 "https://km104.com/wp-login.php" "Mozilla/5.0 (Macintosh; Intel Mac OS X 10_15_7; rv:121.0) Gecko/20100101 Firefox/121.0"
192.109.200.27 - - [16/Mar/2026:18:31:48 +0000] "GET /wp-admin/edit.php HTTP/1.1" 500 981 "https://km104.com/wp-login.php" "Mozilla/5.0 (Macintosh; Intel Mac OS X 10_15_7; rv:121.0) Gecko/20100101 Firefox/121.0"
216.73.216.148 - - [16/Mar/2026:18:31:48 +0000] "GET /item/2868802 HTTP/2" 500 981 "-" "Mozilla/5.0 AppleWebKit/537.36 (KHTML, like Gecko; compatible; ClaudeBot/1.0; +claudebot@anthropic.com)"
192.109.200.27 - - [16/Mar/2026:18:31:48 +0000] "GET /wp-admin/plugins.php HTTP/1.1" 500 981 "https://km104.com/wp-login.php" "Mozilla/5.0 (Macintosh; Intel Mac OS X 10_15_7; rv:121.0) Gecko/20100101 Firefox/121.0"
192.109.200.27 - - [16/Mar/2026:18:31:48 +0000] "POST /wp-login.php HTTP/1.1" 307 797 "https://km104.com/wp-login.php" "Mozilla/5.0 (Windows NT 11.0; Win64; x64) AppleWebKit/537.36 (KHTML, like Gecko) Chrome/120.0.0.0 Safari/537.36"
192.109.200.27 - - [16/Mar/2026:18:31:48 +0000] "GET /wp-admin/index.php HTTP/1.1" 500 981 "https://km104.com/wp-login.php" "Mozilla/5.0 (Macintosh; Intel Mac OS X 13_6_1) AppleWebKit/605.1.15 (KHTML, like Gecko) Version/16.6 Safari/605.1.15"
192.109.200.27 - - [16/Mar/2026:18:31:48 +0000] "GET /wp-admin/profile.php HTTP/1.1" 500 981 "https://km104.com/wp-login.php" "Mozilla/5.0 (Macintosh; Intel Mac OS X 13_6_1) AppleWebKit/605.1.15 (KHTML, like Gecko) Version/16.6 Safari/605.1.15"
192.109.200.27 - - [16/Mar/2026:18:31:49 +0000] "GET /wp-admin/edit.php HTTP/1.1" 500 981 "https://km104.com/wp-login.php" "Mozilla/5.0 (Macintosh; Intel Mac OS X 13_6_1) AppleWebKit/605.1.15 (KHTML, like Gecko) Version/16.6 Safari/605.1.15"
192.109.200.27 - - [16/Mar/2026:18:31:49 +0000] "GET /wp-admin/plugins.php HTTP/1.1" 500 981 "https://km104.com/wp-login.php" "Mozilla/5.0 (Macintosh; Intel Mac OS X 13_6_1) AppleWebKit/605.1.15 (KHTML, like Gecko) Version/16.6 Safari/605.1.15"
216.73.216.148 - - [16/Mar/2026:18:31:53 +0000] "GET /item/5001679 HTTP/2" 500 981 "-" "Mozilla/5.0 AppleWebKit/537.36 (KHTML, like Gecko; compatible; ClaudeBot/1.0; +claudebot@anthropic.com)"
216.73.216.148 - - [16/Mar/2026:18:31:58 +0000] "GET /item/2515307 HTTP/2" 500 981 "-" "Mozilla/5.0 AppleWebKit/537.36 (KHTML, like Gecko; compatible; ClaudeBot/1.0; +claudebot@anthropic.com)"
216.73.216.148 - - [16/Mar/2026:18:32:03 +0000] "GET /item/4899431 HTTP/2" 500 981 "-" "Mozilla/5.0 AppleWebKit/537.36 (KHTML, like Gecko; compatible; ClaudeBot/1.0; +claudebot@anthropic.com)"
216.73.216.148 - - [16/Mar/2026:18:32:08 +0000] "GET /item/4069577 HTTP/2" 500 981 "-" "Mozilla/5.0 AppleWebKit/537.36 (KHTML, like Gecko; compatible; ClaudeBot/1.0; +claudebot@anthropic.com)"
216.73.216.148 - - [16/Mar/2026:18:32:13 +0000] "GET /item/3843788 HTTP/2" 500 981 "-" "Mozilla/5.0 AppleWebKit/537.36 (KHTML, like Gecko; compatible; ClaudeBot/1.0; +claudebot@anthropic.com)"
216.73.216.148 - - [16/Mar/2026:18:32:18 +0000] "GET /item/4985849 HTTP/2" 500 981 "-" "Mozilla/5.0 AppleWebKit/537.36 (KHTML, like Gecko; compatible; ClaudeBot/1.0; +claudebot@anthropic.com)"
216.73.216.148 - - [16/Mar/2026:18:32:23 +0000] "GET /item/3531584 HTTP/2" 500 981 "-" "Mozilla/5.0 AppleWebKit/537.36 (KHTML, like Gecko; compatible; ClaudeBot/1.0; +claudebot@anthropic.com)"
216.73.216.148 - - [16/Mar/2026:18:32:28 +0000] "GET /item/3511176 HTTP/2" 500 981 "-" "Mozilla/5.0 AppleWebKit/537.36 (KHTML, like Gecko; compatible; ClaudeBot/1.0; +claudebot@anthropic.com)"
66.249.79.66 - - [16/Mar/2026:18:32:30 +0000] "GET /item/4357769 HTTP/1.1" 200 23121 "-" "Mozilla/5.0 (Linux; Android 6.0.1; Nexus 5X Build/MMB29P) AppleWebKit/537.36 (KHTML, like Gecko) Chrome/145.0.7632.159 Mobile Safari/537.36 (compatible; Googlebot/2.1; +http://www.google.com/bot.html)"
192.109.200.27 - - [16/Mar/2026:18:31:40 +0000] "GET /wp-admin/profile.php HTTP/1.1" 500 981 "https://km104.com/wp-login.php" "Mozilla/5.0 (Macintosh; Intel Mac OS X 10_15_7) AppleWebKit/605.1.15 (KHTML, like Gecko) Version/17.1 Safari/605.1.15"
192.109.200.27 - - [16/Mar/2026:18:31:40 +0000] "GET /wp-admin/edit.php HTTP/1.1" 500 981 "https://km104.com/wp-login.php" "Mozilla/5.0 (Macintosh; Intel Mac OS X 10_15_7) AppleWebKit/605.1.15 (KHTML, like Gecko) Version/17.1 Safari/605.1.15"
192.109.200.27 - - [16/Mar/2026:18:31:40 +0000] "GET /wp-admin/plugins.php HTTP/1.1" 500 981 "https://km104.com/wp-login.php" "Mozilla/5.0 (Macintosh; Intel Mac OS X 10_15_7) AppleWebKit/605.1.15 (KHTML, like Gecko) Version/17.1 Safari/605.1.15"
192.109.200.27 - - [16/Mar/2026:18:31:40 +0000] "POST /wp-login.php HTTP/1.1" 307 797 "https://km104.com/wp-login.php" "Mozilla/5.0 (Windows NT 10.0; Win64; x64; rv:119.0) Gecko/20100101 Firefox/119.0"
69.171.230.10 - - [16/Mar/2026:18:31:43 +0000] "GET /robots.txt HTTP/2" 206 2569 "-" "facebookexternalhit/1.1 (+http://www.facebook.com/externalhit_uatext.php)"
57.141.20.6 - - [16/Mar/2026:18:31:43 +0000] "GET /item/3890226 HTTP/2" 500 2557 "-" "meta-externalagent/1.1 (+https://developers.facebook.com/docs/sharing/webmasters/crawler)"
192.109.200.27 - - [16/Mar/2026:18:32:01 +0000] "GET /wp-admin/ HTTP/1.1" 500 981 "https://www.facebook.com/" "Mozilla/5.0 (Macintosh; Intel Mac OS X 10_15_7) AppleWebKit/537.36 (KHTML, like Gecko) Chrome/120.0.0.0 Safari/537.36"
85.208.96.195 - - [16/Mar/2026:18:32:27 +0000] "GET /item/2967052 HTTP/1.1" 500 277 "-" "Mozilla/5.0 (compatible; SemrushBot/7~bl; +http://www.semrush.com/bot.html)"
216.73.216.148 - - [16/Mar/2026:18:32:35 +0000] "GET /item/2573780 HTTP/2" 500 981 "-" "Mozilla/5.0 AppleWebKit/537.36 (KHTML, like Gecko; compatible; ClaudeBot/1.0; +claudebot@anthropic.com)"
216.73.216.148 - - [16/Mar/2026:18:32:38 +0000] "GET /item/5309389 HTTP/2" 500 981 "-" "Mozilla/5.0 AppleWebKit/537.36 (KHTML, like Gecko; compatible; ClaudeBot/1.0; +claudebot@anthropic.com)"
216.73.216.148 - - [16/Mar/2026:18:32:43 +0000] "GET /item/3837719 HTTP/2" 500 981 "-" "Mozilla/5.0 AppleWebKit/537.36 (KHTML, like Gecko; compatible; ClaudeBot/1.0; +claudebot@anthropic.com)"
216.73.216.148 - - [16/Mar/2026:18:32:49 +0000] "GET /item/5410462 HTTP/2" 500 981 "-" "Mozilla/5.0 AppleWebKit/537.36 (KHTML, like Gecko; compatible; ClaudeBot/1.0; +claudebot@anthropic.com)"
69.63.184.115 - - [16/Mar/2026:18:32:49 +0000] "GET /robots.txt HTTP/2" 206 2569 "-" "facebookexternalhit/1.1 (+http://www.facebook.com/externalhit_uatext.php)"
57.141.20.36 - - [16/Mar/2026:18:32:49 +0000] "GET /item/2811437 HTTP/2" 500 2557 "-" "meta-externalagent/1.1 (+https://developers.facebook.com/docs/sharing/webmasters/crawler)"
216.73.216.148 - - [16/Mar/2026:18:32:54 +0000] "GET /item/3025729 HTTP/2" 500 981 "-" "Mozilla/5.0 AppleWebKit/537.36 (KHTML, like Gecko; compatible; ClaudeBot/1.0; +claudebot@anthropic.com)"
216.73.216.148 - - [16/Mar/2026:18:32:59 +0000] "GET /item/3070379 HTTP/2" 500 981 "-" "Mozilla/5.0 AppleWebKit/537.36 (KHTML, like Gecko; compatible; ClaudeBot/1.0; +claudebot@anthropic.com)"
216.73.216.148 - - [16/Mar/2026:18:33:04 +0000] "GET /item/3257710 HTTP/2" 500 981 "-" "Mozilla/5.0 AppleWebKit/537.36 (KHTML, like Gecko; compatible; ClaudeBot/1.0; +claudebot@anthropic.com)"
216.73.216.148 - - [16/Mar/2026:18:33:09 +0000] "GET /item/4872455 HTTP/2" 500 981 "-" "Mozilla/5.0 AppleWebKit/537.36 (KHTML, like Gecko; compatible; ClaudeBot/1.0; +claudebot@anthropic.com)"
216.73.216.148 - - [16/Mar/2026:18:33:14 +0000] "GET /item/2961197 HTTP/2" 500 981 "-" "Mozilla/5.0 AppleWebKit/537.36 (KHTML, like Gecko; compatible; ClaudeBot/1.0; +claudebot@anthropic.com)"
216.73.216.148 - - [16/Mar/2026:18:33:22 +0000] "GET /item/2986765 HTTP/2" 500 981 "-" "Mozilla/5.0 AppleWebKit/537.36 (KHTML, like Gecko; compatible; ClaudeBot/1.0; +claudebot@anthropic.com)"
216.73.216.148 - - [16/Mar/2026:18:33:24 +0000] "GET /item/2773983 HTTP/2" 500 981 "-" "Mozilla/5.0 AppleWebKit/537.36 (KHTML, like Gecko; compatible; ClaudeBot/1.0; +claudebot@anthropic.com)"
85.208.96.203 - - [16/Mar/2026:18:33:27 +0000] "GET /item/3121915 HTTP/1.1" 500 277 "-" "Mozilla/5.0 (compatible; SemrushBot/7~bl; +http://www.semrush.com/bot.html)"
216.73.216.148 - - [16/Mar/2026:18:33:29 +0000] "GET /item/5346304 HTTP/2" 500 981 "-" "Mozilla/5.0 AppleWebKit/537.36 (KHTML, like Gecko; compatible; ClaudeBot/1.0; +claudebot@anthropic.com)"
216.73.216.148 - - [16/Mar/2026:18:33:34 +0000] "GET /item/3290300 HTTP/2" 500 981 "-" "Mozilla/5.0 AppleWebKit/537.36 (KHTML, like Gecko; compatible; ClaudeBot/1.0; +claudebot@anthropic.com)"
216.73.216.148 - - [16/Mar/2026:18:33:39 +0000] "GET /item/2875198 HTTP/2" 500 981 "-" "Mozilla/5.0 AppleWebKit/537.36 (KHTML, like Gecko; compatible; ClaudeBot/1.0; +claudebot@anthropic.com)"
216.73.216.148 - - [16/Mar/2026:18:33:44 +0000] "GET /item/2546353 HTTP/2" 500 981 "-" "Mozilla/5.0 AppleWebKit/537.36 (KHTML, like Gecko; compatible; ClaudeBot/1.0; +claudebot@anthropic.com)"
74.7.227.189 - - [16/Mar/2026:18:33:45 +0000] "GET /item/3431385 HTTP/2" 500 981 "https://km104.com/sitemap-6.xml" "Mozilla/5.0 AppleWebKit/537.36 (KHTML, like Gecko; compatible; GPTBot/1.3; +https://openai.com/gptbot)"
216.73.216.148 - - [16/Mar/2026:18:33:52 +0000] "GET /item/4006170 HTTP/2" 500 981 "-" "Mozilla/5.0 AppleWebKit/537.36 (KHTML, like Gecko; compatible; ClaudeBot/1.0; +claudebot@anthropic.com)"
216.73.216.148 - - [16/Mar/2026:18:33:54 +0000] "GET /item/5053930 HTTP/2" 500 981 "-" "Mozilla/5.0 AppleWebKit/537.36 (KHTML, like Gecko; compatible; ClaudeBot/1.0; +claudebot@anthropic.com)"
69.63.184.18 - - [16/Mar/2026:18:33:56 +0000] "GET /robots.txt HTTP/2" 206 2569 "-" "facebookexternalhit/1.1 (+http://www.facebook.com/externalhit_uatext.php)"
216.73.216.148 - - [16/Mar/2026:18:33:59 +0000] "GET /item/4927456 HTTP/2" 500 981 "-" "Mozilla/5.0 AppleWebKit/537.36 (KHTML, like Gecko; compatible; ClaudeBot/1.0; +claudebot@anthropic.com)"
216.73.216.148 - - [16/Mar/2026:18:34:04 +0000] "GET /item/3057031 HTTP/2" 500 981 "-" "Mozilla/5.0 AppleWebKit/537.36 (KHTML, like Gecko; compatible; ClaudeBot/1.0; +claudebot@anthropic.com)"
216.73.216.148 - - [16/Mar/2026:18:34:09 +0000] "GET /item/4290559 HTTP/2" 500 981 "-" "Mozilla/5.0 AppleWebKit/537.36 (KHTML, like Gecko; compatible; ClaudeBot/1.0; +claudebot@anthropic.com)"
216.73.216.148 - - [16/Mar/2026:18:34:14 +0000] "GET /item/4343423 HTTP/2" 500 981 "-" "Mozilla/5.0 AppleWebKit/537.36 (KHTML, like Gecko; compatible; ClaudeBot/1.0; +claudebot@anthropic.com)"
216.73.216.148 - - [16/Mar/2026:18:34:19 +0000] "GET /item/4370884 HTTP/2" 500 981 "-" "Mozilla/5.0 AppleWebKit/537.36 (KHTML, like Gecko; compatible; ClaudeBot/1.0; +claudebot@anthropic.com)"
216.73.216.148 - - [16/Mar/2026:18:34:24 +0000] "GET /item/5127577 HTTP/2" 500 981 "-" "Mozilla/5.0 AppleWebKit/537.36 (KHTML, like Gecko; compatible; ClaudeBot/1.0; +claudebot@anthropic.com)"
216.73.216.148 - - [16/Mar/2026:18:34:29 +0000] "GET /item/3877806 HTTP/2" 500 981 "-" "Mozilla/5.0 AppleWebKit/537.36 (KHTML, like Gecko; compatible; ClaudeBot/1.0; +claudebot@anthropic.com)"
216.73.216.148 - - [16/Mar/2026:18:34:34 +0000] "GET /item/2814111 HTTP/2" 500 981 "-" "Mozilla/5.0 AppleWebKit/537.36 (KHTML, like Gecko; compatible; ClaudeBot/1.0; +claudebot@anthropic.com)"
216.73.216.148 - - [16/Mar/2026:18:34:39 +0000] "GET /item/4919187 HTTP/2" 500 981 "-" "Mozilla/5.0 AppleWebKit/537.36 (KHTML, like Gecko; compatible; ClaudeBot/1.0; +claudebot@anthropic.com)"
207.46.13.127 - - [16/Mar/2026:18:34:43 +0000] "GET /item/5036700 HTTP/2" 200 23307 "-" "Mozilla/5.0 AppleWebKit/537.36 (KHTML, like Gecko; compatible; bingbot/2.0; +http://www.bing.com/bingbot.htm) Chrome/116.0.1938.76 Safari/537.36"
216.73.216.148 - - [16/Mar/2026:18:34:44 +0000] "GET /item/3054761 HTTP/2" 500 981 "-" "Mozilla/5.0 AppleWebKit/537.36 (KHTML, like Gecko; compatible; ClaudeBot/1.0; +claudebot@anthropic.com)"
74.7.227.189 - - [16/Mar/2026:18:32:38 +0000] "GET /item/4996184 HTTP/2" 500 981 "https://km104.com/sitemap-4.xml" "Mozilla/5.0 AppleWebKit/537.36 (KHTML, like Gecko; compatible; GPTBot/1.3; +https://openai.com/gptbot)"
69.63.184.5 - - [16/Mar/2026:18:32:49 +0000] "GET /robots.txt HTTP/2" 206 2569 "-" "facebookexternalhit/1.1 (+http://www.facebook.com/externalhit_uatext.php)"
69.63.184.18 - - [16/Mar/2026:18:33:56 +0000] "GET /robots.txt HTTP/2" 206 2569 "-" "facebookexternalhit/1.1 (+http://www.facebook.com/externalhit_uatext.php)"
57.141.20.50 - - [16/Mar/2026:18:33:56 +0000] "GET /item/3984860 HTTP/2" 500 2557 "-" "meta-externalagent/1.1 (+https://developers.facebook.com/docs/sharing/webmasters/crawler)"
185.191.171.5 - - [16/Mar/2026:18:34:28 +0000] "GET /item/4313578 HTTP/1.1" 500 277 "-" "Mozilla/5.0 (compatible; SemrushBot/7~bl; +http://www.semrush.com/bot.html)"
66.249.79.67 - - [16/Mar/2026:18:34:57 +0000] "GET /item/2525945 HTTP/1.1" 200 23464 "-" "Mozilla/5.0 (Linux; Android 6.0.1; Nexus 5X Build/MMB29P) AppleWebKit/537.36 (KHTML, like Gecko) Chrome/145.0.7632.159 Mobile Safari/537.36 (compatible; Googlebot/2.1; +http://www.google.com/bot.html)"
69.63.184.115 - - [16/Mar/2026:18:35:02 +0000] "GET /robots.txt HTTP/2" 206 2569 "-" "facebookexternalhit/1.1 (+http://www.facebook.com/externalhit_uatext.php)"
69.63.184.2 - - [16/Mar/2026:18:35:02 +0000] "GET /robots.txt HTTP/2" 206 2569 "-" "facebookexternalhit/1.1 (+http://www.facebook.com/externalhit_uatext.php)"
57.141.20.20 - - [16/Mar/2026:18:35:02 +0000] "GET /item/3193655 HTTP/2" 500 2557 "-" "meta-externalagent/1.1 (+https://developers.facebook.com/docs/sharing/webmasters/crawler)"
85.208.96.200 - - [16/Mar/2026:18:35:29 +0000] "GET /item/4085799 HTTP/1.1" 500 277 "-" "Mozilla/5.0 (compatible; SemrushBot/7~bl; +http://www.semrush.com/bot.html)"
216.73.216.148 - - [16/Mar/2026:18:36:09 +0000] "GET /item/4012232 HTTP/2" 500 981 "-" "Mozilla/5.0 AppleWebKit/537.36 (KHTML, like Gecko; compatible; ClaudeBot/1.0; +claudebot@anthropic.com)"
69.63.184.116 - - [16/Mar/2026:18:36:09 +0000] "GET /robots.txt HTTP/2" 206 2569 "-" "facebookexternalhit/1.1 (+http://www.facebook.com/externalhit_uatext.php)"
57.141.20.37 - - [16/Mar/2026:18:36:09 +0000] "GET /item/4290977 HTTP/2" 500 2557 "-" "meta-externalagent/1.1 (+https://developers.facebook.com/docs/sharing/webmasters/crawler)"
216.73.216.148 - - [16/Mar/2026:18:36:09 +0000] "GET /item/3108573 HTTP/2" 500 981 "-" "Mozilla/5.0 AppleWebKit/537.36 (KHTML, like Gecko; compatible; ClaudeBot/1.0; +claudebot@anthropic.com)"
216.73.216.148 - - [16/Mar/2026:18:36:14 +0000] "GET /item/3881904 HTTP/2" 500 981 "-" "Mozilla/5.0 AppleWebKit/537.36 (KHTML, like Gecko; compatible; ClaudeBot/1.0; +claudebot@anthropic.com)"
216.73.216.148 - - [16/Mar/2026:18:36:19 +0000] "GET /item/3654060 HTTP/2" 500 981 "-" "Mozilla/5.0 AppleWebKit/537.36 (KHTML, like Gecko; compatible; ClaudeBot/1.0; +claudebot@anthropic.com)"
216.73.216.148 - - [16/Mar/2026:18:36:24 +0000] "GET /item/3824667 HTTP/2" 500 981 "-" "Mozilla/5.0 AppleWebKit/537.36 (KHTML, like Gecko; compatible; ClaudeBot/1.0; +claudebot@anthropic.com)"
216.73.216.148 - - [16/Mar/2026:18:36:29 +0000] "GET /item/3259520 HTTP/2" 500 981 "-" "Mozilla/5.0 AppleWebKit/537.36 (KHTML, like Gecko; compatible; ClaudeBot/1.0; +claudebot@anthropic.com)"
185.191.171.16 - - [16/Mar/2026:18:36:31 +0000] "GET /item/4727333 HTTP/1.1" 500 277 "-" "Mozilla/5.0 (compatible; SemrushBot/7~bl; +http://www.semrush.com/bot.html)"
216.73.216.148 - - [16/Mar/2026:18:36:34 +0000] "GET /item/5041347 HTTP/2" 500 981 "-" "Mozilla/5.0 AppleWebKit/537.36 (KHTML, like Gecko; compatible; ClaudeBot/1.0; +claudebot@anthropic.com)"
216.73.216.148 - - [16/Mar/2026:18:36:39 +0000] "GET /item/4992634 HTTP/2" 500 981 "-" "Mozilla/5.0 AppleWebKit/537.36 (KHTML, like Gecko; compatible; ClaudeBot/1.0; +claudebot@anthropic.com)"
216.73.216.148 - - [16/Mar/2026:18:36:44 +0000] "GET /item/3535043 HTTP/2" 500 981 "-" "Mozilla/5.0 AppleWebKit/537.36 (KHTML, like Gecko; compatible; ClaudeBot/1.0; +claudebot@anthropic.com)"
74.7.227.189 - - [16/Mar/2026:18:34:46 +0000] "GET /item/3056362 HTTP/2" 500 981 "https://km104.com/sitemap-3.xml" "Mozilla/5.0 AppleWebKit/537.36 (KHTML, like Gecko; compatible; GPTBot/1.3; +https://openai.com/gptbot)"
216.73.216.148 - - [16/Mar/2026:18:34:49 +0000] "GET /item/4993581 HTTP/2" 500 981 "-" "Mozilla/5.0 AppleWebKit/537.36 (KHTML, like Gecko; compatible; ClaudeBot/1.0; +claudebot@anthropic.com)"
216.73.216.148 - - [16/Mar/2026:18:34:54 +0000] "GET /item/5122158 HTTP/2" 500 981 "-" "Mozilla/5.0 AppleWebKit/537.36 (KHTML, like Gecko; compatible; ClaudeBot/1.0; +claudebot@anthropic.com)"
216.73.216.148 - - [16/Mar/2026:18:34:59 +0000] "GET /item/4616851 HTTP/2" 500 981 "-" "Mozilla/5.0 AppleWebKit/537.36 (KHTML, like Gecko; compatible; ClaudeBot/1.0; +claudebot@anthropic.com)"
216.73.216.148 - - [16/Mar/2026:18:35:04 +0000] "GET /item/3897425 HTTP/2" 500 981 "-" "Mozilla/5.0 AppleWebKit/537.36 (KHTML, like Gecko; compatible; ClaudeBot/1.0; +claudebot@anthropic.com)"
216.73.216.148 - - [16/Mar/2026:18:35:09 +0000] "GET /item/5024151 HTTP/2" 500 981 "-" "Mozilla/5.0 AppleWebKit/537.36 (KHTML, like Gecko; compatible; ClaudeBot/1.0; +claudebot@anthropic.com)"
216.73.216.148 - - [16/Mar/2026:18:35:14 +0000] "GET /item/3357179 HTTP/2" 500 981 "-" "Mozilla/5.0 AppleWebKit/537.36 (KHTML, like Gecko; compatible; ClaudeBot/1.0; +claudebot@anthropic.com)"
216.73.216.148 - - [16/Mar/2026:18:35:19 +0000] "GET /item/3171592 HTTP/2" 500 981 "-" "Mozilla/5.0 AppleWebKit/537.36 (KHTML, like Gecko; compatible; ClaudeBot/1.0; +claudebot@anthropic.com)"
216.73.216.148 - - [16/Mar/2026:18:35:24 +0000] "GET /item/4611662 HTTP/2" 500 981 "-" "Mozilla/5.0 AppleWebKit/537.36 (KHTML, like Gecko; compatible; ClaudeBot/1.0; +claudebot@anthropic.com)"
216.73.216.148 - - [16/Mar/2026:18:35:29 +0000] "GET /item/4449441 HTTP/2" 500 981 "-" "Mozilla/5.0 AppleWebKit/537.36 (KHTML, like Gecko; compatible; ClaudeBot/1.0; +claudebot@anthropic.com)"
216.73.216.148 - - [16/Mar/2026:18:35:34 +0000] "GET /item/3836535 HTTP/2" 500 981 "-" "Mozilla/5.0 AppleWebKit/537.36 (KHTML, like Gecko; compatible; ClaudeBot/1.0; +claudebot@anthropic.com)"
216.73.216.148 - - [16/Mar/2026:18:35:39 +0000] "GET /item/5096947 HTTP/2" 500 981 "-" "Mozilla/5.0 AppleWebKit/537.36 (KHTML, like Gecko; compatible; ClaudeBot/1.0; +claudebot@anthropic.com)"
216.73.216.148 - - [16/Mar/2026:18:35:44 +0000] "GET /item/2754500 HTTP/2" 500 981 "-" "Mozilla/5.0 AppleWebKit/537.36 (KHTML, like Gecko; compatible; ClaudeBot/1.0; +claudebot@anthropic.com)"
