216.73.216.148 - - [16/Mar/2026:18:17:06 +0000] "GET /item/5219745 HTTP/2" 500 981 "-" "Mozilla/5.0 AppleWebKit/537.36 (KHTML, like Gecko; compatible; ClaudeBot/1.0; +claudebot@anthropic.com)"
216.73.216.148 - - [16/Mar/2026:18:17:11 +0000] "GET /item/2964506 HTTP/2" 500 981 "-" "Mozilla/5.0 AppleWebKit/537.36 (KHTML, like Gecko; compatible; ClaudeBot/1.0; +claudebot@anthropic.com)"
173.252.82.8 - - [16/Mar/2026:18:17:16 +0000] "GET /robots.txt HTTP/2" 206 2569 "-" "facebookexternalhit/1.1 (+http://www.facebook.com/externalhit_uatext.php)"
216.73.216.148 - - [16/Mar/2026:18:17:16 +0000] "GET /item/4895340 HTTP/2" 500 981 "-" "Mozilla/5.0 AppleWebKit/537.36 (KHTML, like Gecko; compatible; ClaudeBot/1.0; +claudebot@anthropic.com)"
57.141.20.30 - - [16/Mar/2026:18:17:17 +0000] "GET /item/3130465 HTTP/2" 500 2557 "-" "meta-externalagent/1.1 (+https://developers.facebook.com/docs/sharing/webmasters/crawler)"
216.73.216.148 - - [16/Mar/2026:18:17:21 +0000] "GET /item/4815698 HTTP/2" 500 981 "-" "Mozilla/5.0 AppleWebKit/537.36 (KHTML, like Gecko; compatible; ClaudeBot/1.0; +claudebot@anthropic.com)"
216.73.216.148 - - [16/Mar/2026:18:17:26 +0000] "GET /item/5154273 HTTP/2" 500 981 "-" "Mozilla/5.0 AppleWebKit/537.36 (KHTML, like Gecko; compatible; ClaudeBot/1.0; +claudebot@anthropic.com)"
216.73.216.148 - - [16/Mar/2026:18:17:31 +0000] "GET /item/4017903 HTTP/2" 500 981 "-" "Mozilla/5.0 AppleWebKit/537.36 (KHTML, like Gecko; compatible; ClaudeBot/1.0; +claudebot@anthropic.com)"
216.73.216.148 - - [16/Mar/2026:18:17:36 +0000] "GET /item/3711032 HTTP/2" 500 981 "-" "Mozilla/5.0 AppleWebKit/537.36 (KHTML, like Gecko; compatible; ClaudeBot/1.0; +claudebot@anthropic.com)"
216.73.216.148 - - [16/Mar/2026:18:17:41 +0000] "GET /item/3268261 HTTP/2" 500 981 "-" "Mozilla/5.0 AppleWebKit/537.36 (KHTML, like Gecko; compatible; ClaudeBot/1.0; +claudebot@anthropic.com)"
74.7.227.189 - - [16/Mar/2026:18:18:03 +0000] "GET /item/4609197 HTTP/2" 500 981 "https://km104.com/sitemap-7.xml" "Mozilla/5.0 AppleWebKit/537.36 (KHTML, like Gecko; compatible; GPTBot/1.3; +https://openai.com/gptbot)"
173.252.70.30 - - [16/Mar/2026:18:18:23 +0000] "GET /robots.txt HTTP/2" 206 2569 "-" "facebookexternalhit/1.1 (+http://www.facebook.com/externalhit_uatext.php)"
207.46.13.150 - - [16/Mar/2026:18:18:30 +0000] "GET /item/3305357 HTTP/2" 200 22618 "-" "Mozilla/5.0 AppleWebKit/537.36 (KHTML, like Gecko; compatible; bingbot/2.0; +http://www.bing.com/bingbot.htm) Chrome/116.0.1938.76 Safari/537.36"
74.7.227.189 - - [16/Mar/2026:18:19:05 +0000] "GET /item/3807855 HTTP/2" 500 981 "https://km104.com/sitemap-524.xml" "Mozilla/5.0 AppleWebKit/537.36 (KHTML, like Gecko; compatible; GPTBot/1.3; +https://openai.com/gptbot)"
69.63.184.19 - - [16/Mar/2026:18:19:29 +0000] "GET /robots.txt HTTP/2" 206 2569 "-" "facebookexternalhit/1.1 (+http://www.facebook.com/externalhit_uatext.php)"
69.63.184.7 - - [16/Mar/2026:18:19:29 +0000] "GET /robots.txt HTTP/2" 206 2569 "-" "facebookexternalhit/1.1 (+http://www.facebook.com/externalhit_uatext.php)"
74.7.227.189 - - [16/Mar/2026:18:20:06 +0000] "GET /item/3059439 HTTP/2" 500 981 "https://km104.com/sitemap-524.xml" "Mozilla/5.0 AppleWebKit/537.36 (KHTML, like Gecko; compatible; GPTBot/1.3; +https://openai.com/gptbot)"
185.191.171.18 - - [16/Mar/2026:18:20:19 +0000] "GET /item/4007866 HTTP/1.1" 500 277 "-" "Mozilla/5.0 (compatible; SemrushBot/7~bl; +http://www.semrush.com/bot.html)"
69.63.184.28 - - [16/Mar/2026:18:20:36 +0000] "GET /robots.txt HTTP/2" 206 2569 "-" "facebookexternalhit/1.1 (+http://www.facebook.com/externalhit_uatext.php)"
74.7.227.189 - - [16/Mar/2026:18:21:11 +0000] "GET /item/3524753 HTTP/2" 500 981 "https://km104.com/sitemap-4.xml" "Mozilla/5.0 AppleWebKit/537.36 (KHTML, like Gecko; compatible; GPTBot/1.3; +https://openai.com/gptbot)"
216.73.216.148 - - [16/Mar/2026:18:19:57 +0000] "GET /item/3515489 HTTP/2" 500 981 "-" "Mozilla/5.0 AppleWebKit/537.36 (KHTML, like Gecko; compatible; ClaudeBot/1.0; +claudebot@anthropic.com)"
216.73.216.148 - - [16/Mar/2026:18:20:02 +0000] "GET /item/2845790 HTTP/2" 500 981 "-" "Mozilla/5.0 AppleWebKit/537.36 (KHTML, like Gecko; compatible; ClaudeBot/1.0; +claudebot@anthropic.com)"
216.73.216.148 - - [16/Mar/2026:18:20:07 +0000] "GET /item/3400919 HTTP/2" 500 981 "-" "Mozilla/5.0 AppleWebKit/537.36 (KHTML, like Gecko; compatible; ClaudeBot/1.0; +claudebot@anthropic.com)"
216.73.216.148 - - [16/Mar/2026:18:20:12 +0000] "GET /item/2532210 HTTP/2" 500 981 "-" "Mozilla/5.0 AppleWebKit/537.36 (KHTML, like Gecko; compatible; ClaudeBot/1.0; +claudebot@anthropic.com)"
216.73.216.148 - - [16/Mar/2026:18:20:17 +0000] "GET /item/3132438 HTTP/2" 500 981 "-" "Mozilla/5.0 AppleWebKit/537.36 (KHTML, like Gecko; compatible; ClaudeBot/1.0; +claudebot@anthropic.com)"
216.73.216.148 - - [16/Mar/2026:18:20:22 +0000] "GET /item/4884709 HTTP/2" 500 981 "-" "Mozilla/5.0 AppleWebKit/537.36 (KHTML, like Gecko; compatible; ClaudeBot/1.0; +claudebot@anthropic.com)"
216.73.216.148 - - [16/Mar/2026:18:20:27 +0000] "GET /item/4013695 HTTP/2" 500 981 "-" "Mozilla/5.0 AppleWebKit/537.36 (KHTML, like Gecko; compatible; ClaudeBot/1.0; +claudebot@anthropic.com)"
216.73.216.148 - - [16/Mar/2026:18:20:32 +0000] "GET /item/4861478 HTTP/2" 500 981 "-" "Mozilla/5.0 AppleWebKit/537.36 (KHTML, like Gecko; compatible; ClaudeBot/1.0; +claudebot@anthropic.com)"
69.63.184.28 - - [16/Mar/2026:18:20:36 +0000] "GET /robots.txt HTTP/2" 206 2569 "-" "facebookexternalhit/1.1 (+http://www.facebook.com/externalhit_uatext.php)"
57.141.20.48 - - [16/Mar/2026:18:20:36 +0000] "GET /item/3004838 HTTP/2" 500 2557 "-" "meta-externalagent/1.1 (+https://developers.facebook.com/docs/sharing/webmasters/crawler)"
216.73.216.148 - - [16/Mar/2026:18:20:37 +0000] "GET /item/4582817 HTTP/2" 500 981 "-" "Mozilla/5.0 AppleWebKit/537.36 (KHTML, like Gecko; compatible; ClaudeBot/1.0; +claudebot@anthropic.com)"
216.73.216.148 - - [16/Mar/2026:18:20:42 +0000] "GET /item/3346258 HTTP/2" 500 981 "-" "Mozilla/5.0 AppleWebKit/537.36 (KHTML, like Gecko; compatible; ClaudeBot/1.0; +claudebot@anthropic.com)"
216.73.216.148 - - [16/Mar/2026:18:20:47 +0000] "GET /item/2469772 HTTP/2" 500 981 "-" "Mozilla/5.0 AppleWebKit/537.36 (KHTML, like Gecko; compatible; ClaudeBot/1.0; +claudebot@anthropic.com)"
216.73.216.148 - - [16/Mar/2026:18:20:52 +0000] "GET /item/4370879 HTTP/2" 500 981 "-" "Mozilla/5.0 AppleWebKit/537.36 (KHTML, like Gecko; compatible; ClaudeBot/1.0; +claudebot@anthropic.com)"
216.73.216.148 - - [16/Mar/2026:18:20:57 +0000] "GET /item/2942779 HTTP/2" 500 981 "-" "Mozilla/5.0 AppleWebKit/537.36 (KHTML, like Gecko; compatible; ClaudeBot/1.0; +claudebot@anthropic.com)"
216.73.216.148 - - [16/Mar/2026:18:21:02 +0000] "GET /item/2791967 HTTP/2" 500 981 "-" "Mozilla/5.0 AppleWebKit/537.36 (KHTML, like Gecko; compatible; ClaudeBot/1.0; +claudebot@anthropic.com)"
216.73.216.148 - - [16/Mar/2026:18:21:07 +0000] "GET /item/2495830 HTTP/2" 500 981 "-" "Mozilla/5.0 AppleWebKit/537.36 (KHTML, like Gecko; compatible; ClaudeBot/1.0; +claudebot@anthropic.com)"
216.73.216.148 - - [16/Mar/2026:18:21:12 +0000] "GET /item/3446629 HTTP/2" 500 981 "-" "Mozilla/5.0 AppleWebKit/537.36 (KHTML, like Gecko; compatible; ClaudeBot/1.0; +claudebot@anthropic.com)"
216.73.216.148 - - [16/Mar/2026:18:21:17 +0000] "GET /item/4155008 HTTP/2" 500 981 "-" "Mozilla/5.0 AppleWebKit/537.36 (KHTML, like Gecko; compatible; ClaudeBot/1.0; +claudebot@anthropic.com)"
216.73.216.148 - - [16/Mar/2026:18:21:22 +0000] "GET /item/3465677 HTTP/2" 500 981 "-" "Mozilla/5.0 AppleWebKit/537.36 (KHTML, like Gecko; compatible; ClaudeBot/1.0; +claudebot@anthropic.com)"
216.73.216.148 - - [16/Mar/2026:18:21:30 +0000] "GET /item/2688393 HTTP/2" 500 981 "-" "Mozilla/5.0 AppleWebKit/537.36 (KHTML, like Gecko; compatible; ClaudeBot/1.0; +claudebot@anthropic.com)"
216.73.216.148 - - [16/Mar/2026:18:21:32 +0000] "GET /item/2719470 HTTP/2" 500 981 "-" "Mozilla/5.0 AppleWebKit/537.36 (KHTML, like Gecko; compatible; ClaudeBot/1.0; +claudebot@anthropic.com)"
216.73.216.148 - - [16/Mar/2026:18:21:37 +0000] "GET /item/5047080 HTTP/2" 500 981 "-" "Mozilla/5.0 AppleWebKit/537.36 (KHTML, like Gecko; compatible; ClaudeBot/1.0; +claudebot@anthropic.com)"
216.73.216.148 - - [16/Mar/2026:18:21:42 +0000] "GET /item/5422623 HTTP/2" 500 981 "-" "Mozilla/5.0 AppleWebKit/537.36 (KHTML, like Gecko; compatible; ClaudeBot/1.0; +claudebot@anthropic.com)"
173.252.83.7 - - [16/Mar/2026:18:21:43 +0000] "GET /robots.txt HTTP/2" 206 2569 "-" "facebookexternalhit/1.1 (+http://www.facebook.com/externalhit_uatext.php)"
57.141.20.52 - - [16/Mar/2026:18:21:44 +0000] "GET /item/4715822 HTTP/2" 500 2557 "-" "meta-externalagent/1.1 (+https://developers.facebook.com/docs/sharing/webmasters/crawler)"
185.191.171.17 - - [16/Mar/2026:18:21:19 +0000] "GET /item/3937785 HTTP/1.1" 500 277 "-" "Mozilla/5.0 (compatible; SemrushBot/7~bl; +http://www.semrush.com/bot.html)"
173.252.83.116 - - [16/Mar/2026:18:21:43 +0000] "GET /robots.txt HTTP/2" 206 2569 "-" "facebookexternalhit/1.1 (+http://www.facebook.com/externalhit_uatext.php)"
216.73.216.148 - - [16/Mar/2026:18:21:47 +0000] "GET /item/5075702 HTTP/2" 500 981 "-" "Mozilla/5.0 AppleWebKit/537.36 (KHTML, like Gecko; compatible; ClaudeBot/1.0; +claudebot@anthropic.com)"
216.73.216.148 - - [16/Mar/2026:18:21:52 +0000] "GET /item/2727500 HTTP/2" 500 981 "-" "Mozilla/5.0 AppleWebKit/537.36 (KHTML, like Gecko; compatible; ClaudeBot/1.0; +claudebot@anthropic.com)"
216.73.216.148 - - [16/Mar/2026:18:21:57 +0000] "GET /item/5181478 HTTP/2" 500 981 "-" "Mozilla/5.0 AppleWebKit/537.36 (KHTML, like Gecko; compatible; ClaudeBot/1.0; +claudebot@anthropic.com)"
216.73.216.148 - - [16/Mar/2026:18:22:02 +0000] "GET /item/3951709 HTTP/2" 500 981 "-" "Mozilla/5.0 AppleWebKit/537.36 (KHTML, like Gecko; compatible; ClaudeBot/1.0; +claudebot@anthropic.com)"
216.73.216.148 - - [16/Mar/2026:18:22:07 +0000] "GET /item/3592112 HTTP/2" 500 981 "-" "Mozilla/5.0 AppleWebKit/537.36 (KHTML, like Gecko; compatible; ClaudeBot/1.0; +claudebot@anthropic.com)"
216.73.216.148 - - [16/Mar/2026:18:22:12 +0000] "GET /item/4966120 HTTP/2" 500 981 "-" "Mozilla/5.0 AppleWebKit/537.36 (KHTML, like Gecko; compatible; ClaudeBot/1.0; +claudebot@anthropic.com)"
216.73.216.148 - - [16/Mar/2026:18:22:17 +0000] "GET /item/2531227 HTTP/2" 500 981 "-" "Mozilla/5.0 AppleWebKit/537.36 (KHTML, like Gecko; compatible; ClaudeBot/1.0; +claudebot@anthropic.com)"
216.73.216.148 - - [16/Mar/2026:18:22:22 +0000] "GET /item/5091842 HTTP/2" 500 981 "-" "Mozilla/5.0 AppleWebKit/537.36 (KHTML, like Gecko; compatible; ClaudeBot/1.0; +claudebot@anthropic.com)"
216.73.216.148 - - [16/Mar/2026:18:22:27 +0000] "GET /item/2704742 HTTP/2" 500 981 "-" "Mozilla/5.0 AppleWebKit/537.36 (KHTML, like Gecko; compatible; ClaudeBot/1.0; +claudebot@anthropic.com)"
216.73.216.148 - - [16/Mar/2026:18:22:32 +0000] "GET /item/3161574 HTTP/2" 500 981 "-" "Mozilla/5.0 AppleWebKit/537.36 (KHTML, like Gecko; compatible; ClaudeBot/1.0; +claudebot@anthropic.com)"
216.73.216.148 - - [16/Mar/2026:18:22:37 +0000] "GET /item/3838379 HTTP/2" 500 981 "-" "Mozilla/5.0 AppleWebKit/537.36 (KHTML, like Gecko; compatible; ClaudeBot/1.0; +claudebot@anthropic.com)"
216.73.216.148 - - [16/Mar/2026:18:22:42 +0000] "GET /item/4261556 HTTP/2" 500 981 "-" "Mozilla/5.0 AppleWebKit/537.36 (KHTML, like Gecko; compatible; ClaudeBot/1.0; +claudebot@anthropic.com)"
173.252.83.4 - - [16/Mar/2026:18:22:50 +0000] "GET /robots.txt HTTP/2" 206 2569 "-" "facebookexternalhit/1.1 (+http://www.facebook.com/externalhit_uatext.php)"
216.73.216.148 - - [16/Mar/2026:18:22:52 +0000] "GET /item/3646494 HTTP/2" 500 981 "-" "Mozilla/5.0 AppleWebKit/537.36 (KHTML, like Gecko; compatible; ClaudeBot/1.0; +claudebot@anthropic.com)"
216.73.216.148 - - [16/Mar/2026:18:22:52 +0000] "GET /item/5252910 HTTP/2" 500 981 "-" "Mozilla/5.0 AppleWebKit/537.36 (KHTML, like Gecko; compatible; ClaudeBot/1.0; +claudebot@anthropic.com)"
216.73.216.148 - - [16/Mar/2026:18:22:57 +0000] "GET /item/3716323 HTTP/2" 500 981 "-" "Mozilla/5.0 AppleWebKit/537.36 (KHTML, like Gecko; compatible; ClaudeBot/1.0; +claudebot@anthropic.com)"
216.73.216.148 - - [16/Mar/2026:18:23:02 +0000] "GET /item/4573961 HTTP/2" 500 981 "-" "Mozilla/5.0 AppleWebKit/537.36 (KHTML, like Gecko; compatible; ClaudeBot/1.0; +claudebot@anthropic.com)"
216.73.216.148 - - [16/Mar/2026:18:23:07 +0000] "GET /item/3951402 HTTP/2" 500 981 "-" "Mozilla/5.0 AppleWebKit/537.36 (KHTML, like Gecko; compatible; ClaudeBot/1.0; +claudebot@anthropic.com)"
216.73.216.148 - - [16/Mar/2026:18:23:12 +0000] "GET /item/4993273 HTTP/2" 500 981 "-" "Mozilla/5.0 AppleWebKit/537.36 (KHTML, like Gecko; compatible; ClaudeBot/1.0; +claudebot@anthropic.com)"
216.73.216.148 - - [16/Mar/2026:18:23:17 +0000] "GET /item/5342664 HTTP/2" 500 981 "-" "Mozilla/5.0 AppleWebKit/537.36 (KHTML, like Gecko; compatible; ClaudeBot/1.0; +claudebot@anthropic.com)"
85.208.96.209 - - [16/Mar/2026:18:23:20 +0000] "GET /item/2871387 HTTP/1.1" 500 277 "-" "Mozilla/5.0 (compatible; SemrushBot/7~bl; +http://www.semrush.com/bot.html)"
74.7.227.189 - - [16/Mar/2026:18:22:13 +0000] "GET /item/3108414 HTTP/2" 500 981 "https://km104.com/sitemap-524.xml" "Mozilla/5.0 AppleWebKit/537.36 (KHTML, like Gecko; compatible; GPTBot/1.3; +https://openai.com/gptbot)"
185.191.171.7 - - [16/Mar/2026:18:22:20 +0000] "GET /item/3896657 HTTP/1.1" 500 277 "-" "Mozilla/5.0 (compatible; SemrushBot/7~bl; +http://www.semrush.com/bot.html)"
173.252.83.1 - - [16/Mar/2026:18:22:49 +0000] "GET /robots.txt HTTP/2" 206 2569 "-" "facebookexternalhit/1.1 (+http://www.facebook.com/externalhit_uatext.php)"
57.141.20.11 - - [16/Mar/2026:18:22:50 +0000] "GET /item/2749734 HTTP/2" 500 2557 "-" "meta-externalagent/1.1 (+https://developers.facebook.com/docs/sharing/webmasters/crawler)"
74.7.227.189 - - [16/Mar/2026:18:23:14 +0000] "GET /item/4131442 HTTP/2" 500 981 "https://km104.com/sitemap-3.xml" "Mozilla/5.0 AppleWebKit/537.36 (KHTML, like Gecko; compatible; GPTBot/1.3; +https://openai.com/gptbot)"
57.141.20.42 - - [16/Mar/2026:18:23:57 +0000] "GET /item/2591155 HTTP/2" 500 2557 "-" "meta-externalagent/1.1 (+https://developers.facebook.com/docs/sharing/webmasters/crawler)"
216.73.216.148 - - [16/Mar/2026:18:24:07 +0000] "GET /item/4610232 HTTP/2" 500 981 "-" "Mozilla/5.0 AppleWebKit/537.36 (KHTML, like Gecko; compatible; ClaudeBot/1.0; +claudebot@anthropic.com)"
216.73.216.148 - - [16/Mar/2026:18:24:08 +0000] "GET /item/2870643 HTTP/2" 500 981 "-" "Mozilla/5.0 AppleWebKit/537.36 (KHTML, like Gecko; compatible; ClaudeBot/1.0; +claudebot@anthropic.com)"
216.73.216.148 - - [16/Mar/2026:18:24:13 +0000] "GET /item/4451607 HTTP/2" 500 981 "-" "Mozilla/5.0 AppleWebKit/537.36 (KHTML, like Gecko; compatible; ClaudeBot/1.0; +claudebot@anthropic.com)"
74.7.227.189 - - [16/Mar/2026:18:24:18 +0000] "GET /item/3240545 HTTP/2" 500 981 "https://km104.com/sitemap-524.xml" "Mozilla/5.0 AppleWebKit/537.36 (KHTML, like Gecko; compatible; GPTBot/1.3; +https://openai.com/gptbot)"
216.73.216.148 - - [16/Mar/2026:18:24:18 +0000] "GET /item/3572028 HTTP/2" 500 981 "-" "Mozilla/5.0 AppleWebKit/537.36 (KHTML, like Gecko; compatible; ClaudeBot/1.0; +claudebot@anthropic.com)"
216.73.216.148 - - [16/Mar/2026:18:24:23 +0000] "GET /item/3136407 HTTP/2" 500 981 "-" "Mozilla/5.0 AppleWebKit/537.36 (KHTML, like Gecko; compatible; ClaudeBot/1.0; +claudebot@anthropic.com)"
216.73.216.148 - - [16/Mar/2026:18:24:28 +0000] "GET /item/3045452 HTTP/2" 500 981 "-" "Mozilla/5.0 AppleWebKit/537.36 (KHTML, like Gecko; compatible; ClaudeBot/1.0; +claudebot@anthropic.com)"
216.73.216.148 - - [16/Mar/2026:18:24:33 +0000] "GET /item/2453232 HTTP/2" 500 981 "-" "Mozilla/5.0 AppleWebKit/537.36 (KHTML, like Gecko; compatible; ClaudeBot/1.0; +claudebot@anthropic.com)"
216.73.216.148 - - [16/Mar/2026:18:24:38 +0000] "GET /item/3906336 HTTP/2" 500 981 "-" "Mozilla/5.0 AppleWebKit/537.36 (KHTML, like Gecko; compatible; ClaudeBot/1.0; +claudebot@anthropic.com)"
216.73.216.148 - - [16/Mar/2026:18:24:47 +0000] "GET /item/3136847 HTTP/2" 500 981 "-" "Mozilla/5.0 AppleWebKit/537.36 (KHTML, like Gecko; compatible; ClaudeBot/1.0; +claudebot@anthropic.com)"
216.73.216.148 - - [16/Mar/2026:18:24:48 +0000] "GET /item/3914464 HTTP/2" 500 981 "-" "Mozilla/5.0 AppleWebKit/537.36 (KHTML, like Gecko; compatible; ClaudeBot/1.0; +claudebot@anthropic.com)"
216.73.216.148 - - [16/Mar/2026:18:24:53 +0000] "GET /item/5362579 HTTP/2" 500 981 "-" "Mozilla/5.0 AppleWebKit/537.36 (KHTML, like Gecko; compatible; ClaudeBot/1.0; +claudebot@anthropic.com)"
216.73.216.148 - - [16/Mar/2026:18:24:58 +0000] "GET /item/3077567 HTTP/2" 500 981 "-" "Mozilla/5.0 AppleWebKit/537.36 (KHTML, like Gecko; compatible; ClaudeBot/1.0; +claudebot@anthropic.com)"
216.73.216.148 - - [16/Mar/2026:18:25:03 +0000] "GET /item/5348236 HTTP/2" 500 981 "-" "Mozilla/5.0 AppleWebKit/537.36 (KHTML, like Gecko; compatible; ClaudeBot/1.0; +claudebot@anthropic.com)"
57.141.20.49 - - [16/Mar/2026:18:25:04 +0000] "GET /item/5386105 HTTP/2" 500 2557 "-" "meta-externalagent/1.1 (+https://developers.facebook.com/docs/sharing/webmasters/crawler)"
216.73.216.148 - - [16/Mar/2026:18:23:22 +0000] "GET /item/5297113 HTTP/2" 500 981 "-" "Mozilla/5.0 AppleWebKit/537.36 (KHTML, like Gecko; compatible; ClaudeBot/1.0; +claudebot@anthropic.com)"
216.73.216.148 - - [16/Mar/2026:18:23:27 +0000] "GET /item/4261143 HTTP/2" 500 981 "-" "Mozilla/5.0 AppleWebKit/537.36 (KHTML, like Gecko; compatible; ClaudeBot/1.0; +claudebot@anthropic.com)"
216.73.216.148 - - [16/Mar/2026:18:23:32 +0000] "GET /item/4811661 HTTP/2" 500 981 "-" "Mozilla/5.0 AppleWebKit/537.36 (KHTML, like Gecko; compatible; ClaudeBot/1.0; +claudebot@anthropic.com)"
216.73.216.148 - - [16/Mar/2026:18:23:37 +0000] "GET /item/3023425 HTTP/2" 500 981 "-" "Mozilla/5.0 AppleWebKit/537.36 (KHTML, like Gecko; compatible; ClaudeBot/1.0; +claudebot@anthropic.com)"
216.73.216.148 - - [16/Mar/2026:18:23:42 +0000] "GET /item/4280664 HTTP/2" 500 981 "-" "Mozilla/5.0 AppleWebKit/537.36 (KHTML, like Gecko; compatible; ClaudeBot/1.0; +claudebot@anthropic.com)"
216.73.216.148 - - [16/Mar/2026:18:23:47 +0000] "GET /item/3127884 HTTP/2" 500 981 "-" "Mozilla/5.0 AppleWebKit/537.36 (KHTML, like Gecko; compatible; ClaudeBot/1.0; +claudebot@anthropic.com)"
216.73.216.148 - - [16/Mar/2026:18:23:52 +0000] "GET /item/3242141 HTTP/2" 500 981 "-" "Mozilla/5.0 AppleWebKit/537.36 (KHTML, like Gecko; compatible; ClaudeBot/1.0; +claudebot@anthropic.com)"
69.171.231.6 - - [16/Mar/2026:18:23:56 +0000] "GET /robots.txt HTTP/2" 206 2569 "-" "facebookexternalhit/1.1 (+http://www.facebook.com/externalhit_uatext.php)"
69.171.231.7 - - [16/Mar/2026:18:23:57 +0000] "GET /robots.txt HTTP/2" 206 2569 "-" "facebookexternalhit/1.1 (+http://www.facebook.com/externalhit_uatext.php)"
216.73.216.148 - - [16/Mar/2026:18:23:57 +0000] "GET /item/2927139 HTTP/2" 500 981 "-" "Mozilla/5.0 AppleWebKit/537.36 (KHTML, like Gecko; compatible; ClaudeBot/1.0; +claudebot@anthropic.com)"
185.191.171.10 - - [16/Mar/2026:18:24:21 +0000] "GET /item/4234213 HTTP/1.1" 500 277 "-" "Mozilla/5.0 (compatible; SemrushBot/7~bl; +http://www.semrush.com/bot.html)"
173.252.70.37 - - [16/Mar/2026:18:25:03 +0000] "GET /robots.txt HTTP/2" 206 2569 "-" "facebookexternalhit/1.1 (+http://www.facebook.com/externalhit_uatext.php)"
173.252.70.37 - - [16/Mar/2026:18:25:03 +0000] "GET /robots.txt HTTP/2" 206 2569 "-" "facebookexternalhit/1.1 (+http://www.facebook.com/externalhit_uatext.php)"
216.73.216.148 - - [16/Mar/2026:18:25:46 +0000] "GET /item/4656597 HTTP/2" 500 981 "-" "Mozilla/5.0 AppleWebKit/537.36 (KHTML, like Gecko; compatible; ClaudeBot/1.0; +claudebot@anthropic.com)"
216.73.216.148 - - [16/Mar/2026:18:25:48 +0000] "GET /item/3066879 HTTP/2" 500 981 "-" "Mozilla/5.0 AppleWebKit/537.36 (KHTML, like Gecko; compatible; ClaudeBot/1.0; +claudebot@anthropic.com)"
216.73.216.148 - - [16/Mar/2026:18:25:53 +0000] "GET /item/2469015 HTTP/2" 500 981 "-" "Mozilla/5.0 AppleWebKit/537.36 (KHTML, like Gecko; compatible; ClaudeBot/1.0; +claudebot@anthropic.com)"
216.73.216.148 - - [16/Mar/2026:18:25:58 +0000] "GET /item/3208304 HTTP/2" 500 981 "-" "Mozilla/5.0 AppleWebKit/537.36 (KHTML, like Gecko; compatible; ClaudeBot/1.0; +claudebot@anthropic.com)"
216.73.216.148 - - [16/Mar/2026:18:26:03 +0000] "GET /item/3058299 HTTP/2" 500 981 "-" "Mozilla/5.0 AppleWebKit/537.36 (KHTML, like Gecko; compatible; ClaudeBot/1.0; +claudebot@anthropic.com)"
216.73.216.148 - - [16/Mar/2026:18:26:08 +0000] "GET /item/2861796 HTTP/2" 500 981 "-" "Mozilla/5.0 AppleWebKit/537.36 (KHTML, like Gecko; compatible; ClaudeBot/1.0; +claudebot@anthropic.com)"
57.141.20.4 - - [16/Mar/2026:18:26:11 +0000] "GET /item/4346556 HTTP/2" 500 2557 "-" "meta-externalagent/1.1 (+https://developers.facebook.com/docs/sharing/webmasters/crawler)"
216.73.216.148 - - [16/Mar/2026:18:26:13 +0000] "GET /item/2586085 HTTP/2" 500 981 "-" "Mozilla/5.0 AppleWebKit/537.36 (KHTML, like Gecko; compatible; ClaudeBot/1.0; +claudebot@anthropic.com)"
38.248.91.54 - - [16/Mar/2026:18:26:16 +0000] "GET /wp-login.php HTTP/1.1" 307 797 "-" "Mozilla/5.0"
216.73.216.148 - - [16/Mar/2026:18:25:08 +0000] "GET /item/4545196 HTTP/2" 500 981 "-" "Mozilla/5.0 AppleWebKit/537.36 (KHTML, like Gecko; compatible; ClaudeBot/1.0; +claudebot@anthropic.com)"
216.73.216.148 - - [16/Mar/2026:18:25:13 +0000] "GET /item/5299199 HTTP/2" 500 981 "-" "Mozilla/5.0 AppleWebKit/537.36 (KHTML, like Gecko; compatible; ClaudeBot/1.0; +claudebot@anthropic.com)"
216.73.216.148 - - [16/Mar/2026:18:25:18 +0000] "GET /item/4354534 HTTP/2" 500 981 "-" "Mozilla/5.0 AppleWebKit/537.36 (KHTML, like Gecko; compatible; ClaudeBot/1.0; +claudebot@anthropic.com)"
74.7.227.189 - - [16/Mar/2026:18:25:19 +0000] "GET /item/3707941 HTTP/2" 500 981 "https://km104.com/sitemap-524.xml" "Mozilla/5.0 AppleWebKit/537.36 (KHTML, like Gecko; compatible; GPTBot/1.3; +https://openai.com/gptbot)"
185.191.171.11 - - [16/Mar/2026:18:25:22 +0000] "GET /item/3545321 HTTP/1.1" 500 277 "-" "Mozilla/5.0 (compatible; SemrushBot/7~bl; +http://www.semrush.com/bot.html)"
216.73.216.148 - - [16/Mar/2026:18:25:23 +0000] "GET /item/2902189 HTTP/2" 500 981 "-" "Mozilla/5.0 AppleWebKit/537.36 (KHTML, like Gecko; compatible; ClaudeBot/1.0; +claudebot@anthropic.com)"
216.73.216.148 - - [16/Mar/2026:18:25:28 +0000] "GET /item/3138286 HTTP/2" 500 981 "-" "Mozilla/5.0 AppleWebKit/537.36 (KHTML, like Gecko; compatible; ClaudeBot/1.0; +claudebot@anthropic.com)"
216.73.216.148 - - [16/Mar/2026:18:25:33 +0000] "GET /item/3440673 HTTP/2" 500 981 "-" "Mozilla/5.0 AppleWebKit/537.36 (KHTML, like Gecko; compatible; ClaudeBot/1.0; +claudebot@anthropic.com)"
216.73.216.148 - - [16/Mar/2026:18:25:38 +0000] "GET /item/4334119 HTTP/2" 500 981 "-" "Mozilla/5.0 AppleWebKit/537.36 (KHTML, like Gecko; compatible; ClaudeBot/1.0; +claudebot@anthropic.com)"
173.252.69.9 - - [16/Mar/2026:18:26:10 +0000] "GET /robots.txt HTTP/2" 206 2569 "-" "facebookexternalhit/1.1 (+http://www.facebook.com/externalhit_uatext.php)"
173.252.69.9 - - [16/Mar/2026:18:26:10 +0000] "GET /robots.txt HTTP/2" 206 2569 "-" "facebookexternalhit/1.1 (+http://www.facebook.com/externalhit_uatext.php)"
74.7.227.189 - - [16/Mar/2026:18:26:22 +0000] "GET /item/4340771 HTTP/2" 500 981 "https://km104.com/sitemap-9.xml" "Mozilla/5.0 AppleWebKit/537.36 (KHTML, like Gecko; compatible; GPTBot/1.3; +https://openai.com/gptbot)"
85.208.96.212 - - [16/Mar/2026:18:26:23 +0000] "GET /item/3668567 HTTP/1.1" 500 277 "-" "Mozilla/5.0 (compatible; SemrushBot/7~bl; +http://www.semrush.com/bot.html)"
216.73.216.148 - - [16/Mar/2026:18:27:07 +0000] "GET /item/5161283 HTTP/2" 500 981 "-" "Mozilla/5.0 AppleWebKit/537.36 (KHTML, like Gecko; compatible; ClaudeBot/1.0; +claudebot@anthropic.com)"
216.73.216.148 - - [16/Mar/2026:18:27:09 +0000] "GET /item/3556914 HTTP/2" 500 981 "-" "Mozilla/5.0 AppleWebKit/537.36 (KHTML, like Gecko; compatible; ClaudeBot/1.0; +claudebot@anthropic.com)"
216.73.216.148 - - [16/Mar/2026:18:27:14 +0000] "GET /item/4522606 HTTP/2" 500 981 "-" "Mozilla/5.0 AppleWebKit/537.36 (KHTML, like Gecko; compatible; ClaudeBot/1.0; +claudebot@anthropic.com)"
57.141.20.35 - - [16/Mar/2026:18:27:17 +0000] "GET /item/2975176 HTTP/2" 500 2557 "-" "meta-externalagent/1.1 (+https://developers.facebook.com/docs/sharing/webmasters/crawler)"
216.73.216.148 - - [16/Mar/2026:18:27:19 +0000] "GET /item/4497492 HTTP/2" 500 981 "-" "Mozilla/5.0 AppleWebKit/537.36 (KHTML, like Gecko; compatible; ClaudeBot/1.0; +claudebot@anthropic.com)"
85.208.96.195 - - [16/Mar/2026:18:27:24 +0000] "GET /item/5061061 HTTP/1.1" 500 277 "-" "Mozilla/5.0 (compatible; SemrushBot/7~bl; +http://www.semrush.com/bot.html)"
216.73.216.148 - - [16/Mar/2026:18:27:24 +0000] "GET /item/2823730 HTTP/2" 500 981 "-" "Mozilla/5.0 AppleWebKit/537.36 (KHTML, like Gecko; compatible; ClaudeBot/1.0; +claudebot@anthropic.com)"
216.73.216.148 - - [16/Mar/2026:18:27:29 +0000] "GET /item/3747071 HTTP/2" 500 981 "-" "Mozilla/5.0 AppleWebKit/537.36 (KHTML, like Gecko; compatible; ClaudeBot/1.0; +claudebot@anthropic.com)"
216.73.216.148 - - [16/Mar/2026:18:26:18 +0000] "GET /item/2647531 HTTP/2" 500 981 "-" "Mozilla/5.0 AppleWebKit/537.36 (KHTML, like Gecko; compatible; ClaudeBot/1.0; +claudebot@anthropic.com)"
216.73.216.148 - - [16/Mar/2026:18:26:23 +0000] "GET /item/2941438 HTTP/2" 500 981 "-" "Mozilla/5.0 AppleWebKit/537.36 (KHTML, like Gecko; compatible; ClaudeBot/1.0; +claudebot@anthropic.com)"
216.73.216.148 - - [16/Mar/2026:18:26:28 +0000] "GET /item/4891632 HTTP/2" 500 981 "-" "Mozilla/5.0 AppleWebKit/537.36 (KHTML, like Gecko; compatible; ClaudeBot/1.0; +claudebot@anthropic.com)"
216.73.216.148 - - [16/Mar/2026:18:26:33 +0000] "GET /item/4151516 HTTP/2" 500 981 "-" "Mozilla/5.0 AppleWebKit/537.36 (KHTML, like Gecko; compatible; ClaudeBot/1.0; +claudebot@anthropic.com)"
216.73.216.148 - - [16/Mar/2026:18:26:38 +0000] "GET /item/3710022 HTTP/2" 500 981 "-" "Mozilla/5.0 AppleWebKit/537.36 (KHTML, like Gecko; compatible; ClaudeBot/1.0; +claudebot@anthropic.com)"
216.73.216.148 - - [16/Mar/2026:18:26:43 +0000] "GET /item/2592216 HTTP/2" 500 981 "-" "Mozilla/5.0 AppleWebKit/537.36 (KHTML, like Gecko; compatible; ClaudeBot/1.0; +claudebot@anthropic.com)"
216.73.216.148 - - [16/Mar/2026:18:26:48 +0000] "GET /item/5146594 HTTP/2" 500 981 "-" "Mozilla/5.0 AppleWebKit/537.36 (KHTML, like Gecko; compatible; ClaudeBot/1.0; +claudebot@anthropic.com)"
173.252.69.3 - - [16/Mar/2026:18:27:16 +0000] "GET /robots.txt HTTP/2" 206 2569 "-" "facebookexternalhit/1.1 (+http://www.facebook.com/externalhit_uatext.php)"
173.252.69.14 - - [16/Mar/2026:18:27:16 +0000] "GET /robots.txt HTTP/2" 206 2569 "-" "facebookexternalhit/1.1 (+http://www.facebook.com/externalhit_uatext.php)"
74.7.227.189 - - [16/Mar/2026:18:27:26 +0000] "GET /item/3694106 HTTP/2" 500 981 "https://km104.com/sitemap-5.xml" "Mozilla/5.0 AppleWebKit/537.36 (KHTML, like Gecko; compatible; GPTBot/1.3; +https://openai.com/gptbot)"
144.76.32.238 - - [16/Mar/2026:18:27:32 +0000] "GET /item/4498239 HTTP/1.1" 500 1148 "-" "Mozilla/5.0 (compatible; SERankingBacklinksBot/1.0; +https://seranking.com/backlinks-crawler)"
216.73.216.148 - - [16/Mar/2026:18:27:43 +0000] "GET /item/3202394 HTTP/2" 500 981 "-" "Mozilla/5.0 AppleWebKit/537.36 (KHTML, like Gecko; compatible; ClaudeBot/1.0; +claudebot@anthropic.com)"
216.73.216.148 - - [16/Mar/2026:18:27:44 +0000] "GET /item/4283416 HTTP/2" 500 981 "-" "Mozilla/5.0 AppleWebKit/537.36 (KHTML, like Gecko; compatible; ClaudeBot/1.0; +claudebot@anthropic.com)"
216.73.216.148 - - [16/Mar/2026:18:27:49 +0000] "GET /item/3082647 HTTP/2" 500 981 "-" "Mozilla/5.0 AppleWebKit/537.36 (KHTML, like Gecko; compatible; ClaudeBot/1.0; +claudebot@anthropic.com)"
216.73.216.148 - - [16/Mar/2026:18:27:54 +0000] "GET /item/4302186 HTTP/2" 500 981 "-" "Mozilla/5.0 AppleWebKit/537.36 (KHTML, like Gecko; compatible; ClaudeBot/1.0; +claudebot@anthropic.com)"
216.73.216.148 - - [16/Mar/2026:18:27:59 +0000] "GET /item/5358984 HTTP/2" 500 981 "-" "Mozilla/5.0 AppleWebKit/537.36 (KHTML, like Gecko; compatible; ClaudeBot/1.0; +claudebot@anthropic.com)"
216.73.216.148 - - [16/Mar/2026:18:28:04 +0000] "GET /item/2885469 HTTP/2" 500 981 "-" "Mozilla/5.0 AppleWebKit/537.36 (KHTML, like Gecko; compatible; ClaudeBot/1.0; +claudebot@anthropic.com)"
52.167.144.156 - - [16/Mar/2026:18:28:05 +0000] "GET /sitemap-257.xml HTTP/2" 200 5634 "-" "Mozilla/5.0 AppleWebKit/537.36 (KHTML, like Gecko; compatible; bingbot/2.0; +http://www.bing.com/bingbot.htm) Chrome/116.0.1938.76 Safari/537.36"
216.73.216.148 - - [16/Mar/2026:18:28:09 +0000] "GET /item/4920735 HTTP/2" 500 981 "-" "Mozilla/5.0 AppleWebKit/537.36 (KHTML, like Gecko; compatible; ClaudeBot/1.0; +claudebot@anthropic.com)"
216.73.216.148 - - [16/Mar/2026:18:28:14 +0000] "GET /item/5202116 HTTP/2" 500 981 "-" "Mozilla/5.0 AppleWebKit/537.36 (KHTML, like Gecko; compatible; ClaudeBot/1.0; +claudebot@anthropic.com)"
216.73.216.148 - - [16/Mar/2026:18:28:19 +0000] "GET /item/5250857 HTTP/2" 500 981 "-" "Mozilla/5.0 AppleWebKit/537.36 (KHTML, like Gecko; compatible; ClaudeBot/1.0; +claudebot@anthropic.com)"
216.73.216.148 - - [16/Mar/2026:18:27:34 +0000] "GET /item/4079476 HTTP/2" 500 981 "-" "Mozilla/5.0 AppleWebKit/537.36 (KHTML, like Gecko; compatible; ClaudeBot/1.0; +claudebot@anthropic.com)"
69.171.230.10 - - [16/Mar/2026:18:28:22 +0000] "GET /robots.txt HTTP/2" 206 2569 "-" "facebookexternalhit/1.1 (+http://www.facebook.com/externalhit_uatext.php)"
69.171.230.11 - - [16/Mar/2026:18:28:22 +0000] "GET /robots.txt HTTP/2" 206 2569 "-" "facebookexternalhit/1.1 (+http://www.facebook.com/externalhit_uatext.php)"
57.141.20.40 - - [16/Mar/2026:18:28:23 +0000] "GET /item/4890736 HTTP/2" 500 2557 "-" "meta-externalagent/1.1 (+https://developers.facebook.com/docs/sharing/webmasters/crawler)"
185.191.171.11 - - [16/Mar/2026:18:28:24 +0000] "GET /item/4475656 HTTP/1.1" 500 277 "-" "Mozilla/5.0 (compatible; SemrushBot/7~bl; +http://www.semrush.com/bot.html)"
216.73.216.148 - - [16/Mar/2026:18:28:41 +0000] "GET /item/4367477 HTTP/2" 500 981 "-" "Mozilla/5.0 AppleWebKit/537.36 (KHTML, like Gecko; compatible; ClaudeBot/1.0; +claudebot@anthropic.com)"
216.73.216.148 - - [16/Mar/2026:18:28:45 +0000] "GET /item/4080366 HTTP/2" 500 981 "-" "Mozilla/5.0 AppleWebKit/537.36 (KHTML, like Gecko; compatible; ClaudeBot/1.0; +claudebot@anthropic.com)"
216.73.216.148 - - [16/Mar/2026:18:28:50 +0000] "GET /item/5201215 HTTP/2" 500 981 "-" "Mozilla/5.0 AppleWebKit/537.36 (KHTML, like Gecko; compatible; ClaudeBot/1.0; +claudebot@anthropic.com)"
216.73.216.148 - - [16/Mar/2026:18:28:55 +0000] "GET /item/3691843 HTTP/2" 500 981 "-" "Mozilla/5.0 AppleWebKit/537.36 (KHTML, like Gecko; compatible; ClaudeBot/1.0; +claudebot@anthropic.com)"
216.73.216.148 - - [16/Mar/2026:18:29:00 +0000] "GET /item/5118946 HTTP/2" 500 981 "-" "Mozilla/5.0 AppleWebKit/537.36 (KHTML, like Gecko; compatible; ClaudeBot/1.0; +claudebot@anthropic.com)"
216.73.216.148 - - [16/Mar/2026:18:29:08 +0000] "GET /item/3170232 HTTP/2" 500 981 "-" "Mozilla/5.0 AppleWebKit/537.36 (KHTML, like Gecko; compatible; ClaudeBot/1.0; +claudebot@anthropic.com)"
216.73.216.148 - - [16/Mar/2026:18:29:10 +0000] "GET /item/3851243 HTTP/2" 500 981 "-" "Mozilla/5.0 AppleWebKit/537.36 (KHTML, like Gecko; compatible; ClaudeBot/1.0; +claudebot@anthropic.com)"
216.73.216.148 - - [16/Mar/2026:18:29:15 +0000] "GET /item/3959040 HTTP/2" 500 981 "-" "Mozilla/5.0 AppleWebKit/537.36 (KHTML, like Gecko; compatible; ClaudeBot/1.0; +claudebot@anthropic.com)"
216.73.216.148 - - [16/Mar/2026:18:29:20 +0000] "GET /item/4098545 HTTP/2" 500 981 "-" "Mozilla/5.0 AppleWebKit/537.36 (KHTML, like Gecko; compatible; ClaudeBot/1.0; +claudebot@anthropic.com)"
216.73.216.148 - - [16/Mar/2026:18:29:25 +0000] "GET /item/4592659 HTTP/2" 500 981 "-" "Mozilla/5.0 AppleWebKit/537.36 (KHTML, like Gecko; compatible; ClaudeBot/1.0; +claudebot@anthropic.com)"
85.208.96.196 - - [16/Mar/2026:18:29:25 +0000] "GET /item/4421021 HTTP/1.1" 500 277 "-" "Mozilla/5.0 (compatible; SemrushBot/7~bl; +http://www.semrush.com/bot.html)"
216.73.216.148 - - [16/Mar/2026:18:29:30 +0000] "GET /item/4658201 HTTP/2" 500 981 "-" "Mozilla/5.0 AppleWebKit/537.36 (KHTML, like Gecko; compatible; ClaudeBot/1.0; +claudebot@anthropic.com)"
216.73.216.148 - - [16/Mar/2026:18:29:35 +0000] "GET /item/3769332 HTTP/2" 500 981 "-" "Mozilla/5.0 AppleWebKit/537.36 (KHTML, like Gecko; compatible; ClaudeBot/1.0; +claudebot@anthropic.com)"
216.73.216.148 - - [16/Mar/2026:18:29:40 +0000] "GET /item/3985161 HTTP/2" 500 981 "-" "Mozilla/5.0 AppleWebKit/537.36 (KHTML, like Gecko; compatible; ClaudeBot/1.0; +claudebot@anthropic.com)"
216.73.216.148 - - [16/Mar/2026:18:29:45 +0000] "GET /item/2811559 HTTP/2" 500 981 "-" "Mozilla/5.0 AppleWebKit/537.36 (KHTML, like Gecko; compatible; ClaudeBot/1.0; +claudebot@anthropic.com)"
216.73.216.148 - - [16/Mar/2026:18:29:50 +0000] "GET /item/4491933 HTTP/2" 500 981 "-" "Mozilla/5.0 AppleWebKit/537.36 (KHTML, like Gecko; compatible; ClaudeBot/1.0; +claudebot@anthropic.com)"
216.73.216.148 - - [16/Mar/2026:18:28:24 +0000] "GET /item/4432753 HTTP/2" 500 981 "-" "Mozilla/5.0 AppleWebKit/537.36 (KHTML, like Gecko; compatible; ClaudeBot/1.0; +claudebot@anthropic.com)"
74.7.227.189 - - [16/Mar/2026:18:28:28 +0000] "GET /item/3419377 HTTP/2" 500 981 "https://km104.com/sitemap-524.xml" "Mozilla/5.0 AppleWebKit/537.36 (KHTML, like Gecko; compatible; GPTBot/1.3; +https://openai.com/gptbot)"
216.73.216.148 - - [16/Mar/2026:18:28:29 +0000] "GET /item/3921015 HTTP/2" 500 981 "-" "Mozilla/5.0 AppleWebKit/537.36 (KHTML, like Gecko; compatible; ClaudeBot/1.0; +claudebot@anthropic.com)"
216.73.216.148 - - [16/Mar/2026:18:28:34 +0000] "GET /item/4226097 HTTP/2" 500 981 "-" "Mozilla/5.0 AppleWebKit/537.36 (KHTML, like Gecko; compatible; ClaudeBot/1.0; +claudebot@anthropic.com)"
69.171.230.12 - - [16/Mar/2026:18:29:29 +0000] "GET /robots.txt HTTP/2" 206 2569 "-" "facebookexternalhit/1.1 (+http://www.facebook.com/externalhit_uatext.php)"
69.171.230.12 - - [16/Mar/2026:18:29:29 +0000] "GET /robots.txt HTTP/2" 206 2569 "-" "facebookexternalhit/1.1 (+http://www.facebook.com/externalhit_uatext.php)"
57.141.20.4 - - [16/Mar/2026:18:29:29 +0000] "GET /item/2890796 HTTP/2" 500 2557 "-" "meta-externalagent/1.1 (+https://developers.facebook.com/docs/sharing/webmasters/crawler)"
74.7.227.189 - - [16/Mar/2026:18:29:29 +0000] "GET /item/4229277 HTTP/2" 500 981 "https://km104.com/sitemap-5.xml" "Mozilla/5.0 AppleWebKit/537.36 (KHTML, like Gecko; compatible; GPTBot/1.3; +https://openai.com/gptbot)"
74.7.227.189 - - [16/Mar/2026:18:30:32 +0000] "GET /item/5415694 HTTP/2" 500 981 "https://km104.com/sitemap-524.xml" "Mozilla/5.0 AppleWebKit/537.36 (KHTML, like Gecko; compatible; GPTBot/1.3; +https://openai.com/gptbot)"
173.252.70.26 - - [16/Mar/2026:18:30:36 +0000] "GET /robots.txt HTTP/2" 206 2569 "-" "facebookexternalhit/1.1 (+http://www.facebook.com/externalhit_uatext.php)"
173.252.70.47 - - [16/Mar/2026:18:30:36 +0000] "GET /robots.txt HTTP/2" 206 2569 "-" "facebookexternalhit/1.1 (+http://www.facebook.com/externalhit_uatext.php)"
57.141.20.28 - - [16/Mar/2026:18:30:36 +0000] "GET /item/4777165 HTTP/2" 500 2557 "-" "meta-externalagent/1.1 (+https://developers.facebook.com/docs/sharing/webmasters/crawler)"
192.109.200.27 - - [16/Mar/2026:18:30:47 +0000] "GET /wp-login.php HTTP/1.1" 307 797 "-" "Mozilla/5.0 (Macintosh; Intel Mac OS X 10_15_7) AppleWebKit/537.36 (KHTML, like Gecko) Chrome/119.0.0.0 Safari/537.36"
192.109.200.27 - - [16/Mar/2026:18:30:48 +0000] "GET /?author=1 HTTP/1.1" 500 981 "-" "Mozilla/5.0 (Macintosh; Intel Mac OS X 13_6_1; rv:119.0) Gecko/20100101 Firefox/119.0"
192.109.200.27 - - [16/Mar/2026:18:30:49 +0000] "GET /?author=2 HTTP/1.1" 500 981 "https://t.co/" "Mozilla/5.0 (Macintosh; Intel Mac OS X 10_15_7) AppleWebKit/537.36 (KHTML, like Gecko) Chrome/121.0.0.0 Safari/537.36"
192.109.200.27 - - [16/Mar/2026:18:30:49 +0000] "GET /?author=3 HTTP/1.1" 500 981 "https://duckduckgo.com/" "Mozilla/5.0 (X11; Linux x86_64) AppleWebKit/537.36 (KHTML, like Gecko) Chrome/119.0.0.0 Safari/537.36"
192.109.200.27 - - [16/Mar/2026:18:30:49 +0000] "GET /?author=4 HTTP/1.1" 500 981 "-" "Mozilla/5.0 (X11; Ubuntu; Linux x86_64) AppleWebKit/537.36 (KHTML, like Gecko) Chrome/120.0.0.0 Safari/537.36"
192.109.200.27 - - [16/Mar/2026:18:30:50 +0000] "GET /?author=5 HTTP/1.1" 500 981 "https://www.google.com/" "Mozilla/5.0 (Macintosh; Intel Mac OS X 10_15_7; rv:120.0) Gecko/20100101 Firefox/120.0"
192.109.200.27 - - [16/Mar/2026:18:30:50 +0000] "GET /wp-json/wp/v2/users HTTP/1.1" 406 779 "https://wordpress.org/" "Mozilla/5.0 (Windows NT 10.0; Win64; x64) AppleWebKit/537.36 (KHTML, like Gecko) Chrome/119.0.0.0 Safari/537.36"
192.109.200.27 - - [16/Mar/2026:18:30:51 +0000] "POST /wp-login.php HTTP/1.1" 307 797 "https://km104.com/wp-login.php" "Mozilla/5.0 (Windows NT 10.0; Win64; x64) AppleWebKit/537.36 (KHTML, like Gecko) Chrome/120.0.0.0 Safari/537.36"
192.109.200.27 - - [16/Mar/2026:18:30:52 +0000] "GET /wp-admin/index.php HTTP/1.1" 500 981 "https://km104.com/wp-login.php" "Mozilla/5.0 (Macintosh; Intel Mac OS X 13_6_1; rv:118.0) Gecko/20100101 Firefox/118.0"
192.109.200.27 - - [16/Mar/2026:18:30:52 +0000] "GET /wp-admin/profile.php HTTP/1.1" 500 981 "https://km104.com/wp-login.php" "Mozilla/5.0 (Macintosh; Intel Mac OS X 13_6_1; rv:118.0) Gecko/20100101 Firefox/118.0"
192.109.200.27 - - [16/Mar/2026:18:30:52 +0000] "GET /wp-admin/edit.php HTTP/1.1" 500 981 "https://km104.com/wp-login.php" "Mozilla/5.0 (Macintosh; Intel Mac OS X 13_6_1; rv:118.0) Gecko/20100101 Firefox/118.0"
192.109.200.27 - - [16/Mar/2026:18:30:53 +0000] "GET /wp-admin/plugins.php HTTP/1.1" 500 981 "https://km104.com/wp-login.php" "Mozilla/5.0 (Macintosh; Intel Mac OS X 13_6_1; rv:118.0) Gecko/20100101 Firefox/118.0"
192.109.200.27 - - [16/Mar/2026:18:30:53 +0000] "POST /wp-login.php HTTP/1.1" 307 797 "https://km104.com/wp-login.php" "Mozilla/5.0 (Windows NT 11.0; Win64; x64; rv:119.0) Gecko/20100101 Firefox/119.0"
192.109.200.27 - - [16/Mar/2026:18:30:54 +0000] "GET /wp-admin/index.php HTTP/1.1" 500 981 "https://km104.com/wp-login.php" "Mozilla/5.0 (Windows NT 11.0; Win64; x64; rv:120.0) Gecko/20100101 Firefox/120.0"
192.109.200.27 - - [16/Mar/2026:18:30:54 +0000] "GET /wp-admin/profile.php HTTP/1.1" 500 981 "https://km104.com/wp-login.php" "Mozilla/5.0 (Windows NT 11.0; Win64; x64; rv:120.0) Gecko/20100101 Firefox/120.0"
192.109.200.27 - - [16/Mar/2026:18:30:54 +0000] "GET /wp-admin/edit.php HTTP/1.1" 500 981 "https://km104.com/wp-login.php" "Mozilla/5.0 (Windows NT 11.0; Win64; x64; rv:120.0) Gecko/20100101 Firefox/120.0"
192.109.200.27 - - [16/Mar/2026:18:30:55 +0000] "GET /wp-admin/plugins.php HTTP/1.1" 500 981 "https://km104.com/wp-login.php" "Mozilla/5.0 (Windows NT 11.0; Win64; x64; rv:120.0) Gecko/20100101 Firefox/120.0"
192.109.200.27 - - [16/Mar/2026:18:30:55 +0000] "POST /wp-login.php HTTP/1.1" 307 797 "https://km104.com/wp-login.php" "Mozilla/5.0 (X11; Ubuntu; Linux x86_64) AppleWebKit/537.36 (KHTML, like Gecko) Chrome/121.0.0.0 Safari/537.36"
192.109.200.27 - - [16/Mar/2026:18:30:57 +0000] "GET /wp-admin/index.php HTTP/1.1" 500 981 "https://km104.com/wp-login.php" "Mozilla/5.0 (Windows NT 11.0; Win64; x64) AppleWebKit/537.36 (KHTML, like Gecko) Chrome/118.0.0.0 Safari/537.36"
192.109.200.27 - - [16/Mar/2026:18:30:57 +0000] "GET /wp-admin/profile.php HTTP/1.1" 500 981 "https://km104.com/wp-login.php" "Mozilla/5.0 (Windows NT 11.0; Win64; x64) AppleWebKit/537.36 (KHTML, like Gecko) Chrome/118.0.0.0 Safari/537.36"
192.109.200.27 - - [16/Mar/2026:18:30:58 +0000] "GET /wp-admin/edit.php HTTP/1.1" 500 981 "https://km104.com/wp-login.php" "Mozilla/5.0 (Windows NT 11.0; Win64; x64) AppleWebKit/537.36 (KHTML, like Gecko) Chrome/118.0.0.0 Safari/537.36"
192.109.200.27 - - [16/Mar/2026:18:30:58 +0000] "GET /wp-admin/plugins.php HTTP/1.1" 500 981 "https://km104.com/wp-login.php" "Mozilla/5.0 (Windows NT 11.0; Win64; x64) AppleWebKit/537.36 (KHTML, like Gecko) Chrome/118.0.0.0 Safari/537.36"
192.109.200.27 - - [16/Mar/2026:18:30:58 +0000] "POST /wp-login.php HTTP/1.1" 307 797 "https://km104.com/wp-login.php" "Mozilla/5.0 (Macintosh; Intel Mac OS X 10_15_7) AppleWebKit/537.36 (KHTML, like Gecko) Chrome/120.0.0.0 Safari/537.36"
192.109.200.27 - - [16/Mar/2026:18:30:59 +0000] "GET /wp-admin/index.php HTTP/1.1" 500 981 "https://km104.com/wp-login.php" "Mozilla/5.0 (Macintosh; Intel Mac OS X 13_6_1) AppleWebKit/605.1.15 (KHTML, like Gecko) Version/17.0 Safari/605.1.15"
192.109.200.27 - - [16/Mar/2026:18:30:59 +0000] "GET /wp-admin/profile.php HTTP/1.1" 500 981 "https://km104.com/wp-login.php" "Mozilla/5.0 (Macintosh; Intel Mac OS X 13_6_1) AppleWebKit/605.1.15 (KHTML, like Gecko) Version/17.0 Safari/605.1.15"
192.109.200.27 - - [16/Mar/2026:18:30:59 +0000] "GET /wp-admin/edit.php HTTP/1.1" 500 981 "https://km104.com/wp-login.php" "Mozilla/5.0 (Macintosh; Intel Mac OS X 13_6_1) AppleWebKit/605.1.15 (KHTML, like Gecko) Version/17.0 Safari/605.1.15"
192.109.200.27 - - [16/Mar/2026:18:30:59 +0000] "GET /wp-admin/plugins.php HTTP/1.1" 500 981 "https://km104.com/wp-login.php" "Mozilla/5.0 (Macintosh; Intel Mac OS X 13_6_1) AppleWebKit/605.1.15 (KHTML, like Gecko) Version/17.0 Safari/605.1.15"
192.109.200.27 - - [16/Mar/2026:18:31:00 +0000] "POST /wp-login.php HTTP/1.1" 307 797 "https://km104.com/wp-login.php" "Mozilla/5.0 (Macintosh; Intel Mac OS X 10_15_7) AppleWebKit/537.36 (KHTML, like Gecko) Chrome/118.0.0.0 Safari/537.36"
192.109.200.27 - - [16/Mar/2026:18:31:01 +0000] "GET /wp-admin/index.php HTTP/1.1" 500 981 "https://km104.com/wp-login.php" "Mozilla/5.0 (X11; Linux x86_64) AppleWebKit/537.36 (KHTML, like Gecko) Chrome/121.0.0.0 Safari/537.36"
192.109.200.27 - - [16/Mar/2026:18:31:01 +0000] "GET /wp-admin/profile.php HTTP/1.1" 500 981 "https://km104.com/wp-login.php" "Mozilla/5.0 (X11; Linux x86_64) AppleWebKit/537.36 (KHTML, like Gecko) Chrome/121.0.0.0 Safari/537.36"
192.109.200.27 - - [16/Mar/2026:18:31:01 +0000] "GET /wp-admin/edit.php HTTP/1.1" 500 981 "https://km104.com/wp-login.php" "Mozilla/5.0 (X11; Linux x86_64) AppleWebKit/537.36 (KHTML, like Gecko) Chrome/121.0.0.0 Safari/537.36"
192.109.200.27 - - [16/Mar/2026:18:31:01 +0000] "GET /wp-admin/plugins.php HTTP/1.1" 500 981 "https://km104.com/wp-login.php" "Mozilla/5.0 (X11; Linux x86_64) AppleWebKit/537.36 (KHTML, like Gecko) Chrome/121.0.0.0 Safari/537.36"
192.109.200.27 - - [16/Mar/2026:18:31:02 +0000] "POST /wp-login.php HTTP/1.1" 307 797 "https://km104.com/wp-login.php" "Mozilla/5.0 (Macintosh; Intel Mac OS X 10_15_7) AppleWebKit/537.36 (KHTML, like Gecko) Chrome/121.0.0.0 Safari/537.36"
192.109.200.27 - - [16/Mar/2026:18:31:02 +0000] "GET /wp-admin/index.php HTTP/1.1" 500 981 "https://km104.com/wp-login.php" "Mozilla/5.0 (Macintosh; Intel Mac OS X 13_6_1; rv:120.0) Gecko/20100101 Firefox/120.0"
192.109.200.27 - - [16/Mar/2026:18:31:02 +0000] "GET /wp-admin/profile.php HTTP/1.1" 500 981 "https://km104.com/wp-login.php" "Mozilla/5.0 (Macintosh; Intel Mac OS X 13_6_1; rv:120.0) Gecko/20100101 Firefox/120.0"
192.109.200.27 - - [16/Mar/2026:18:31:02 +0000] "GET /wp-admin/edit.php HTTP/1.1" 500 981 "https://km104.com/wp-login.php" "Mozilla/5.0 (Macintosh; Intel Mac OS X 13_6_1; rv:120.0) Gecko/20100101 Firefox/120.0"
192.109.200.27 - - [16/Mar/2026:18:31:03 +0000] "GET /wp-admin/plugins.php HTTP/1.1" 500 981 "https://km104.com/wp-login.php" "Mozilla/5.0 (Macintosh; Intel Mac OS X 13_6_1; rv:120.0) Gecko/20100101 Firefox/120.0"
192.109.200.27 - - [16/Mar/2026:18:31:03 +0000] "POST /wp-login.php HTTP/1.1" 307 797 "https://km104.com/wp-login.php" "Mozilla/5.0 (Macintosh; Intel Mac OS X 10_15_7; rv:120.0) Gecko/20100101 Firefox/120.0"
192.109.200.27 - - [16/Mar/2026:18:31:03 +0000] "GET /wp-admin/index.php HTTP/1.1" 500 981 "https://km104.com/wp-login.php" "Mozilla/5.0 (X11; Ubuntu; Linux x86_64) AppleWebKit/537.36 (KHTML, like Gecko) Chrome/119.0.0.0 Safari/537.36"
192.109.200.27 - - [16/Mar/2026:18:31:04 +0000] "GET /wp-admin/profile.php HTTP/1.1" 500 981 "https://km104.com/wp-login.php" "Mozilla/5.0 (X11; Ubuntu; Linux x86_64) AppleWebKit/537.36 (KHTML, like Gecko) Chrome/119.0.0.0 Safari/537.36"
192.109.200.27 - - [16/Mar/2026:18:31:04 +0000] "GET /wp-admin/edit.php HTTP/1.1" 500 981 "https://km104.com/wp-login.php" "Mozilla/5.0 (X11; Ubuntu; Linux x86_64) AppleWebKit/537.36 (KHTML, like Gecko) Chrome/119.0.0.0 Safari/537.36"
192.109.200.27 - - [16/Mar/2026:18:31:04 +0000] "GET /wp-admin/plugins.php HTTP/1.1" 500 981 "https://km104.com/wp-login.php" "Mozilla/5.0 (X11; Ubuntu; Linux x86_64) AppleWebKit/537.36 (KHTML, like Gecko) Chrome/119.0.0.0 Safari/537.36"
192.109.200.27 - - [16/Mar/2026:18:31:04 +0000] "POST /wp-login.php HTTP/1.1" 307 797 "https://km104.com/wp-login.php" "Mozilla/5.0 (Windows NT 11.0; Win64; x64) AppleWebKit/537.36 (KHTML, like Gecko) Chrome/121.0.0.0 Safari/537.36"
192.109.200.27 - - [16/Mar/2026:18:31:06 +0000] "GET /wp-admin/index.php HTTP/1.1" 500 981 "https://km104.com/wp-login.php" "Mozilla/5.0 (Macintosh; Intel Mac OS X 10_15_7; rv:119.0) Gecko/20100101 Firefox/119.0"
192.109.200.27 - - [16/Mar/2026:18:31:06 +0000] "GET /wp-admin/profile.php HTTP/1.1" 500 981 "https://km104.com/wp-login.php" "Mozilla/5.0 (Macintosh; Intel Mac OS X 10_15_7; rv:119.0) Gecko/20100101 Firefox/119.0"
192.109.200.27 - - [16/Mar/2026:18:31:06 +0000] "GET /wp-admin/edit.php HTTP/1.1" 500 981 "https://km104.com/wp-login.php" "Mozilla/5.0 (Macintosh; Intel Mac OS X 10_15_7; rv:119.0) Gecko/20100101 Firefox/119.0"
192.109.200.27 - - [16/Mar/2026:18:31:06 +0000] "GET /wp-admin/plugins.php HTTP/1.1" 500 981 "https://km104.com/wp-login.php" "Mozilla/5.0 (Macintosh; Intel Mac OS X 10_15_7; rv:119.0) Gecko/20100101 Firefox/119.0"
192.109.200.27 - - [16/Mar/2026:18:31:07 +0000] "POST /wp-login.php HTTP/1.1" 307 797 "https://km104.com/wp-login.php" "Mozilla/5.0 (Macintosh; Intel Mac OS X 10_15_7; rv:121.0) Gecko/20100101 Firefox/121.0"
192.109.200.27 - - [16/Mar/2026:18:31:07 +0000] "GET /wp-admin/index.php HTTP/1.1" 500 981 "https://km104.com/wp-login.php" "Mozilla/5.0 (X11; Linux x86_64) AppleWebKit/537.36 (KHTML, like Gecko) Chrome/121.0.0.0 Safari/537.36"
192.109.200.27 - - [16/Mar/2026:18:31:07 +0000] "GET /wp-admin/profile.php HTTP/1.1" 500 981 "https://km104.com/wp-login.php" "Mozilla/5.0 (X11; Linux x86_64) AppleWebKit/537.36 (KHTML, like Gecko) Chrome/121.0.0.0 Safari/537.36"
192.109.200.27 - - [16/Mar/2026:18:31:07 +0000] "GET /wp-admin/edit.php HTTP/1.1" 500 981 "https://km104.com/wp-login.php" "Mozilla/5.0 (X11; Linux x86_64) AppleWebKit/537.36 (KHTML, like Gecko) Chrome/121.0.0.0 Safari/537.36"
192.109.200.27 - - [16/Mar/2026:18:31:08 +0000] "GET /wp-admin/plugins.php HTTP/1.1" 500 981 "https://km104.com/wp-login.php" "Mozilla/5.0 (X11; Linux x86_64) AppleWebKit/537.36 (KHTML, like Gecko) Chrome/121.0.0.0 Safari/537.36"
192.109.200.27 - - [16/Mar/2026:18:31:08 +0000] "POST /wp-login.php HTTP/1.1" 307 797 "https://km104.com/wp-login.php" "Mozilla/5.0 (Macintosh; Intel Mac OS X 10_15_7; rv:120.0) Gecko/20100101 Firefox/120.0"
192.109.200.27 - - [16/Mar/2026:18:31:08 +0000] "GET /wp-admin/index.php HTTP/1.1" 500 981 "https://km104.com/wp-login.php" "Mozilla/5.0 (Macintosh; Intel Mac OS X 13_6_1) AppleWebKit/605.1.15 (KHTML, like Gecko) Version/16.6 Safari/605.1.15"
192.109.200.27 - - [16/Mar/2026:18:31:08 +0000] "GET /wp-admin/profile.php HTTP/1.1" 500 981 "https://km104.com/wp-login.php" "Mozilla/5.0 (Macintosh; Intel Mac OS X 13_6_1) AppleWebKit/605.1.15 (KHTML, like Gecko) Version/16.6 Safari/605.1.15"
192.109.200.27 - - [16/Mar/2026:18:31:08 +0000] "GET /wp-admin/edit.php HTTP/1.1" 500 981 "https://km104.com/wp-login.php" "Mozilla/5.0 (Macintosh; Intel Mac OS X 13_6_1) AppleWebKit/605.1.15 (KHTML, like Gecko) Version/16.6 Safari/605.1.15"
192.109.200.27 - - [16/Mar/2026:18:31:09 +0000] "GET /wp-admin/plugins.php HTTP/1.1" 500 981 "https://km104.com/wp-login.php" "Mozilla/5.0 (Macintosh; Intel Mac OS X 13_6_1) AppleWebKit/605.1.15 (KHTML, like Gecko) Version/16.6 Safari/605.1.15"
192.109.200.27 - - [16/Mar/2026:18:31:09 +0000] "POST /wp-login.php HTTP/1.1" 307 797 "https://km104.com/wp-login.php" "Mozilla/5.0 (X11; Ubuntu; Linux x86_64) AppleWebKit/537.36 (KHTML, like Gecko) Chrome/119.0.0.0 Safari/537.36"
192.109.200.27 - - [16/Mar/2026:18:31:10 +0000] "GET /wp-admin/index.php HTTP/1.1" 500 981 "https://km104.com/wp-login.php" "Mozilla/5.0 (Macintosh; Intel Mac OS X 13_6_1) AppleWebKit/537.36 (KHTML, like Gecko) Chrome/118.0.0.0 Safari/537.36"
192.109.200.27 - - [16/Mar/2026:18:31:10 +0000] "GET /wp-admin/profile.php HTTP/1.1" 500 981 "https://km104.com/wp-login.php" "Mozilla/5.0 (Macintosh; Intel Mac OS X 13_6_1) AppleWebKit/537.36 (KHTML, like Gecko) Chrome/118.0.0.0 Safari/537.36"
192.109.200.27 - - [16/Mar/2026:18:31:11 +0000] "GET /wp-admin/edit.php HTTP/1.1" 500 981 "https://km104.com/wp-login.php" "Mozilla/5.0 (Macintosh; Intel Mac OS X 13_6_1) AppleWebKit/537.36 (KHTML, like Gecko) Chrome/118.0.0.0 Safari/537.36"
192.109.200.27 - - [16/Mar/2026:18:31:11 +0000] "GET /wp-admin/plugins.php HTTP/1.1" 500 981 "https://km104.com/wp-login.php" "Mozilla/5.0 (Macintosh; Intel Mac OS X 13_6_1) AppleWebKit/537.36 (KHTML, like Gecko) Chrome/118.0.0.0 Safari/537.36"
192.109.200.27 - - [16/Mar/2026:18:31:11 +0000] "POST /wp-login.php HTTP/1.1" 307 797 "https://km104.com/wp-login.php" "Mozilla/5.0 (Macintosh; Intel Mac OS X 10_15_7) AppleWebKit/605.1.15 (KHTML, like Gecko) Version/17.0 Safari/605.1.15"
192.109.200.27 - - [16/Mar/2026:18:31:12 +0000] "GET /wp-admin/index.php HTTP/1.1" 500 981 "https://km104.com/wp-login.php" "Mozilla/5.0 (Windows NT 10.0; Win64; x64) AppleWebKit/537.36 (KHTML, like Gecko) Chrome/121.0.0.0 Safari/537.36"
192.109.200.27 - - [16/Mar/2026:18:31:12 +0000] "GET /wp-admin/profile.php HTTP/1.1" 500 981 "https://km104.com/wp-login.php" "Mozilla/5.0 (Windows NT 10.0; Win64; x64) AppleWebKit/537.36 (KHTML, like Gecko) Chrome/121.0.0.0 Safari/537.36"
