216.73.216.25 - - [16/Mar/2026:14:02:44 +0000] "GET /item/3893060 HTTP/2" 500 981 "-" "Mozilla/5.0 AppleWebKit/537.36 (KHTML, like Gecko; compatible; ClaudeBot/1.0; +claudebot@anthropic.com)"
216.73.216.25 - - [16/Mar/2026:14:02:49 +0000] "GET /item/4917990 HTTP/2" 500 981 "-" "Mozilla/5.0 AppleWebKit/537.36 (KHTML, like Gecko; compatible; ClaudeBot/1.0; +claudebot@anthropic.com)"
57.141.20.28 - - [16/Mar/2026:14:02:52 +0000] "GET /item/2997063 HTTP/2" 500 2557 "-" "meta-externalagent/1.1 (+https://developers.facebook.com/docs/sharing/webmasters/crawler)"
216.73.216.25 - - [16/Mar/2026:14:02:54 +0000] "GET /item/3712990 HTTP/2" 500 981 "-" "Mozilla/5.0 AppleWebKit/537.36 (KHTML, like Gecko; compatible; ClaudeBot/1.0; +claudebot@anthropic.com)"
216.73.216.25 - - [16/Mar/2026:14:02:59 +0000] "GET /item/5292128 HTTP/2" 500 981 "-" "Mozilla/5.0 AppleWebKit/537.36 (KHTML, like Gecko; compatible; ClaudeBot/1.0; +claudebot@anthropic.com)"
216.73.216.25 - - [16/Mar/2026:14:03:04 +0000] "GET /item/3060224 HTTP/2" 500 981 "-" "Mozilla/5.0 AppleWebKit/537.36 (KHTML, like Gecko; compatible; ClaudeBot/1.0; +claudebot@anthropic.com)"
216.73.216.25 - - [16/Mar/2026:14:03:09 +0000] "GET /item/3417130 HTTP/2" 500 981 "-" "Mozilla/5.0 AppleWebKit/537.36 (KHTML, like Gecko; compatible; ClaudeBot/1.0; +claudebot@anthropic.com)"
216.73.216.25 - - [16/Mar/2026:14:03:14 +0000] "GET /item/2917216 HTTP/2" 500 981 "-" "Mozilla/5.0 AppleWebKit/537.36 (KHTML, like Gecko; compatible; ClaudeBot/1.0; +claudebot@anthropic.com)"
216.73.216.25 - - [16/Mar/2026:14:03:19 +0000] "GET /item/5351315 HTTP/2" 500 981 "-" "Mozilla/5.0 AppleWebKit/537.36 (KHTML, like Gecko; compatible; ClaudeBot/1.0; +claudebot@anthropic.com)"
216.73.216.25 - - [16/Mar/2026:14:03:24 +0000] "GET /item/4705817 HTTP/2" 500 981 "-" "Mozilla/5.0 AppleWebKit/537.36 (KHTML, like Gecko; compatible; ClaudeBot/1.0; +claudebot@anthropic.com)"
216.73.216.25 - - [16/Mar/2026:14:03:29 +0000] "GET /item/3840024 HTTP/2" 500 981 "-" "Mozilla/5.0 AppleWebKit/537.36 (KHTML, like Gecko; compatible; ClaudeBot/1.0; +claudebot@anthropic.com)"
216.73.216.25 - - [16/Mar/2026:14:03:34 +0000] "GET /item/5167651 HTTP/2" 500 981 "-" "Mozilla/5.0 AppleWebKit/537.36 (KHTML, like Gecko; compatible; ClaudeBot/1.0; +claudebot@anthropic.com)"
216.73.216.25 - - [16/Mar/2026:14:03:39 +0000] "GET /item/5101790 HTTP/2" 500 981 "-" "Mozilla/5.0 AppleWebKit/537.36 (KHTML, like Gecko; compatible; ClaudeBot/1.0; +claudebot@anthropic.com)"
85.208.96.193 - - [16/Mar/2026:14:03:43 +0000] "GET /robots.txt HTTP/1.1" 200 274 "-" "Mozilla/5.0 (compatible; SemrushBot/7~bl; +http://www.semrush.com/bot.html)"
216.73.216.25 - - [16/Mar/2026:14:03:44 +0000] "GET /item/3444718 HTTP/2" 500 981 "-" "Mozilla/5.0 AppleWebKit/537.36 (KHTML, like Gecko; compatible; ClaudeBot/1.0; +claudebot@anthropic.com)"
216.73.216.25 - - [16/Mar/2026:14:03:49 +0000] "GET /item/2972483 HTTP/2" 500 981 "-" "Mozilla/5.0 AppleWebKit/537.36 (KHTML, like Gecko; compatible; ClaudeBot/1.0; +claudebot@anthropic.com)"
216.73.216.25 - - [16/Mar/2026:14:03:54 +0000] "GET /item/4778567 HTTP/2" 500 981 "-" "Mozilla/5.0 AppleWebKit/537.36 (KHTML, like Gecko; compatible; ClaudeBot/1.0; +claudebot@anthropic.com)"
216.73.216.25 - - [16/Mar/2026:14:03:59 +0000] "GET /item/5248383 HTTP/2" 500 981 "-" "Mozilla/5.0 AppleWebKit/537.36 (KHTML, like Gecko; compatible; ClaudeBot/1.0; +claudebot@anthropic.com)"
216.73.216.25 - - [16/Mar/2026:14:04:04 +0000] "GET /item/4534410 HTTP/2" 500 981 "-" "Mozilla/5.0 AppleWebKit/537.36 (KHTML, like Gecko; compatible; ClaudeBot/1.0; +claudebot@anthropic.com)"
216.73.216.25 - - [16/Mar/2026:14:04:09 +0000] "GET /item/4001415 HTTP/2" 500 981 "-" "Mozilla/5.0 AppleWebKit/537.36 (KHTML, like Gecko; compatible; ClaudeBot/1.0; +claudebot@anthropic.com)"
216.73.216.25 - - [16/Mar/2026:14:04:14 +0000] "GET /item/2925998 HTTP/2" 500 981 "-" "Mozilla/5.0 AppleWebKit/537.36 (KHTML, like Gecko; compatible; ClaudeBot/1.0; +claudebot@anthropic.com)"
216.73.216.25 - - [16/Mar/2026:14:04:19 +0000] "GET /item/3434505 HTTP/2" 500 981 "-" "Mozilla/5.0 AppleWebKit/537.36 (KHTML, like Gecko; compatible; ClaudeBot/1.0; +claudebot@anthropic.com)"
216.73.216.25 - - [16/Mar/2026:14:04:24 +0000] "GET /item/3771320 HTTP/2" 500 981 "-" "Mozilla/5.0 AppleWebKit/537.36 (KHTML, like Gecko; compatible; ClaudeBot/1.0; +claudebot@anthropic.com)"
216.73.216.25 - - [16/Mar/2026:14:04:29 +0000] "GET /item/2933324 HTTP/2" 500 981 "-" "Mozilla/5.0 AppleWebKit/537.36 (KHTML, like Gecko; compatible; ClaudeBot/1.0; +claudebot@anthropic.com)"
216.73.216.25 - - [16/Mar/2026:14:04:34 +0000] "GET /item/4361861 HTTP/2" 500 981 "-" "Mozilla/5.0 AppleWebKit/537.36 (KHTML, like Gecko; compatible; ClaudeBot/1.0; +claudebot@anthropic.com)"
216.73.216.25 - - [16/Mar/2026:14:04:39 +0000] "GET /item/2683742 HTTP/2" 500 981 "-" "Mozilla/5.0 AppleWebKit/537.36 (KHTML, like Gecko; compatible; ClaudeBot/1.0; +claudebot@anthropic.com)"
74.7.227.189 - - [16/Mar/2026:14:04:42 +0000] "GET /item/4251610 HTTP/2" 500 981 "https://km104.com/sitemap-524.xml" "Mozilla/5.0 AppleWebKit/537.36 (KHTML, like Gecko; compatible; GPTBot/1.3; +https://openai.com/gptbot)"
216.73.216.25 - - [16/Mar/2026:14:04:44 +0000] "GET /item/2874732 HTTP/2" 500 981 "-" "Mozilla/5.0 AppleWebKit/537.36 (KHTML, like Gecko; compatible; ClaudeBot/1.0; +claudebot@anthropic.com)"
216.73.216.25 - - [16/Mar/2026:14:04:49 +0000] "GET /item/4778225 HTTP/2" 500 981 "-" "Mozilla/5.0 AppleWebKit/537.36 (KHTML, like Gecko; compatible; ClaudeBot/1.0; +claudebot@anthropic.com)"
216.73.216.25 - - [16/Mar/2026:14:04:54 +0000] "GET /item/5412776 HTTP/2" 500 981 "-" "Mozilla/5.0 AppleWebKit/537.36 (KHTML, like Gecko; compatible; ClaudeBot/1.0; +claudebot@anthropic.com)"
216.73.216.25 - - [16/Mar/2026:14:01:29 +0000] "GET /item/3555492 HTTP/2" 500 981 "-" "Mozilla/5.0 AppleWebKit/537.36 (KHTML, like Gecko; compatible; ClaudeBot/1.0; +claudebot@anthropic.com)"
66.249.79.67 - - [16/Mar/2026:14:01:30 +0000] "GET /item/5346648 HTTP/1.1" 200 26697 "-" "Mozilla/5.0 (Linux; Android 6.0.1; Nexus 5X Build/MMB29P) AppleWebKit/537.36 (KHTML, like Gecko) Chrome/145.0.7632.116 Mobile Safari/537.36 (compatible; Googlebot/2.1; +http://www.google.com/bot.html)"
216.73.216.25 - - [16/Mar/2026:14:01:34 +0000] "GET /item/3670815 HTTP/2" 500 981 "-" "Mozilla/5.0 AppleWebKit/537.36 (KHTML, like Gecko; compatible; ClaudeBot/1.0; +claudebot@anthropic.com)"
216.73.216.25 - - [16/Mar/2026:14:01:39 +0000] "GET /item/3766042 HTTP/2" 500 981 "-" "Mozilla/5.0 AppleWebKit/537.36 (KHTML, like Gecko; compatible; ClaudeBot/1.0; +claudebot@anthropic.com)"
216.73.216.25 - - [16/Mar/2026:14:01:44 +0000] "GET /item/4539278 HTTP/2" 500 981 "-" "Mozilla/5.0 AppleWebKit/537.36 (KHTML, like Gecko; compatible; ClaudeBot/1.0; +claudebot@anthropic.com)"
57.141.20.45 - - [16/Mar/2026:14:01:45 +0000] "GET /item/3422913 HTTP/2" 500 2557 "-" "meta-externalagent/1.1 (+https://developers.facebook.com/docs/sharing/webmasters/crawler)"
216.73.216.25 - - [16/Mar/2026:14:01:49 +0000] "GET /item/4913946 HTTP/2" 500 981 "-" "Mozilla/5.0 AppleWebKit/537.36 (KHTML, like Gecko; compatible; ClaudeBot/1.0; +claudebot@anthropic.com)"
52.167.144.159 - - [16/Mar/2026:14:01:50 +0000] "GET /sitemap-317.xml HTTP/2" 200 5725 "-" "Mozilla/5.0 AppleWebKit/537.36 (KHTML, like Gecko; compatible; bingbot/2.0; +http://www.bing.com/bingbot.htm) Chrome/116.0.1938.76 Safari/537.36"
216.73.216.25 - - [16/Mar/2026:14:01:54 +0000] "GET /item/4109508 HTTP/2" 500 981 "-" "Mozilla/5.0 AppleWebKit/537.36 (KHTML, like Gecko; compatible; ClaudeBot/1.0; +claudebot@anthropic.com)"
185.191.171.11 - - [16/Mar/2026:14:03:07 +0000] "GET /item/2469598 HTTP/1.1" 500 277 "-" "Mozilla/5.0 (compatible; SemrushBot/7~bl; +http://www.semrush.com/bot.html)"
74.7.227.189 - - [16/Mar/2026:14:03:40 +0000] "GET /item/4080560 HTTP/2" 500 981 "https://km104.com/sitemap-524.xml" "Mozilla/5.0 AppleWebKit/537.36 (KHTML, like Gecko; compatible; GPTBot/1.3; +https://openai.com/gptbot)"
57.141.20.42 - - [16/Mar/2026:14:03:59 +0000] "GET /item/4662285 HTTP/2" 500 2557 "-" "meta-externalagent/1.1 (+https://developers.facebook.com/docs/sharing/webmasters/crawler)"
85.208.96.212 - - [16/Mar/2026:14:04:07 +0000] "GET /item/2777722 HTTP/1.1" 500 277 "-" "Mozilla/5.0 (compatible; SemrushBot/7~bl; +http://www.semrush.com/bot.html)"
216.73.216.25 - - [16/Mar/2026:14:04:29 +0000] "GET /robots.txt HTTP/2" 200 244 "-" "Mozilla/5.0 AppleWebKit/537.36 (KHTML, like Gecko; compatible; ClaudeBot/1.0; +claudebot@anthropic.com)"
66.249.79.66 - - [16/Mar/2026:14:04:38 +0000] "GET /item/4797537 HTTP/1.1" 200 23159 "-" "Mozilla/5.0 (Linux; Android 6.0.1; Nexus 5X Build/MMB29P) AppleWebKit/537.36 (KHTML, like Gecko) Chrome/145.0.7632.116 Mobile Safari/537.36 (compatible; Googlebot/2.1; +http://www.google.com/bot.html)"
216.73.216.25 - - [16/Mar/2026:14:05:30 +0000] "GET /item/5251687 HTTP/2" 500 981 "-" "Mozilla/5.0 AppleWebKit/537.36 (KHTML, like Gecko; compatible; ClaudeBot/1.0; +claudebot@anthropic.com)"
216.73.216.25 - - [16/Mar/2026:14:05:30 +0000] "GET /item/4207726 HTTP/2" 500 981 "-" "Mozilla/5.0 AppleWebKit/537.36 (KHTML, like Gecko; compatible; ClaudeBot/1.0; +claudebot@anthropic.com)"
216.73.216.25 - - [16/Mar/2026:14:05:31 +0000] "GET /item/3252656 HTTP/2" 500 981 "-" "Mozilla/5.0 AppleWebKit/537.36 (KHTML, like Gecko; compatible; ClaudeBot/1.0; +claudebot@anthropic.com)"
216.73.216.25 - - [16/Mar/2026:14:05:31 +0000] "GET /item/3541173 HTTP/2" 500 981 "-" "Mozilla/5.0 AppleWebKit/537.36 (KHTML, like Gecko; compatible; ClaudeBot/1.0; +claudebot@anthropic.com)"
216.73.216.25 - - [16/Mar/2026:14:05:32 +0000] "GET /item/3025063 HTTP/2" 500 981 "-" "Mozilla/5.0 AppleWebKit/537.36 (KHTML, like Gecko; compatible; ClaudeBot/1.0; +claudebot@anthropic.com)"
216.73.216.25 - - [16/Mar/2026:14:00:49 +0000] "GET /item/3452924 HTTP/2" 500 981 "-" "Mozilla/5.0 AppleWebKit/537.36 (KHTML, like Gecko; compatible; ClaudeBot/1.0; +claudebot@anthropic.com)"
216.73.216.25 - - [16/Mar/2026:14:00:54 +0000] "GET /item/4685566 HTTP/2" 500 981 "-" "Mozilla/5.0 AppleWebKit/537.36 (KHTML, like Gecko; compatible; ClaudeBot/1.0; +claudebot@anthropic.com)"
216.73.216.25 - - [16/Mar/2026:14:00:59 +0000] "GET /item/4852814 HTTP/2" 500 981 "-" "Mozilla/5.0 AppleWebKit/537.36 (KHTML, like Gecko; compatible; ClaudeBot/1.0; +claudebot@anthropic.com)"
216.73.216.25 - - [16/Mar/2026:14:01:04 +0000] "GET /item/4341875 HTTP/2" 500 981 "-" "Mozilla/5.0 AppleWebKit/537.36 (KHTML, like Gecko; compatible; ClaudeBot/1.0; +claudebot@anthropic.com)"
190.5.32.69 - - [16/Mar/2026:14:01:08 +0000] "GET /30784842.shtml HTTP/1.1" 500 981 "https://km104.com/" "Mozilla/5.0 (Windows NT 10.0; Win64; x64) AppleWebKit/537.36 (KHTML, like Gecko) Chrome/135.0.0.0 Safari/537.36 Edg/135.0.0.0"
216.73.216.25 - - [16/Mar/2026:14:01:09 +0000] "GET /item/2455724 HTTP/2" 500 981 "-" "Mozilla/5.0 AppleWebKit/537.36 (KHTML, like Gecko; compatible; ClaudeBot/1.0; +claudebot@anthropic.com)"
216.73.216.25 - - [16/Mar/2026:14:01:19 +0000] "GET /item/2754784 HTTP/2" 500 981 "-" "Mozilla/5.0 AppleWebKit/537.36 (KHTML, like Gecko; compatible; ClaudeBot/1.0; +claudebot@anthropic.com)"
216.73.216.25 - - [16/Mar/2026:14:01:24 +0000] "GET /item/5245850 HTTP/2" 500 981 "-" "Mozilla/5.0 AppleWebKit/537.36 (KHTML, like Gecko; compatible; ClaudeBot/1.0; +claudebot@anthropic.com)"
216.73.216.25 - - [16/Mar/2026:13:59:34 +0000] "GET /item/3001653 HTTP/2" 500 981 "-" "Mozilla/5.0 AppleWebKit/537.36 (KHTML, like Gecko; compatible; ClaudeBot/1.0; +claudebot@anthropic.com)"
216.73.216.25 - - [16/Mar/2026:13:59:39 +0000] "GET /item/4342929 HTTP/2" 500 981 "-" "Mozilla/5.0 AppleWebKit/537.36 (KHTML, like Gecko; compatible; ClaudeBot/1.0; +claudebot@anthropic.com)"
216.73.216.25 - - [16/Mar/2026:13:59:44 +0000] "GET /item/4656412 HTTP/2" 500 981 "-" "Mozilla/5.0 AppleWebKit/537.36 (KHTML, like Gecko; compatible; ClaudeBot/1.0; +claudebot@anthropic.com)"
216.73.216.25 - - [16/Mar/2026:13:59:49 +0000] "GET /item/3689741 HTTP/2" 500 981 "-" "Mozilla/5.0 AppleWebKit/537.36 (KHTML, like Gecko; compatible; ClaudeBot/1.0; +claudebot@anthropic.com)"
216.73.216.25 - - [16/Mar/2026:13:59:54 +0000] "GET /item/2966393 HTTP/2" 500 981 "-" "Mozilla/5.0 AppleWebKit/537.36 (KHTML, like Gecko; compatible; ClaudeBot/1.0; +claudebot@anthropic.com)"
216.73.216.25 - - [16/Mar/2026:13:59:59 +0000] "GET /item/4543329 HTTP/2" 500 981 "-" "Mozilla/5.0 AppleWebKit/537.36 (KHTML, like Gecko; compatible; ClaudeBot/1.0; +claudebot@anthropic.com)"
74.7.227.189 - - [16/Mar/2026:14:00:28 +0000] "GET /item/3757316 HTTP/2" 500 981 "https://km104.com/sitemap-524.xml" "Mozilla/5.0 AppleWebKit/537.36 (KHTML, like Gecko; compatible; GPTBot/1.3; +https://openai.com/gptbot)"
185.191.171.17 - - [16/Mar/2026:14:01:04 +0000] "GET /item/2646742 HTTP/1.1" 500 277 "-" "Mozilla/5.0 (compatible; SemrushBot/7~bl; +http://www.semrush.com/bot.html)"
216.73.216.25 - - [16/Mar/2026:14:01:14 +0000] "GET /item/2981674 HTTP/2" 500 981 "-" "Mozilla/5.0 AppleWebKit/537.36 (KHTML, like Gecko; compatible; ClaudeBot/1.0; +claudebot@anthropic.com)"
216.73.216.25 - - [16/Mar/2026:14:04:59 +0000] "GET /item/2529456 HTTP/2" 500 981 "-" "Mozilla/5.0 AppleWebKit/537.36 (KHTML, like Gecko; compatible; ClaudeBot/1.0; +claudebot@anthropic.com)"
216.73.216.25 - - [16/Mar/2026:14:05:04 +0000] "GET /item/4943842 HTTP/2" 500 981 "-" "Mozilla/5.0 AppleWebKit/537.36 (KHTML, like Gecko; compatible; ClaudeBot/1.0; +claudebot@anthropic.com)"
57.141.20.31 - - [16/Mar/2026:14:05:05 +0000] "GET /item/3050602 HTTP/2" 500 2557 "-" "meta-externalagent/1.1 (+https://developers.facebook.com/docs/sharing/webmasters/crawler)"
85.208.96.195 - - [16/Mar/2026:14:05:08 +0000] "GET /item/2505989 HTTP/1.1" 500 277 "-" "Mozilla/5.0 (compatible; SemrushBot/7~bl; +http://www.semrush.com/bot.html)"
216.73.216.25 - - [16/Mar/2026:14:05:09 +0000] "GET /item/4194197 HTTP/2" 500 981 "-" "Mozilla/5.0 AppleWebKit/537.36 (KHTML, like Gecko; compatible; ClaudeBot/1.0; +claudebot@anthropic.com)"
216.73.216.25 - - [16/Mar/2026:14:05:14 +0000] "GET /item/3124794 HTTP/2" 500 981 "-" "Mozilla/5.0 AppleWebKit/537.36 (KHTML, like Gecko; compatible; ClaudeBot/1.0; +claudebot@anthropic.com)"
216.73.216.25 - - [16/Mar/2026:14:05:19 +0000] "GET /item/3049365 HTTP/2" 500 981 "-" "Mozilla/5.0 AppleWebKit/537.36 (KHTML, like Gecko; compatible; ClaudeBot/1.0; +claudebot@anthropic.com)"
216.73.216.25 - - [16/Mar/2026:14:05:24 +0000] "GET /item/3521302 HTTP/2" 500 981 "-" "Mozilla/5.0 AppleWebKit/537.36 (KHTML, like Gecko; compatible; ClaudeBot/1.0; +claudebot@anthropic.com)"
216.73.216.25 - - [16/Mar/2026:14:06:01 +0000] "GET /item/5178714 HTTP/2" 500 981 "-" "Mozilla/5.0 AppleWebKit/537.36 (KHTML, like Gecko; compatible; ClaudeBot/1.0; +claudebot@anthropic.com)"
216.73.216.25 - - [16/Mar/2026:14:06:05 +0000] "GET /item/5195650 HTTP/2" 500 981 "-" "Mozilla/5.0 AppleWebKit/537.36 (KHTML, like Gecko; compatible; ClaudeBot/1.0; +claudebot@anthropic.com)"
185.191.171.11 - - [16/Mar/2026:14:06:09 +0000] "GET /item/4248226 HTTP/1.1" 500 277 "-" "Mozilla/5.0 (compatible; SemrushBot/7~bl; +http://www.semrush.com/bot.html)"
216.73.216.25 - - [16/Mar/2026:14:06:10 +0000] "GET /item/3924458 HTTP/2" 500 981 "-" "Mozilla/5.0 AppleWebKit/537.36 (KHTML, like Gecko; compatible; ClaudeBot/1.0; +claudebot@anthropic.com)"
216.73.216.25 - - [16/Mar/2026:14:06:15 +0000] "GET /item/4550761 HTTP/2" 500 981 "-" "Mozilla/5.0 AppleWebKit/537.36 (KHTML, like Gecko; compatible; ClaudeBot/1.0; +claudebot@anthropic.com)"
216.73.216.25 - - [16/Mar/2026:14:06:20 +0000] "GET /item/3654123 HTTP/2" 500 981 "-" "Mozilla/5.0 AppleWebKit/537.36 (KHTML, like Gecko; compatible; ClaudeBot/1.0; +claudebot@anthropic.com)"
216.73.216.25 - - [16/Mar/2026:14:06:25 +0000] "GET /item/4438025 HTTP/2" 500 981 "-" "Mozilla/5.0 AppleWebKit/537.36 (KHTML, like Gecko; compatible; ClaudeBot/1.0; +claudebot@anthropic.com)"
216.73.216.25 - - [16/Mar/2026:14:06:30 +0000] "GET /item/5392398 HTTP/2" 500 981 "-" "Mozilla/5.0 AppleWebKit/537.36 (KHTML, like Gecko; compatible; ClaudeBot/1.0; +claudebot@anthropic.com)"
216.73.216.25 - - [16/Mar/2026:14:06:35 +0000] "GET /item/2606382 HTTP/2" 500 981 "-" "Mozilla/5.0 AppleWebKit/537.36 (KHTML, like Gecko; compatible; ClaudeBot/1.0; +claudebot@anthropic.com)"
216.73.216.25 - - [16/Mar/2026:14:06:40 +0000] "GET /item/4944578 HTTP/2" 500 981 "-" "Mozilla/5.0 AppleWebKit/537.36 (KHTML, like Gecko; compatible; ClaudeBot/1.0; +claudebot@anthropic.com)"
216.73.216.25 - - [16/Mar/2026:14:06:45 +0000] "GET /item/2619736 HTTP/2" 500 981 "-" "Mozilla/5.0 AppleWebKit/537.36 (KHTML, like Gecko; compatible; ClaudeBot/1.0; +claudebot@anthropic.com)"
216.73.216.25 - - [16/Mar/2026:14:06:50 +0000] "GET /item/5131462 HTTP/2" 500 981 "-" "Mozilla/5.0 AppleWebKit/537.36 (KHTML, like Gecko; compatible; ClaudeBot/1.0; +claudebot@anthropic.com)"
216.73.216.25 - - [16/Mar/2026:14:06:55 +0000] "GET /item/2611939 HTTP/2" 500 981 "-" "Mozilla/5.0 AppleWebKit/537.36 (KHTML, like Gecko; compatible; ClaudeBot/1.0; +claudebot@anthropic.com)"
216.73.216.25 - - [16/Mar/2026:14:05:32 +0000] "GET /item/3290051 HTTP/2" 500 981 "-" "Mozilla/5.0 AppleWebKit/537.36 (KHTML, like Gecko; compatible; ClaudeBot/1.0; +claudebot@anthropic.com)"
216.73.216.25 - - [16/Mar/2026:14:05:33 +0000] "GET /item/2736429 HTTP/2" 500 981 "-" "Mozilla/5.0 AppleWebKit/537.36 (KHTML, like Gecko; compatible; ClaudeBot/1.0; +claudebot@anthropic.com)"
216.73.216.25 - - [16/Mar/2026:14:05:38 +0000] "GET /item/2421320 HTTP/2" 500 981 "-" "Mozilla/5.0 AppleWebKit/537.36 (KHTML, like Gecko; compatible; ClaudeBot/1.0; +claudebot@anthropic.com)"
216.73.216.25 - - [16/Mar/2026:14:05:43 +0000] "GET /item/2705066 HTTP/2" 500 981 "-" "Mozilla/5.0 AppleWebKit/537.36 (KHTML, like Gecko; compatible; ClaudeBot/1.0; +claudebot@anthropic.com)"
74.7.227.189 - - [16/Mar/2026:14:05:47 +0000] "GET /item/4342910 HTTP/2" 500 981 "https://km104.com/sitemap-524.xml" "Mozilla/5.0 AppleWebKit/537.36 (KHTML, like Gecko; compatible; GPTBot/1.3; +https://openai.com/gptbot)"
216.73.216.25 - - [16/Mar/2026:14:05:48 +0000] "GET /item/2570379 HTTP/2" 500 981 "-" "Mozilla/5.0 AppleWebKit/537.36 (KHTML, like Gecko; compatible; ClaudeBot/1.0; +claudebot@anthropic.com)"
40.77.167.132 - - [16/Mar/2026:14:05:51 +0000] "GET /item/2384918 HTTP/2" 200 23066 "-" "Mozilla/5.0 AppleWebKit/537.36 (KHTML, like Gecko; compatible; bingbot/2.0; +http://www.bing.com/bingbot.htm) Chrome/116.0.1938.76 Safari/537.36"
216.73.216.25 - - [16/Mar/2026:14:05:53 +0000] "GET /item/3626897 HTTP/2" 500 981 "-" "Mozilla/5.0 AppleWebKit/537.36 (KHTML, like Gecko; compatible; ClaudeBot/1.0; +claudebot@anthropic.com)"
216.73.216.25 - - [16/Mar/2026:14:05:58 +0000] "GET /item/3807566 HTTP/2" 500 981 "-" "Mozilla/5.0 AppleWebKit/537.36 (KHTML, like Gecko; compatible; ClaudeBot/1.0; +claudebot@anthropic.com)"
57.141.20.21 - - [16/Mar/2026:14:06:11 +0000] "GET /wp-sitemap.xml HTTP/2" 200 125533 "-" "meta-externalagent/1.1 (+https://developers.facebook.com/docs/sharing/webmasters/crawler)"
74.7.227.189 - - [16/Mar/2026:14:06:47 +0000] "GET /item/3425298 HTTP/2" 500 981 "https://km104.com/sitemap-524.xml" "Mozilla/5.0 AppleWebKit/537.36 (KHTML, like Gecko; compatible; GPTBot/1.3; +https://openai.com/gptbot)"
185.191.171.1 - - [16/Mar/2026:14:07:10 +0000] "GET /item/3600118 HTTP/1.1" 500 277 "-" "Mozilla/5.0 (compatible; SemrushBot/7~bl; +http://www.semrush.com/bot.html)"
216.73.216.25 - - [16/Mar/2026:14:07:21 +0000] "GET /item/3169422 HTTP/2" 500 981 "-" "Mozilla/5.0 AppleWebKit/537.36 (KHTML, like Gecko; compatible; ClaudeBot/1.0; +claudebot@anthropic.com)"
216.73.216.25 - - [16/Mar/2026:14:07:26 +0000] "GET /item/2722568 HTTP/2" 500 981 "-" "Mozilla/5.0 AppleWebKit/537.36 (KHTML, like Gecko; compatible; ClaudeBot/1.0; +claudebot@anthropic.com)"
216.73.216.25 - - [16/Mar/2026:14:07:31 +0000] "GET /item/3161222 HTTP/2" 500 981 "-" "Mozilla/5.0 AppleWebKit/537.36 (KHTML, like Gecko; compatible; ClaudeBot/1.0; +claudebot@anthropic.com)"
216.73.216.25 - - [16/Mar/2026:14:07:36 +0000] "GET /item/3125135 HTTP/2" 500 981 "-" "Mozilla/5.0 AppleWebKit/537.36 (KHTML, like Gecko; compatible; ClaudeBot/1.0; +claudebot@anthropic.com)"
216.73.216.25 - - [16/Mar/2026:14:07:41 +0000] "GET /item/5107160 HTTP/2" 500 981 "-" "Mozilla/5.0 AppleWebKit/537.36 (KHTML, like Gecko; compatible; ClaudeBot/1.0; +claudebot@anthropic.com)"
216.73.216.25 - - [16/Mar/2026:14:07:46 +0000] "GET /item/2576004 HTTP/2" 500 981 "-" "Mozilla/5.0 AppleWebKit/537.36 (KHTML, like Gecko; compatible; ClaudeBot/1.0; +claudebot@anthropic.com)"
216.73.216.25 - - [16/Mar/2026:14:07:51 +0000] "GET /item/3565571 HTTP/2" 500 981 "-" "Mozilla/5.0 AppleWebKit/537.36 (KHTML, like Gecko; compatible; ClaudeBot/1.0; +claudebot@anthropic.com)"
74.7.227.189 - - [16/Mar/2026:14:07:52 +0000] "GET /item/2483327 HTTP/2" 500 981 "https://km104.com/sitemap-524.xml" "Mozilla/5.0 AppleWebKit/537.36 (KHTML, like Gecko; compatible; GPTBot/1.3; +https://openai.com/gptbot)"
216.73.216.25 - - [16/Mar/2026:14:07:56 +0000] "GET /item/4234512 HTTP/2" 500 981 "-" "Mozilla/5.0 AppleWebKit/537.36 (KHTML, like Gecko; compatible; ClaudeBot/1.0; +claudebot@anthropic.com)"
216.73.216.25 - - [16/Mar/2026:14:08:01 +0000] "GET /item/3379773 HTTP/2" 500 981 "-" "Mozilla/5.0 AppleWebKit/537.36 (KHTML, like Gecko; compatible; ClaudeBot/1.0; +claudebot@anthropic.com)"
57.141.20.3 - - [16/Mar/2026:14:08:03 +0000] "GET /item/2785723 HTTP/2" 500 2557 "-" "meta-externalagent/1.1 (+https://developers.facebook.com/docs/sharing/webmasters/crawler)"
216.73.216.25 - - [16/Mar/2026:14:08:06 +0000] "GET /item/3210700 HTTP/2" 500 981 "-" "Mozilla/5.0 AppleWebKit/537.36 (KHTML, like Gecko; compatible; ClaudeBot/1.0; +claudebot@anthropic.com)"
185.191.171.6 - - [16/Mar/2026:14:08:11 +0000] "GET /item/2911444 HTTP/1.1" 500 277 "-" "Mozilla/5.0 (compatible; SemrushBot/7~bl; +http://www.semrush.com/bot.html)"
216.73.216.25 - - [16/Mar/2026:14:08:11 +0000] "GET /item/4577786 HTTP/2" 500 981 "-" "Mozilla/5.0 AppleWebKit/537.36 (KHTML, like Gecko; compatible; ClaudeBot/1.0; +claudebot@anthropic.com)"
216.73.216.25 - - [16/Mar/2026:14:08:16 +0000] "GET /item/2932667 HTTP/2" 500 981 "-" "Mozilla/5.0 AppleWebKit/537.36 (KHTML, like Gecko; compatible; ClaudeBot/1.0; +claudebot@anthropic.com)"
57.141.20.5 - - [16/Mar/2026:14:08:19 +0000] "GET /item/4749639 HTTP/2" 500 2557 "-" "meta-externalagent/1.1 (+https://developers.facebook.com/docs/sharing/webmasters/crawler)"
216.73.216.25 - - [16/Mar/2026:14:08:21 +0000] "GET /item/2533809 HTTP/2" 500 981 "-" "Mozilla/5.0 AppleWebKit/537.36 (KHTML, like Gecko; compatible; ClaudeBot/1.0; +claudebot@anthropic.com)"
57.141.20.10 - - [16/Mar/2026:14:08:24 +0000] "GET /item/2618577 HTTP/2" 500 2557 "-" "meta-externalagent/1.1 (+https://developers.facebook.com/docs/sharing/webmasters/crawler)"
216.73.216.25 - - [16/Mar/2026:14:08:27 +0000] "GET /item/4772231 HTTP/2" 500 981 "-" "Mozilla/5.0 AppleWebKit/537.36 (KHTML, like Gecko; compatible; ClaudeBot/1.0; +claudebot@anthropic.com)"
216.73.216.25 - - [16/Mar/2026:14:08:32 +0000] "GET /item/4376302 HTTP/2" 500 981 "-" "Mozilla/5.0 AppleWebKit/537.36 (KHTML, like Gecko; compatible; ClaudeBot/1.0; +claudebot@anthropic.com)"
216.73.216.25 - - [16/Mar/2026:14:08:37 +0000] "GET /item/4288510 HTTP/2" 500 981 "-" "Mozilla/5.0 AppleWebKit/537.36 (KHTML, like Gecko; compatible; ClaudeBot/1.0; +claudebot@anthropic.com)"
216.73.216.25 - - [16/Mar/2026:14:08:42 +0000] "GET /item/2849112 HTTP/2" 500 981 "-" "Mozilla/5.0 AppleWebKit/537.36 (KHTML, like Gecko; compatible; ClaudeBot/1.0; +claudebot@anthropic.com)"
216.73.216.25 - - [16/Mar/2026:14:08:47 +0000] "GET /item/3708701 HTTP/2" 500 981 "-" "Mozilla/5.0 AppleWebKit/537.36 (KHTML, like Gecko; compatible; ClaudeBot/1.0; +claudebot@anthropic.com)"
216.73.216.25 - - [16/Mar/2026:14:08:52 +0000] "GET /item/3238129 HTTP/2" 500 981 "-" "Mozilla/5.0 AppleWebKit/537.36 (KHTML, like Gecko; compatible; ClaudeBot/1.0; +claudebot@anthropic.com)"
216.73.216.25 - - [16/Mar/2026:14:08:57 +0000] "GET /item/3630441 HTTP/2" 500 981 "-" "Mozilla/5.0 AppleWebKit/537.36 (KHTML, like Gecko; compatible; ClaudeBot/1.0; +claudebot@anthropic.com)"
216.73.216.25 - - [16/Mar/2026:14:09:02 +0000] "GET /item/4437847 HTTP/2" 500 981 "-" "Mozilla/5.0 AppleWebKit/537.36 (KHTML, like Gecko; compatible; ClaudeBot/1.0; +claudebot@anthropic.com)"
216.73.216.25 - - [16/Mar/2026:14:09:07 +0000] "GET /item/5340707 HTTP/2" 500 981 "-" "Mozilla/5.0 AppleWebKit/537.36 (KHTML, like Gecko; compatible; ClaudeBot/1.0; +claudebot@anthropic.com)"
216.73.216.25 - - [16/Mar/2026:14:09:12 +0000] "GET /item/3486514 HTTP/2" 500 981 "-" "Mozilla/5.0 AppleWebKit/537.36 (KHTML, like Gecko; compatible; ClaudeBot/1.0; +claudebot@anthropic.com)"
185.191.171.12 - - [16/Mar/2026:14:09:13 +0000] "GET /item/3683566 HTTP/1.1" 500 277 "-" "Mozilla/5.0 (compatible; SemrushBot/7~bl; +http://www.semrush.com/bot.html)"
216.73.216.25 - - [16/Mar/2026:14:07:01 +0000] "GET /item/3797699 HTTP/2" 500 981 "-" "Mozilla/5.0 AppleWebKit/537.36 (KHTML, like Gecko; compatible; ClaudeBot/1.0; +claudebot@anthropic.com)"
216.73.216.25 - - [16/Mar/2026:14:07:06 +0000] "GET /item/5077804 HTTP/2" 500 981 "-" "Mozilla/5.0 AppleWebKit/537.36 (KHTML, like Gecko; compatible; ClaudeBot/1.0; +claudebot@anthropic.com)"
216.73.216.25 - - [16/Mar/2026:14:07:10 +0000] "GET /item/4323335 HTTP/2" 500 981 "-" "Mozilla/5.0 AppleWebKit/537.36 (KHTML, like Gecko; compatible; ClaudeBot/1.0; +claudebot@anthropic.com)"
216.73.216.25 - - [16/Mar/2026:14:07:16 +0000] "GET /item/4638761 HTTP/2" 500 981 "-" "Mozilla/5.0 AppleWebKit/537.36 (KHTML, like Gecko; compatible; ClaudeBot/1.0; +claudebot@anthropic.com)"
57.141.20.23 - - [16/Mar/2026:14:07:58 +0000] "GET /item/5187122 HTTP/2" 500 2557 "-" "meta-externalagent/1.1 (+https://developers.facebook.com/docs/sharing/webmasters/crawler)"
57.141.20.21 - - [16/Mar/2026:14:08:08 +0000] "GET /item/5110060 HTTP/2" 500 2557 "-" "meta-externalagent/1.1 (+https://developers.facebook.com/docs/sharing/webmasters/crawler)"
57.141.20.23 - - [16/Mar/2026:14:08:13 +0000] "GET /item/5230798 HTTP/2" 500 2557 "-" "meta-externalagent/1.1 (+https://developers.facebook.com/docs/sharing/webmasters/crawler)"
74.7.227.189 - - [16/Mar/2026:14:08:58 +0000] "GET /item/3932677 HTTP/2" 500 981 "https://km104.com/sitemap-524.xml" "Mozilla/5.0 AppleWebKit/537.36 (KHTML, like Gecko; compatible; GPTBot/1.3; +https://openai.com/gptbot)"
40.77.167.156 - - [16/Mar/2026:14:09:31 +0000] "GET /sitemap-831.xml HTTP/2" 200 5675 "-" "Mozilla/5.0 AppleWebKit/537.36 (KHTML, like Gecko; compatible; bingbot/2.0; +http://www.bing.com/bingbot.htm) Chrome/116.0.1938.76 Safari/537.36"
40.77.167.156 - - [16/Mar/2026:14:09:32 +0000] "GET /item/3689923 HTTP/2" 200 22839 "-" "Mozilla/5.0 AppleWebKit/537.36 (KHTML, like Gecko; compatible; bingbot/2.0; +http://www.bing.com/bingbot.htm) Chrome/116.0.1938.76 Safari/537.36"
216.73.216.25 - - [16/Mar/2026:14:09:33 +0000] "GET /item/4260840 HTTP/2" 500 981 "-" "Mozilla/5.0 AppleWebKit/537.36 (KHTML, like Gecko; compatible; ClaudeBot/1.0; +claudebot@anthropic.com)"
216.73.216.25 - - [16/Mar/2026:14:09:38 +0000] "GET /item/3296712 HTTP/2" 500 981 "-" "Mozilla/5.0 AppleWebKit/537.36 (KHTML, like Gecko; compatible; ClaudeBot/1.0; +claudebot@anthropic.com)"
216.73.216.25 - - [16/Mar/2026:14:09:43 +0000] "GET /item/2481276 HTTP/2" 500 981 "-" "Mozilla/5.0 AppleWebKit/537.36 (KHTML, like Gecko; compatible; ClaudeBot/1.0; +claudebot@anthropic.com)"
216.73.216.25 - - [16/Mar/2026:14:09:48 +0000] "GET /item/3820758 HTTP/2" 500 981 "-" "Mozilla/5.0 AppleWebKit/537.36 (KHTML, like Gecko; compatible; ClaudeBot/1.0; +claudebot@anthropic.com)"
216.73.216.25 - - [16/Mar/2026:14:09:53 +0000] "GET /item/4202177 HTTP/2" 500 981 "-" "Mozilla/5.0 AppleWebKit/537.36 (KHTML, like Gecko; compatible; ClaudeBot/1.0; +claudebot@anthropic.com)"
216.73.216.25 - - [16/Mar/2026:14:09:58 +0000] "GET /item/5126100 HTTP/2" 500 981 "-" "Mozilla/5.0 AppleWebKit/537.36 (KHTML, like Gecko; compatible; ClaudeBot/1.0; +claudebot@anthropic.com)"
74.7.227.189 - - [16/Mar/2026:14:10:02 +0000] "GET /item/2891554 HTTP/2" 500 981 "https://km104.com/sitemap-524.xml" "Mozilla/5.0 AppleWebKit/537.36 (KHTML, like Gecko; compatible; GPTBot/1.3; +https://openai.com/gptbot)"
216.73.216.25 - - [16/Mar/2026:14:10:03 +0000] "GET /item/5128284 HTTP/2" 500 981 "-" "Mozilla/5.0 AppleWebKit/537.36 (KHTML, like Gecko; compatible; ClaudeBot/1.0; +claudebot@anthropic.com)"
216.73.216.25 - - [16/Mar/2026:14:10:08 +0000] "GET /item/3896182 HTTP/2" 500 981 "-" "Mozilla/5.0 AppleWebKit/537.36 (KHTML, like Gecko; compatible; ClaudeBot/1.0; +claudebot@anthropic.com)"
216.73.216.25 - - [16/Mar/2026:14:10:13 +0000] "GET /item/3062021 HTTP/2" 500 981 "-" "Mozilla/5.0 AppleWebKit/537.36 (KHTML, like Gecko; compatible; ClaudeBot/1.0; +claudebot@anthropic.com)"
216.73.216.25 - - [16/Mar/2026:14:09:17 +0000] "GET /item/4688255 HTTP/2" 500 981 "-" "Mozilla/5.0 AppleWebKit/537.36 (KHTML, like Gecko; compatible; ClaudeBot/1.0; +claudebot@anthropic.com)"
216.73.216.25 - - [16/Mar/2026:14:09:22 +0000] "GET /item/4743059 HTTP/2" 500 981 "-" "Mozilla/5.0 AppleWebKit/537.36 (KHTML, like Gecko; compatible; ClaudeBot/1.0; +claudebot@anthropic.com)"
40.77.167.52 - - [16/Mar/2026:14:09:23 +0000] "GET /item/1540464 HTTP/2" 200 23272 "-" "Mozilla/5.0 AppleWebKit/537.36 (KHTML, like Gecko; compatible; bingbot/2.0; +http://www.bing.com/bingbot.htm) Chrome/116.0.1938.76 Safari/537.36"
216.73.216.25 - - [16/Mar/2026:14:09:27 +0000] "GET /item/4530733 HTTP/2" 500 981 "-" "Mozilla/5.0 AppleWebKit/537.36 (KHTML, like Gecko; compatible; ClaudeBot/1.0; +claudebot@anthropic.com)"
57.141.20.46 - - [16/Mar/2026:14:09:32 +0000] "GET /item/3324160 HTTP/2" 500 2557 "-" "meta-externalagent/1.1 (+https://developers.facebook.com/docs/sharing/webmasters/crawler)"
157.55.39.197 - - [16/Mar/2026:14:09:53 +0000] "GET /item/1645132 HTTP/2" 200 23016 "-" "Mozilla/5.0 AppleWebKit/537.36 (KHTML, like Gecko; compatible; bingbot/2.0; +http://www.bing.com/bingbot.htm) Chrome/116.0.1938.76 Safari/537.36"
52.167.144.199 - - [16/Mar/2026:14:10:02 +0000] "GET /item/3058446 HTTP/2" 200 22624 "-" "Mozilla/5.0 AppleWebKit/537.36 (KHTML, like Gecko; compatible; bingbot/2.0; +http://www.bing.com/bingbot.htm) Chrome/116.0.1938.76 Safari/537.36"
40.77.167.156 - - [16/Mar/2026:14:10:15 +0000] "GET /item/3473840 HTTP/2" 200 22647 "-" "Mozilla/5.0 AppleWebKit/537.36 (KHTML, like Gecko; compatible; bingbot/2.0; +http://www.bing.com/bingbot.htm) Chrome/116.0.1938.76 Safari/537.36"
85.208.96.204 - - [16/Mar/2026:14:10:15 +0000] "GET /item/4256477 HTTP/1.1" 500 277 "-" "Mozilla/5.0 (compatible; SemrushBot/7~bl; +http://www.semrush.com/bot.html)"
40.77.167.156 - - [16/Mar/2026:14:10:24 +0000] "GET /item/2442989 HTTP/2" 200 23074 "-" "Mozilla/5.0 AppleWebKit/537.36 (KHTML, like Gecko; compatible; bingbot/2.0; +http://www.bing.com/bingbot.htm) Chrome/116.0.1938.76 Safari/537.36"
216.73.216.25 - - [16/Mar/2026:14:10:28 +0000] "GET /item/2898454 HTTP/2" 500 981 "-" "Mozilla/5.0 AppleWebKit/537.36 (KHTML, like Gecko; compatible; ClaudeBot/1.0; +claudebot@anthropic.com)"
216.73.216.25 - - [16/Mar/2026:14:10:33 +0000] "GET /item/5154888 HTTP/2" 500 981 "-" "Mozilla/5.0 AppleWebKit/537.36 (KHTML, like Gecko; compatible; ClaudeBot/1.0; +claudebot@anthropic.com)"
216.73.216.25 - - [16/Mar/2026:14:10:38 +0000] "GET /item/3042087 HTTP/2" 500 981 "-" "Mozilla/5.0 AppleWebKit/537.36 (KHTML, like Gecko; compatible; ClaudeBot/1.0; +claudebot@anthropic.com)"
216.73.216.25 - - [16/Mar/2026:14:10:43 +0000] "GET /item/2417265 HTTP/2" 500 981 "-" "Mozilla/5.0 AppleWebKit/537.36 (KHTML, like Gecko; compatible; ClaudeBot/1.0; +claudebot@anthropic.com)"
207.46.13.6 - - [16/Mar/2026:14:10:44 +0000] "GET /item/5421813 HTTP/2" 200 23466 "-" "Mozilla/5.0 AppleWebKit/537.36 (KHTML, like Gecko; compatible; bingbot/2.0; +http://www.bing.com/bingbot.htm) Chrome/116.0.1938.76 Safari/537.36"
157.55.39.197 - - [16/Mar/2026:14:10:46 +0000] "GET /item/1939719 HTTP/2" 200 24288 "-" "Mozilla/5.0 AppleWebKit/537.36 (KHTML, like Gecko; compatible; bingbot/2.0; +http://www.bing.com/bingbot.htm) Chrome/116.0.1938.76 Safari/537.36"
216.73.216.25 - - [16/Mar/2026:14:10:48 +0000] "GET /item/5128423 HTTP/2" 500 981 "-" "Mozilla/5.0 AppleWebKit/537.36 (KHTML, like Gecko; compatible; ClaudeBot/1.0; +claudebot@anthropic.com)"
40.77.167.52 - - [16/Mar/2026:14:10:49 +0000] "GET /item/1597238 HTTP/2" 200 23294 "-" "Mozilla/5.0 AppleWebKit/537.36 (KHTML, like Gecko; compatible; bingbot/2.0; +http://www.bing.com/bingbot.htm) Chrome/116.0.1938.76 Safari/537.36"
216.73.216.25 - - [16/Mar/2026:14:10:53 +0000] "GET /item/5297316 HTTP/2" 500 981 "-" "Mozilla/5.0 AppleWebKit/537.36 (KHTML, like Gecko; compatible; ClaudeBot/1.0; +claudebot@anthropic.com)"
216.73.216.25 - - [16/Mar/2026:14:10:18 +0000] "GET /item/2936803 HTTP/2" 500 981 "-" "Mozilla/5.0 AppleWebKit/537.36 (KHTML, like Gecko; compatible; ClaudeBot/1.0; +claudebot@anthropic.com)"
216.73.216.25 - - [16/Mar/2026:14:10:23 +0000] "GET /item/3903902 HTTP/2" 500 981 "-" "Mozilla/5.0 AppleWebKit/537.36 (KHTML, like Gecko; compatible; ClaudeBot/1.0; +claudebot@anthropic.com)"
57.141.20.45 - - [16/Mar/2026:14:10:38 +0000] "GET /item/3645366 HTTP/2" 500 2557 "-" "meta-externalagent/1.1 (+https://developers.facebook.com/docs/sharing/webmasters/crawler)"
74.7.227.189 - - [16/Mar/2026:14:11:02 +0000] "GET /item/2815924 HTTP/2" 500 981 "https://km104.com/sitemap-524.xml" "Mozilla/5.0 AppleWebKit/537.36 (KHTML, like Gecko; compatible; GPTBot/1.3; +https://openai.com/gptbot)"
207.46.13.6 - - [16/Mar/2026:14:11:03 +0000] "GET /sitemap-688.xml HTTP/2" 200 4400 "-" "Mozilla/5.0 AppleWebKit/537.36 (KHTML, like Gecko; compatible; bingbot/2.0; +http://www.bing.com/bingbot.htm) Chrome/116.0.1938.76 Safari/537.36"
40.77.167.156 - - [16/Mar/2026:14:11:25 +0000] "GET /item/5347438 HTTP/2" 200 24515 "-" "Mozilla/5.0 AppleWebKit/537.36 (KHTML, like Gecko; compatible; bingbot/2.0; +http://www.bing.com/bingbot.htm) Chrome/116.0.1938.76 Safari/537.36"
216.73.216.25 - - [16/Mar/2026:14:11:33 +0000] "GET /item/3435254 HTTP/2" 500 981 "-" "Mozilla/5.0 AppleWebKit/537.36 (KHTML, like Gecko; compatible; ClaudeBot/1.0; +claudebot@anthropic.com)"
216.73.216.25 - - [16/Mar/2026:14:11:38 +0000] "GET /item/3823574 HTTP/2" 500 981 "-" "Mozilla/5.0 AppleWebKit/537.36 (KHTML, like Gecko; compatible; ClaudeBot/1.0; +claudebot@anthropic.com)"
216.73.216.25 - - [16/Mar/2026:14:11:43 +0000] "GET /item/4818225 HTTP/2" 500 981 "-" "Mozilla/5.0 AppleWebKit/537.36 (KHTML, like Gecko; compatible; ClaudeBot/1.0; +claudebot@anthropic.com)"
207.46.13.6 - - [16/Mar/2026:14:11:44 +0000] "GET /item/4679413 HTTP/2" 200 23013 "-" "Mozilla/5.0 AppleWebKit/537.36 (KHTML, like Gecko; compatible; bingbot/2.0; +http://www.bing.com/bingbot.htm) Chrome/116.0.1938.76 Safari/537.36"
207.46.13.6 - - [16/Mar/2026:14:11:44 +0000] "GET /item/3998889 HTTP/2" 200 23661 "-" "Mozilla/5.0 AppleWebKit/537.36 (KHTML, like Gecko; compatible; bingbot/2.0; +http://www.bing.com/bingbot.htm) Chrome/116.0.1938.76 Safari/537.36"
216.73.216.25 - - [16/Mar/2026:14:11:48 +0000] "GET /item/4817906 HTTP/2" 500 981 "-" "Mozilla/5.0 AppleWebKit/537.36 (KHTML, like Gecko; compatible; ClaudeBot/1.0; +claudebot@anthropic.com)"
40.77.167.156 - - [16/Mar/2026:14:11:48 +0000] "GET /item/4269386 HTTP/2" 200 23759 "-" "Mozilla/5.0 AppleWebKit/537.36 (KHTML, like Gecko; compatible; bingbot/2.0; +http://www.bing.com/bingbot.htm) Chrome/116.0.1938.76 Safari/537.36"
216.73.216.25 - - [16/Mar/2026:14:11:53 +0000] "GET /item/5235291 HTTP/2" 500 981 "-" "Mozilla/5.0 AppleWebKit/537.36 (KHTML, like Gecko; compatible; ClaudeBot/1.0; +claudebot@anthropic.com)"
207.46.13.6 - - [16/Mar/2026:14:11:54 +0000] "GET /item/3249345 HTTP/2" 200 23446 "-" "Mozilla/5.0 AppleWebKit/537.36 (KHTML, like Gecko; compatible; bingbot/2.0; +http://www.bing.com/bingbot.htm) Chrome/116.0.1938.76 Safari/537.36"
216.73.216.25 - - [16/Mar/2026:14:11:58 +0000] "GET /item/5012114 HTTP/2" 500 981 "-" "Mozilla/5.0 AppleWebKit/537.36 (KHTML, like Gecko; compatible; ClaudeBot/1.0; +claudebot@anthropic.com)"
74.7.227.189 - - [16/Mar/2026:14:12:01 +0000] "GET /item/2431274 HTTP/2" 500 981 "https://km104.com/sitemap-524.xml" "Mozilla/5.0 AppleWebKit/537.36 (KHTML, like Gecko; compatible; GPTBot/1.3; +https://openai.com/gptbot)"
216.73.216.25 - - [16/Mar/2026:14:12:03 +0000] "GET /item/2596335 HTTP/2" 500 981 "-" "Mozilla/5.0 AppleWebKit/537.36 (KHTML, like Gecko; compatible; ClaudeBot/1.0; +claudebot@anthropic.com)"
216.73.216.25 - - [16/Mar/2026:14:12:08 +0000] "GET /item/2737776 HTTP/2" 500 981 "-" "Mozilla/5.0 AppleWebKit/537.36 (KHTML, like Gecko; compatible; ClaudeBot/1.0; +claudebot@anthropic.com)"
216.73.216.25 - - [16/Mar/2026:14:10:58 +0000] "GET /item/3719585 HTTP/2" 500 981 "-" "Mozilla/5.0 AppleWebKit/537.36 (KHTML, like Gecko; compatible; ClaudeBot/1.0; +claudebot@anthropic.com)"
216.73.216.25 - - [16/Mar/2026:14:11:03 +0000] "GET /item/3771480 HTTP/2" 500 981 "-" "Mozilla/5.0 AppleWebKit/537.36 (KHTML, like Gecko; compatible; ClaudeBot/1.0; +claudebot@anthropic.com)"
216.73.216.25 - - [16/Mar/2026:14:11:08 +0000] "GET /item/4340710 HTTP/2" 500 981 "-" "Mozilla/5.0 AppleWebKit/537.36 (KHTML, like Gecko; compatible; ClaudeBot/1.0; +claudebot@anthropic.com)"
66.249.79.66 - - [16/Mar/2026:14:11:10 +0000] "GET /item/5036612 HTTP/1.1" 200 27269 "-" "Mozilla/5.0 (Linux; Android 6.0.1; Nexus 5X Build/MMB29P) AppleWebKit/537.36 (KHTML, like Gecko) Chrome/145.0.7632.116 Mobile Safari/537.36 (compatible; Googlebot/2.1; +http://www.google.com/bot.html)"
216.73.216.25 - - [16/Mar/2026:14:11:13 +0000] "GET /item/5193767 HTTP/2" 500 981 "-" "Mozilla/5.0 AppleWebKit/537.36 (KHTML, like Gecko; compatible; ClaudeBot/1.0; +claudebot@anthropic.com)"
185.191.171.12 - - [16/Mar/2026:14:11:15 +0000] "GET /item/4174640 HTTP/1.1" 500 277 "-" "Mozilla/5.0 (compatible; SemrushBot/7~bl; +http://www.semrush.com/bot.html)"
216.73.216.25 - - [16/Mar/2026:14:11:18 +0000] "GET /item/3895779 HTTP/2" 500 981 "-" "Mozilla/5.0 AppleWebKit/537.36 (KHTML, like Gecko; compatible; ClaudeBot/1.0; +claudebot@anthropic.com)"
20.15.133.191 - - [16/Mar/2026:14:11:19 +0000] "GET /item/2935055 HTTP/2" 200 24166 "-" "Mozilla/5.0 AppleWebKit/537.36 (KHTML, like Gecko; compatible; bingbot/2.0; +http://www.bing.com/bingbot.htm) Chrome/116.0.1938.76 Safari/537.36"
216.73.216.25 - - [16/Mar/2026:14:11:23 +0000] "GET /item/4255723 HTTP/2" 500 981 "-" "Mozilla/5.0 AppleWebKit/537.36 (KHTML, like Gecko; compatible; ClaudeBot/1.0; +claudebot@anthropic.com)"
157.55.39.197 - - [16/Mar/2026:14:11:24 +0000] "GET /item/3293196 HTTP/2" 200 25678 "-" "Mozilla/5.0 AppleWebKit/537.36 (KHTML, like Gecko; compatible; bingbot/2.0; +http://www.bing.com/bingbot.htm) Chrome/116.0.1938.76 Safari/537.36"
157.55.39.197 - - [16/Mar/2026:14:11:24 +0000] "GET /item/1354518 HTTP/2" 200 22521 "-" "Mozilla/5.0 AppleWebKit/537.36 (KHTML, like Gecko; compatible; bingbot/2.0; +http://www.bing.com/bingbot.htm) Chrome/116.0.1938.76 Safari/537.36"
216.73.216.25 - - [16/Mar/2026:14:11:28 +0000] "GET /item/5123638 HTTP/2" 500 981 "-" "Mozilla/5.0 AppleWebKit/537.36 (KHTML, like Gecko; compatible; ClaudeBot/1.0; +claudebot@anthropic.com)"
57.141.20.36 - - [16/Mar/2026:14:11:45 +0000] "GET /wp-admin/ HTTP/2" 500 2557 "-" "meta-externalagent/1.1 (+https://developers.facebook.com/docs/sharing/webmasters/crawler)"
40.77.167.52 - - [16/Mar/2026:14:11:54 +0000] "GET /item/2856567 HTTP/2" 200 22722 "-" "Mozilla/5.0 AppleWebKit/537.36 (KHTML, like Gecko; compatible; bingbot/2.0; +http://www.bing.com/bingbot.htm) Chrome/116.0.1938.76 Safari/537.36"
207.46.13.153 - - [16/Mar/2026:14:11:58 +0000] "GET /item/1167974 HTTP/2" 200 23293 "-" "Mozilla/5.0 AppleWebKit/537.36 (KHTML, like Gecko; compatible; bingbot/2.0; +http://www.bing.com/bingbot.htm) Chrome/116.0.1938.76 Safari/537.36"
52.167.144.211 - - [16/Mar/2026:14:12:03 +0000] "GET /item/3233926 HTTP/2" 200 23868 "-" "Mozilla/5.0 AppleWebKit/537.36 (KHTML, like Gecko; compatible; bingbot/2.0; +http://www.bing.com/bingbot.htm) Chrome/116.0.1938.76 Safari/537.36"
52.167.144.199 - - [16/Mar/2026:14:12:13 +0000] "GET /item/1203264 HTTP/2" 200 23163 "-" "Mozilla/5.0 AppleWebKit/537.36 (KHTML, like Gecko; compatible; bingbot/2.0; +http://www.bing.com/bingbot.htm) Chrome/116.0.1938.76 Safari/537.36"
85.208.96.210 - - [16/Mar/2026:14:12:16 +0000] "GET /item/4458113 HTTP/1.1" 500 277 "-" "Mozilla/5.0 (compatible; SemrushBot/7~bl; +http://www.semrush.com/bot.html)"
57.141.20.38 - - [16/Mar/2026:14:12:52 +0000] "GET /item/2925862 HTTP/2" 500 2557 "-" "meta-externalagent/1.1 (+https://developers.facebook.com/docs/sharing/webmasters/crawler)"
216.73.216.25 - - [16/Mar/2026:14:12:13 +0000] "GET /item/5420665 HTTP/2" 500 981 "-" "Mozilla/5.0 AppleWebKit/537.36 (KHTML, like Gecko; compatible; ClaudeBot/1.0; +claudebot@anthropic.com)"
207.46.13.6 - - [16/Mar/2026:14:12:13 +0000] "GET /item/5046705 HTTP/2" 200 24148 "-" "Mozilla/5.0 AppleWebKit/537.36 (KHTML, like Gecko; compatible; bingbot/2.0; +http://www.bing.com/bingbot.htm) Chrome/116.0.1938.76 Safari/537.36"
216.73.216.25 - - [16/Mar/2026:14:12:18 +0000] "GET /item/4280295 HTTP/2" 500 981 "-" "Mozilla/5.0 AppleWebKit/537.36 (KHTML, like Gecko; compatible; ClaudeBot/1.0; +claudebot@anthropic.com)"
216.73.216.25 - - [16/Mar/2026:14:12:23 +0000] "GET /item/3416932 HTTP/2" 500 981 "-" "Mozilla/5.0 AppleWebKit/537.36 (KHTML, like Gecko; compatible; ClaudeBot/1.0; +claudebot@anthropic.com)"
216.73.216.25 - - [16/Mar/2026:14:12:28 +0000] "GET /item/2588424 HTTP/2" 500 981 "-" "Mozilla/5.0 AppleWebKit/537.36 (KHTML, like Gecko; compatible; ClaudeBot/1.0; +claudebot@anthropic.com)"
216.73.216.25 - - [16/Mar/2026:14:12:33 +0000] "GET /item/3172203 HTTP/2" 500 981 "-" "Mozilla/5.0 AppleWebKit/537.36 (KHTML, like Gecko; compatible; ClaudeBot/1.0; +claudebot@anthropic.com)"
216.73.216.25 - - [16/Mar/2026:14:12:38 +0000] "GET /item/4504335 HTTP/2" 500 981 "-" "Mozilla/5.0 AppleWebKit/537.36 (KHTML, like Gecko; compatible; ClaudeBot/1.0; +claudebot@anthropic.com)"
216.73.216.25 - - [16/Mar/2026:14:12:43 +0000] "GET /item/3637856 HTTP/2" 500 981 "-" "Mozilla/5.0 AppleWebKit/537.36 (KHTML, like Gecko; compatible; ClaudeBot/1.0; +claudebot@anthropic.com)"
216.73.216.25 - - [16/Mar/2026:14:12:48 +0000] "GET /item/3253479 HTTP/2" 500 981 "-" "Mozilla/5.0 AppleWebKit/537.36 (KHTML, like Gecko; compatible; ClaudeBot/1.0; +claudebot@anthropic.com)"
216.73.216.25 - - [16/Mar/2026:14:12:53 +0000] "GET /item/4037947 HTTP/2" 500 981 "-" "Mozilla/5.0 AppleWebKit/537.36 (KHTML, like Gecko; compatible; ClaudeBot/1.0; +claudebot@anthropic.com)"
207.46.13.153 - - [16/Mar/2026:14:12:54 +0000] "GET /item/1736293 HTTP/2" 200 23019 "-" "Mozilla/5.0 AppleWebKit/537.36 (KHTML, like Gecko; compatible; bingbot/2.0; +http://www.bing.com/bingbot.htm) Chrome/116.0.1938.76 Safari/537.36"
216.73.216.25 - - [16/Mar/2026:14:12:58 +0000] "GET /item/2475588 HTTP/2" 500 981 "-" "Mozilla/5.0 AppleWebKit/537.36 (KHTML, like Gecko; compatible; ClaudeBot/1.0; +claudebot@anthropic.com)"
216.73.216.25 - - [16/Mar/2026:14:13:03 +0000] "GET /item/3683824 HTTP/2" 500 981 "-" "Mozilla/5.0 AppleWebKit/537.36 (KHTML, like Gecko; compatible; ClaudeBot/1.0; +claudebot@anthropic.com)"
216.73.216.25 - - [16/Mar/2026:14:13:08 +0000] "GET /item/3837417 HTTP/2" 500 981 "-" "Mozilla/5.0 AppleWebKit/537.36 (KHTML, like Gecko; compatible; ClaudeBot/1.0; +claudebot@anthropic.com)"
216.73.216.25 - - [16/Mar/2026:14:13:13 +0000] "GET /item/2612142 HTTP/2" 500 981 "-" "Mozilla/5.0 AppleWebKit/537.36 (KHTML, like Gecko; compatible; ClaudeBot/1.0; +claudebot@anthropic.com)"
216.73.216.25 - - [16/Mar/2026:14:13:18 +0000] "GET /item/4179183 HTTP/2" 500 981 "-" "Mozilla/5.0 AppleWebKit/537.36 (KHTML, like Gecko; compatible; ClaudeBot/1.0; +claudebot@anthropic.com)"
216.73.216.25 - - [16/Mar/2026:14:13:23 +0000] "GET /item/3300078 HTTP/2" 500 981 "-" "Mozilla/5.0 AppleWebKit/537.36 (KHTML, like Gecko; compatible; ClaudeBot/1.0; +claudebot@anthropic.com)"
216.73.216.25 - - [16/Mar/2026:14:13:28 +0000] "GET /item/2892050 HTTP/2" 500 981 "-" "Mozilla/5.0 AppleWebKit/537.36 (KHTML, like Gecko; compatible; ClaudeBot/1.0; +claudebot@anthropic.com)"
216.73.216.25 - - [16/Mar/2026:14:13:34 +0000] "GET /item/3527168 HTTP/2" 500 981 "-" "Mozilla/5.0 AppleWebKit/537.36 (KHTML, like Gecko; compatible; ClaudeBot/1.0; +claudebot@anthropic.com)"
216.73.216.25 - - [16/Mar/2026:14:13:39 +0000] "GET /item/3991129 HTTP/2" 500 981 "-" "Mozilla/5.0 AppleWebKit/537.36 (KHTML, like Gecko; compatible; ClaudeBot/1.0; +claudebot@anthropic.com)"
216.73.216.25 - - [16/Mar/2026:14:13:44 +0000] "GET /item/2925029 HTTP/2" 500 981 "-" "Mozilla/5.0 AppleWebKit/537.36 (KHTML, like Gecko; compatible; ClaudeBot/1.0; +claudebot@anthropic.com)"
216.73.216.25 - - [16/Mar/2026:14:13:49 +0000] "GET /item/4415627 HTTP/2" 500 981 "-" "Mozilla/5.0 AppleWebKit/537.36 (KHTML, like Gecko; compatible; ClaudeBot/1.0; +claudebot@anthropic.com)"
216.73.216.25 - - [16/Mar/2026:14:13:54 +0000] "GET /item/4626843 HTTP/2" 500 981 "-" "Mozilla/5.0 AppleWebKit/537.36 (KHTML, like Gecko; compatible; ClaudeBot/1.0; +claudebot@anthropic.com)"
216.73.216.25 - - [16/Mar/2026:14:13:59 +0000] "GET /item/2684319 HTTP/2" 500 981 "-" "Mozilla/5.0 AppleWebKit/537.36 (KHTML, like Gecko; compatible; ClaudeBot/1.0; +claudebot@anthropic.com)"
216.73.216.25 - - [16/Mar/2026:14:14:04 +0000] "GET /item/4857158 HTTP/2" 500 981 "-" "Mozilla/5.0 AppleWebKit/537.36 (KHTML, like Gecko; compatible; ClaudeBot/1.0; +claudebot@anthropic.com)"
216.73.216.25 - - [16/Mar/2026:14:14:09 +0000] "GET /item/4738216 HTTP/2" 500 981 "-" "Mozilla/5.0 AppleWebKit/537.36 (KHTML, like Gecko; compatible; ClaudeBot/1.0; +claudebot@anthropic.com)"
216.73.216.25 - - [16/Mar/2026:14:14:14 +0000] "GET /item/5109571 HTTP/2" 500 981 "-" "Mozilla/5.0 AppleWebKit/537.36 (KHTML, like Gecko; compatible; ClaudeBot/1.0; +claudebot@anthropic.com)"
74.7.227.189 - - [16/Mar/2026:14:14:14 +0000] "GET /item/5225996 HTTP/2" 500 981 "https://km104.com/sitemap-524.xml" "Mozilla/5.0 AppleWebKit/537.36 (KHTML, like Gecko; compatible; GPTBot/1.3; +https://openai.com/gptbot)"
216.73.216.25 - - [16/Mar/2026:14:14:19 +0000] "GET /item/4926241 HTTP/2" 500 981 "-" "Mozilla/5.0 AppleWebKit/537.36 (KHTML, like Gecko; compatible; ClaudeBot/1.0; +claudebot@anthropic.com)"
216.73.216.25 - - [16/Mar/2026:14:14:24 +0000] "GET /item/4271935 HTTP/2" 500 981 "-" "Mozilla/5.0 AppleWebKit/537.36 (KHTML, like Gecko; compatible; ClaudeBot/1.0; +claudebot@anthropic.com)"
157.55.39.10 - - [16/Mar/2026:14:14:24 +0000] "GET /sitemap-923.xml HTTP/2" 200 4839 "-" "Mozilla/5.0 AppleWebKit/537.36 (KHTML, like Gecko; compatible; bingbot/2.0; +http://www.bing.com/bingbot.htm) Chrome/116.0.1938.76 Safari/537.36"
216.73.216.25 - - [16/Mar/2026:14:14:29 +0000] "GET /item/5123338 HTTP/2" 500 981 "-" "Mozilla/5.0 AppleWebKit/537.36 (KHTML, like Gecko; compatible; ClaudeBot/1.0; +claudebot@anthropic.com)"
66.249.79.68 - - [16/Mar/2026:14:14:30 +0000] "GET /item/3734991 HTTP/1.1" 200 23204 "-" "Mozilla/5.0 (Linux; Android 6.0.1; Nexus 5X Build/MMB29P) AppleWebKit/537.36 (KHTML, like Gecko) Chrome/145.0.7632.116 Mobile Safari/537.36 (compatible; Googlebot/2.1; +http://www.google.com/bot.html)"
216.73.216.25 - - [16/Mar/2026:14:14:34 +0000] "GET /item/4979904 HTTP/2" 500 981 "-" "Mozilla/5.0 AppleWebKit/537.36 (KHTML, like Gecko; compatible; ClaudeBot/1.0; +claudebot@anthropic.com)"
216.73.216.25 - - [16/Mar/2026:14:14:39 +0000] "GET /item/5238339 HTTP/2" 500 981 "-" "Mozilla/5.0 AppleWebKit/537.36 (KHTML, like Gecko; compatible; ClaudeBot/1.0; +claudebot@anthropic.com)"
216.73.216.25 - - [16/Mar/2026:14:14:44 +0000] "GET /item/3460309 HTTP/2" 500 981 "-" "Mozilla/5.0 AppleWebKit/537.36 (KHTML, like Gecko; compatible; ClaudeBot/1.0; +claudebot@anthropic.com)"
216.73.216.25 - - [16/Mar/2026:14:14:49 +0000] "GET /item/4838156 HTTP/2" 500 981 "-" "Mozilla/5.0 AppleWebKit/537.36 (KHTML, like Gecko; compatible; ClaudeBot/1.0; +claudebot@anthropic.com)"
216.73.216.25 - - [16/Mar/2026:14:14:54 +0000] "GET /item/4268332 HTTP/2" 500 981 "-" "Mozilla/5.0 AppleWebKit/537.36 (KHTML, like Gecko; compatible; ClaudeBot/1.0; +claudebot@anthropic.com)"
216.73.216.25 - - [16/Mar/2026:14:14:59 +0000] "GET /item/4045726 HTTP/2" 500 981 "-" "Mozilla/5.0 AppleWebKit/537.36 (KHTML, like Gecko; compatible; ClaudeBot/1.0; +claudebot@anthropic.com)"
216.73.216.25 - - [16/Mar/2026:14:15:04 +0000] "GET /item/3983410 HTTP/2" 500 981 "-" "Mozilla/5.0 AppleWebKit/537.36 (KHTML, like Gecko; compatible; ClaudeBot/1.0; +claudebot@anthropic.com)"
74.7.227.189 - - [16/Mar/2026:14:13:04 +0000] "GET /item/5229835 HTTP/2" 500 981 "https://km104.com/sitemap-524.xml" "Mozilla/5.0 AppleWebKit/537.36 (KHTML, like Gecko; compatible; GPTBot/1.3; +https://openai.com/gptbot)"
185.191.171.2 - - [16/Mar/2026:14:13:17 +0000] "GET /item/3421097 HTTP/1.1" 500 277 "-" "Mozilla/5.0 (compatible; SemrushBot/7~bl; +http://www.semrush.com/bot.html)"
57.141.20.28 - - [16/Mar/2026:14:13:59 +0000] "GET /item/3238245 HTTP/2" 500 2557 "-" "meta-externalagent/1.1 (+https://developers.facebook.com/docs/sharing/webmasters/crawler)"
85.208.96.198 - - [16/Mar/2026:14:14:18 +0000] "GET /item/4556201 HTTP/1.1" 500 277 "-" "Mozilla/5.0 (compatible; SemrushBot/7~bl; +http://www.semrush.com/bot.html)"
57.141.20.23 - - [16/Mar/2026:14:15:05 +0000] "GET /item/3810416 HTTP/2" 500 2557 "-" "meta-externalagent/1.1 (+https://developers.facebook.com/docs/sharing/webmasters/crawler)"
60.115.122.86 - - [16/Mar/2026:14:15:11 +0000] "GET /item/2506337 HTTP/2" 200 434 "https://www.bing.com/" "Mozilla/5.0 (Windows NT 10.0; Win64; x64) AppleWebKit/537.36 (KHTML, like Gecko) Chrome/145.0.0.0 Safari/537.36 Edg/145.0.0.0"
