/home3/bmscom/access-logs/maheensbeauty.com.bms69.com
64.31.22.34 - - [16/Mar/2026:12:12:58 +0000] "POST /wp-cron.php?doing_wp_cron=1773663178.3066270351409912109375 HTTP/1.1" 200 0 "-" "WordPress/6.9.4; https://maheensbeauty.com"
139.59.132.8 - - [16/Mar/2026:12:13:03 +0000] "GET /about HTTP/1.1" 301 0 "-" "Mozilla/5.0 (l9scan/2.0.4333e22323e21333e24363; +https://leakix.net)"
139.59.132.8 - - [16/Mar/2026:12:13:11 +0000] "GET /ecp/Current/exporttool/microsoft.exchange.ediscovery.exporttool.application HTTP/1.1" 500 1074 "-" "Mozilla/5.0 (l9scan/2.0.4333e22323e21333e24363; +https://leakix.net)"
139.59.132.8 - - [16/Mar/2026:12:13:13 +0000] "GET /.git/config HTTP/1.1" 403 1242 "-" "Mozilla/5.0 (l9scan/2.0.4333e22323e21333e24363; +https://leakix.net)"
139.59.132.8 - - [16/Mar/2026:12:13:18 +0000] "POST /graphql/api HTTP/1.1" 404 10426 "-" "Mozilla/5.0 (l9scan/2.0.4333e22323e21333e24363; +https://leakix.net)"
139.59.132.8 - - [16/Mar/2026:12:13:23 +0000] "GET /telescope/requests HTTP/1.1" 404 10426 "-" "Mozilla/5.0 (l9scan/2.0.4333e22323e21333e24363; +https://leakix.net)"
139.59.132.8 - - [16/Mar/2026:12:13:26 +0000] "GET /info.php HTTP/1.1" 404 10426 "-" "Mozilla/5.0 (l9scan/2.0.4333e22323e21333e24363; +https://leakix.net)"
139.59.132.8 - - [16/Mar/2026:12:13:31 +0000] "GET /swagger-ui.html HTTP/1.1" 500 127 "-" "Mozilla/5.0 (l9scan/2.0.4333e22323e21333e24363; +https://leakix.net)"
139.59.132.8 - - [16/Mar/2026:12:13:36 +0000] "GET /swagger.json HTTP/1.1" 404 10426 "-" "Mozilla/5.0 (l9scan/2.0.4333e22323e21333e24363; +https://leakix.net)"
139.59.132.8 - - [16/Mar/2026:12:13:39 +0000] "GET /v2/api-docs HTTP/1.1" 404 10426 "-" "Mozilla/5.0 (l9scan/2.0.4333e22323e21333e24363; +https://leakix.net)"
139.59.132.8 - - [16/Mar/2026:12:13:44 +0000] "GET /api/swagger.json HTTP/1.1" 404 10426 "-" "Mozilla/5.0 (l9scan/2.0.4333e22323e21333e24363; +https://leakix.net)"
64.31.22.34 - - [16/Mar/2026:12:13:48 +0000] "POST /wp-cron.php?doing_wp_cron=1773663228.5330989360809326171875 HTTP/1.1" 200 0 "-" "WordPress/6.9.4; https://maheensbeauty.com"
139.59.132.8 - - [16/Mar/2026:12:13:50 +0000] "GET /.vscode/sftp.json HTTP/1.1" 404 10426 "-" "Mozilla/5.0 (l9scan/2.0.4333e22323e21333e24363; +https://leakix.net)"
139.59.132.8 - - [16/Mar/2026:12:13:52 +0000] "OPTIONS / HTTP/1.1" 200 17554 "-" "Mozilla/5.0 (l9scan/2.0.4333e22323e21333e24363; +https://leakix.net)"
139.59.132.8 - - [16/Mar/2026:12:13:54 +0000] "GET /?rest_route=/wp/v2/users/ HTTP/1.1" 200 487 "-" "Mozilla/5.0 (l9scan/2.0.4333e22323e21333e24363; +https://leakix.net)"
139.59.132.8 - - [16/Mar/2026:12:13:56 +0000] "GET /debug/default/view?panel=config HTTP/1.1" 404 10426 "-" "Mozilla/5.0 (l9scan/2.0.4333e22323e21333e24363; +https://leakix.net)"
139.59.132.8 - - [16/Mar/2026:12:12:56 +0000] "GET / HTTP/1.1" 301 0 "-" "Mozilla/5.0 (l9scan/2.0.4333e22323e21333e24363; +https://leakix.net)"
139.59.132.8 - - [16/Mar/2026:12:12:58 +0000] "GET /console/ HTTP/1.1" 404 10426 "-" "Mozilla/5.0 (l9scan/2.0.4333e22323e21333e24363; +https://leakix.net)"
139.59.132.8 - - [16/Mar/2026:12:13:00 +0000] "GET /server HTTP/1.1" 404 10426 "-" "Mozilla/5.0 (l9scan/2.0.4333e22323e21333e24363; +https://leakix.net)"
139.59.132.8 - - [16/Mar/2026:12:13:01 +0000] "GET /server-status HTTP/1.1" 404 10426 "-" "Mozilla/5.0 (l9scan/2.0.4333e22323e21333e24363; +https://leakix.net)"
139.59.132.8 - - [16/Mar/2026:12:13:04 +0000] "GET /login.action HTTP/1.1" 500 1074 "-" "Mozilla/5.0 (l9scan/2.0.4333e22323e21333e24363; +https://leakix.net)"
139.59.132.8 - - [16/Mar/2026:12:13:05 +0000] "GET /v2/_catalog HTTP/1.1" 404 10426 "-" "Mozilla/5.0 (l9scan/2.0.4333e22323e21333e24363; +https://leakix.net)"
139.59.132.8 - - [16/Mar/2026:12:13:07 +0000] "GET /.DS_Store HTTP/1.1" 404 10426 "-" "Mozilla/5.0 (l9scan/2.0.4333e22323e21333e24363; +https://leakix.net)"
139.59.132.8 - - [16/Mar/2026:12:13:09 +0000] "GET /.env HTTP/1.1" 406 779 "-" "Mozilla/5.0 (l9scan/2.0.4333e22323e21333e24363; +https://leakix.net)"
139.59.132.8 - - [16/Mar/2026:12:13:14 +0000] "POST /graphql HTTP/1.1" 404 10426 "-" "Mozilla/5.0 (l9scan/2.0.4333e22323e21333e24363; +https://leakix.net)"
139.59.132.8 - - [16/Mar/2026:12:13:15 +0000] "POST /api HTTP/1.1" 404 10426 "-" "Mozilla/5.0 (l9scan/2.0.4333e22323e21333e24363; +https://leakix.net)"
139.59.132.8 - - [16/Mar/2026:12:13:17 +0000] "POST /api/graphql HTTP/1.1" 500 127 "-" "Mozilla/5.0 (l9scan/2.0.4333e22323e21333e24363; +https://leakix.net)"
139.59.132.8 - - [16/Mar/2026:12:13:19 +0000] "POST /api/gql HTTP/1.1" 500 127 "-" "Mozilla/5.0 (l9scan/2.0.4333e22323e21333e24363; +https://leakix.net)"
139.59.132.8 - - [16/Mar/2026:12:13:19 +0000] "GET /s/4333e22323e21333e24363/_/;/META-INF/maven/com.atlassian.jira/jira-webapp-dist/pom.properties HTTP/1.1" 404 10426 "-" "Mozilla/5.0 (l9scan/2.0.4333e22323e21333e24363; +https://leakix.net)"
139.59.132.8 - - [16/Mar/2026:12:13:21 +0000] "GET /config.json HTTP/1.1" 404 10426 "-" "Mozilla/5.0 (l9scan/2.0.4333e22323e21333e24363; +https://leakix.net)"
139.59.132.8 - - [16/Mar/2026:12:13:24 +0000] "POST /php-cgi/php-cgi.exe?%ADd+cgi.force_redirect%3D0+%ADd+disable_functions%3D\"\"+%ADd+allow_url_include%3D1+%ADd+auto_prepend_file%3Dphp://input HTTP/1.1" 404 10426 "-" "Mozilla/5.0 (l9scan/2.0.4333e22323e21333e24363; +https://leakix.net)"
139.59.132.8 - - [16/Mar/2026:12:13:28 +0000] "GET /actuator/env HTTP/1.1" 404 10426 "-" "Mozilla/5.0 (l9scan/2.0.4333e22323e21333e24363; +https://leakix.net)"
139.59.132.8 - - [16/Mar/2026:12:13:32 +0000] "GET /swagger/index.html HTTP/1.1" 500 127 "-" "Mozilla/5.0 (l9scan/2.0.4333e22323e21333e24363; +https://leakix.net)"
139.59.132.8 - - [16/Mar/2026:12:13:33 +0000] "GET /swagger/swagger-ui.html HTTP/1.1" 404 10426 "-" "Mozilla/5.0 (l9scan/2.0.4333e22323e21333e24363; +https://leakix.net)"
139.59.132.8 - - [16/Mar/2026:12:13:34 +0000] "GET /webjars/swagger-ui/index.html HTTP/1.1" 404 10426 "-" "Mozilla/5.0 (l9scan/2.0.4333e22323e21333e24363; +https://leakix.net)"
139.59.132.8 - - [16/Mar/2026:12:13:38 +0000] "GET /swagger/v1/swagger.json HTTP/1.1" 404 10426 "-" "Mozilla/5.0 (l9scan/2.0.4333e22323e21333e24363; +https://leakix.net)"
139.59.132.8 - - [16/Mar/2026:12:13:41 +0000] "GET /v3/api-docs HTTP/1.1" 404 10419 "-" "Mozilla/5.0 (l9scan/2.0.4333e22323e21333e24363; +https://leakix.net)"
139.59.132.8 - - [16/Mar/2026:12:13:43 +0000] "GET /api-docs/swagger.json HTTP/1.1" 404 10426 "-" "Mozilla/5.0 (l9scan/2.0.4333e22323e21333e24363; +https://leakix.net)"
139.59.132.8 - - [16/Mar/2026:12:13:47 +0000] "GET /trace.axd HTTP/1.1" 404 10426 "-" "Mozilla/5.0 (l9scan/2.0.4333e22323e21333e24363; +https://leakix.net)"
139.59.132.8 - - [16/Mar/2026:12:13:48 +0000] "GET /@vite/env HTTP/1.1" 404 10426 "-" "Mozilla/5.0 (l9scan/2.0.4333e22323e21333e24363; +https://leakix.net)"
69.171.231.15 - - [16/Mar/2026:12:55:36 +0000] "GET / HTTP/1.1" 301 0 "-" "facebookexternalhit/1.1 (+http://www.facebook.com/externalhit_uatext.php)"
66.249.79.5 - - [16/Mar/2026:13:33:44 +0000] "GET /?products/2043235 HTTP/1.1" 301 0 "-" "Mozilla/5.0 (Linux; Android 6.0.1; Nexus 5X Build/MMB29P) AppleWebKit/537.36 (KHTML, like Gecko) Chrome/145.0.7632.116 Mobile Safari/537.36 (compatible; Googlebot/2.1; +http://www.google.com/bot.html)"
31.13.127.10 - - [16/Mar/2026:13:44:35 +0000] "GET / HTTP/1.1" 301 0 "-" "facebookexternalhit/1.1 (+http://www.facebook.com/externalhit_uatext.php)"
64.31.22.34 - - [16/Mar/2026:13:49:41 +0000] "POST /wp-cron.php?doing_wp_cron=1773668981.2873620986938476562500 HTTP/1.1" 200 0 "-" "WordPress/6.9.4; https://maheensbeauty.com"
64.31.22.34 - - [16/Mar/2026:12:55:39 +0000] "POST /wp-cron.php?doing_wp_cron=1773665739.3002719879150390625000 HTTP/1.1" 200 0 "-" "WordPress/6.9.4; https://maheensbeauty.com"
64.31.22.34 - - [16/Mar/2026:12:55:39 +0000] "POST /wp-cron.php?doing_wp_cron=1773665739.3004970550537109375000 HTTP/1.1" 200 0 "-" "WordPress/6.9.4; https://maheensbeauty.com"
173.252.95.114 - - [16/Mar/2026:12:55:36 +0000] "GET / HTTP/1.1" 301 0 "-" "facebookexternalhit/1.1 (+http://www.facebook.com/externalhit_uatext.php)"
64.31.22.34 - - [16/Mar/2026:13:16:16 +0000] "POST /wp-cron.php?doing_wp_cron=1773666976.0956649780273437500000 HTTP/1.1" 200 0 "-" "WordPress/6.9.4; https://maheensbeauty.com"
57.141.20.29 - - [16/Mar/2026:13:16:14 +0000] "GET /makeup-services/ HTTP/1.1" 200 53796 "-" "meta-externalagent/1.1 (+https://developers.facebook.com/docs/sharing/webmasters/crawler)"
66.249.79.4 - - [16/Mar/2026:13:33:44 +0000] "GET /robots.txt HTTP/1.1" 200 71 "-" "Mozilla/5.0 (compatible; Googlebot/2.1; +http://www.google.com/bot.html)"
64.31.22.34 - - [16/Mar/2026:13:33:45 +0000] "POST /wp-cron.php?doing_wp_cron=1773668025.8699750900268554687500 HTTP/1.1" 200 0 "-" "WordPress/6.9.4; https://maheensbeauty.com"
64.31.22.34 - - [16/Mar/2026:13:44:31 +0000] "POST /wp-cron.php?doing_wp_cron=1773668671.3260469436645507812500 HTTP/1.1" 200 0 "-" "WordPress/6.9.4; https://maheensbeauty.com"
173.252.87.5 - - [16/Mar/2026:13:44:30 +0000] "GET / HTTP/1.1" 301 0 "-" "facebookexternalhit/1.1 (+http://www.facebook.com/externalhit_uatext.php)"
69.171.249.117 - - [16/Mar/2026:13:44:33 +0000] "GET / HTTP/1.1" 301 0 "-" "facebookexternalhit/1.1 (+http://www.facebook.com/externalhit_uatext.php)"
173.252.83.10 - - [16/Mar/2026:13:49:38 +0000] "GET / HTTP/1.1" 301 0 "-" "facebookexternalhit/1.1 (+http://www.facebook.com/externalhit_uatext.php)"
64.31.22.34 - - [16/Mar/2026:14:08:54 +0000] "POST /wp-cron.php?doing_wp_cron=1773670134.0547859668731689453125 HTTP/1.1" 200 0 "-" "WordPress/6.9.4; https://maheensbeauty.com"
43.134.141.244 - - [16/Mar/2026:14:08:51 +0000] "GET / HTTP/1.1" 301 0 "-" "Mozilla/5.0 (iPhone; CPU iPhone OS 13_2_3 like Mac OS X) AppleWebKit/605.1.15 (KHTML, like Gecko) Version/13.0.3 Mobile/15E148 Safari/604.1"
67.203.32.183 - - [16/Mar/2026:14:54:33 +0000] "GET /sftp-config.json HTTP/1.1" 500 1074 "-" "Mozilla/5.0 (Macintosh; Intel Mac OS X 10_15_7) AppleWebKit/537.36 (KHTML, like Gecko) Chrome/119.0.0.0 Safari/537.36"
40.77.167.184 - - [16/Mar/2026:15:02:16 +0000] "GET /robots.txt HTTP/1.1" 200 71 "-" "Mozilla/5.0 AppleWebKit/537.36 (KHTML, like Gecko; compatible; bingbot/2.0; +http://www.bing.com/bingbot.htm) Chrome/116.0.1938.76 Safari/537.36"
52.167.144.215 - - [16/Mar/2026:15:02:27 +0000] "GET /sitemap.xml.gz HTTP/1.1" 301 0 "-" "Mozilla/5.0 AppleWebKit/537.36 (KHTML, like Gecko; compatible; bingbot/2.0; +http://www.bing.com/bingbot.htm) Chrome/116.0.1938.76 Safari/537.36"
64.31.22.34 - - [16/Mar/2026:15:48:30 +0000] "POST /wp-cron.php?doing_wp_cron=1773676110.1058919429779052734375 HTTP/1.1" 200 0 "-" "WordPress/6.9.4; https://maheensbeauty.com"
182.190.49.65 - - [16/Mar/2026:15:48:25 +0000] "GET / HTTP/1.1" 301 0 "http://m.facebook.com/" "Mozilla/5.0 (Linux; Android 11; Infinix X693 Build/RP1A.200720.011; wv) AppleWebKit/537.36 (KHTML, like Gecko) Version/4.0 Chrome/146.0.7680.141 Mobile Safari/537.36 [FB_IAB/FB4A;FBAV/552.1.0.45.68;IABMV/1;]"
209.38.208.202 - - [16/Mar/2026:16:44:11 +0000] "GET /server-status HTTP/1.1" 404 10408 "-" "Mozilla/5.0 (l9scan/2.0.4333e22323e21333e24363; +https://leakix.net)"
209.38.208.202 - - [16/Mar/2026:16:44:14 +0000] "GET /login.action HTTP/1.1" 404 10408 "-" "Mozilla/5.0 (l9scan/2.0.4333e22323e21333e24363; +https://leakix.net)"
209.38.208.202 - - [16/Mar/2026:16:44:16 +0000] "GET /v2/_catalog HTTP/1.1" 404 10408 "-" "Mozilla/5.0 (l9scan/2.0.4333e22323e21333e24363; +https://leakix.net)"
209.38.208.202 - - [16/Mar/2026:16:44:18 +0000] "GET /.DS_Store HTTP/1.1" 404 10408 "-" "Mozilla/5.0 (l9scan/2.0.4333e22323e21333e24363; +https://leakix.net)"
209.38.208.202 - - [16/Mar/2026:16:44:32 +0000] "POST /api/gql HTTP/1.1" 404 10408 "-" "Mozilla/5.0 (l9scan/2.0.4333e22323e21333e24363; +https://leakix.net)"
209.38.208.202 - - [16/Mar/2026:16:44:35 +0000] "GET /config.json HTTP/1.1" 404 10408 "-" "Mozilla/5.0 (l9scan/2.0.4333e22323e21333e24363; +https://leakix.net)"
209.38.208.202 - - [16/Mar/2026:16:44:36 +0000] "GET /telescope/requests HTTP/1.1" 404 10408 "-" "Mozilla/5.0 (l9scan/2.0.4333e22323e21333e24363; +https://leakix.net)"
209.38.208.202 - - [16/Mar/2026:16:44:38 +0000] "POST /php-cgi/php-cgi.exe?%ADd+cgi.force_redirect%3D0+%ADd+disable_functions%3D\"\"+%ADd+allow_url_include%3D1+%ADd+auto_prepend_file%3Dphp://input HTTP/1.1" 404 10408 "-" "Mozilla/5.0 (l9scan/2.0.4333e22323e21333e24363; +https://leakix.net)"
209.38.208.202 - - [16/Mar/2026:16:44:39 +0000] "GET /info.php HTTP/1.1" 404 10408 "-" "Mozilla/5.0 (l9scan/2.0.4333e22323e21333e24363; +https://leakix.net)"
209.38.208.202 - - [16/Mar/2026:16:44:43 +0000] "GET /swagger-ui.html HTTP/1.1" 404 10408 "-" "Mozilla/5.0 (l9scan/2.0.4333e22323e21333e24363; +https://leakix.net)"
209.38.208.202 - - [16/Mar/2026:16:44:45 +0000] "GET /swagger/index.html HTTP/1.1" 404 10408 "-" "Mozilla/5.0 (l9scan/2.0.4333e22323e21333e24363; +https://leakix.net)"
209.38.208.202 - - [16/Mar/2026:16:44:46 +0000] "GET /swagger/swagger-ui.html HTTP/1.1" 404 10408 "-" "Mozilla/5.0 (l9scan/2.0.4333e22323e21333e24363; +https://leakix.net)"
209.38.208.202 - - [16/Mar/2026:16:44:49 +0000] "GET /swagger.json HTTP/1.1" 404 10408 "-" "Mozilla/5.0 (l9scan/2.0.4333e22323e21333e24363; +https://leakix.net)"
209.38.208.202 - - [16/Mar/2026:16:44:52 +0000] "GET /v2/api-docs HTTP/1.1" 404 10408 "-" "Mozilla/5.0 (l9scan/2.0.4333e22323e21333e24363; +https://leakix.net)"
67.203.33.83 - - [16/Mar/2026:14:54:33 +0000] "GET /.vscode/sftp.json HTTP/1.1" 500 1074 "-" "Mozilla/5.0 (Macintosh; Intel Mac OS X 10_15_7) AppleWebKit/537.36 (KHTML, like Gecko) Chrome/119.0.0.0 Safari/537.36"
64.31.22.34 - - [16/Mar/2026:15:48:30 +0000] "POST /wp-cron.php?doing_wp_cron=1773676110.1058740615844726562500 HTTP/1.1" 200 0 "-" "WordPress/6.9.4; https://maheensbeauty.com"
182.190.49.65 - - [16/Mar/2026:15:48:25 +0000] "GET / HTTP/1.1" 301 0 "http://m.facebook.com" "Mozilla/5.0 (Linux; Android 11; Infinix X693 Build/RP1A.200720.011; wv) AppleWebKit/537.36 (KHTML, like Gecko) Version/4.0 Chrome/146.0.7680.141 Mobile Safari/537.36 [FB_IAB/FB4A;FBAV/552.1.0.45.68;IABMV/1;]"
64.31.22.34 - - [16/Mar/2026:16:44:08 +0000] "POST /wp-cron.php?doing_wp_cron=1773679448.0972130298614501953125 HTTP/1.1" 200 0 "-" "WordPress/6.9.4; https://maheensbeauty.com"
209.38.208.202 - - [16/Mar/2026:16:44:07 +0000] "GET / HTTP/1.1" 301 0 "-" "Mozilla/5.0 (l9scan/2.0.4333e22323e21333e24363; +https://leakix.net)"
209.38.208.202 - - [16/Mar/2026:16:44:08 +0000] "GET /console/ HTTP/1.1" 404 10408 "-" "Mozilla/5.0 (l9scan/2.0.4333e22323e21333e24363; +https://leakix.net)"
209.38.208.202 - - [16/Mar/2026:16:44:10 +0000] "GET /server HTTP/1.1" 404 10408 "-" "Mozilla/5.0 (l9scan/2.0.4333e22323e21333e24363; +https://leakix.net)"
209.38.208.202 - - [16/Mar/2026:16:44:13 +0000] "GET /about HTTP/1.1" 301 0 "-" "Mozilla/5.0 (l9scan/2.0.4333e22323e21333e24363; +https://leakix.net)"
209.38.208.202 - - [16/Mar/2026:16:44:20 +0000] "GET /.env HTTP/1.1" 406 779 "-" "Mozilla/5.0 (l9scan/2.0.4333e22323e21333e24363; +https://leakix.net)"
209.38.208.202 - - [16/Mar/2026:16:44:22 +0000] "GET /ecp/Current/exporttool/microsoft.exchange.ediscovery.exporttool.application HTTP/1.1" 404 10408 "-" "Mozilla/5.0 (l9scan/2.0.4333e22323e21333e24363; +https://leakix.net)"
209.38.208.202 - - [16/Mar/2026:16:44:24 +0000] "GET /.git/config HTTP/1.1" 403 1242 "-" "Mozilla/5.0 (l9scan/2.0.4333e22323e21333e24363; +https://leakix.net)"
209.38.208.202 - - [16/Mar/2026:16:44:25 +0000] "POST /graphql HTTP/1.1" 404 10408 "-" "Mozilla/5.0 (l9scan/2.0.4333e22323e21333e24363; +https://leakix.net)"
209.38.208.202 - - [16/Mar/2026:16:44:27 +0000] "POST /api HTTP/1.1" 404 10408 "-" "Mozilla/5.0 (l9scan/2.0.4333e22323e21333e24363; +https://leakix.net)"
209.38.208.202 - - [16/Mar/2026:16:44:29 +0000] "POST /api/graphql HTTP/1.1" 404 10408 "-" "Mozilla/5.0 (l9scan/2.0.4333e22323e21333e24363; +https://leakix.net)"
209.38.208.202 - - [16/Mar/2026:16:44:30 +0000] "POST /graphql/api HTTP/1.1" 404 10408 "-" "Mozilla/5.0 (l9scan/2.0.4333e22323e21333e24363; +https://leakix.net)"
209.38.208.202 - - [16/Mar/2026:16:44:33 +0000] "GET /s/4333e22323e21333e24363/_/;/META-INF/maven/com.atlassian.jira/jira-webapp-dist/pom.properties HTTP/1.1" 404 10408 "-" "Mozilla/5.0 (l9scan/2.0.4333e22323e21333e24363; +https://leakix.net)"
209.38.208.202 - - [16/Mar/2026:16:44:41 +0000] "GET /actuator/env HTTP/1.1" 404 10408 "-" "Mozilla/5.0 (l9scan/2.0.4333e22323e21333e24363; +https://leakix.net)"
64.31.22.34 - - [16/Mar/2026:16:44:47 +0000] "POST /wp-cron.php?doing_wp_cron=1773679487.6638329029083251953125 HTTP/1.1" 200 0 "-" "WordPress/6.9.4; https://maheensbeauty.com"
209.38.208.202 - - [16/Mar/2026:16:44:48 +0000] "GET /webjars/swagger-ui/index.html HTTP/1.1" 404 10408 "-" "Mozilla/5.0 (l9scan/2.0.4333e22323e21333e24363; +https://leakix.net)"
209.38.208.202 - - [16/Mar/2026:16:44:51 +0000] "GET /swagger/v1/swagger.json HTTP/1.1" 404 10408 "-" "Mozilla/5.0 (l9scan/2.0.4333e22323e21333e24363; +https://leakix.net)"
209.38.208.202 - - [16/Mar/2026:16:44:53 +0000] "GET /v3/api-docs HTTP/1.1" 404 10408 "-" "Mozilla/5.0 (l9scan/2.0.4333e22323e21333e24363; +https://leakix.net)"
209.38.208.202 - - [16/Mar/2026:16:44:56 +0000] "GET /api/swagger.json HTTP/1.1" 404 10408 "-" "Mozilla/5.0 (l9scan/2.0.4333e22323e21333e24363; +https://leakix.net)"
209.38.208.202 - - [16/Mar/2026:16:44:59 +0000] "GET /@vite/env HTTP/1.1" 404 10408 "-" "Mozilla/5.0 (l9scan/2.0.4333e22323e21333e24363; +https://leakix.net)"
209.38.208.202 - - [16/Mar/2026:16:45:05 +0000] "GET /?rest_route=/wp/v2/users/ HTTP/1.1" 200 487 "-" "Mozilla/5.0 (l9scan/2.0.4333e22323e21333e24363; +https://leakix.net)"
74.7.228.3 - - [16/Mar/2026:16:59:41 +0000] "GET /robots.txt HTTP/1.1" 200 71 "-" "Mozilla/5.0 (Macintosh; Intel Mac OS X 10_15_7) AppleWebKit/537.36 (KHTML, like Gecko) Chrome/131.0.0.0 Safari/537.36; compatible; OAI-SearchBot/1.3; robots.txt; +https://openai.com/searchbot"
49.51.50.147 - - [16/Mar/2026:16:59:55 +0000] "GET / HTTP/1.1" 301 0 "-" "Mozilla/5.0 (iPhone; CPU iPhone OS 13_2_3 like Mac OS X) AppleWebKit/605.1.15 (KHTML, like Gecko) Version/13.0.3 Mobile/15E148 Safari/604.1"
209.38.208.202 - - [16/Mar/2026:16:44:55 +0000] "GET /api-docs/swagger.json HTTP/1.1" 404 10408 "-" "Mozilla/5.0 (l9scan/2.0.4333e22323e21333e24363; +https://leakix.net)"
209.38.208.202 - - [16/Mar/2026:16:44:57 +0000] "GET /trace.axd HTTP/1.1" 404 10408 "-" "Mozilla/5.0 (l9scan/2.0.4333e22323e21333e24363; +https://leakix.net)"
209.38.208.202 - - [16/Mar/2026:16:45:00 +0000] "GET /.vscode/sftp.json HTTP/1.1" 404 10408 "-" "Mozilla/5.0 (l9scan/2.0.4333e22323e21333e24363; +https://leakix.net)"
209.38.208.202 - - [16/Mar/2026:16:45:03 +0000] "OPTIONS / HTTP/1.1" 200 17531 "-" "Mozilla/5.0 (l9scan/2.0.4333e22323e21333e24363; +https://leakix.net)"
209.38.208.202 - - [16/Mar/2026:16:45:08 +0000] "GET /debug/default/view?panel=config HTTP/1.1" 404 10408 "-" "Mozilla/5.0 (l9scan/2.0.4333e22323e21333e24363; +https://leakix.net)"
74.7.227.8 - - [16/Mar/2026:16:59:43 +0000] "GET /?sitemap.xml HTTP/1.1" 301 0 "-" "Mozilla/5.0 AppleWebKit/537.36 (KHTML, like Gecko; compatible; GPTBot/1.3; +https://openai.com/gptbot)"
57.141.20.48 - - [16/Mar/2026:17:30:27 +0000] "GET / HTTP/1.1" 301 0 "-" "meta-externalagent/1.1 (+https://developers.facebook.com/docs/sharing/webmasters/crawler)"
64.31.22.34 - - [16/Mar/2026:17:37:03 +0000] "POST /wp-cron.php?doing_wp_cron=1773682623.0945670604705810546875 HTTP/1.1" 200 0 "-" "WordPress/6.9.4; https://maheensbeauty.com"
185.193.157.163 - - [16/Mar/2026:17:37:01 +0000] "GET / HTTP/1.1" 301 0 "-" "Mozilla/5.0 (Windows NT 10.0; Win64; x64) AppleWebKit/537.36 (KHTML, like Gecko) Chrome/78.0.3904.108 Safari/537.36"
64.31.22.34 - - [16/Mar/2026:17:47:54 +0000] "POST /wp-cron.php?doing_wp_cron=1773683274.1405990123748779296875 HTTP/1.1" 200 0 "-" "WordPress/6.9.4; https://maheensbeauty.com"
31.42.135.5 - - [16/Mar/2026:17:47:48 +0000] "GET /.vscode/sftp.json HTTP/1.1" 404 10408 "-" "Mozilla/5.0 (X11; Linux x86_64) AppleWebKit/537.36 (KHTML, like Gecko) Chrome/118.0.0.0 Safari/537.36"
64.31.22.34 - - [16/Mar/2026:17:30:30 +0000] "POST /wp-cron.php?doing_wp_cron=1773682229.9941360950469970703125 HTTP/1.1" 200 0 "-" "WordPress/6.9.4; https://maheensbeauty.com"
64.31.22.34 - - [16/Mar/2026:17:45:48 +0000] "POST /wp-cron.php?doing_wp_cron=1773683148.0850620269775390625000 HTTP/1.1" 200 0 "-" "WordPress/6.9.4; https://maheensbeauty.com"
57.141.20.2 - - [16/Mar/2026:17:45:46 +0000] "GET /makeup-services/ HTTP/1.1" 200 53796 "-" "meta-externalagent/1.1 (+https://developers.facebook.com/docs/sharing/webmasters/crawler)"
31.42.132.15 - - [16/Mar/2026:17:47:48 +0000] "GET /sftp-config.json HTTP/1.1" 404 10408 "-" "Mozilla/5.0 (Macintosh; Intel Mac OS X 10_15_7) AppleWebKit/537.36 (KHTML, like Gecko) Chrome/119.0.0.0 Safari/537.36"
64.31.22.34 - - [16/Mar/2026:17:47:54 +0000] "POST /wp-cron.php?doing_wp_cron=1773683274.1599390506744384765625 HTTP/1.1" 200 0 "-" "WordPress/6.9.4; https://maheensbeauty.com"
64.31.22.34 - - [16/Mar/2026:18:12:44 +0000] "POST /wp-cron.php?doing_wp_cron=1773684764.3587899208068847656250 HTTP/1.1" 200 0 "-" "WordPress/6.9.4; https://maheensbeauty.com"
66.249.79.4 - - [16/Mar/2026:18:12:41 +0000] "GET /?products/8810879 HTTP/1.1" 301 0 "-" "Mozilla/5.0 (Linux; Android 6.0.1; Nexus 5X Build/MMB29P) AppleWebKit/537.36 (KHTML, like Gecko) Chrome/145.0.7632.159 Mobile Safari/537.36 (compatible; Googlebot/2.1; +http://www.google.com/bot.html)"
40.77.167.184 - - [16/Mar/2026:18:48:48 +0000] "GET /robots.txt HTTP/1.1" 200 71 "-" "Mozilla/5.0 AppleWebKit/537.36 (KHTML, like Gecko; compatible; bingbot/2.0; +http://www.bing.com/bingbot.htm) Chrome/116.0.1938.76 Safari/537.36"
64.31.22.34 - - [16/Mar/2026:18:54:53 +0000] "POST /wp-cron.php?doing_wp_cron=1773687293.1799380779266357421875 HTTP/1.1" 200 0 "-" "WordPress/6.9.4; https://maheensbeauty.com"
66.249.79.5 - - [16/Mar/2026:18:54:52 +0000] "GET /?products/30402935 HTTP/1.1" 301 0 "-" "Mozilla/5.0 (Linux; Android 6.0.1; Nexus 5X Build/MMB29P) AppleWebKit/537.36 (KHTML, like Gecko) Chrome/145.0.7632.159 Mobile Safari/537.36 (compatible; Googlebot/2.1; +http://www.google.com/bot.html)"
64.31.22.34 - - [16/Mar/2026:18:49:01 +0000] "POST /wp-cron.php?doing_wp_cron=1773686941.0860249996185302734375 HTTP/1.1" 200 0 "-" "WordPress/6.9.4; https://maheensbeauty.com"
40.77.167.4 - - [16/Mar/2026:18:48:58 +0000] "GET /sitemap.xml.gz HTTP/1.1" 301 0 "-" "Mozilla/5.0 AppleWebKit/537.36 (KHTML, like Gecko; compatible; bingbot/2.0; +http://www.bing.com/bingbot.htm) Chrome/116.0.1938.76 Safari/537.36"
43.166.255.102 - - [16/Mar/2026:19:21:17 +0000] "GET / HTTP/1.1" 301 0 "-" "Mozilla/5.0 (iPhone; CPU iPhone OS 13_2_3 like Mac OS X) AppleWebKit/605.1.15 (KHTML, like Gecko) Version/13.0.3 Mobile/15E148 Safari/604.1"
38.248.91.54 - - [16/Mar/2026:19:26:19 +0000] "GET /wp-login.php HTTP/1.1" 307 797 "-" "Mozilla/5.0"
64.31.22.34 - - [16/Mar/2026:19:21:18 +0000] "POST /wp-cron.php?doing_wp_cron=1773688878.4118759632110595703125 HTTP/1.1" 200 0 "-" "WordPress/6.9.4; https://maheensbeauty.com"
64.31.22.34 - - [16/Mar/2026:19:34:00 +0000] "POST /wp-cron.php?doing_wp_cron=1773689640.7087829113006591796875 HTTP/1.1" 200 0 "-" "WordPress/6.9.4; https://maheensbeauty.com"
142.93.120.94 - - [16/Mar/2026:19:33:54 +0000] "GET /wp-json/wp/v2/posts HTTP/1.1" 200 683 "-" "Mozilla/5.0 (Windows NT 10.0; Win64; x64) AppleWebKit/537.36 (KHTML, like Gecko) Chrome/120.0.0.0 Safari/537.36"
64.31.22.34 - - [16/Mar/2026:19:37:47 +0000] "POST /wp-cron.php?doing_wp_cron=1773689867.3808319568634033203125 HTTP/1.1" 200 0 "-" "WordPress/6.9.4; https://maheensbeauty.com"
58.65.217.68 - - [16/Mar/2026:19:37:46 +0000] "GET /?utm_source=ig&utm_medium=social&utm_content=link_in_bio&fbclid=PAZXh0bgNhZW0CMTEAc3J0YwZhcHBfaWQPNTY3MDY3MzQzMzUyNDI3AAGn-8RssBTayuWJiT2ATIEiRZ-U7kS9viPjyJ1fTeU-qmSYWEVIP7jH0DZkois_aem_I3kcUVHEHao7Crho5UrcIg HTTP/1.1" 301 0 "https://l.instagram.com/" "Mozilla/5.0 (Linux; Android 14; TECNO CK6n Build/UP1A.231005.007; wv) AppleWebKit/537.36 (KHTML, like Gecko) Version/4.0 Chrome/146.0.7680.141 Mobile Safari/537.36 Instagram 420.0.0.55.74 Android (34/14; 480dpi; 1080x2400; TECNO; TECNO CK6n; TECNO-CK6n; mt6768; en_US; 903616175; IABMV/1)"
64.31.22.34 - - [16/Mar/2026:19:44:41 +0000] "POST /wp-cron.php?doing_wp_cron=1773690281.0607950687408447265625 HTTP/1.1" 200 0 "-" "WordPress/6.9.4; https://maheensbeauty.com"
173.252.82.3 - - [16/Mar/2026:19:44:39 +0000] "GET / HTTP/1.1" 301 0 "-" "facebookexternalhit/1.1 (+http://www.facebook.com/externalhit_uatext.php)"
173.252.83.9 - - [16/Mar/2026:19:44:39 +0000] "GET / HTTP/1.1" 301 0 "-" "facebookexternalhit/1.1 (+http://www.facebook.com/externalhit_uatext.php)"
64.31.22.34 - - [16/Mar/2026:20:00:58 +0000] "POST /wp-cron.php?doing_wp_cron=1773691258.6150639057159423828125 HTTP/1.1" 200 0 "-" "WordPress/6.9.4; https://maheensbeauty.com"
57.141.20.46 - - [16/Mar/2026:20:00:53 +0000] "GET /makeup-services/ HTTP/1.1" 200 53796 "-" "meta-externalagent/1.1 (+https://developers.facebook.com/docs/sharing/webmasters/crawler)"
173.252.70.31 - - [16/Mar/2026:21:20:45 +0000] "GET /robots.txt HTTP/1.1" 206 71 "-" "facebookexternalhit/1.1 (+http://www.facebook.com/externalhit_uatext.php)"
64.31.22.34 - - [16/Mar/2026:21:40:56 +0000] "POST /wp-cron.php?doing_wp_cron=1773697256.9275989532470703125000 HTTP/1.1" 200 0 "-" "WordPress/6.9.4; https://maheensbeauty.com"
117.33.163.216 - - [16/Mar/2026:21:40:54 +0000] "GET / HTTP/1.1" 301 0 "-" "Mozilla/5.0 (iPhone; CPU iPhone OS 13_2_3 like Mac OS X) AppleWebKit/605.1.15 (KHTML, like Gecko) Version/13.0.3 Mobile/15E148 Safari/604.1"
64.31.22.34 - - [16/Mar/2026:22:25:41 +0000] "POST /wp-cron.php?doing_wp_cron=1773699941.9006290435791015625000 HTTP/1.1" 200 0 "-" "WordPress/6.9.4; https://maheensbeauty.com"
43.157.181.189 - - [16/Mar/2026:22:25:38 +0000] "GET / HTTP/1.1" 301 0 "-" "Mozilla/5.0 (iPhone; CPU iPhone OS 13_2_3 like Mac OS X) AppleWebKit/605.1.15 (KHTML, like Gecko) Version/13.0.3 Mobile/15E148 Safari/604.1"
64.31.22.34 - - [16/Mar/2026:22:39:44 +0000] "POST /wp-cron.php?doing_wp_cron=1773700784.5066690444946289062500 HTTP/1.1" 200 0 "-" "WordPress/6.9.4; https://maheensbeauty.com"
85.137.48.167 - - [16/Mar/2026:22:39:41 +0000] "GET /style.php HTTP/1.1" 404 9467 "-" "Mozilla/4.0 (compatible; MSIE 6.0; Windows NT 5.1; SV1)"
216.73.216.133 - - [16/Mar/2026:22:48:12 +0000] "GET /robots.txt HTTP/1.1" 200 71 "-" "Mozilla/5.0 AppleWebKit/537.36 (KHTML, like Gecko; compatible; ClaudeBot/1.0; +claudebot@anthropic.com)"
64.31.22.34 - - [16/Mar/2026:22:48:15 +0000] "POST /wp-cron.php?doing_wp_cron=1773701295.2272510528564453125000 HTTP/1.1" 200 0 "-" "WordPress/6.9.4; https://maheensbeauty.com"
216.73.216.133 - - [16/Mar/2026:22:48:12 +0000] "GET / HTTP/1.1" 301 0 "-" "Mozilla/5.0 AppleWebKit/537.36 (KHTML, like Gecko; compatible; ClaudeBot/1.0; +claudebot@anthropic.com)"
64.31.22.34 - - [16/Mar/2026:23:29:31 +0000] "POST /wp-cron.php?doing_wp_cron=1773703771.9578120708465576171875 HTTP/1.1" 200 0 "-" "WordPress/6.9.4; https://maheensbeauty.com"
66.249.79.6 - - [16/Mar/2026:23:29:27 +0000] "GET /?products/15020213 HTTP/1.1" 301 0 "-" "Mozilla/5.0 (Linux; Android 6.0.1; Nexus 5X Build/MMB29P) AppleWebKit/537.36 (KHTML, like Gecko) Chrome/145.0.7632.159 Mobile Safari/537.36 (compatible; Googlebot/2.1; +http://www.google.com/bot.html)"
103.199.117.111 - - [16/Mar/2026:23:35:52 +0000] "GET /wp-json/wp/v2/posts HTTP/1.1" 200 683 "-" "Mozilla/5.0 (Windows NT 10.0; Win64; x64) AppleWebKit/537.36 (KHTML, like Gecko) Chrome/120.0.0.0 Safari/537.36"
64.31.22.34 - - [16/Mar/2026:23:35:55 +0000] "POST /wp-cron.php?doing_wp_cron=1773704155.4104130268096923828125 HTTP/1.1" 200 0 "-" "WordPress/6.9.4; https://maheensbeauty.com"
66.249.79.6 - - [16/Mar/2026:23:43:35 +0000] "GET /?products/15330291 HTTP/1.1" 301 0 "-" "Mozilla/5.0 (Linux; Android 6.0.1; Nexus 5X Build/MMB29P) AppleWebKit/537.36 (KHTML, like Gecko) Chrome/145.0.7632.159 Mobile Safari/537.36 (compatible; Googlebot/2.1; +http://www.google.com/bot.html)"
66.249.79.4 - - [16/Mar/2026:23:51:04 +0000] "GET /?products/13143413 HTTP/1.1" 301 0 "-" "Mozilla/5.0 (Linux; Android 6.0.1; Nexus 5X Build/MMB29P) AppleWebKit/537.36 (KHTML, like Gecko) Chrome/145.0.7632.159 Mobile Safari/537.36 (compatible; Googlebot/2.1; +http://www.google.com/bot.html)"
64.31.22.34 - - [16/Mar/2026:23:43:38 +0000] "POST /wp-cron.php?doing_wp_cron=1773704618.3197588920593261718750 HTTP/1.1" 200 0 "-" "WordPress/6.9.4; https://maheensbeauty.com"
173.252.127.17 - - [17/Mar/2026:00:21:45 +0000] "GET / HTTP/1.1" 301 0 "-" "facebookexternalhit/1.1 (+http://www.facebook.com/externalhit_uatext.php)"
64.31.22.34 - - [17/Mar/2026:00:21:46 +0000] "POST /wp-cron.php?doing_wp_cron=1773706906.3039801120758056640625 HTTP/1.1" 200 0 "-" "WordPress/6.9.4; https://maheensbeauty.com"
173.252.95.9 - - [17/Mar/2026:00:21:44 +0000] "GET / HTTP/1.1" 301 0 "-" "facebookexternalhit/1.1 (+http://www.facebook.com/externalhit_uatext.php)"
64.31.22.34 - - [17/Mar/2026:00:39:11 +0000] "POST /wp-cron.php?doing_wp_cron=1773707951.4712159633636474609375 HTTP/1.1" 200 0 "-" "WordPress/6.9.4; https://maheensbeauty.com"
185.213.193.117 - - [17/Mar/2026:00:39:08 +0000] "GET / HTTP/1.1" 301 0 "-" "Mozilla/5.0 (Windows NT 10.0; Win64; x64) AppleWebKit/537.36 (KHTML, like Gecko) Chrome/126.0.0.0 Safari/537.36"
64.31.22.34 - - [17/Mar/2026:00:45:06 +0000] "POST /wp-cron.php?doing_wp_cron=1773708306.3725450038909912109375 HTTP/1.1" 200 0 "-" "WordPress/6.9.4; https://maheensbeauty.com"
43.157.149.188 - - [17/Mar/2026:00:45:04 +0000] "GET / HTTP/1.1" 301 0 "-" "Mozilla/5.0 (iPhone; CPU iPhone OS 13_2_3 like Mac OS X) AppleWebKit/605.1.15 (KHTML, like Gecko) Version/13.0.3 Mobile/15E148 Safari/604.1"
64.31.22.34 - - [17/Mar/2026:01:05:56 +0000] "POST /wp-cron.php?doing_wp_cron=1773709556.0609929561614990234375 HTTP/1.1" 200 0 "-" "WordPress/6.9.4; https://maheensbeauty.com"
120.240.178.134 - - [17/Mar/2026:01:07:39 +0000] "GET /robots.txt HTTP/1.1" 200 71 "-" "Mozilla/5.0 (Windows NT 10.0; WOW64) AppleWebKit/537.36 (KHTML, like Gecko) Chrome/56.0.4281.81 Safari/537.36 LBBROWSER"
68.218.20.199 - - [17/Mar/2026:01:05:53 +0000] "HEAD / HTTP/1.1" 301 0 "-" "AliveHunter/3.2.1"
51.103.136.218 - - [17/Mar/2026:03:05:31 +0000] "GET /wp-content/plugins/hellopress/wp_filemanager.php HTTP/1.1" 406 779 "-" "-"
64.31.22.34 - - [17/Mar/2026:03:05:35 +0000] "POST /wp-cron.php?doing_wp_cron=1773716735.5232739448547363281250 HTTP/1.1" 200 0 "-" "WordPress/6.9.4; https://maheensbeauty.com"
51.103.136.218 - - [17/Mar/2026:03:05:31 +0000] "GET /fyiiz.php HTTP/1.1" 404 36042 "-" "-"
51.103.136.218 - - [17/Mar/2026:03:05:35 +0000] "GET /web.php HTTP/1.1" 404 36042 "-" "-"
51.103.136.218 - - [17/Mar/2026:03:05:37 +0000] "GET /dragonshell.php HTTP/1.1" 404 36042 "-" "-"
51.103.136.218 - - [17/Mar/2026:03:05:39 +0000] "GET /to.php HTTP/1.1" 404 36042 "-" "-"
51.103.136.218 - - [17/Mar/2026:03:05:40 +0000] "GET /xc0252.php HTTP/1.1" 404 36042 "-" "-"
51.103.136.218 - - [17/Mar/2026:03:05:42 +0000] "GET /595.php HTTP/1.1" 404 36042 "-" "-"
51.103.136.218 - - [17/Mar/2026:03:05:43 +0000] "GET /webadmin.php HTTP/1.1" 404 36042 "-" "-"
51.103.136.218 - - [17/Mar/2026:03:05:44 +0000] "GET /x1.php HTTP/1.1" 404 36042 "-" "-"
51.103.136.218 - - [17/Mar/2026:03:05:46 +0000] "GET /0.php HTTP/1.1" 404 36042 "-" "-"
51.103.136.218 - - [17/Mar/2026:03:05:47 +0000] "GET /scbpb.php HTTP/1.1" 404 36042 "-" "-"
51.103.136.218 - - [17/Mar/2026:03:05:48 +0000] "GET /yaiid.php HTTP/1.1" 404 36042 "-" "-"
51.103.136.218 - - [17/Mar/2026:03:05:50 +0000] "GET /ta0ol.php HTTP/1.1" 404 36042 "-" "-"
51.103.136.218 - - [17/Mar/2026:03:05:52 +0000] "GET /v3.php HTTP/1.1" 404 36042 "-" "-"
51.103.136.218 - - [17/Mar/2026:03:05:54 +0000] "GET /xvs.php HTTP/1.1" 404 36042 "-" "-"
51.103.136.218 - - [17/Mar/2026:03:05:55 +0000] "GET /fss.php HTTP/1.1" 404 36042 "-" "-"
51.103.136.218 - - [17/Mar/2026:03:05:56 +0000] "GET /xwx1.php HTTP/1.1" 404 36042 "-" "-"
51.103.136.218 - - [17/Mar/2026:03:05:58 +0000] "GET /utky.php HTTP/1.1" 404 36042 "-" "-"
51.103.136.218 - - [17/Mar/2026:03:05:59 +0000] "GET /ass.php HTTP/1.1" 404 36042 "-" "-"
51.103.136.218 - - [17/Mar/2026:03:06:01 +0000] "GET /gkl.php HTTP/1.1" 404 36042 "-" "-"
51.103.136.218 - - [17/Mar/2026:03:06:02 +0000] "GET /wps.php HTTP/1.1" 404 36042 "-" "-"
51.103.136.218 - - [17/Mar/2026:03:06:04 +0000] "GET /flower.php HTTP/1.1" 404 36042 "-" "-"
51.103.136.218 - - [17/Mar/2026:03:06:06 +0000] "GET /yifsx.php HTTP/1.1" 404 36042 "-" "-"
51.103.136.218 - - [17/Mar/2026:03:06:07 +0000] "GET /ng.php HTTP/1.1" 404 36042 "-" "-"
51.103.136.218 - - [17/Mar/2026:03:06:08 +0000] "GET /wp-includes/app.php HTTP/1.1" 406 779 "-" "-"
51.103.136.218 - - [17/Mar/2026:03:06:08 +0000] "GET /sw.php HTTP/1.1" 404 36042 "-" "-"
51.103.136.218 - - [17/Mar/2026:03:06:10 +0000] "GET /vfr.php HTTP/1.1" 404 36042 "-" "-"
51.103.136.218 - - [17/Mar/2026:03:06:11 +0000] "GET /wgift1.php HTTP/1.1" 404 36042 "-" "-"
51.103.136.218 - - [17/Mar/2026:03:06:13 +0000] "GET /torsa1.php HTTP/1.1" 404 36042 "-" "-"
51.103.136.218 - - [17/Mar/2026:03:06:14 +0000] "GET /zogy1.php HTTP/1.1" 404 36042 "-" "-"
51.103.136.218 - - [17/Mar/2026:03:06:16 +0000] "GET /zoper1.php HTTP/1.1" 404 36042 "-" "-"
51.103.136.218 - - [17/Mar/2026:03:06:17 +0000] "GET /wp-admin/maint/Jcrop.php HTTP/1.1" 406 779 "-" "-"
51.103.136.218 - - [17/Mar/2026:03:06:17 +0000] "GET /inege.php HTTP/1.1" 404 36042 "-" "-"
51.103.136.218 - - [17/Mar/2026:03:06:19 +0000] "GET /acjsn.php HTTP/1.1" 404 36042 "-" "-"
51.103.136.218 - - [17/Mar/2026:03:06:20 +0000] "GET /adnks.php HTTP/1.1" 404 36042 "-" "-"
51.103.136.218 - - [17/Mar/2026:03:06:21 +0000] "GET /ahiqq.php HTTP/1.1" 404 36042 "-" "-"
51.103.136.218 - - [17/Mar/2026:03:06:23 +0000] "GET /tool.php HTTP/1.1" 404 36042 "-" "-"
51.103.136.218 - - [17/Mar/2026:03:06:24 +0000] "GET /an9.php HTTP/1.1" 404 36042 "-" "-"
51.103.136.218 - - [17/Mar/2026:03:06:25 +0000] "GET /aqups.php HTTP/1.1" 404 36042 "-" "-"
51.103.136.218 - - [17/Mar/2026:03:06:27 +0000] "GET /bpltp.php HTTP/1.1" 404 36042 "-" "-"
51.103.136.218 - - [17/Mar/2026:03:06:28 +0000] "GET /byp9.php HTTP/1.1" 404 36042 "-" "-"
51.103.136.218 - - [17/Mar/2026:03:06:29 +0000] "GET /fs9.php HTTP/1.1" 404 36042 "-" "-"
51.103.136.218 - - [17/Mar/2026:03:06:31 +0000] "GET /genco.php HTTP/1.1" 404 36042 "-" "-"
51.103.136.218 - - [17/Mar/2026:03:06:32 +0000] "GET /p23duw.php HTTP/1.1" 404 36042 "-" "-"
51.103.136.218 - - [17/Mar/2026:03:06:33 +0000] "GET /pu9.php HTTP/1.1" 404 36042 "-" "-"
51.103.136.218 - - [17/Mar/2026:03:06:35 +0000] "GET /pu8.php HTTP/1.1" 404 36042 "-" "-"
51.103.136.218 - - [17/Mar/2026:03:06:36 +0000] "GET /aifa.php HTTP/1.1" 404 36042 "-" "-"
51.103.136.218 - - [17/Mar/2026:03:06:37 +0000] "GET /aee.php HTTP/1.1" 404 36042 "-" "-"
51.103.136.218 - - [17/Mar/2026:03:06:38 +0000] "GET /nc4.php HTTP/1.1" 404 36042 "-" "-"
51.103.136.218 - - [17/Mar/2026:03:06:39 +0000] "GET /vaza.php HTTP/1.1" 404 36042 "-" "-"
51.103.136.218 - - [17/Mar/2026:03:06:41 +0000] "GET /rithin.php HTTP/1.1" 404 36042 "-" "-"
51.103.136.218 - - [17/Mar/2026:03:06:42 +0000] "GET /wp9.php HTTP/1.1" 404 36042 "-" "-"
51.103.136.218 - - [17/Mar/2026:03:06:43 +0000] "GET /4pocjn.php HTTP/1.1" 404 36042 "-" "-"
51.103.136.218 - - [17/Mar/2026:03:06:45 +0000] "GET /vir-v2.php HTTP/1.1" 404 36042 "-" "-"
51.103.136.218 - - [17/Mar/2026:03:06:46 +0000] "GET /gm.php HTTP/1.1" 404 36042 "-" "-"
51.103.136.218 - - [17/Mar/2026:03:06:47 +0000] "GET /btx25.php HTTP/1.1" 404 36042 "-" "-"
51.103.136.218 - - [17/Mar/2026:03:06:49 +0000] "GET /v4.php HTTP/1.1" 404 36042 "-" "-"
51.103.136.218 - - [17/Mar/2026:03:06:50 +0000] "GET /v2.php HTTP/1.1" 404 36042 "-" "-"
51.103.136.218 - - [17/Mar/2026:03:06:51 +0000] "GET /wo.php HTTP/1.1" 404 36042 "-" "-"
51.103.136.218 - - [17/Mar/2026:03:06:52 +0000] "GET /wander.php HTTP/1.1" 404 36042 "-" "-"
51.103.136.218 - - [17/Mar/2026:03:06:54 +0000] "GET /amax.php HTTP/1.1" 404 36042 "-" "-"
51.103.136.218 - - [17/Mar/2026:03:06:55 +0000] "GET /hckpe.php HTTP/1.1" 404 36042 "-" "-"
51.103.136.218 - - [17/Mar/2026:03:06:57 +0000] "GET /ht.php HTTP/1.1" 404 36042 "-" "-"
51.103.136.218 - - [17/Mar/2026:03:06:58 +0000] "GET /sd.php HTTP/1.1" 404 36042 "-" "-"
51.103.136.218 - - [17/Mar/2026:03:06:59 +0000] "GET /blog.php HTTP/1.1" 404 36042 "-" "-"
51.103.136.218 - - [17/Mar/2026:03:07:00 +0000] "GET /wp-admin/maint/max.php HTTP/1.1" 406 779 "-" "-"
51.103.136.218 - - [17/Mar/2026:03:07:01 +0000] "GET /wp-admin/maint/admin.php HTTP/1.1" 406 779 "-" "-"
51.103.136.218 - - [17/Mar/2026:03:07:01 +0000] "GET /iindv.php HTTP/1.1" 404 36042 "-" "-"
51.103.136.218 - - [17/Mar/2026:03:07:03 +0000] "GET /sqaoi.php HTTP/1.1" 404 36042 "-" "-"
51.103.136.218 - - [17/Mar/2026:03:07:04 +0000] "GET /wp-admin/privacy.php HTTP/1.1" 406 779 "-" "-"
51.103.136.218 - - [17/Mar/2026:03:07:04 +0000] "GET /aapig.php HTTP/1.1" 404 36042 "-" "-"
51.103.136.218 - - [17/Mar/2026:03:07:06 +0000] "GET /fs8.php HTTP/1.1" 404 36042 "-" "-"
51.103.136.218 - - [17/Mar/2026:03:07:07 +0000] "GET /a5.php HTTP/1.1" 404 36042 "-" "-"
51.103.136.218 - - [17/Mar/2026:03:07:09 +0000] "GET /24.php HTTP/1.1" 404 36042 "-" "-"
51.103.136.218 - - [17/Mar/2026:03:07:10 +0000] "GET /class.php HTTP/1.1" 406 779 "-" "-"
51.103.136.218 - - [17/Mar/2026:03:07:10 +0000] "GET /zwq13.php HTTP/1.1" 404 36042 "-" "-"
51.103.136.218 - - [17/Mar/2026:03:07:11 +0000] "GET /wqqs.php HTTP/1.1" 404 36042 "-" "-"
51.103.136.218 - - [17/Mar/2026:03:07:13 +0000] "GET /gk.php HTTP/1.1" 404 36042 "-" "-"
51.103.136.218 - - [17/Mar/2026:03:07:14 +0000] "GET /trx24.php HTTP/1.1" 404 36042 "-" "-"
51.103.136.218 - - [17/Mar/2026:03:07:15 +0000] "GET /ad2.php HTTP/1.1" 404 36042 "-" "-"
51.103.136.218 - - [17/Mar/2026:03:07:17 +0000] "GET /zz8.php HTTP/1.1" 404 36042 "-" "-"
51.103.136.218 - - [17/Mar/2026:03:07:18 +0000] "GET /t00l.php HTTP/1.1" 404 36042 "-" "-"
51.103.136.218 - - [17/Mar/2026:03:07:19 +0000] "GET /kllib.php HTTP/1.1" 404 36042 "-" "-"
51.103.136.218 - - [17/Mar/2026:03:07:20 +0000] "GET /aki.php HTTP/1.1" 404 36042 "-" "-"
51.103.136.218 - - [17/Mar/2026:03:07:22 +0000] "GET /bolt.php HTTP/1.1" 404 36042 "-" "-"
51.103.136.218 - - [17/Mar/2026:03:07:23 +0000] "GET /gettest.php HTTP/1.1" 404 36042 "-" "-"
64.31.22.34 - - [17/Mar/2026:03:05:47 +0000] "POST /wp-cron.php?doing_wp_cron=1773716747.4585978984832763671875 HTTP/1.1" 200 0 "-" "WordPress/6.9.4; https://maheensbeauty.com"
64.31.22.34 - - [17/Mar/2026:03:06:47 +0000] "POST /wp-cron.php?doing_wp_cron=1773716807.4097599983215332031250 HTTP/1.1" 200 0 "-" "WordPress/6.9.4; https://maheensbeauty.com"
64.31.22.34 - - [17/Mar/2026:03:07:47 +0000] "POST /wp-cron.php?doing_wp_cron=1773716867.6082360744476318359375 HTTP/1.1" 200 0 "-" "WordPress/6.9.4; https://maheensbeauty.com"
51.103.136.218 - - [17/Mar/2026:03:07:24 +0000] "GET /lp6.php HTTP/1.1" 404 36042 "-" "-"
51.103.136.218 - - [17/Mar/2026:03:07:26 +0000] "GET /ff1.php HTTP/1.1" 404 36042 "-" "-"
51.103.136.218 - - [17/Mar/2026:03:07:27 +0000] "GET /44.php HTTP/1.1" 404 36042 "-" "-"
51.103.136.218 - - [17/Mar/2026:03:07:28 +0000] "GET /bwjjt.php HTTP/1.1" 404 36042 "-" "-"
51.103.136.218 - - [17/Mar/2026:03:07:29 +0000] "GET /t.php HTTP/1.1" 404 36042 "-" "-"
51.103.136.218 - - [17/Mar/2026:03:07:31 +0000] "GET /erty.php HTTP/1.1" 404 36042 "-" "-"
51.103.136.218 - - [17/Mar/2026:03:07:32 +0000] "GET /Okxob.php HTTP/1.1" 404 36042 "-" "-"
51.103.136.218 - - [17/Mar/2026:03:07:34 +0000] "GET /cc13.php?p= HTTP/1.1" 301 0 "-" "-"
51.103.136.218 - - [17/Mar/2026:03:07:35 +0000] "GET /cc13.php HTTP/1.1" 404 36042 "-" "-"
51.103.136.218 - - [17/Mar/2026:03:07:36 +0000] "GET /ws83.php HTTP/1.1" 404 36042 "-" "-"
51.103.136.218 - - [17/Mar/2026:03:07:38 +0000] "GET /ws84.php HTTP/1.1" 404 36042 "-" "-"
51.103.136.218 - - [17/Mar/2026:03:07:39 +0000] "GET /sc.php HTTP/1.1" 404 36042 "-" "-"
51.103.136.218 - - [17/Mar/2026:03:07:40 +0000] "GET /karma_b001.php HTTP/1.1" 404 36042 "-" "-"
51.103.136.218 - - [17/Mar/2026:03:07:42 +0000] "GET /karma_e76a.php HTTP/1.1" 404 36042 "-" "-"
51.103.136.218 - - [17/Mar/2026:03:07:43 +0000] "GET /karma_0cc5.php HTTP/1.1" 404 36042 "-" "-"
51.103.136.218 - - [17/Mar/2026:03:07:45 +0000] "GET /wp-admin/images/acxx.php?p= HTTP/1.1" 406 779 "-" "-"
51.103.136.218 - - [17/Mar/2026:03:07:45 +0000] "GET /image.php HTTP/1.1" 404 36042 "-" "-"
51.103.136.218 - - [17/Mar/2026:03:07:46 +0000] "GET /receiver.php HTTP/1.1" 404 36042 "-" "-"
51.103.136.218 - - [17/Mar/2026:03:07:47 +0000] "GET /mis.php HTTP/1.1" 404 36042 "-" "-"
51.103.136.218 - - [17/Mar/2026:03:07:49 +0000] "GET /az.php HTTP/1.1" 404 36042 "-" "-"
51.103.136.218 - - [17/Mar/2026:03:07:50 +0000] "GET /temp1.php HTTP/1.1" 404 36042 "-" "-"
51.103.136.218 - - [17/Mar/2026:03:07:52 +0000] "GET /com.php HTTP/1.1" 404 36042 "-" "-"
51.103.136.218 - - [17/Mar/2026:03:07:53 +0000] "GET /ocdzo.php HTTP/1.1" 404 36042 "-" "-"
51.103.136.218 - - [17/Mar/2026:03:07:55 +0000] "GET /yitlu.php HTTP/1.1" 404 36042 "-" "-"
51.103.136.218 - - [17/Mar/2026:03:07:56 +0000] "GET /xmzrp.php HTTP/1.1" 404 36042 "-" "-"
51.103.136.218 - - [17/Mar/2026:03:07:58 +0000] "GET /weoci.php HTTP/1.1" 404 36042 "-" "-"
51.103.136.218 - - [17/Mar/2026:03:07:59 +0000] "GET /wfsjt.php HTTP/1.1" 404 36042 "-" "-"
51.103.136.218 - - [17/Mar/2026:03:08:01 +0000] "GET /vhitr.php HTTP/1.1" 404 36042 "-" "-"
51.103.136.218 - - [17/Mar/2026:03:08:02 +0000] "GET /uvlyi.php HTTP/1.1" 404 36042 "-" "-"
51.103.136.218 - - [17/Mar/2026:03:08:04 +0000] "GET /tbmfx.php HTTP/1.1" 404 36042 "-" "-"
51.103.136.218 - - [17/Mar/2026:03:08:06 +0000] "GET /rqiup.php HTTP/1.1" 404 36042 "-" "-"
51.103.136.218 - - [17/Mar/2026:03:08:07 +0000] "GET /swqjx.php HTTP/1.1" 404 36042 "-" "-"
51.103.136.218 - - [17/Mar/2026:03:08:08 +0000] "GET /mfv7ys.php HTTP/1.1" 404 36042 "-" "-"
51.103.136.218 - - [17/Mar/2026:03:08:10 +0000] "GET /jxhre.php HTTP/1.1" 404 36042 "-" "-"
51.103.136.218 - - [17/Mar/2026:03:08:11 +0000] "GET /fsjne.php HTTP/1.1" 404 36042 "-" "-"
51.103.136.218 - - [17/Mar/2026:03:08:12 +0000] "GET /fvlje.php HTTP/1.1" 404 36042 "-" "-"
51.103.136.218 - - [17/Mar/2026:03:08:14 +0000] "GET /cqrrg.php HTTP/1.1" 404 36042 "-" "-"
51.103.136.218 - - [17/Mar/2026:03:08:15 +0000] "GET /euhpb.php HTTP/1.1" 404 36042 "-" "-"
188.120.250.106 - - [17/Mar/2026:03:22:16 +0000] "GET / HTTP/1.1" 301 0 "-" "Mozilla/5.0 (Windows NT 10.0; Win64; x64) AppleWebKit/537.36 (KHTML, like Gecko) Chrome/120.0.0.0 Safari/537.36"
64.31.22.34 - - [17/Mar/2026:03:22:19 +0000] "POST /wp-cron.php?doing_wp_cron=1773717739.4500141143798828125000 HTTP/1.1" 200 0 "-" "WordPress/6.9.4; https://maheensbeauty.com"
64.31.22.34 - - [17/Mar/2026:03:42:48 +0000] "POST /wp-cron.php?doing_wp_cron=1773718968.4713129997253417968750 HTTP/1.1" 200 0 "-" "WordPress/6.9.4; https://maheensbeauty.com"
43.135.211.148 - - [17/Mar/2026:03:42:47 +0000] "GET / HTTP/1.1" 301 0 "-" "Mozilla/5.0 (iPhone; CPU iPhone OS 13_2_3 like Mac OS X) AppleWebKit/605.1.15 (KHTML, like Gecko) Version/13.0.3 Mobile/15E148 Safari/604.1"
64.31.22.34 - - [17/Mar/2026:03:55:27 +0000] "POST /wp-cron.php?doing_wp_cron=1773719727.0077979564666748046875 HTTP/1.1" 200 0 "-" "WordPress/6.9.4; https://maheensbeauty.com"
117.62.235.53 - - [17/Mar/2026:03:55:23 +0000] "GET / HTTP/1.1" 301 0 "-" "Mozilla/5.0 (iPhone; CPU iPhone OS 13_2_3 like Mac OS X) AppleWebKit/605.1.15 (KHTML, like Gecko) Version/13.0.3 Mobile/15E148 Safari/604.1"
216.73.216.133 - - [17/Mar/2026:04:34:54 +0000] "GET /robots.txt HTTP/1.1" 200 71 "-" "Mozilla/5.0 AppleWebKit/537.36 (KHTML, like Gecko; compatible; ClaudeBot/1.0; +claudebot@anthropic.com)"
216.73.216.133 - - [17/Mar/2026:04:34:54 +0000] "GET / HTTP/1.1" 301 0 "-" "Mozilla/5.0 AppleWebKit/537.36 (KHTML, like Gecko; compatible; ClaudeBot/1.0; +claudebot@anthropic.com)"
64.31.22.34 - - [17/Mar/2026:04:34:55 +0000] "POST /wp-cron.php?doing_wp_cron=1773722095.5448091030120849609375 HTTP/1.1" 200 0 "-" "WordPress/6.9.4; https://maheensbeauty.com"
64.31.22.34 - - [17/Mar/2026:05:12:11 +0000] "POST /wp-cron.php?doing_wp_cron=1773724331.6414330005645751953125 HTTP/1.1" 200 0 "-" "WordPress/6.9.4; https://maheensbeauty.com"
57.141.20.0 - - [17/Mar/2026:05:11:56 +0000] "GET /makeup-services/ HTTP/1.1" 200 53796 "-" "meta-externalagent/1.1 (+https://developers.facebook.com/docs/sharing/webmasters/crawler)"
114.119.134.206 - - [17/Mar/2026:05:53:09 +0000] "GET /robots.txt HTTP/1.1" 200 71 "-" "Mozilla/5.0 (compatible;PetalBot;+https://webmaster.petalsearch.com/site/petalbot)"
64.31.22.34 - - [17/Mar/2026:05:57:15 +0000] "POST /wp-cron.php?doing_wp_cron=1773727035.2742929458618164062500 HTTP/1.1" 200 0 "-" "WordPress/6.9.4; https://maheensbeauty.com"
43.157.22.57 - - [17/Mar/2026:05:57:11 +0000] "GET / HTTP/1.1" 301 0 "-" "Mozilla/5.0 (iPhone; CPU iPhone OS 13_2_3 like Mac OS X) AppleWebKit/605.1.15 (KHTML, like Gecko) Version/13.0.3 Mobile/15E148 Safari/604.1"
216.81.245.145 - - [17/Mar/2026:06:24:07 +0000] "GET /.git/config HTTP/1.1" 403 1242 "-" "Mozilla/5.0 (Windows NT 10.0; WOW64) AppleWebKit/537.36 (KHTML, like Gecko) Chrome/72.0.3626.96 Safari/537.36"
64.31.22.34 - - [17/Mar/2026:07:08:54 +0000] "POST /wp-cron.php?doing_wp_cron=1773731334.9286580085754394531250 HTTP/1.1" 200 0 "-" "WordPress/6.9.4; https://maheensbeauty.com"
184.154.139.59 - - [17/Mar/2026:07:08:52 +0000] "GET / HTTP/1.1" 301 0 "http://www.google.com/url?url=www.maheensbeauty.com&yahoo.com" "Mozilla/5.0 (compatible; MSIE 9.0; Windows NT 6.1; WOW64; Trident/6.0)"
47.128.43.142 - - [17/Mar/2026:07:41:11 +0000] "GET /robots.txt HTTP/1.1" 200 71 "-" "Mozilla/5.0 (Linux; Android 5.0) AppleWebKit/537.36 (KHTML, like Gecko) Mobile Safari/537.36 (compatible; Bytespider; spider-feedback@bytedance.com)"
216.73.216.133 - - [17/Mar/2026:08:17:13 +0000] "GET /robots.txt HTTP/1.1" 200 71 "-" "Mozilla/5.0 AppleWebKit/537.36 (KHTML, like Gecko; compatible; ClaudeBot/1.0; +claudebot@anthropic.com)"
216.73.216.133 - - [17/Mar/2026:08:17:13 +0000] "GET / HTTP/1.1" 301 0 "-" "Mozilla/5.0 AppleWebKit/537.36 (KHTML, like Gecko; compatible; ClaudeBot/1.0; +claudebot@anthropic.com)"
64.31.22.34 - - [17/Mar/2026:08:17:16 +0000] "POST /wp-cron.php?doing_wp_cron=1773735436.3134911060333251953125 HTTP/1.1" 200 0 "-" "WordPress/6.9.4; https://maheensbeauty.com"