74.7.227.166 - - [16/Mar/2026:19:36:59 +0000] "GET /vendor/laravel/framework/src/Illuminate/Http/Client/HttpClientException.php HTTP/1.1" 200 0 "http://mianjeepos.bms69.com/vendor/laravel/framework/src/Illuminate/Http/Client/" "Mozilla/5.0 AppleWebKit/537.36 (KHTML, like Gecko; compatible; GPTBot/1.3; +https://openai.com/gptbot)"
74.7.227.142 - - [16/Mar/2026:19:37:33 +0000] "GET /vendor/egulias/email-validator/src/Result/Reason/LocalOrReservedDomain.php HTTP/1.1" 500 0 "http://www.mianjeepos.bms69.com/vendor/egulias/email-validator/src/Result/Reason/" "Mozilla/5.0 AppleWebKit/537.36 (KHTML, like Gecko; compatible; GPTBot/1.3; +https://openai.com/gptbot)"
74.7.227.166 - - [16/Mar/2026:19:37:59 +0000] "GET /vendor/laravel/framework/src/Illuminate/View/Engines/CompilerEngine.php HTTP/1.1" 500 0 "http://mianjeepos.bms69.com/vendor/laravel/framework/src/Illuminate/View/Engines/" "Mozilla/5.0 AppleWebKit/537.36 (KHTML, like Gecko; compatible; GPTBot/1.3; +https://openai.com/gptbot)"
74.7.227.142 - - [16/Mar/2026:19:38:36 +0000] "GET /vendor/laravel/framework/src/Illuminate/Routing/Redirector.php HTTP/1.1" 500 0 "http://www.mianjeepos.bms69.com/vendor/laravel/framework/src/Illuminate/Routing/" "Mozilla/5.0 AppleWebKit/537.36 (KHTML, like Gecko; compatible; GPTBot/1.3; +https://openai.com/gptbot)"
74.7.227.142 - - [16/Mar/2026:19:44:58 +0000] "GET /vendor/laravel/framework/src/Illuminate/Cache/TaggableStore.php HTTP/1.1" 500 0 "http://www.mianjeepos.bms69.com/vendor/laravel/framework/src/Illuminate/Cache/" "Mozilla/5.0 AppleWebKit/537.36 (KHTML, like Gecko; compatible; GPTBot/1.3; +https://openai.com/gptbot)"
74.7.227.166 - - [16/Mar/2026:19:45:04 +0000] "GET /vendor/laravel/framework/src/Illuminate/Queue/Jobs/RedisJob.php HTTP/1.1" 500 0 "http://mianjeepos.bms69.com/vendor/laravel/framework/src/Illuminate/Queue/Jobs/" "Mozilla/5.0 AppleWebKit/537.36 (KHTML, like Gecko; compatible; GPTBot/1.3; +https://openai.com/gptbot)"
74.7.227.142 - - [16/Mar/2026:19:39:40 +0000] "GET /vendor/spatie/laravel-medialibrary/src/Conversions/ImageGenerators/Avif.php HTTP/1.1" 500 0 "http://www.mianjeepos.bms69.com/vendor/spatie/laravel-medialibrary/src/Conversions/ImageGenerators/" "Mozilla/5.0 AppleWebKit/537.36 (KHTML, like Gecko; compatible; GPTBot/1.3; +https://openai.com/gptbot)"
74.7.227.142 - - [16/Mar/2026:19:40:40 +0000] "GET /vendor/laravel/framework/src/Illuminate/Cache/DatabaseStore.php HTTP/1.1" 500 0 "http://www.mianjeepos.bms69.com/vendor/laravel/framework/src/Illuminate/Cache/" "Mozilla/5.0 AppleWebKit/537.36 (KHTML, like Gecko; compatible; GPTBot/1.3; +https://openai.com/gptbot)"
74.7.227.142 - - [16/Mar/2026:19:41:44 +0000] "GET /vendor/vlucas/phpdotenv/src/Repository/Adapter/ImmutableWriter.php HTTP/1.1" 500 0 "http://www.mianjeepos.bms69.com/vendor/vlucas/phpdotenv/src/Repository/Adapter/" "Mozilla/5.0 AppleWebKit/537.36 (KHTML, like Gecko; compatible; GPTBot/1.3; +https://openai.com/gptbot)"
74.7.244.31 - - [16/Mar/2026:19:41:44 +0000] "GET /robots.txt HTTP/1.1" 404 1251 "-" "Mozilla/5.0 (Macintosh; Intel Mac OS X 10_15_7) AppleWebKit/537.36 (KHTML, like Gecko) Chrome/131.0.0.0 Safari/537.36; compatible; OAI-SearchBot/1.3; robots.txt; +https://openai.com/searchbot"
74.7.227.166 - - [16/Mar/2026:19:42:01 +0000] "GET /vendor/laravel/framework/src/Illuminate/Queue/Jobs/JobName.php HTTP/1.1" 200 0 "http://mianjeepos.bms69.com/vendor/laravel/framework/src/Illuminate/Queue/Jobs/" "Mozilla/5.0 AppleWebKit/537.36 (KHTML, like Gecko; compatible; GPTBot/1.3; +https://openai.com/gptbot)"
74.7.175.187 - - [16/Mar/2026:19:42:01 +0000] "GET /robots.txt HTTP/1.1" 404 1251 "-" "Mozilla/5.0 (Macintosh; Intel Mac OS X 10_15_7) AppleWebKit/537.36 (KHTML, like Gecko) Chrome/131.0.0.0 Safari/537.36; compatible; OAI-SearchBot/1.3; robots.txt; +https://openai.com/searchbot"
74.7.227.166 - - [16/Mar/2026:19:43:03 +0000] "GET /vendor/laravel/framework/src/Illuminate/Http/Client/Request.php HTTP/1.1" 500 0 "http://mianjeepos.bms69.com/vendor/laravel/framework/src/Illuminate/Http/Client/" "Mozilla/5.0 AppleWebKit/537.36 (KHTML, like Gecko; compatible; GPTBot/1.3; +https://openai.com/gptbot)"
74.7.227.142 - - [16/Mar/2026:19:43:55 +0000] "GET /vendor/laravel/framework/src/Illuminate/Support/Benchmark.php HTTP/1.1" 200 0 "http://www.mianjeepos.bms69.com/vendor/laravel/framework/src/Illuminate/Support/" "Mozilla/5.0 AppleWebKit/537.36 (KHTML, like Gecko; compatible; GPTBot/1.3; +https://openai.com/gptbot)"
74.7.227.166 - - [16/Mar/2026:19:44:01 +0000] "GET /vendor/laravel/framework/src/Illuminate/Http/Client/Factory.php HTTP/1.1" 500 0 "http://mianjeepos.bms69.com/vendor/laravel/framework/src/Illuminate/Http/Client/" "Mozilla/5.0 AppleWebKit/537.36 (KHTML, like Gecko; compatible; GPTBot/1.3; +https://openai.com/gptbot)"
74.7.227.166 - - [16/Mar/2026:19:38:55 +0000] "GET /vendor/laravel/framework/src/Illuminate/Http/Testing/FileFactory.php HTTP/1.1" 200 0 "http://mianjeepos.bms69.com/vendor/laravel/framework/src/Illuminate/Http/Testing/" "Mozilla/5.0 AppleWebKit/537.36 (KHTML, like Gecko; compatible; GPTBot/1.3; +https://openai.com/gptbot)"
74.7.227.166 - - [16/Mar/2026:19:39:59 +0000] "GET /vendor/laravel/framework/src/Illuminate/Queue/Jobs/BeanstalkdJob.php HTTP/1.1" 500 0 "http://mianjeepos.bms69.com/vendor/laravel/framework/src/Illuminate/Queue/Jobs/" "Mozilla/5.0 AppleWebKit/537.36 (KHTML, like Gecko; compatible; GPTBot/1.3; +https://openai.com/gptbot)"
74.7.227.166 - - [16/Mar/2026:19:40:58 +0000] "GET /vendor/laravel/framework/src/Illuminate/Database/PDO/Connection.php HTTP/1.1" 500 0 "http://mianjeepos.bms69.com/vendor/laravel/framework/src/Illuminate/Database/PDO/" "Mozilla/5.0 AppleWebKit/537.36 (KHTML, like Gecko; compatible; GPTBot/1.3; +https://openai.com/gptbot)"
74.7.227.142 - - [16/Mar/2026:19:42:51 +0000] "GET /vendor/laravel/framework/src/Illuminate/Queue/SerializesModels.php HTTP/1.1" 500 0 "http://www.mianjeepos.bms69.com/vendor/laravel/framework/src/Illuminate/Queue/" "Mozilla/5.0 AppleWebKit/537.36 (KHTML, like Gecko; compatible; GPTBot/1.3; +https://openai.com/gptbot)"
74.7.227.142 - - [16/Mar/2026:19:45:54 +0000] "GET /vendor/symfony/http-kernel/Controller/ArgumentResolver/?SD HTTP/1.1" 200 1315 "http://www.mianjeepos.bms69.com/vendor/symfony/http-kernel/Controller/ArgumentResolver/?SA" "Mozilla/5.0 AppleWebKit/537.36 (KHTML, like Gecko; compatible; GPTBot/1.3; +https://openai.com/gptbot)"
74.7.227.166 - - [16/Mar/2026:19:46:07 +0000] "GET /vendor/laravel/framework/src/Illuminate/View/Engines/EngineResolver.php HTTP/1.1" 200 0 "http://mianjeepos.bms69.com/vendor/laravel/framework/src/Illuminate/View/Engines/" "Mozilla/5.0 AppleWebKit/537.36 (KHTML, like Gecko; compatible; GPTBot/1.3; +https://openai.com/gptbot)"
74.7.227.142 - - [16/Mar/2026:19:46:58 +0000] "GET /vendor/symfony/http-kernel/Controller/ArgumentResolver/?ND HTTP/1.1" 200 1330 "http://www.mianjeepos.bms69.com/vendor/symfony/http-kernel/Controller/ArgumentResolver/" "Mozilla/5.0 AppleWebKit/537.36 (KHTML, like Gecko; compatible; GPTBot/1.3; +https://openai.com/gptbot)"
74.7.227.166 - - [16/Mar/2026:19:47:08 +0000] "GET /vendor/laravel/framework/src/Illuminate/Http/Client/Response.php HTTP/1.1" 500 0 "http://mianjeepos.bms69.com/vendor/laravel/framework/src/Illuminate/Http/Client/" "Mozilla/5.0 AppleWebKit/537.36 (KHTML, like Gecko; compatible; GPTBot/1.3; +https://openai.com/gptbot)"
74.7.175.187 - - [16/Mar/2026:19:47:08 +0000] "GET /robots.txt HTTP/1.1" 404 1251 "-" "Mozilla/5.0 (Macintosh; Intel Mac OS X 10_15_7) AppleWebKit/537.36 (KHTML, like Gecko) Chrome/131.0.0.0 Safari/537.36; compatible; OAI-SearchBot/1.3; robots.txt; +https://openai.com/searchbot"
74.7.227.142 - - [16/Mar/2026:19:47:56 +0000] "GET /vendor/symfony/http-kernel/Controller/ArgumentResolver/?MD HTTP/1.1" 200 1319 "http://www.mianjeepos.bms69.com/vendor/symfony/http-kernel/Controller/ArgumentResolver/?MA" "Mozilla/5.0 AppleWebKit/537.36 (KHTML, like Gecko; compatible; GPTBot/1.3; +https://openai.com/gptbot)"
74.7.227.142 - - [16/Mar/2026:19:48:44 +0000] "GET /vendor/league/config/?SA HTTP/1.1" 200 757 "http://www.mianjeepos.bms69.com/vendor/league/config/" "Mozilla/5.0 AppleWebKit/537.36 (KHTML, like Gecko; compatible; GPTBot/1.3; +https://openai.com/gptbot)"
74.7.227.166 - - [16/Mar/2026:19:49:06 +0000] "GET /vendor/laravel/framework/src/Illuminate/Http/Testing/MimeType.php HTTP/1.1" 200 0 "http://mianjeepos.bms69.com/vendor/laravel/framework/src/Illuminate/Http/Testing/" "Mozilla/5.0 AppleWebKit/537.36 (KHTML, like Gecko; compatible; GPTBot/1.3; +https://openai.com/gptbot)"
74.7.227.142 - - [16/Mar/2026:19:49:30 +0000] "GET /vendor/league/config/?MA HTTP/1.1" 200 759 "http://www.mianjeepos.bms69.com/vendor/league/config/" "Mozilla/5.0 AppleWebKit/537.36 (KHTML, like Gecko; compatible; GPTBot/1.3; +https://openai.com/gptbot)"
74.7.227.142 - - [16/Mar/2026:19:50:11 +0000] "GET /vendor/league/config/?ND HTTP/1.1" 200 749 "http://www.mianjeepos.bms69.com/vendor/league/config/" "Mozilla/5.0 AppleWebKit/537.36 (KHTML, like Gecko; compatible; GPTBot/1.3; +https://openai.com/gptbot)"
74.7.227.166 - - [16/Mar/2026:19:51:01 +0000] "GET /vendor/sebastian/object-reflector/src/?MD HTTP/1.1" 200 652 "http://mianjeepos.bms69.com/vendor/sebastian/object-reflector/src/?MA" "Mozilla/5.0 AppleWebKit/537.36 (KHTML, like Gecko; compatible; GPTBot/1.3; +https://openai.com/gptbot)"
74.7.227.166 - - [16/Mar/2026:19:52:07 +0000] "GET /vendor/sebastian/object-reflector/src/?SA HTTP/1.1" 200 654 "http://mianjeepos.bms69.com/vendor/sebastian/object-reflector/src/?ND" "Mozilla/5.0 AppleWebKit/537.36 (KHTML, like Gecko; compatible; GPTBot/1.3; +https://openai.com/gptbot)"
74.7.227.142 - - [16/Mar/2026:19:52:53 +0000] "GET /vendor/league/commonmark/src/Extension/TableOfContents/Normalizer/FlatNormalizerStrategy.php HTTP/1.1" 500 0 "http://www.mianjeepos.bms69.com/vendor/league/commonmark/src/Extension/TableOfContents/Normalizer/" "Mozilla/5.0 AppleWebKit/537.36 (KHTML, like Gecko; compatible; GPTBot/1.3; +https://openai.com/gptbot)"
74.7.244.31 - - [16/Mar/2026:19:52:53 +0000] "GET /robots.txt HTTP/1.1" 404 1251 "-" "Mozilla/5.0 (Macintosh; Intel Mac OS X 10_15_7) AppleWebKit/537.36 (KHTML, like Gecko) Chrome/131.0.0.0 Safari/537.36; compatible; OAI-SearchBot/1.3; robots.txt; +https://openai.com/searchbot"
74.7.175.187 - - [16/Mar/2026:19:53:03 +0000] "GET /robots.txt HTTP/1.1" 404 1251 "-" "Mozilla/5.0 (Macintosh; Intel Mac OS X 10_15_7) AppleWebKit/537.36 (KHTML, like Gecko) Chrome/131.0.0.0 Safari/537.36; compatible; OAI-SearchBot/1.3; robots.txt; +https://openai.com/searchbot"
74.7.227.166 - - [16/Mar/2026:20:00:44 +0000] "GET /vendor/spatie/error-solutions/src/Solutions/Laravel/error_log HTTP/1.1" 403 1242 "http://mianjeepos.bms69.com/vendor/spatie/error-solutions/src/Solutions/Laravel/" "Mozilla/5.0 AppleWebKit/537.36 (KHTML, like Gecko; compatible; GPTBot/1.3; +https://openai.com/gptbot)"
74.7.227.142 - - [16/Mar/2026:20:00:51 +0000] "GET /vendor/league/config/?NA HTTP/1.1" 200 752 "http://www.mianjeepos.bms69.com/vendor/league/config/?SA" "Mozilla/5.0 AppleWebKit/537.36 (KHTML, like Gecko; compatible; GPTBot/1.3; +https://openai.com/gptbot)"
74.7.227.142 - - [16/Mar/2026:20:01:34 +0000] "GET /vendor/spatie/laravel-medialibrary/src/MediaCollections/Events/?NA HTTP/1.1" 200 772 "http://www.mianjeepos.bms69.com/vendor/spatie/laravel-medialibrary/src/MediaCollections/Events/?MA" "Mozilla/5.0 AppleWebKit/537.36 (KHTML, like Gecko; compatible; GPTBot/1.3; +https://openai.com/gptbot)"
74.7.227.166 - - [16/Mar/2026:20:01:44 +0000] "GET /vendor/sebastian/object-reflector/src/?SD HTTP/1.1" 200 653 "http://mianjeepos.bms69.com/vendor/sebastian/object-reflector/src/?SA" "Mozilla/5.0 AppleWebKit/537.36 (KHTML, like Gecko; compatible; GPTBot/1.3; +https://openai.com/gptbot)"
74.7.227.142 - - [16/Mar/2026:20:02:17 +0000] "GET /vendor/spatie/laravel-medialibrary/src/MediaCollections/Events/?SA HTTP/1.1" 200 773 "http://www.mianjeepos.bms69.com/vendor/spatie/laravel-medialibrary/src/MediaCollections/Events/" "Mozilla/5.0 AppleWebKit/537.36 (KHTML, like Gecko; compatible; GPTBot/1.3; +https://openai.com/gptbot)"
74.7.227.166 - - [16/Mar/2026:19:53:52 +0000] "GET /storage/framework/cache/data/fc/ef/?SA HTTP/1.1" 200 663 "http://mianjeepos.bms69.com/storage/framework/cache/data/fc/ef/" "Mozilla/5.0 AppleWebKit/537.36 (KHTML, like Gecko; compatible; GPTBot/1.3; +https://openai.com/gptbot)"
74.7.227.166 - - [16/Mar/2026:19:54:38 +0000] "GET /storage/framework/cache/data/fc/ef/?MA HTTP/1.1" 200 662 "http://mianjeepos.bms69.com/storage/framework/cache/data/fc/ef/" "Mozilla/5.0 AppleWebKit/537.36 (KHTML, like Gecko; compatible; GPTBot/1.3; +https://openai.com/gptbot)"
74.7.227.142 - - [16/Mar/2026:19:54:50 +0000] "GET /vendor/spatie/laravel-medialibrary/src/Support/PathGenerator/DefaultPathGenerator.php HTTP/1.1" 500 0 "http://www.mianjeepos.bms69.com/vendor/spatie/laravel-medialibrary/src/Support/PathGenerator/" "Mozilla/5.0 AppleWebKit/537.36 (KHTML, like Gecko; compatible; GPTBot/1.3; +https://openai.com/gptbot)"
74.7.227.166 - - [16/Mar/2026:19:55:57 +0000] "GET /vendor/ezyang/htmlpurifier/library/HTMLPurifier/URIFilter/SafeIframe.php HTTP/1.1" 500 0 "http://mianjeepos.bms69.com/vendor/ezyang/htmlpurifier/library/HTMLPurifier/URIFilter/" "Mozilla/5.0 AppleWebKit/537.36 (KHTML, like Gecko; compatible; GPTBot/1.3; +https://openai.com/gptbot)"
74.7.227.166 - - [16/Mar/2026:19:56:34 +0000] "GET /vendor/ezyang/htmlpurifier/library/HTMLPurifier/HTMLModule/SafeEmbed.php HTTP/1.1" 500 0 "http://mianjeepos.bms69.com/vendor/ezyang/htmlpurifier/library/HTMLPurifier/HTMLModule/" "Mozilla/5.0 AppleWebKit/537.36 (KHTML, like Gecko; compatible; GPTBot/1.3; +https://openai.com/gptbot)"
74.7.227.142 - - [16/Mar/2026:19:56:57 +0000] "GET /vendor/spatie/laravel-medialibrary/src/Conversions/Events/ConversionHasBeenCompleted.php HTTP/1.1" 500 0 "http://www.mianjeepos.bms69.com/vendor/spatie/laravel-medialibrary/src/Conversions/Events/" "Mozilla/5.0 AppleWebKit/537.36 (KHTML, like Gecko; compatible; GPTBot/1.3; +https://openai.com/gptbot)"
74.7.244.31 - - [16/Mar/2026:19:57:57 +0000] "GET /robots.txt HTTP/1.1" 404 1251 "-" "Mozilla/5.0 (Macintosh; Intel Mac OS X 10_15_7) AppleWebKit/537.36 (KHTML, like Gecko) Chrome/131.0.0.0 Safari/537.36; compatible; OAI-SearchBot/1.3; robots.txt; +https://openai.com/searchbot"
74.7.227.166 - - [16/Mar/2026:19:58:40 +0000] "GET /vendor/ezyang/htmlpurifier/library/HTMLPurifier/Strategy/FixNesting.php HTTP/1.1" 500 0 "http://mianjeepos.bms69.com/vendor/ezyang/htmlpurifier/library/HTMLPurifier/Strategy/" "Mozilla/5.0 AppleWebKit/537.36 (KHTML, like Gecko; compatible; GPTBot/1.3; +https://openai.com/gptbot)"
74.7.227.142 - - [16/Mar/2026:19:58:59 +0000] "GET /vendor/league/config/?MD HTTP/1.1" 200 758 "http://www.mianjeepos.bms69.com/vendor/league/config/?MA" "Mozilla/5.0 AppleWebKit/537.36 (KHTML, like Gecko; compatible; GPTBot/1.3; +https://openai.com/gptbot)"
74.7.227.166 - - [16/Mar/2026:19:59:40 +0000] "GET /vendor/ezyang/htmlpurifier/library/HTMLPurifier/HTMLModule/Forms.php HTTP/1.1" 500 0 "http://mianjeepos.bms69.com/vendor/ezyang/htmlpurifier/library/HTMLPurifier/HTMLModule/" "Mozilla/5.0 AppleWebKit/537.36 (KHTML, like Gecko; compatible; GPTBot/1.3; +https://openai.com/gptbot)"
74.7.227.142 - - [16/Mar/2026:19:59:57 +0000] "GET /vendor/league/config/?SD HTTP/1.1" 200 755 "http://www.mianjeepos.bms69.com/vendor/league/config/?SA" "Mozilla/5.0 AppleWebKit/537.36 (KHTML, like Gecko; compatible; GPTBot/1.3; +https://openai.com/gptbot)"
74.7.227.166 - - [16/Mar/2026:19:48:04 +0000] "GET /vendor/laravel/framework/src/Illuminate/Auth/Access/Response.php HTTP/1.1" 500 0 "http://mianjeepos.bms69.com/vendor/laravel/framework/src/Illuminate/Auth/Access/" "Mozilla/5.0 AppleWebKit/537.36 (KHTML, like Gecko; compatible; GPTBot/1.3; +https://openai.com/gptbot)"
74.7.227.166 - - [16/Mar/2026:19:50:09 +0000] "GET /vendor/laravel/framework/src/Illuminate/View/Engines/FileEngine.php HTTP/1.1" 500 0 "http://mianjeepos.bms69.com/vendor/laravel/framework/src/Illuminate/View/Engines/" "Mozilla/5.0 AppleWebKit/537.36 (KHTML, like Gecko; compatible; GPTBot/1.3; +https://openai.com/gptbot)"
74.7.227.142 - - [16/Mar/2026:19:50:48 +0000] "GET /vendor/laravel/framework/src/Illuminate/Routing/ControllerMiddlewareOptions.php HTTP/1.1" 200 0 "http://www.mianjeepos.bms69.com/vendor/laravel/framework/src/Illuminate/Routing/" "Mozilla/5.0 AppleWebKit/537.36 (KHTML, like Gecko; compatible; GPTBot/1.3; +https://openai.com/gptbot)"
74.7.227.142 - - [16/Mar/2026:19:51:21 +0000] "GET /vendor/laravel/framework/src/Illuminate/Database/ConfigurationUrlParser.php HTTP/1.1" 500 0 "http://www.mianjeepos.bms69.com/vendor/laravel/framework/src/Illuminate/Database/" "Mozilla/5.0 AppleWebKit/537.36 (KHTML, like Gecko; compatible; GPTBot/1.3; +https://openai.com/gptbot)"
74.7.227.142 - - [16/Mar/2026:19:51:52 +0000] "GET /vendor/laravel/framework/src/Illuminate/Broadcasting/InteractsWithSockets.php HTTP/1.1" 200 0 "http://www.mianjeepos.bms69.com/vendor/laravel/framework/src/Illuminate/Broadcasting/" "Mozilla/5.0 AppleWebKit/537.36 (KHTML, like Gecko; compatible; GPTBot/1.3; +https://openai.com/gptbot)"
74.7.227.166 - - [16/Mar/2026:19:53:03 +0000] "GET /vendor/sebastian/object-reflector/src/?NA HTTP/1.1" 200 649 "http://mianjeepos.bms69.com/vendor/sebastian/object-reflector/src/?ND" "Mozilla/5.0 AppleWebKit/537.36 (KHTML, like Gecko; compatible; GPTBot/1.3; +https://openai.com/gptbot)"
74.7.227.142 - - [16/Mar/2026:19:53:49 +0000] "GET /vendor/phpoffice/phpspreadsheet/src/PhpSpreadsheet/Calculation/DateTimeExcel/NetworkDays.php HTTP/1.1" 500 0 "http://www.mianjeepos.bms69.com/vendor/phpoffice/phpspreadsheet/src/PhpSpreadsheet/Calculation/DateTimeExcel/" "Mozilla/5.0 AppleWebKit/537.36 (KHTML, like Gecko; compatible; GPTBot/1.3; +https://openai.com/gptbot)"
74.7.227.166 - - [16/Mar/2026:19:55:19 +0000] "GET /storage/framework/cache/data/fc/ef/?ND HTTP/1.1" 200 657 "http://mianjeepos.bms69.com/storage/framework/cache/data/fc/ef/" "Mozilla/5.0 AppleWebKit/537.36 (KHTML, like Gecko; compatible; GPTBot/1.3; +https://openai.com/gptbot)"
74.7.227.142 - - [16/Mar/2026:19:55:54 +0000] "GET /vendor/spatie/laravel-medialibrary/src/Conversions/Actions/PerformConversionAction.php HTTP/1.1" 200 0 "http://www.mianjeepos.bms69.com/vendor/spatie/laravel-medialibrary/src/Conversions/Actions/" "Mozilla/5.0 AppleWebKit/537.36 (KHTML, like Gecko; compatible; GPTBot/1.3; +https://openai.com/gptbot)"
74.7.227.166 - - [16/Mar/2026:19:57:38 +0000] "GET /vendor/ezyang/htmlpurifier/library/HTMLPurifier/AttrTransform/BgColor.php HTTP/1.1" 500 0 "http://mianjeepos.bms69.com/vendor/ezyang/htmlpurifier/library/HTMLPurifier/AttrTransform/?MA" "Mozilla/5.0 AppleWebKit/537.36 (KHTML, like Gecko; compatible; GPTBot/1.3; +https://openai.com/gptbot)"
74.7.227.142 - - [16/Mar/2026:19:57:56 +0000] "GET /vendor/spatie/laravel-medialibrary/src/MediaCollections/Events/?ND HTTP/1.1" 200 771 "http://www.mianjeepos.bms69.com/vendor/spatie/laravel-medialibrary/src/MediaCollections/Events/" "Mozilla/5.0 AppleWebKit/537.36 (KHTML, like Gecko; compatible; GPTBot/1.3; +https://openai.com/gptbot)"
74.7.175.187 - - [16/Mar/2026:19:58:40 +0000] "GET /robots.txt HTTP/1.1" 404 1251 "-" "Mozilla/5.0 (Macintosh; Intel Mac OS X 10_15_7) AppleWebKit/537.36 (KHTML, like Gecko) Chrome/131.0.0.0 Safari/537.36; compatible; OAI-SearchBot/1.3; robots.txt; +https://openai.com/searchbot"
74.7.244.31 - - [16/Mar/2026:20:03:00 +0000] "GET /robots.txt HTTP/1.1" 404 1251 "-" "Mozilla/5.0 (Macintosh; Intel Mac OS X 10_15_7) AppleWebKit/537.36 (KHTML, like Gecko) Chrome/131.0.0.0 Safari/537.36; compatible; OAI-SearchBot/1.3; robots.txt; +https://openai.com/searchbot"
74.7.227.142 - - [16/Mar/2026:20:03:36 +0000] "GET /vendor/laravel/framework/src/Illuminate/View/DynamicComponent.php HTTP/1.1" 500 0 "http://www.mianjeepos.bms69.com/vendor/laravel/framework/src/Illuminate/View/" "Mozilla/5.0 AppleWebKit/537.36 (KHTML, like Gecko; compatible; GPTBot/1.3; +https://openai.com/gptbot)"
74.7.227.142 - - [16/Mar/2026:20:04:31 +0000] "GET /vendor/doctrine/dbal/src/Schema/Exception/TableAlreadyExists.php HTTP/1.1" 500 0 "http://www.mianjeepos.bms69.com/vendor/doctrine/dbal/src/Schema/Exception/" "Mozilla/5.0 AppleWebKit/537.36 (KHTML, like Gecko; compatible; GPTBot/1.3; +https://openai.com/gptbot)"
74.7.227.166 - - [16/Mar/2026:20:04:34 +0000] "GET /storage/framework/cache/data/fc/ef/?MD HTTP/1.1" 200 663 "http://mianjeepos.bms69.com/storage/framework/cache/data/fc/ef/?MA" "Mozilla/5.0 AppleWebKit/537.36 (KHTML, like Gecko; compatible; GPTBot/1.3; +https://openai.com/gptbot)"
74.7.227.166 - - [16/Mar/2026:20:05:18 +0000] "GET /storage/framework/cache/data/fc/ef/?NA HTTP/1.1" 200 657 "http://mianjeepos.bms69.com/storage/framework/cache/data/fc/ef/?SA" "Mozilla/5.0 AppleWebKit/537.36 (KHTML, like Gecko; compatible; GPTBot/1.3; +https://openai.com/gptbot)"
74.7.227.142 - - [16/Mar/2026:20:05:33 +0000] "GET /vendor/laravel/framework/src/Illuminate/Bus/BatchRepository.php HTTP/1.1" 200 0 "http://www.mianjeepos.bms69.com/vendor/laravel/framework/src/Illuminate/Bus/" "Mozilla/5.0 AppleWebKit/537.36 (KHTML, like Gecko; compatible; GPTBot/1.3; +https://openai.com/gptbot)"
74.7.227.166 - - [16/Mar/2026:20:05:59 +0000] "GET /vendor/mockery/mockery/library/Mockery/Generator/StringManipulation/?NA HTTP/1.1" 200 651 "http://mianjeepos.bms69.com/vendor/mockery/mockery/library/Mockery/Generator/StringManipulation/?MA" "Mozilla/5.0 AppleWebKit/537.36 (KHTML, like Gecko; compatible; GPTBot/1.3; +https://openai.com/gptbot)"
74.7.227.166 - - [16/Mar/2026:20:06:37 +0000] "GET /vendor/mockery/mockery/library/Mockery/Generator/StringManipulation/?SA HTTP/1.1" 200 657 "http://mianjeepos.bms69.com/vendor/mockery/mockery/library/Mockery/Generator/StringManipulation/" "Mozilla/5.0 AppleWebKit/537.36 (KHTML, like Gecko; compatible; GPTBot/1.3; +https://openai.com/gptbot)"
74.7.227.142 - - [16/Mar/2026:20:06:37 +0000] "GET /vendor/laravel/framework/src/Illuminate/Cache/DynamoDbStore.php HTTP/1.1" 500 0 "http://www.mianjeepos.bms69.com/vendor/laravel/framework/src/Illuminate/Cache/" "Mozilla/5.0 AppleWebKit/537.36 (KHTML, like Gecko; compatible; GPTBot/1.3; +https://openai.com/gptbot)"
74.7.227.166 - - [16/Mar/2026:20:07:37 +0000] "GET /vendor/league/commonmark/src/Node/Query/ExpressionInterface.php HTTP/1.1" 200 0 "http://mianjeepos.bms69.com/vendor/league/commonmark/src/Node/Query/" "Mozilla/5.0 AppleWebKit/537.36 (KHTML, like Gecko; compatible; GPTBot/1.3; +https://openai.com/gptbot)"
74.7.227.166 - - [16/Mar/2026:20:08:29 +0000] "GET /vendor/league/commonmark/src/Extension/SmartPunct/QuoteParser.php HTTP/1.1" 500 0 "http://mianjeepos.bms69.com/vendor/league/commonmark/src/Extension/SmartPunct/" "Mozilla/5.0 AppleWebKit/537.36 (KHTML, like Gecko; compatible; GPTBot/1.3; +https://openai.com/gptbot)"
74.7.244.31 - - [16/Mar/2026:20:08:33 +0000] "GET /robots.txt HTTP/1.1" 404 1251 "-" "Mozilla/5.0 (Macintosh; Intel Mac OS X 10_15_7) AppleWebKit/537.36 (KHTML, like Gecko) Chrome/131.0.0.0 Safari/537.36; compatible; OAI-SearchBot/1.3; robots.txt; +https://openai.com/searchbot"
74.7.175.187 - - [16/Mar/2026:20:09:32 +0000] "GET /robots.txt HTTP/1.1" 404 1251 "-" "Mozilla/5.0 (Macintosh; Intel Mac OS X 10_15_7) AppleWebKit/537.36 (KHTML, like Gecko) Chrome/131.0.0.0 Safari/537.36; compatible; OAI-SearchBot/1.3; robots.txt; +https://openai.com/searchbot"
74.7.227.166 - - [16/Mar/2026:20:02:56 +0000] "GET /vendor/mockery/mockery/library/Mockery/Generator/StringManipulation/?ND HTTP/1.1" 200 650 "http://mianjeepos.bms69.com/vendor/mockery/mockery/library/Mockery/Generator/StringManipulation/" "Mozilla/5.0 AppleWebKit/537.36 (KHTML, like Gecko; compatible; GPTBot/1.3; +https://openai.com/gptbot)"
74.7.227.142 - - [16/Mar/2026:20:03:00 +0000] "GET /vendor/laravel/framework/src/Illuminate/Auth/RequestGuard.php HTTP/1.1" 500 0 "http://www.mianjeepos.bms69.com/vendor/laravel/framework/src/Illuminate/Auth/" "Mozilla/5.0 AppleWebKit/537.36 (KHTML, like Gecko; compatible; GPTBot/1.3; +https://openai.com/gptbot)"
74.7.227.166 - - [16/Mar/2026:20:03:45 +0000] "GET /storage/framework/cache/data/fc/ef/?SD HTTP/1.1" 200 663 "http://mianjeepos.bms69.com/storage/framework/cache/data/fc/ef/?SA" "Mozilla/5.0 AppleWebKit/537.36 (KHTML, like Gecko; compatible; GPTBot/1.3; +https://openai.com/gptbot)"
74.7.175.187 - - [16/Mar/2026:20:03:45 +0000] "GET /robots.txt HTTP/1.1" 404 1251 "-" "Mozilla/5.0 (Macintosh; Intel Mac OS X 10_15_7) AppleWebKit/537.36 (KHTML, like Gecko) Chrome/131.0.0.0 Safari/537.36; compatible; OAI-SearchBot/1.3; robots.txt; +https://openai.com/searchbot"
74.7.227.166 - - [16/Mar/2026:20:07:06 +0000] "GET /vendor/laravel/framework/src/Illuminate/Support/DateFactory.php HTTP/1.1" 200 0 "http://mianjeepos.bms69.com/vendor/laravel/framework/src/Illuminate/Support/" "Mozilla/5.0 AppleWebKit/537.36 (KHTML, like Gecko; compatible; GPTBot/1.3; +https://openai.com/gptbot)"
74.7.227.142 - - [16/Mar/2026:20:07:29 +0000] "GET /vendor/spatie/laravel-medialibrary/src/MediaCollections/Events/CollectionHasBeenCleared.php HTTP/1.1" 500 0 "http://www.mianjeepos.bms69.com/vendor/spatie/laravel-medialibrary/src/MediaCollections/Events/?ND" "Mozilla/5.0 AppleWebKit/537.36 (KHTML, like Gecko; compatible; GPTBot/1.3; +https://openai.com/gptbot)"
74.7.227.166 - - [16/Mar/2026:20:08:04 +0000] "GET /vendor/laravel/framework/src/Illuminate/Session/EncryptedStore.php HTTP/1.1" 500 0 "http://mianjeepos.bms69.com/vendor/laravel/framework/src/Illuminate/Session/" "Mozilla/5.0 AppleWebKit/537.36 (KHTML, like Gecko; compatible; GPTBot/1.3; +https://openai.com/gptbot)"
74.7.227.142 - - [16/Mar/2026:20:08:33 +0000] "GET /vendor/doctrine/dbal/src/Schema/Exception/ColumnDoesNotExist.php HTTP/1.1" 500 0 "http://www.mianjeepos.bms69.com/vendor/doctrine/dbal/src/Schema/Exception/" "Mozilla/5.0 AppleWebKit/537.36 (KHTML, like Gecko; compatible; GPTBot/1.3; +https://openai.com/gptbot)"
74.7.227.166 - - [16/Mar/2026:20:09:32 +0000] "GET /vendor/laravel/sanctum/src/Http/Middleware/CheckAbilities.php HTTP/1.1" 200 0 "http://mianjeepos.bms69.com/vendor/laravel/sanctum/src/Http/Middleware/" "Mozilla/5.0 AppleWebKit/537.36 (KHTML, like Gecko; compatible; GPTBot/1.3; +https://openai.com/gptbot)"
74.7.227.142 - - [16/Mar/2026:20:10:41 +0000] "GET /vendor/laravel/framework/src/Illuminate/Cache/RedisTagSet.php HTTP/1.1" 500 0 "http://www.mianjeepos.bms69.com/vendor/laravel/framework/src/Illuminate/Cache/" "Mozilla/5.0 AppleWebKit/537.36 (KHTML, like Gecko; compatible; GPTBot/1.3; +https://openai.com/gptbot)"
74.7.227.166 - - [16/Mar/2026:20:12:26 +0000] "GET /vendor/laravel/framework/src/Illuminate/Validation/NestedRules.php HTTP/1.1" 200 0 "http://mianjeepos.bms69.com/vendor/laravel/framework/src/Illuminate/Validation/" "Mozilla/5.0 AppleWebKit/537.36 (KHTML, like Gecko; compatible; GPTBot/1.3; +https://openai.com/gptbot)"
74.7.227.142 - - [16/Mar/2026:20:12:45 +0000] "GET /vendor/spatie/laravel-medialibrary/src/MediaCollections/Events/?SD HTTP/1.1" 200 773 "http://www.mianjeepos.bms69.com/vendor/spatie/laravel-medialibrary/src/MediaCollections/Events/?SA" "Mozilla/5.0 AppleWebKit/537.36 (KHTML, like Gecko; compatible; GPTBot/1.3; +https://openai.com/gptbot)"
74.7.227.142 - - [16/Mar/2026:20:09:36 +0000] "GET /vendor/egulias/email-validator/src/Result/Reason/CommentsInIDRight.php HTTP/1.1" 500 0 "http://www.mianjeepos.bms69.com/vendor/egulias/email-validator/src/Result/Reason/" "Mozilla/5.0 AppleWebKit/537.36 (KHTML, like Gecko; compatible; GPTBot/1.3; +https://openai.com/gptbot)"
74.7.227.166 - - [16/Mar/2026:20:10:33 +0000] "GET /vendor/laravel/framework/src/Illuminate/Foundation/AliasLoader.php HTTP/1.1" 200 0 "http://mianjeepos.bms69.com/vendor/laravel/framework/src/Illuminate/Foundation/" "Mozilla/5.0 AppleWebKit/537.36 (KHTML, like Gecko; compatible; GPTBot/1.3; +https://openai.com/gptbot)"
74.7.227.166 - - [16/Mar/2026:20:11:33 +0000] "GET /vendor/laravel/framework/src/Illuminate/Support/HtmlString.php HTTP/1.1" 500 0 "http://mianjeepos.bms69.com/vendor/laravel/framework/src/Illuminate/Support/" "Mozilla/5.0 AppleWebKit/537.36 (KHTML, like Gecko; compatible; GPTBot/1.3; +https://openai.com/gptbot)"
74.7.227.142 - - [16/Mar/2026:20:11:43 +0000] "GET /vendor/laravel/framework/src/Illuminate/Testing/PendingCommand.php HTTP/1.1" 200 0 "http://www.mianjeepos.bms69.com/vendor/laravel/framework/src/Illuminate/Testing/" "Mozilla/5.0 AppleWebKit/537.36 (KHTML, like Gecko; compatible; GPTBot/1.3; +https://openai.com/gptbot)"
74.7.227.166 - - [16/Mar/2026:20:13:30 +0000] "GET /vendor/laravel/framework/src/Illuminate/Filesystem/functions.php HTTP/1.1" 200 0 "http://mianjeepos.bms69.com/vendor/laravel/framework/src/Illuminate/Filesystem/" "Mozilla/5.0 AppleWebKit/537.36 (KHTML, like Gecko; compatible; GPTBot/1.3; +https://openai.com/gptbot)"
74.7.227.166 - - [16/Mar/2026:20:14:26 +0000] "GET /vendor/laravel/framework/src/Illuminate/Broadcasting/Channel.php HTTP/1.1" 200 0 "http://mianjeepos.bms69.com/vendor/laravel/framework/src/Illuminate/Broadcasting/" "Mozilla/5.0 AppleWebKit/537.36 (KHTML, like Gecko; compatible; GPTBot/1.3; +https://openai.com/gptbot)"
74.7.227.166 - - [16/Mar/2026:20:15:18 +0000] "GET /vendor/mockery/mockery/library/Mockery/Generator/StringManipulation/?SD HTTP/1.1" 200 655 "http://mianjeepos.bms69.com/vendor/mockery/mockery/library/Mockery/Generator/StringManipulation/?SA" "Mozilla/5.0 AppleWebKit/537.36 (KHTML, like Gecko; compatible; GPTBot/1.3; +https://openai.com/gptbot)"
74.7.227.166 - - [16/Mar/2026:20:16:04 +0000] "GET /vendor/league/commonmark/src/Node/Inline/AdjacentTextMerger.php HTTP/1.1" 200 0 "http://mianjeepos.bms69.com/vendor/league/commonmark/src/Node/Inline/" "Mozilla/5.0 AppleWebKit/537.36 (KHTML, like Gecko; compatible; GPTBot/1.3; +https://openai.com/gptbot)"
74.7.227.142 - - [16/Mar/2026:20:16:41 +0000] "GET /vendor/masterminds/html5/src/HTML5/Serializer/Traverser.php HTTP/1.1" 200 0 "http://www.mianjeepos.bms69.com/vendor/masterminds/html5/src/HTML5/Serializer/" "Mozilla/5.0 AppleWebKit/537.36 (KHTML, like Gecko; compatible; GPTBot/1.3; +https://openai.com/gptbot)"
74.7.227.166 - - [16/Mar/2026:20:16:45 +0000] "GET /vendor/laravel/framework/src/Illuminate/Support/Benchmark.php HTTP/1.1" 200 0 "http://mianjeepos.bms69.com/vendor/laravel/framework/src/Illuminate/Support/" "Mozilla/5.0 AppleWebKit/537.36 (KHTML, like Gecko; compatible; GPTBot/1.3; +https://openai.com/gptbot)"
74.7.227.142 - - [16/Mar/2026:20:17:46 +0000] "GET /vendor/pragmarx/ia-collection/stubs/src/?ND HTTP/1.1" 200 643 "http://www.mianjeepos.bms69.com/vendor/pragmarx/ia-collection/stubs/src/" "Mozilla/5.0 AppleWebKit/537.36 (KHTML, like Gecko; compatible; GPTBot/1.3; +https://openai.com/gptbot)"
74.7.227.166 - - [16/Mar/2026:20:17:58 +0000] "GET /vendor/laravel/framework/src/Illuminate/Support/ViewErrorBag.php HTTP/1.1" 200 0 "http://mianjeepos.bms69.com/vendor/laravel/framework/src/Illuminate/Support/" "Mozilla/5.0 AppleWebKit/537.36 (KHTML, like Gecko; compatible; GPTBot/1.3; +https://openai.com/gptbot)"
74.7.227.142 - - [16/Mar/2026:20:13:41 +0000] "GET /vendor/laravel/framework/src/Illuminate/Cache/PhpRedisLock.php HTTP/1.1" 500 0 "http://www.mianjeepos.bms69.com/vendor/laravel/framework/src/Illuminate/Cache/" "Mozilla/5.0 AppleWebKit/537.36 (KHTML, like Gecko; compatible; GPTBot/1.3; +https://openai.com/gptbot)"
74.7.244.31 - - [16/Mar/2026:20:13:41 +0000] "GET /robots.txt HTTP/1.1" 404 1251 "-" "Mozilla/5.0 (Macintosh; Intel Mac OS X 10_15_7) AppleWebKit/537.36 (KHTML, like Gecko) Chrome/131.0.0.0 Safari/537.36; compatible; OAI-SearchBot/1.3; robots.txt; +https://openai.com/searchbot"
74.7.227.142 - - [16/Mar/2026:20:14:33 +0000] "GET /vendor/laravel/framework/src/Illuminate/Config/Repository.php HTTP/1.1" 500 0 "http://www.mianjeepos.bms69.com/vendor/laravel/framework/src/Illuminate/Config/" "Mozilla/5.0 AppleWebKit/537.36 (KHTML, like Gecko; compatible; GPTBot/1.3; +https://openai.com/gptbot)"
74.7.175.187 - - [16/Mar/2026:20:15:19 +0000] "GET /robots.txt HTTP/1.1" 404 1251 "-" "Mozilla/5.0 (Macintosh; Intel Mac OS X 10_15_7) AppleWebKit/537.36 (KHTML, like Gecko) Chrome/131.0.0.0 Safari/537.36; compatible; OAI-SearchBot/1.3; robots.txt; +https://openai.com/searchbot"
74.7.227.142 - - [16/Mar/2026:20:15:37 +0000] "GET /vendor/laravel/framework/src/Illuminate/Broadcasting/Broadcasters/LogBroadcaster.php HTTP/1.1" 500 0 "http://www.mianjeepos.bms69.com/vendor/laravel/framework/src/Illuminate/Broadcasting/Broadcasters/" "Mozilla/5.0 AppleWebKit/537.36 (KHTML, like Gecko; compatible; GPTBot/1.3; +https://openai.com/gptbot)"
74.7.227.166 - - [16/Mar/2026:20:17:26 +0000] "GET /vendor/laravel/framework/src/Illuminate/Container/BoundMethod.php HTTP/1.1" 200 0 "http://mianjeepos.bms69.com/vendor/laravel/framework/src/Illuminate/Container/" "Mozilla/5.0 AppleWebKit/537.36 (KHTML, like Gecko; compatible; GPTBot/1.3; +https://openai.com/gptbot)"
74.7.227.166 - - [16/Mar/2026:20:18:29 +0000] "GET /vendor/laravel/framework/src/Illuminate/Foundation/Inspiring.php HTTP/1.1" 200 0 "http://mianjeepos.bms69.com/vendor/laravel/framework/src/Illuminate/Foundation/" "Mozilla/5.0 AppleWebKit/537.36 (KHTML, like Gecko; compatible; GPTBot/1.3; +https://openai.com/gptbot)"
74.7.227.142 - - [16/Mar/2026:20:18:44 +0000] "GET /vendor/pragmarx/ia-collection/stubs/src/?SA HTTP/1.1" 200 645 "http://www.mianjeepos.bms69.com/vendor/pragmarx/ia-collection/stubs/src/" "Mozilla/5.0 AppleWebKit/537.36 (KHTML, like Gecko; compatible; GPTBot/1.3; +https://openai.com/gptbot)"
74.7.244.31 - - [16/Mar/2026:20:18:44 +0000] "GET /robots.txt HTTP/1.1" 404 1251 "-" "Mozilla/5.0 (Macintosh; Intel Mac OS X 10_15_7) AppleWebKit/537.36 (KHTML, like Gecko) Chrome/131.0.0.0 Safari/537.36; compatible; OAI-SearchBot/1.3; robots.txt; +https://openai.com/searchbot"
74.7.227.166 - - [16/Mar/2026:20:18:53 +0000] "GET /vendor/doctrine/dbal/src/Schema/Exception/IndexNameInvalid.php HTTP/1.1" 500 0 "http://mianjeepos.bms69.com/vendor/doctrine/dbal/src/Schema/Exception/" "Mozilla/5.0 AppleWebKit/537.36 (KHTML, like Gecko; compatible; GPTBot/1.3; +https://openai.com/gptbot)"
74.7.227.166 - - [16/Mar/2026:20:19:18 +0000] "GET /vendor/laravel/framework/src/Illuminate/Database/Connection.php HTTP/1.1" 500 0 "http://mianjeepos.bms69.com/vendor/laravel/framework/src/Illuminate/Database/" "Mozilla/5.0 AppleWebKit/537.36 (KHTML, like Gecko; compatible; GPTBot/1.3; +https://openai.com/gptbot)"
74.7.227.166 - - [16/Mar/2026:20:20:21 +0000] "GET /vendor/spatie/laravel-medialibrary/src/Conversions/ImageGenerators/Avif.php HTTP/1.1" 500 0 "http://mianjeepos.bms69.com/vendor/spatie/laravel-medialibrary/src/Conversions/ImageGenerators/" "Mozilla/5.0 AppleWebKit/537.36 (KHTML, like Gecko; compatible; GPTBot/1.3; +https://openai.com/gptbot)"
74.7.227.142 - - [16/Mar/2026:20:21:02 +0000] "GET /vendor/phpoffice/phpspreadsheet/src/PhpSpreadsheet/Calculation/LookupRef/Lookup.php HTTP/1.1" 500 0 "http://www.mianjeepos.bms69.com/vendor/phpoffice/phpspreadsheet/src/PhpSpreadsheet/Calculation/LookupRef/" "Mozilla/5.0 AppleWebKit/537.36 (KHTML, like Gecko; compatible; GPTBot/1.3; +https://openai.com/gptbot)"
74.7.227.142 - - [16/Mar/2026:20:22:02 +0000] "GET /vendor/phpoffice/phpspreadsheet/src/PhpSpreadsheet/Calculation/Information/Value.php HTTP/1.1" 500 0 "http://www.mianjeepos.bms69.com/vendor/phpoffice/phpspreadsheet/src/PhpSpreadsheet/Calculation/Information/" "Mozilla/5.0 AppleWebKit/537.36 (KHTML, like Gecko; compatible; GPTBot/1.3; +https://openai.com/gptbot)"
74.7.227.166 - - [16/Mar/2026:20:22:23 +0000] "GET /vendor/laravel/framework/src/Illuminate/Cache/DatabaseStore.php HTTP/1.1" 500 0 "http://mianjeepos.bms69.com/vendor/laravel/framework/src/Illuminate/Cache/" "Mozilla/5.0 AppleWebKit/537.36 (KHTML, like Gecko; compatible; GPTBot/1.3; +https://openai.com/gptbot)"
74.7.227.166 - - [16/Mar/2026:20:23:25 +0000] "GET /vendor/pragmarx/ia-collection/src/Support/Traits/EnumeratesValues.php HTTP/1.1" 200 0 "http://mianjeepos.bms69.com/vendor/pragmarx/ia-collection/src/Support/Traits/" "Mozilla/5.0 AppleWebKit/537.36 (KHTML, like Gecko; compatible; GPTBot/1.3; +https://openai.com/gptbot)"
74.7.227.142 - - [16/Mar/2026:20:24:08 +0000] "GET /vendor/phpoffice/phpspreadsheet/src/PhpSpreadsheet/Calculation/Database/DProduct.php HTTP/1.1" 500 0 "http://www.mianjeepos.bms69.com/vendor/phpoffice/phpspreadsheet/src/PhpSpreadsheet/Calculation/Database/" "Mozilla/5.0 AppleWebKit/537.36 (KHTML, like Gecko; compatible; GPTBot/1.3; +https://openai.com/gptbot)"
74.7.227.142 - - [16/Mar/2026:20:25:14 +0000] "GET /vendor/phpoffice/phpspreadsheet/src/PhpSpreadsheet/Calculation/Engineering/ErfC.php HTTP/1.1" 500 0 "http://www.mianjeepos.bms69.com/vendor/phpoffice/phpspreadsheet/src/PhpSpreadsheet/Calculation/Engineering/" "Mozilla/5.0 AppleWebKit/537.36 (KHTML, like Gecko; compatible; GPTBot/1.3; +https://openai.com/gptbot)"
74.7.227.166 - - [16/Mar/2026:20:25:26 +0000] "GET /vendor/laravel/framework/src/Illuminate/Cache/DatabaseLock.php HTTP/1.1" 500 0 "http://mianjeepos.bms69.com/vendor/laravel/framework/src/Illuminate/Cache/" "Mozilla/5.0 AppleWebKit/537.36 (KHTML, like Gecko; compatible; GPTBot/1.3; +https://openai.com/gptbot)"
74.7.227.142 - - [16/Mar/2026:20:26:17 +0000] "GET /vendor/league/commonmark/src/Extension/Autolink/EmailAutolinkParser.php HTTP/1.1" 500 0 "http://www.mianjeepos.bms69.com/vendor/league/commonmark/src/Extension/Autolink/" "Mozilla/5.0 AppleWebKit/537.36 (KHTML, like Gecko; compatible; GPTBot/1.3; +https://openai.com/gptbot)"
74.7.227.166 - - [16/Mar/2026:20:26:30 +0000] "GET /vendor/doctrine/dbal/src/Schema/Exception/IndexDoesNotExist.php HTTP/1.1" 500 0 "http://mianjeepos.bms69.com/vendor/doctrine/dbal/src/Schema/Exception/" "Mozilla/5.0 AppleWebKit/537.36 (KHTML, like Gecko; compatible; GPTBot/1.3; +https://openai.com/gptbot)"
74.7.227.142 - - [16/Mar/2026:20:28:20 +0000] "GET /vendor/pragmarx/ia-collection/stubs/src/?NA HTTP/1.1" 200 644 "http://www.mianjeepos.bms69.com/vendor/pragmarx/ia-collection/stubs/src/?ND" "Mozilla/5.0 AppleWebKit/537.36 (KHTML, like Gecko; compatible; GPTBot/1.3; +https://openai.com/gptbot)"
74.7.227.166 - - [16/Mar/2026:20:28:37 +0000] "GET /vendor/laravel/framework/src/Illuminate/Http/RedirectResponse.php HTTP/1.1" 500 0 "http://mianjeepos.bms69.com/vendor/laravel/framework/src/Illuminate/Http/" "Mozilla/5.0 AppleWebKit/537.36 (KHTML, like Gecko; compatible; GPTBot/1.3; +https://openai.com/gptbot)"
74.7.227.142 - - [16/Mar/2026:20:19:40 +0000] "GET /vendor/pragmarx/ia-collection/stubs/src/?MA HTTP/1.1" 200 645 "http://www.mianjeepos.bms69.com/vendor/pragmarx/ia-collection/stubs/src/" "Mozilla/5.0 AppleWebKit/537.36 (KHTML, like Gecko; compatible; GPTBot/1.3; +https://openai.com/gptbot)"
74.7.175.187 - - [16/Mar/2026:20:20:22 +0000] "GET /robots.txt HTTP/1.1" 404 1251 "-" "Mozilla/5.0 (Macintosh; Intel Mac OS X 10_15_7) AppleWebKit/537.36 (KHTML, like Gecko) Chrome/131.0.0.0 Safari/537.36; compatible; OAI-SearchBot/1.3; robots.txt; +https://openai.com/searchbot"
74.7.227.142 - - [16/Mar/2026:20:20:22 +0000] "GET /vendor/laravel/framework/src/Illuminate/View/Engines/PhpEngine.php HTTP/1.1" 500 0 "http://www.mianjeepos.bms69.com/vendor/laravel/framework/src/Illuminate/View/Engines/" "Mozilla/5.0 AppleWebKit/537.36 (KHTML, like Gecko; compatible; GPTBot/1.3; +https://openai.com/gptbot)"
74.7.227.166 - - [16/Mar/2026:20:21:23 +0000] "GET /vendor/laravel/framework/src/Illuminate/Routing/ViewController.php HTTP/1.1" 500 0 "http://mianjeepos.bms69.com/vendor/laravel/framework/src/Illuminate/Routing/" "Mozilla/5.0 AppleWebKit/537.36 (KHTML, like Gecko; compatible; GPTBot/1.3; +https://openai.com/gptbot)"
74.7.227.142 - - [16/Mar/2026:20:23:07 +0000] "GET /vendor/phpoffice/phpspreadsheet/src/PhpSpreadsheet/Calculation/Database/DStDevP.php HTTP/1.1" 500 0 "http://www.mianjeepos.bms69.com/vendor/phpoffice/phpspreadsheet/src/PhpSpreadsheet/Calculation/Database/" "Mozilla/5.0 AppleWebKit/537.36 (KHTML, like Gecko; compatible; GPTBot/1.3; +https://openai.com/gptbot)"
74.7.227.166 - - [16/Mar/2026:20:24:27 +0000] "GET /vendor/doctrine/dbal/src/Schema/Exception/IndexAlreadyExists.php HTTP/1.1" 500 0 "http://mianjeepos.bms69.com/vendor/doctrine/dbal/src/Schema/Exception/" "Mozilla/5.0 AppleWebKit/537.36 (KHTML, like Gecko; compatible; GPTBot/1.3; +https://openai.com/gptbot)"
74.7.227.142 - - [16/Mar/2026:20:27:18 +0000] "GET /vendor/laravel/framework/src/Illuminate/Broadcasting/PendingBroadcast.php HTTP/1.1" 200 0 "http://www.mianjeepos.bms69.com/vendor/laravel/framework/src/Illuminate/Broadcasting/" "Mozilla/5.0 AppleWebKit/537.36 (KHTML, like Gecko; compatible; GPTBot/1.3; +https://openai.com/gptbot)"
74.7.227.166 - - [16/Mar/2026:20:27:34 +0000] "GET /vendor/laravel/framework/src/Illuminate/Validation/Factory.php HTTP/1.1" 500 0 "http://mianjeepos.bms69.com/vendor/laravel/framework/src/Illuminate/Validation/" "Mozilla/5.0 AppleWebKit/537.36 (KHTML, like Gecko; compatible; GPTBot/1.3; +https://openai.com/gptbot)"
74.7.227.142 - - [16/Mar/2026:20:30:10 +0000] "GET /vendor/pragmarx/ia-collection/stubs/src/?MD HTTP/1.1" 200 646 "http://www.mianjeepos.bms69.com/vendor/pragmarx/ia-collection/stubs/src/?MA" "Mozilla/5.0 AppleWebKit/537.36 (KHTML, like Gecko; compatible; GPTBot/1.3; +https://openai.com/gptbot)"
74.7.227.142 - - [16/Mar/2026:20:31:33 +0000] "GET /vendor/spatie/laravel-ignition/src/Recorders/DumpRecorder/MultiDumpHandler.php HTTP/1.1" 200 0 "http://www.mianjeepos.bms69.com/vendor/spatie/laravel-ignition/src/Recorders/DumpRecorder/" "Mozilla/5.0 AppleWebKit/537.36 (KHTML, like Gecko; compatible; GPTBot/1.3; +https://openai.com/gptbot)"
74.7.227.142 - - [16/Mar/2026:20:32:37 +0000] "GET /vendor/laravel/framework/src/Illuminate/Cookie/CookieValuePrefix.php HTTP/1.1" 200 0 "http://www.mianjeepos.bms69.com/vendor/laravel/framework/src/Illuminate/Cookie/" "Mozilla/5.0 AppleWebKit/537.36 (KHTML, like Gecko; compatible; GPTBot/1.3; +https://openai.com/gptbot)"
74.7.244.31 - - [16/Mar/2026:20:34:31 +0000] "GET /robots.txt HTTP/1.1" 404 1251 "-" "Mozilla/5.0 (Macintosh; Intel Mac OS X 10_15_7) AppleWebKit/537.36 (KHTML, like Gecko) Chrome/131.0.0.0 Safari/537.36; compatible; OAI-SearchBot/1.3; robots.txt; +https://openai.com/searchbot"
74.7.227.166 - - [16/Mar/2026:20:34:51 +0000] "GET /vendor/egulias/email-validator/src/Result/Reason/UnclosedQuotedString.php HTTP/1.1" 500 0 "http://mianjeepos.bms69.com/vendor/egulias/email-validator/src/Result/Reason/" "Mozilla/5.0 AppleWebKit/537.36 (KHTML, like Gecko; compatible; GPTBot/1.3; +https://openai.com/gptbot)"
74.7.227.142 - - [16/Mar/2026:20:35:27 +0000] "GET /vendor/spatie/laravel-medialibrary/src/ResponsiveImages/?MA HTTP/1.1" 200 1214 "http://www.mianjeepos.bms69.com/vendor/spatie/laravel-medialibrary/src/ResponsiveImages/" "Mozilla/5.0 AppleWebKit/537.36 (KHTML, like Gecko; compatible; GPTBot/1.3; +https://openai.com/gptbot)"
74.7.227.142 - - [16/Mar/2026:20:29:19 +0000] "GET /vendor/pragmarx/ia-collection/stubs/src/?SD HTTP/1.1" 200 646 "http://www.mianjeepos.bms69.com/vendor/pragmarx/ia-collection/stubs/src/?SA" "Mozilla/5.0 AppleWebKit/537.36 (KHTML, like Gecko; compatible; GPTBot/1.3; +https://openai.com/gptbot)"
74.7.244.31 - - [16/Mar/2026:20:29:19 +0000] "GET /robots.txt HTTP/1.1" 404 1251 "-" "Mozilla/5.0 (Macintosh; Intel Mac OS X 10_15_7) AppleWebKit/537.36 (KHTML, like Gecko) Chrome/131.0.0.0 Safari/537.36; compatible; OAI-SearchBot/1.3; robots.txt; +https://openai.com/searchbot"
74.7.227.166 - - [16/Mar/2026:20:29:41 +0000] "GET /vendor/laravel/framework/src/Illuminate/Routing/Redirector.php HTTP/1.1" 500 0 "http://mianjeepos.bms69.com/vendor/laravel/framework/src/Illuminate/Routing/" "Mozilla/5.0 AppleWebKit/537.36 (KHTML, like Gecko; compatible; GPTBot/1.3; +https://openai.com/gptbot)"
74.7.227.166 - - [16/Mar/2026:20:30:43 +0000] "GET /vendor/laravel/framework/src/Illuminate/Auth/SessionGuard.php HTTP/1.1" 500 0 "http://mianjeepos.bms69.com/vendor/laravel/framework/src/Illuminate/Auth/" "Mozilla/5.0 AppleWebKit/537.36 (KHTML, like Gecko; compatible; GPTBot/1.3; +https://openai.com/gptbot)"
74.7.175.187 - - [16/Mar/2026:20:30:44 +0000] "GET /robots.txt HTTP/1.1" 404 1251 "-" "Mozilla/5.0 (Macintosh; Intel Mac OS X 10_15_7) AppleWebKit/537.36 (KHTML, like Gecko) Chrome/131.0.0.0 Safari/537.36; compatible; OAI-SearchBot/1.3; robots.txt; +https://openai.com/searchbot"
74.7.227.142 - - [16/Mar/2026:20:30:51 +0000] "GET /vendor/league/commonmark/src/Extension/Autolink/UrlAutolinkParser.php HTTP/1.1" 500 0 "http://www.mianjeepos.bms69.com/vendor/league/commonmark/src/Extension/Autolink/" "Mozilla/5.0 AppleWebKit/537.36 (KHTML, like Gecko; compatible; GPTBot/1.3; +https://openai.com/gptbot)"
74.7.227.166 - - [16/Mar/2026:20:31:47 +0000] "GET /vendor/laravel/framework/src/Illuminate/Support/ValidatedInput.php HTTP/1.1" 500 0 "http://mianjeepos.bms69.com/vendor/laravel/framework/src/Illuminate/Support/" "Mozilla/5.0 AppleWebKit/537.36 (KHTML, like Gecko; compatible; GPTBot/1.3; +https://openai.com/gptbot)"
74.7.227.166 - - [16/Mar/2026:20:32:49 +0000] "GET /vendor/laravel/framework/src/Illuminate/View/ComponentSlot.php HTTP/1.1" 500 0 "http://mianjeepos.bms69.com/vendor/laravel/framework/src/Illuminate/View/" "Mozilla/5.0 AppleWebKit/537.36 (KHTML, like Gecko; compatible; GPTBot/1.3; +https://openai.com/gptbot)"
74.7.227.142 - - [16/Mar/2026:20:33:36 +0000] "GET /vendor/nesbot/carbon/src/Carbon/Exceptions/InvalidArgumentException.php HTTP/1.1" 500 0 "http://www.mianjeepos.bms69.com/vendor/nesbot/carbon/src/Carbon/Exceptions/" "Mozilla/5.0 AppleWebKit/537.36 (KHTML, like Gecko; compatible; GPTBot/1.3; +https://openai.com/gptbot)"
74.7.227.166 - - [16/Mar/2026:20:33:50 +0000] "GET /vendor/laravel/framework/src/Illuminate/Http/JsonResponse.php HTTP/1.1" 500 0 "http://mianjeepos.bms69.com/vendor/laravel/framework/src/Illuminate/Http/" "Mozilla/5.0 AppleWebKit/537.36 (KHTML, like Gecko; compatible; GPTBot/1.3; +https://openai.com/gptbot)"
74.7.227.142 - - [16/Mar/2026:20:34:31 +0000] "GET /vendor/spatie/laravel-medialibrary/src/ResponsiveImages/?SA HTTP/1.1" 200 1213 "http://www.mianjeepos.bms69.com/vendor/spatie/laravel-medialibrary/src/ResponsiveImages/" "Mozilla/5.0 AppleWebKit/537.36 (KHTML, like Gecko; compatible; GPTBot/1.3; +https://openai.com/gptbot)"
74.7.227.166 - - [16/Mar/2026:20:35:52 +0000] "GET /vendor/nunomaduro/collision/src/Adapters/Phpunit/ConfigureIO.php HTTP/1.1" 200 0 "http://mianjeepos.bms69.com/vendor/nunomaduro/collision/src/Adapters/Phpunit/" "Mozilla/5.0 AppleWebKit/537.36 (KHTML, like Gecko; compatible; GPTBot/1.3; +https://openai.com/gptbot)"
74.7.227.142 - - [16/Mar/2026:20:36:22 +0000] "GET /vendor/spatie/laravel-medialibrary/src/ResponsiveImages/?ND HTTP/1.1" 200 1209 "http://www.mianjeepos.bms69.com/vendor/spatie/laravel-medialibrary/src/ResponsiveImages/" "Mozilla/5.0 AppleWebKit/537.36 (KHTML, like Gecko; compatible; GPTBot/1.3; +https://openai.com/gptbot)"
74.7.227.166 - - [16/Mar/2026:20:36:58 +0000] "GET /vendor/laravel/framework/src/Illuminate/Queue/ListenerOptions.php HTTP/1.1" 500 0 "http://mianjeepos.bms69.com/vendor/laravel/framework/src/Illuminate/Queue/" "Mozilla/5.0 AppleWebKit/537.36 (KHTML, like Gecko; compatible; GPTBot/1.3; +https://openai.com/gptbot)"
74.7.227.142 - - [16/Mar/2026:20:37:12 +0000] "GET /vendor/dompdf/php-font-lib/src/FontLib/TrueType/error_log HTTP/1.1" 403 1242 "http://www.mianjeepos.bms69.com/vendor/dompdf/php-font-lib/src/FontLib/TrueType/" "Mozilla/5.0 AppleWebKit/537.36 (KHTML, like Gecko; compatible; GPTBot/1.3; +https://openai.com/gptbot)"
74.7.227.166 - - [16/Mar/2026:20:37:55 +0000] "GET /vendor/league/commonmark/src/Extension/SmartPunct/DashParser.php HTTP/1.1" 500 0 "http://mianjeepos.bms69.com/vendor/league/commonmark/src/Extension/SmartPunct/" "Mozilla/5.0 AppleWebKit/537.36 (KHTML, like Gecko; compatible; GPTBot/1.3; +https://openai.com/gptbot)"
74.7.227.142 - - [16/Mar/2026:20:37:57 +0000] "GET /vendor/dompdf/php-font-lib/src/FontLib/OpenType/error_log HTTP/1.1" 403 1242 "http://www.mianjeepos.bms69.com/vendor/dompdf/php-font-lib/src/FontLib/OpenType/" "Mozilla/5.0 AppleWebKit/537.36 (KHTML, like Gecko; compatible; GPTBot/1.3; +https://openai.com/gptbot)"
74.7.227.142 - - [16/Mar/2026:20:38:44 +0000] "GET /vendor/laravel/framework/src/Illuminate/Contracts/Config/ HTTP/1.1" 200 667 "http://www.mianjeepos.bms69.com/vendor/laravel/framework/src/Illuminate/Contracts/" "Mozilla/5.0 AppleWebKit/537.36 (KHTML, like Gecko; compatible; GPTBot/1.3; +https://openai.com/gptbot)"
74.7.227.166 - - [16/Mar/2026:20:38:58 +0000] "GET /vendor/laravel/framework/src/Illuminate/Cache/TaggableStore.php HTTP/1.1" 500 0 "http://mianjeepos.bms69.com/vendor/laravel/framework/src/Illuminate/Cache/" "Mozilla/5.0 AppleWebKit/537.36 (KHTML, like Gecko; compatible; GPTBot/1.3; +https://openai.com/gptbot)"
74.7.227.142 - - [16/Mar/2026:20:39:31 +0000] "GET /vendor/spatie/laravel-ignition/src/Commands/stubs/runnable-solution.stub HTTP/1.1" 200 704 "http://www.mianjeepos.bms69.com/vendor/spatie/laravel-ignition/src/Commands/stubs/" "Mozilla/5.0 AppleWebKit/537.36 (KHTML, like Gecko; compatible; GPTBot/1.3; +https://openai.com/gptbot)"
74.7.244.31 - - [16/Mar/2026:20:39:31 +0000] "GET /robots.txt HTTP/1.1" 404 1251 "-" "Mozilla/5.0 (Macintosh; Intel Mac OS X 10_15_7) AppleWebKit/537.36 (KHTML, like Gecko) Chrome/131.0.0.0 Safari/537.36; compatible; OAI-SearchBot/1.3; robots.txt; +https://openai.com/searchbot"
74.7.227.142 - - [16/Mar/2026:20:40:18 +0000] "GET /vendor/maatwebsite/excel/src/Console/stubs/import.collection.stub HTTP/1.1" 200 289 "http://www.mianjeepos.bms69.com/vendor/maatwebsite/excel/src/Console/stubs/" "Mozilla/5.0 AppleWebKit/537.36 (KHTML, like Gecko; compatible; GPTBot/1.3; +https://openai.com/gptbot)"
