74.7.244.31 - - [17/Mar/2026:07:06:02 +0000] "GET /robots.txt HTTP/1.1" 404 1251 "-" "Mozilla/5.0 (Macintosh; Intel Mac OS X 10_15_7) AppleWebKit/537.36 (KHTML, like Gecko) Chrome/131.0.0.0 Safari/537.36; compatible; OAI-SearchBot/1.3; robots.txt; +https://openai.com/searchbot"
74.7.227.142 - - [17/Mar/2026:07:06:02 +0000] "GET /vendor/phpoffice/phpspreadsheet/src/PhpSpreadsheet/Calculation/MathTrig/Trig/?ND HTTP/1.1" 200 1118 "http://www.mianjeepos.bms69.com/vendor/phpoffice/phpspreadsheet/src/PhpSpreadsheet/Calculation/MathTrig/Trig/" "Mozilla/5.0 AppleWebKit/537.36 (KHTML, like Gecko; compatible; GPTBot/1.3; +https://openai.com/gptbot)"
74.7.227.166 - - [17/Mar/2026:07:06:05 +0000] "GET /vendor/spatie/error-solutions/src/SolutionProviders/Laravel/SailNetworkSolutionProvider.php HTTP/1.1" 500 0 "http://mianjeepos.bms69.com/vendor/spatie/error-solutions/src/SolutionProviders/Laravel/" "Mozilla/5.0 AppleWebKit/537.36 (KHTML, like Gecko; compatible; GPTBot/1.3; +https://openai.com/gptbot)"
74.7.227.166 - - [17/Mar/2026:07:35:29 +0000] "GET /vendor/phpunit/php-file-iterator/src/ExcludeIterator.php HTTP/1.1" 200 0 "http://mianjeepos.bms69.com/vendor/phpunit/php-file-iterator/src/?MA" "Mozilla/5.0 AppleWebKit/537.36 (KHTML, like Gecko; compatible; GPTBot/1.3; +https://openai.com/gptbot)"
74.7.227.142 - - [17/Mar/2026:07:37:55 +0000] "GET /vendor/phpoffice/phpspreadsheet/src/PhpSpreadsheet/Calculation/MathTrig/Trig/?MA HTTP/1.1" 200 1122 "http://www.mianjeepos.bms69.com/vendor/phpoffice/phpspreadsheet/src/PhpSpreadsheet/Calculation/MathTrig/Trig/" "Mozilla/5.0 AppleWebKit/537.36 (KHTML, like Gecko; compatible; GPTBot/1.3; +https://openai.com/gptbot)"
74.7.227.142 - - [17/Mar/2026:07:38:05 +0000] "GET /vendor/phpoffice/phpspreadsheet/src/PhpSpreadsheet/Style/NumberFormat/Wizard/?ND HTTP/1.1" 200 1285 "http://www.mianjeepos.bms69.com/vendor/phpoffice/phpspreadsheet/src/PhpSpreadsheet/Style/NumberFormat/Wizard/" "Mozilla/5.0 AppleWebKit/537.36 (KHTML, like Gecko; compatible; GPTBot/1.3; +https://openai.com/gptbot)"
74.7.175.187 - - [17/Mar/2026:07:38:05 +0000] "GET /robots.txt HTTP/1.1" 404 1251 "-" "Mozilla/5.0 (Macintosh; Intel Mac OS X 10_15_7) AppleWebKit/537.36 (KHTML, like Gecko) Chrome/131.0.0.0 Safari/537.36; compatible; OAI-SearchBot/1.3; robots.txt; +https://openai.com/searchbot"
74.7.244.31 - - [17/Mar/2026:07:34:47 +0000] "GET /robots.txt HTTP/1.1" 404 1251 "-" "Mozilla/5.0 (Macintosh; Intel Mac OS X 10_15_7) AppleWebKit/537.36 (KHTML, like Gecko) Chrome/131.0.0.0 Safari/537.36; compatible; OAI-SearchBot/1.3; robots.txt; +https://openai.com/searchbot"
74.7.227.166 - - [17/Mar/2026:07:37:55 +0000] "GET /vendor/ezyang/htmlpurifier/library/HTMLPurifier/Strategy/ValidateAttributes.php HTTP/1.1" 500 0 "http://mianjeepos.bms69.com/vendor/ezyang/htmlpurifier/library/HTMLPurifier/Strategy/" "Mozilla/5.0 AppleWebKit/537.36 (KHTML, like Gecko; compatible; GPTBot/1.3; +https://openai.com/gptbot)"
74.7.227.166 - - [17/Mar/2026:07:38:05 +0000] "GET /vendor/laravel/framework/src/Illuminate/Contracts/Validation/error_log HTTP/1.1" 403 1242 "http://mianjeepos.bms69.com/vendor/laravel/framework/src/Illuminate/Contracts/Validation/" "Mozilla/5.0 AppleWebKit/537.36 (KHTML, like Gecko; compatible; GPTBot/1.3; +https://openai.com/gptbot)"
74.7.227.166 - - [17/Mar/2026:07:39:05 +0000] "GET /vendor/laravel/framework/src/Illuminate/Contracts/Validation/Validator.php HTTP/1.1" 500 0 "http://mianjeepos.bms69.com/vendor/laravel/framework/src/Illuminate/Contracts/Validation/" "Mozilla/5.0 AppleWebKit/537.36 (KHTML, like Gecko; compatible; GPTBot/1.3; +https://openai.com/gptbot)"
74.7.227.166 - - [17/Mar/2026:07:40:19 +0000] "GET /vendor/laravel/framework/src/Illuminate/Contracts/Validation/ImplicitRule.php HTTP/1.1" 500 0 "http://mianjeepos.bms69.com/vendor/laravel/framework/src/Illuminate/Contracts/Validation/" "Mozilla/5.0 AppleWebKit/537.36 (KHTML, like Gecko; compatible; GPTBot/1.3; +https://openai.com/gptbot)"
74.7.227.142 - - [17/Mar/2026:07:40:19 +0000] "GET /vendor/hamcrest/hamcrest-php/generator/?ND HTTP/1.1" 200 1234 "http://www.mianjeepos.bms69.com/vendor/hamcrest/hamcrest-php/generator/" "Mozilla/5.0 AppleWebKit/537.36 (KHTML, like Gecko; compatible; GPTBot/1.3; +https://openai.com/gptbot)"
74.7.227.142 - - [17/Mar/2026:07:40:53 +0000] "GET /vendor/doctrine/deprecations/lib/Doctrine/Deprecations/?MD HTTP/1.1" 200 702 "http://www.mianjeepos.bms69.com/vendor/doctrine/deprecations/lib/Doctrine/Deprecations/?MA" "Mozilla/5.0 AppleWebKit/537.36 (KHTML, like Gecko; compatible; GPTBot/1.3; +https://openai.com/gptbot)"
74.7.227.142 - - [17/Mar/2026:07:41:07 +0000] "GET /vendor/hamcrest/hamcrest-php/generator/?MA HTTP/1.1" 200 1250 "http://www.mianjeepos.bms69.com/vendor/hamcrest/hamcrest-php/generator/" "Mozilla/5.0 AppleWebKit/537.36 (KHTML, like Gecko; compatible; GPTBot/1.3; +https://openai.com/gptbot)"
74.7.227.142 - - [17/Mar/2026:07:38:47 +0000] "GET /vendor/phpoffice/phpspreadsheet/src/PhpSpreadsheet/Calculation/MathTrig/Trig/?SA HTTP/1.1" 200 1125 "http://www.mianjeepos.bms69.com/vendor/phpoffice/phpspreadsheet/src/PhpSpreadsheet/Calculation/MathTrig/Trig/" "Mozilla/5.0 AppleWebKit/537.36 (KHTML, like Gecko; compatible; GPTBot/1.3; +https://openai.com/gptbot)"
74.7.227.142 - - [17/Mar/2026:07:39:28 +0000] "GET /vendor/hamcrest/hamcrest-php/generator/?SA HTTP/1.1" 200 1237 "http://www.mianjeepos.bms69.com/vendor/hamcrest/hamcrest-php/generator/" "Mozilla/5.0 AppleWebKit/537.36 (KHTML, like Gecko; compatible; GPTBot/1.3; +https://openai.com/gptbot)"
74.7.244.31 - - [17/Mar/2026:07:40:19 +0000] "GET /robots.txt HTTP/1.1" 404 1251 "-" "Mozilla/5.0 (Macintosh; Intel Mac OS X 10_15_7) AppleWebKit/537.36 (KHTML, like Gecko) Chrome/131.0.0.0 Safari/537.36; compatible; OAI-SearchBot/1.3; robots.txt; +https://openai.com/searchbot"
74.7.227.166 - - [17/Mar/2026:07:41:08 +0000] "GET /vendor/laravel/framework/src/Illuminate/Contracts/Validation/ValidatesWhenResolved.php HTTP/1.1" 200 0 "http://mianjeepos.bms69.com/vendor/laravel/framework/src/Illuminate/Contracts/Validation/" "Mozilla/5.0 AppleWebKit/537.36 (KHTML, like Gecko; compatible; GPTBot/1.3; +https://openai.com/gptbot)"
74.7.227.142 - - [17/Mar/2026:07:41:35 +0000] "GET /vendor/barryvdh/laravel-debugbar/?ND HTTP/1.1" 200 1139 "http://www.mianjeepos.bms69.com/vendor/barryvdh/laravel-debugbar/" "Mozilla/5.0 AppleWebKit/537.36 (KHTML, like Gecko; compatible; GPTBot/1.3; +https://openai.com/gptbot)"
74.7.175.187 - - [17/Mar/2026:07:48:11 +0000] "GET /robots.txt HTTP/1.1" 404 1251 "-" "Mozilla/5.0 (Macintosh; Intel Mac OS X 10_15_7) AppleWebKit/537.36 (KHTML, like Gecko) Chrome/131.0.0.0 Safari/537.36; compatible; OAI-SearchBot/1.3; robots.txt; +https://openai.com/searchbot"
74.7.227.142 - - [17/Mar/2026:07:48:22 +0000] "GET /vendor/barryvdh/laravel-debugbar/?SA HTTP/1.1" 200 1140 "http://www.mianjeepos.bms69.com/vendor/barryvdh/laravel-debugbar/" "Mozilla/5.0 AppleWebKit/537.36 (KHTML, like Gecko; compatible; GPTBot/1.3; +https://openai.com/gptbot)"
74.7.227.142 - - [17/Mar/2026:07:48:35 +0000] "GET /vendor/phpoffice/phpspreadsheet/src/PhpSpreadsheet/Style/NumberFormat/Wizard/?SA HTTP/1.1" 200 1289 "http://www.mianjeepos.bms69.com/vendor/phpoffice/phpspreadsheet/src/PhpSpreadsheet/Style/NumberFormat/Wizard/" "Mozilla/5.0 AppleWebKit/537.36 (KHTML, like Gecko; compatible; GPTBot/1.3; +https://openai.com/gptbot)"
74.7.227.166 - - [17/Mar/2026:07:49:05 +0000] "GET /vendor/laravel/framework/src/Illuminate/Contracts/Validation/ValidatorAwareRule.php HTTP/1.1" 200 0 "http://mianjeepos.bms69.com/vendor/laravel/framework/src/Illuminate/Contracts/Validation/" "Mozilla/5.0 AppleWebKit/537.36 (KHTML, like Gecko; compatible; GPTBot/1.3; +https://openai.com/gptbot)"
74.7.227.142 - - [17/Mar/2026:07:49:17 +0000] "GET /vendor/phpoffice/phpspreadsheet/src/PhpSpreadsheet/Calculation/MathTrig/Trig/?SD HTTP/1.1" 200 1117 "http://www.mianjeepos.bms69.com/vendor/phpoffice/phpspreadsheet/src/PhpSpreadsheet/Calculation/MathTrig/Trig/?SA" "Mozilla/5.0 AppleWebKit/537.36 (KHTML, like Gecko; compatible; GPTBot/1.3; +https://openai.com/gptbot)"
74.7.227.166 - - [17/Mar/2026:07:49:49 +0000] "GET /vendor/laravel/framework/src/Illuminate/Contracts/Validation/UncompromisedVerifier.php HTTP/1.1" 200 0 "http://mianjeepos.bms69.com/vendor/laravel/framework/src/Illuminate/Contracts/Validation/" "Mozilla/5.0 AppleWebKit/537.36 (KHTML, like Gecko; compatible; GPTBot/1.3; +https://openai.com/gptbot)"
74.7.227.142 - - [17/Mar/2026:07:50:20 +0000] "GET /vendor/hamcrest/hamcrest-php/generator/run.php HTTP/1.1" 500 0 "http://www.mianjeepos.bms69.com/vendor/hamcrest/hamcrest-php/generator/?SA" "Mozilla/5.0 AppleWebKit/537.36 (KHTML, like Gecko; compatible; GPTBot/1.3; +https://openai.com/gptbot)"
74.7.227.166 - - [17/Mar/2026:07:50:29 +0000] "GET /vendor/laravel/framework/src/Illuminate/Contracts/Validation/DataAwareRule.php HTTP/1.1" 200 0 "http://mianjeepos.bms69.com/vendor/laravel/framework/src/Illuminate/Contracts/Validation/" "Mozilla/5.0 AppleWebKit/537.36 (KHTML, like Gecko; compatible; GPTBot/1.3; +https://openai.com/gptbot)"
74.7.227.142 - - [17/Mar/2026:07:51:24 +0000] "GET /vendor/phpoffice/phpspreadsheet/src/PhpSpreadsheet/Calculation/MathTrig/Trig/?NA HTTP/1.1" 200 1123 "http://www.mianjeepos.bms69.com/vendor/phpoffice/phpspreadsheet/src/PhpSpreadsheet/Calculation/MathTrig/Trig/?ND" "Mozilla/5.0 AppleWebKit/537.36 (KHTML, like Gecko; compatible; GPTBot/1.3; +https://openai.com/gptbot)"
74.7.227.166 - - [17/Mar/2026:07:52:13 +0000] "GET /vendor/spatie/laravel-medialibrary/src/MediaCollections/Models/Concerns/?SD HTTP/1.1" 200 735 "http://mianjeepos.bms69.com/vendor/spatie/laravel-medialibrary/src/MediaCollections/Models/Concerns/?SA" "Mozilla/5.0 AppleWebKit/537.36 (KHTML, like Gecko; compatible; GPTBot/1.3; +https://openai.com/gptbot)"
74.7.227.142 - - [17/Mar/2026:07:52:32 +0000] "GET /vendor/hamcrest/hamcrest-php/generator/?NA HTTP/1.1" 200 1229 "http://www.mianjeepos.bms69.com/vendor/hamcrest/hamcrest-php/generator/?SA" "Mozilla/5.0 AppleWebKit/537.36 (KHTML, like Gecko; compatible; GPTBot/1.3; +https://openai.com/gptbot)"
74.7.227.166 - - [17/Mar/2026:07:52:36 +0000] "GET /vendor/spatie/laravel-medialibrary/src/MediaCollections/Models/Concerns/?MD HTTP/1.1" 200 743 "http://mianjeepos.bms69.com/vendor/spatie/laravel-medialibrary/src/MediaCollections/Models/Concerns/?MA" "Mozilla/5.0 AppleWebKit/537.36 (KHTML, like Gecko; compatible; GPTBot/1.3; +https://openai.com/gptbot)"
74.7.227.142 - - [17/Mar/2026:07:48:08 +0000] "GET /vendor/barryvdh/laravel-debugbar/?MA HTTP/1.1" 200 1138 "http://www.mianjeepos.bms69.com/vendor/barryvdh/laravel-debugbar/" "Mozilla/5.0 AppleWebKit/537.36 (KHTML, like Gecko; compatible; GPTBot/1.3; +https://openai.com/gptbot)"
74.7.244.31 - - [17/Mar/2026:07:48:10 +0000] "GET /robots.txt HTTP/1.1" 404 1251 "-" "Mozilla/5.0 (Macintosh; Intel Mac OS X 10_15_7) AppleWebKit/537.36 (KHTML, like Gecko) Chrome/131.0.0.0 Safari/537.36; compatible; OAI-SearchBot/1.3; robots.txt; +https://openai.com/searchbot"
74.7.227.166 - - [17/Mar/2026:07:48:10 +0000] "GET /vendor/laravel/framework/src/Illuminate/Contracts/Validation/Factory.php HTTP/1.1" 200 0 "http://mianjeepos.bms69.com/vendor/laravel/framework/src/Illuminate/Contracts/Validation/" "Mozilla/5.0 AppleWebKit/537.36 (KHTML, like Gecko; compatible; GPTBot/1.3; +https://openai.com/gptbot)"
74.7.227.166 - - [17/Mar/2026:07:48:23 +0000] "GET /vendor/laravel/framework/src/Illuminate/Contracts/Validation/Rule.php HTTP/1.1" 200 0 "http://mianjeepos.bms69.com/vendor/laravel/framework/src/Illuminate/Contracts/Validation/" "Mozilla/5.0 AppleWebKit/537.36 (KHTML, like Gecko; compatible; GPTBot/1.3; +https://openai.com/gptbot)"
74.7.227.142 - - [17/Mar/2026:07:48:50 +0000] "GET /vendor/phpoffice/phpspreadsheet/src/PhpSpreadsheet/Calculation/MathTrig/Trig/?MD HTTP/1.1" 200 1117 "http://www.mianjeepos.bms69.com/vendor/phpoffice/phpspreadsheet/src/PhpSpreadsheet/Calculation/MathTrig/Trig/?MA" "Mozilla/5.0 AppleWebKit/537.36 (KHTML, like Gecko; compatible; GPTBot/1.3; +https://openai.com/gptbot)"
74.7.227.142 - - [17/Mar/2026:07:49:05 +0000] "GET /vendor/phpoffice/phpspreadsheet/src/PhpSpreadsheet/Style/NumberFormat/Wizard/?NA HTTP/1.1" 200 1283 "http://www.mianjeepos.bms69.com/vendor/phpoffice/phpspreadsheet/src/PhpSpreadsheet/Style/NumberFormat/Wizard/?ND" "Mozilla/5.0 AppleWebKit/537.36 (KHTML, like Gecko; compatible; GPTBot/1.3; +https://openai.com/gptbot)"
74.7.227.142 - - [17/Mar/2026:07:49:33 +0000] "GET /vendor/hamcrest/hamcrest-php/generator/GlobalFunctionFile.php HTTP/1.1" 500 0 "http://www.mianjeepos.bms69.com/vendor/hamcrest/hamcrest-php/generator/?SA" "Mozilla/5.0 AppleWebKit/537.36 (KHTML, like Gecko; compatible; GPTBot/1.3; +https://openai.com/gptbot)"
74.7.227.142 - - [17/Mar/2026:07:49:42 +0000] "GET /vendor/hamcrest/hamcrest-php/generator/StaticMethodFile.php HTTP/1.1" 500 0 "http://www.mianjeepos.bms69.com/vendor/hamcrest/hamcrest-php/generator/?SA" "Mozilla/5.0 AppleWebKit/537.36 (KHTML, like Gecko; compatible; GPTBot/1.3; +https://openai.com/gptbot)"
74.7.227.166 - - [17/Mar/2026:07:51:04 +0000] "GET /vendor/laravel/framework/src/Illuminate/Contracts/Validation/InvokableRule.php HTTP/1.1" 200 0 "http://mianjeepos.bms69.com/vendor/laravel/framework/src/Illuminate/Contracts/Validation/" "Mozilla/5.0 AppleWebKit/537.36 (KHTML, like Gecko; compatible; GPTBot/1.3; +https://openai.com/gptbot)"
74.7.227.166 - - [17/Mar/2026:07:51:44 +0000] "GET /vendor/laravel/framework/src/Illuminate/Contracts/Validation/ValidationRule.php HTTP/1.1" 200 0 "http://mianjeepos.bms69.com/vendor/laravel/framework/src/Illuminate/Contracts/Validation/" "Mozilla/5.0 AppleWebKit/537.36 (KHTML, like Gecko; compatible; GPTBot/1.3; +https://openai.com/gptbot)"
74.7.227.166 - - [17/Mar/2026:07:53:24 +0000] "GET /vendor/ezyang/htmlpurifier/library/HTMLPurifier/DefinitionCache/Decorator.php HTTP/1.1" 500 0 "http://mianjeepos.bms69.com/vendor/ezyang/htmlpurifier/library/HTMLPurifier/DefinitionCache/" "Mozilla/5.0 AppleWebKit/537.36 (KHTML, like Gecko; compatible; GPTBot/1.3; +https://openai.com/gptbot)"
74.7.244.31 - - [17/Mar/2026:07:53:30 +0000] "GET /robots.txt HTTP/1.1" 404 1251 "-" "Mozilla/5.0 (Macintosh; Intel Mac OS X 10_15_7) AppleWebKit/537.36 (KHTML, like Gecko) Chrome/131.0.0.0 Safari/537.36; compatible; OAI-SearchBot/1.3; robots.txt; +https://openai.com/searchbot"
74.7.227.166 - - [17/Mar/2026:07:53:07 +0000] "GET /vendor/ezyang/htmlpurifier/library/HTMLPurifier/AttrTransform/TargetBlank.php HTTP/1.1" 500 0 "http://mianjeepos.bms69.com/vendor/ezyang/htmlpurifier/library/HTMLPurifier/AttrTransform/?MA" "Mozilla/5.0 AppleWebKit/537.36 (KHTML, like Gecko; compatible; GPTBot/1.3; +https://openai.com/gptbot)"
74.7.175.187 - - [17/Mar/2026:07:53:24 +0000] "GET /robots.txt HTTP/1.1" 404 1251 "-" "Mozilla/5.0 (Macintosh; Intel Mac OS X 10_15_7) AppleWebKit/537.36 (KHTML, like Gecko) Chrome/131.0.0.0 Safari/537.36; compatible; OAI-SearchBot/1.3; robots.txt; +https://openai.com/searchbot"
74.7.227.142 - - [17/Mar/2026:07:53:30 +0000] "GET /vendor/hamcrest/hamcrest-php/generator/?SD HTTP/1.1" 200 1225 "http://www.mianjeepos.bms69.com/vendor/hamcrest/hamcrest-php/generator/?SA" "Mozilla/5.0 AppleWebKit/537.36 (KHTML, like Gecko; compatible; GPTBot/1.3; +https://openai.com/gptbot)"
74.7.227.142 - - [17/Mar/2026:07:55:32 +0000] "GET /vendor/phpoffice/phpspreadsheet/src/PhpSpreadsheet/Style/NumberFormat/Wizard/?SD HTTP/1.1" 200 1279 "http://www.mianjeepos.bms69.com/vendor/phpoffice/phpspreadsheet/src/PhpSpreadsheet/Style/NumberFormat/Wizard/?SA" "Mozilla/5.0 AppleWebKit/537.36 (KHTML, like Gecko; compatible; GPTBot/1.3; +https://openai.com/gptbot)"
74.7.227.166 - - [17/Mar/2026:07:55:35 +0000] "GET /vendor/maximebf/debugbar/src/DebugBar/DataCollector/LocalizationCollector.php HTTP/1.1" 500 0 "http://mianjeepos.bms69.com/vendor/maximebf/debugbar/src/DebugBar/DataCollector/" "Mozilla/5.0 AppleWebKit/537.36 (KHTML, like Gecko; compatible; GPTBot/1.3; +https://openai.com/gptbot)"
74.7.227.142 - - [17/Mar/2026:07:54:26 +0000] "GET /vendor/hamcrest/hamcrest-php/generator/?MD HTTP/1.1" 200 1241 "http://www.mianjeepos.bms69.com/vendor/hamcrest/hamcrest-php/generator/?MA" "Mozilla/5.0 AppleWebKit/537.36 (KHTML, like Gecko; compatible; GPTBot/1.3; +https://openai.com/gptbot)"
74.7.227.166 - - [17/Mar/2026:07:54:28 +0000] "GET /vendor/ezyang/htmlpurifier/library/HTMLPurifier/HTMLModule/Presentation.php HTTP/1.1" 500 0 "http://mianjeepos.bms69.com/vendor/ezyang/htmlpurifier/library/HTMLPurifier/HTMLModule/" "Mozilla/5.0 AppleWebKit/537.36 (KHTML, like Gecko; compatible; GPTBot/1.3; +https://openai.com/gptbot)"
74.7.175.187 - - [17/Mar/2026:07:58:43 +0000] "GET /robots.txt HTTP/1.1" 404 1251 "-" "Mozilla/5.0 (Macintosh; Intel Mac OS X 10_15_7) AppleWebKit/537.36 (KHTML, like Gecko) Chrome/131.0.0.0 Safari/537.36; compatible; OAI-SearchBot/1.3; robots.txt; +https://openai.com/searchbot"
74.7.227.142 - - [17/Mar/2026:07:58:37 +0000] "GET /vendor/barryvdh/laravel-debugbar/?SD HTTP/1.1" 200 1142 "http://www.mianjeepos.bms69.com/vendor/barryvdh/laravel-debugbar/?SA" "Mozilla/5.0 AppleWebKit/537.36 (KHTML, like Gecko; compatible; GPTBot/1.3; +https://openai.com/gptbot)"
74.7.244.31 - - [17/Mar/2026:07:58:37 +0000] "GET /robots.txt HTTP/1.1" 404 1251 "-" "Mozilla/5.0 (Macintosh; Intel Mac OS X 10_15_7) AppleWebKit/537.36 (KHTML, like Gecko) Chrome/131.0.0.0 Safari/537.36; compatible; OAI-SearchBot/1.3; robots.txt; +https://openai.com/searchbot"
74.7.227.166 - - [17/Mar/2026:07:58:43 +0000] "GET /vendor/ezyang/htmlpurifier/library/HTMLPurifier/Injector/PurifierLinkify.php HTTP/1.1" 500 0 "http://mianjeepos.bms69.com/vendor/ezyang/htmlpurifier/library/HTMLPurifier/Injector/" "Mozilla/5.0 AppleWebKit/537.36 (KHTML, like Gecko; compatible; GPTBot/1.3; +https://openai.com/gptbot)"
74.7.227.142 - - [17/Mar/2026:08:00:53 +0000] "GET /vendor/barryvdh/laravel-debugbar/?NA HTTP/1.1" 200 1139 "http://www.mianjeepos.bms69.com/vendor/barryvdh/laravel-debugbar/?ND" "Mozilla/5.0 AppleWebKit/537.36 (KHTML, like Gecko; compatible; GPTBot/1.3; +https://openai.com/gptbot)"
74.7.227.166 - - [17/Mar/2026:08:01:08 +0000] "GET /vendor/laravel/framework/src/Illuminate/Broadcasting/UniqueBroadcastEvent.php HTTP/1.1" 500 0 "http://mianjeepos.bms69.com/vendor/laravel/framework/src/Illuminate/Broadcasting/" "Mozilla/5.0 AppleWebKit/537.36 (KHTML, like Gecko; compatible; GPTBot/1.3; +https://openai.com/gptbot)"
74.7.227.142 - - [17/Mar/2026:08:03:09 +0000] "GET /vendor/barryvdh/laravel-debugbar/?MD HTTP/1.1" 200 1133 "http://www.mianjeepos.bms69.com/vendor/barryvdh/laravel-debugbar/?MA" "Mozilla/5.0 AppleWebKit/537.36 (KHTML, like Gecko; compatible; GPTBot/1.3; +https://openai.com/gptbot)"
74.7.175.187 - - [17/Mar/2026:08:04:44 +0000] "GET /robots.txt HTTP/1.1" 404 1251 "-" "Mozilla/5.0 (Macintosh; Intel Mac OS X 10_15_7) AppleWebKit/537.36 (KHTML, like Gecko) Chrome/131.0.0.0 Safari/537.36; compatible; OAI-SearchBot/1.3; robots.txt; +https://openai.com/searchbot"
74.7.227.142 - - [17/Mar/2026:08:06:44 +0000] "GET /vendor/psy/psysh/src/?SA HTTP/1.1" 200 1777 "http://www.mianjeepos.bms69.com/vendor/psy/psysh/src/" "Mozilla/5.0 AppleWebKit/537.36 (KHTML, like Gecko; compatible; GPTBot/1.3; +https://openai.com/gptbot)"
74.7.227.166 - - [17/Mar/2026:08:11:18 +0000] "GET /vendor/ezyang/htmlpurifier/library/HTMLPurifier/HTMLModule/StyleAttribute.php HTTP/1.1" 500 0 "http://mianjeepos.bms69.com/vendor/ezyang/htmlpurifier/library/HTMLPurifier/HTMLModule/" "Mozilla/5.0 AppleWebKit/537.36 (KHTML, like Gecko; compatible; GPTBot/1.3; +https://openai.com/gptbot)"
74.7.227.166 - - [17/Mar/2026:08:11:31 +0000] "GET /vendor/maximebf/debugbar/src/DebugBar/DataCollector/ObjectCountCollector.php HTTP/1.1" 500 0 "http://mianjeepos.bms69.com/vendor/maximebf/debugbar/src/DebugBar/DataCollector/" "Mozilla/5.0 AppleWebKit/537.36 (KHTML, like Gecko; compatible; GPTBot/1.3; +https://openai.com/gptbot)"
74.7.227.142 - - [17/Mar/2026:08:11:53 +0000] "GET /vendor/laravel/framework/src/Illuminate/Database/Migrations/MigrationRepositoryInterface.php HTTP/1.1" 200 0 "http://www.mianjeepos.bms69.com/vendor/laravel/framework/src/Illuminate/Database/Migrations/" "Mozilla/5.0 AppleWebKit/537.36 (KHTML, like Gecko; compatible; GPTBot/1.3; +https://openai.com/gptbot)"
74.7.227.142 - - [17/Mar/2026:08:12:11 +0000] "GET /vendor/doctrine/dbal/src/SQL/Parser/?SA HTTP/1.1" 200 726 "http://www.mianjeepos.bms69.com/vendor/doctrine/dbal/src/SQL/Parser/" "Mozilla/5.0 AppleWebKit/537.36 (KHTML, like Gecko; compatible; GPTBot/1.3; +https://openai.com/gptbot)"
74.7.227.142 - - [17/Mar/2026:08:12:43 +0000] "GET /vendor/doctrine/dbal/src/Driver/API/?ND HTTP/1.1" 200 1159 "http://www.mianjeepos.bms69.com/vendor/doctrine/dbal/src/Driver/API/" "Mozilla/5.0 AppleWebKit/537.36 (KHTML, like Gecko; compatible; GPTBot/1.3; +https://openai.com/gptbot)"
74.7.227.142 - - [17/Mar/2026:08:12:55 +0000] "GET /vendor/ramsey/uuid/src/Provider/Dce/?MA HTTP/1.1" 200 728 "http://www.mianjeepos.bms69.com/vendor/ramsey/uuid/src/Provider/Dce/" "Mozilla/5.0 AppleWebKit/537.36 (KHTML, like Gecko; compatible; GPTBot/1.3; +https://openai.com/gptbot)"
74.7.227.142 - - [17/Mar/2026:08:13:09 +0000] "GET /vendor/doctrine/dbal/src/Driver/API/?MA HTTP/1.1" 200 1158 "http://www.mianjeepos.bms69.com/vendor/doctrine/dbal/src/Driver/API/" "Mozilla/5.0 AppleWebKit/537.36 (KHTML, like Gecko; compatible; GPTBot/1.3; +https://openai.com/gptbot)"
74.7.227.142 - - [17/Mar/2026:08:13:17 +0000] "GET /vendor/doctrine/dbal/src/SQL/Parser/?MA HTTP/1.1" 200 725 "http://www.mianjeepos.bms69.com/vendor/doctrine/dbal/src/SQL/Parser/" "Mozilla/5.0 AppleWebKit/537.36 (KHTML, like Gecko; compatible; GPTBot/1.3; +https://openai.com/gptbot)"
74.7.227.142 - - [17/Mar/2026:08:13:27 +0000] "GET /vendor/psy/psysh/src/ExecutionLoopClosure.php HTTP/1.1" 500 0 "http://www.mianjeepos.bms69.com/vendor/psy/psysh/src/?SA" "Mozilla/5.0 AppleWebKit/537.36 (KHTML, like Gecko; compatible; GPTBot/1.3; +https://openai.com/gptbot)"
74.7.227.142 - - [17/Mar/2026:08:13:36 +0000] "GET /vendor/psy/psysh/src/SuperglobalsEnv.php HTTP/1.1" 500 0 "http://www.mianjeepos.bms69.com/vendor/psy/psysh/src/?SA" "Mozilla/5.0 AppleWebKit/537.36 (KHTML, like Gecko; compatible; GPTBot/1.3; +https://openai.com/gptbot)"
74.7.227.142 - - [17/Mar/2026:08:14:03 +0000] "GET /vendor/psy/psysh/src/SystemEnv.php HTTP/1.1" 500 0 "http://www.mianjeepos.bms69.com/vendor/psy/psysh/src/?SA" "Mozilla/5.0 AppleWebKit/537.36 (KHTML, like Gecko; compatible; GPTBot/1.3; +https://openai.com/gptbot)"
74.7.227.142 - - [17/Mar/2026:08:15:01 +0000] "GET /vendor/psy/psysh/src/?NA HTTP/1.1" 200 1766 "http://www.mianjeepos.bms69.com/vendor/psy/psysh/src/?SA" "Mozilla/5.0 AppleWebKit/537.36 (KHTML, like Gecko; compatible; GPTBot/1.3; +https://openai.com/gptbot)"
74.7.227.166 - - [17/Mar/2026:08:04:44 +0000] "GET /vendor/ezyang/htmlpurifier/library/HTMLPurifier/AttrTransform/SafeParam.php HTTP/1.1" 500 0 "http://mianjeepos.bms69.com/vendor/ezyang/htmlpurifier/library/HTMLPurifier/AttrTransform/?MA" "Mozilla/5.0 AppleWebKit/537.36 (KHTML, like Gecko; compatible; GPTBot/1.3; +https://openai.com/gptbot)"
74.7.244.31 - - [17/Mar/2026:08:06:44 +0000] "GET /robots.txt HTTP/1.1" 404 1251 "-" "Mozilla/5.0 (Macintosh; Intel Mac OS X 10_15_7) AppleWebKit/537.36 (KHTML, like Gecko) Chrome/131.0.0.0 Safari/537.36; compatible; OAI-SearchBot/1.3; robots.txt; +https://openai.com/searchbot"
74.7.227.166 - - [17/Mar/2026:08:07:43 +0000] "GET /vendor/maximebf/debugbar/src/DebugBar/DataCollector/ExceptionsCollector.php HTTP/1.1" 500 0 "http://mianjeepos.bms69.com/vendor/maximebf/debugbar/src/DebugBar/DataCollector/" "Mozilla/5.0 AppleWebKit/537.36 (KHTML, like Gecko; compatible; GPTBot/1.3; +https://openai.com/gptbot)"
74.7.227.142 - - [17/Mar/2026:08:10:25 +0000] "GET /vendor/psy/psysh/src/?ND HTTP/1.1" 200 1761 "http://www.mianjeepos.bms69.com/vendor/psy/psysh/src/" "Mozilla/5.0 AppleWebKit/537.36 (KHTML, like Gecko; compatible; GPTBot/1.3; +https://openai.com/gptbot)"
74.7.175.187 - - [17/Mar/2026:08:11:18 +0000] "GET /robots.txt HTTP/1.1" 404 1251 "-" "Mozilla/5.0 (Macintosh; Intel Mac OS X 10_15_7) AppleWebKit/537.36 (KHTML, like Gecko) Chrome/131.0.0.0 Safari/537.36; compatible; OAI-SearchBot/1.3; robots.txt; +https://openai.com/searchbot"
74.7.227.142 - - [17/Mar/2026:08:11:30 +0000] "GET /vendor/psy/psysh/src/?MA HTTP/1.1" 200 1781 "http://www.mianjeepos.bms69.com/vendor/psy/psysh/src/" "Mozilla/5.0 AppleWebKit/537.36 (KHTML, like Gecko; compatible; GPTBot/1.3; +https://openai.com/gptbot)"
74.7.227.142 - - [17/Mar/2026:08:11:38 +0000] "GET /vendor/spatie/laravel-medialibrary/src/Support/PathGenerator/?SA HTTP/1.1" 200 788 "http://www.mianjeepos.bms69.com/vendor/spatie/laravel-medialibrary/src/Support/PathGenerator/" "Mozilla/5.0 AppleWebKit/537.36 (KHTML, like Gecko; compatible; GPTBot/1.3; +https://openai.com/gptbot)"
74.7.244.31 - - [17/Mar/2026:08:11:53 +0000] "GET /robots.txt HTTP/1.1" 404 1251 "-" "Mozilla/5.0 (Macintosh; Intel Mac OS X 10_15_7) AppleWebKit/537.36 (KHTML, like Gecko) Chrome/131.0.0.0 Safari/537.36; compatible; OAI-SearchBot/1.3; robots.txt; +https://openai.com/searchbot"
74.7.227.166 - - [17/Mar/2026:08:12:24 +0000] "GET /vendor/barryvdh/laravel-debugbar/src/Twig/Extension/Dump.php HTTP/1.1" 500 0 "http://mianjeepos.bms69.com/vendor/barryvdh/laravel-debugbar/src/Twig/Extension/" "Mozilla/5.0 AppleWebKit/537.36 (KHTML, like Gecko; compatible; GPTBot/1.3; +https://openai.com/gptbot)"
74.7.227.142 - - [17/Mar/2026:08:12:30 +0000] "GET /vendor/doctrine/dbal/src/Driver/PDO/?ND HTTP/1.1" 200 1293 "http://www.mianjeepos.bms69.com/vendor/doctrine/dbal/src/Driver/PDO/" "Mozilla/5.0 AppleWebKit/537.36 (KHTML, like Gecko; compatible; GPTBot/1.3; +https://openai.com/gptbot)"
74.7.227.166 - - [17/Mar/2026:08:13:25 +0000] "GET /vendor/symfony/http-foundation/Session/?MA HTTP/1.1" 200 1292 "http://mianjeepos.bms69.com/vendor/symfony/http-foundation/Session/" "Mozilla/5.0 AppleWebKit/537.36 (KHTML, like Gecko; compatible; GPTBot/1.3; +https://openai.com/gptbot)"
74.7.227.166 - - [17/Mar/2026:08:14:30 +0000] "GET /vendor/symfony/http-foundation/Session/?SA HTTP/1.1" 200 1289 "http://mianjeepos.bms69.com/vendor/symfony/http-foundation/Session/" "Mozilla/5.0 AppleWebKit/537.36 (KHTML, like Gecko; compatible; GPTBot/1.3; +https://openai.com/gptbot)"
74.7.227.166 - - [17/Mar/2026:08:16:16 +0000] "GET /vendor/spatie/laravel-medialibrary/src/Support/PathGenerator/?ND HTTP/1.1" 200 776 "http://mianjeepos.bms69.com/vendor/spatie/laravel-medialibrary/src/Support/PathGenerator/" "Mozilla/5.0 AppleWebKit/537.36 (KHTML, like Gecko; compatible; GPTBot/1.3; +https://openai.com/gptbot)"
74.7.244.31 - - [17/Mar/2026:08:17:00 +0000] "GET /robots.txt HTTP/1.1" 404 1251 "-" "Mozilla/5.0 (Macintosh; Intel Mac OS X 10_15_7) AppleWebKit/537.36 (KHTML, like Gecko) Chrome/131.0.0.0 Safari/537.36; compatible; OAI-SearchBot/1.3; robots.txt; +https://openai.com/searchbot"
74.7.227.166 - - [17/Mar/2026:08:17:02 +0000] "GET /vendor/spatie/laravel-medialibrary/src/Support/PathGenerator/?NA HTTP/1.1" 200 775 "http://mianjeepos.bms69.com/vendor/spatie/laravel-medialibrary/src/Support/PathGenerator/?SA" "Mozilla/5.0 AppleWebKit/537.36 (KHTML, like Gecko; compatible; GPTBot/1.3; +https://openai.com/gptbot)"
74.7.227.166 - - [17/Mar/2026:08:17:47 +0000] "GET /vendor/spatie/laravel-medialibrary/src/Support/PathGenerator/?MA HTTP/1.1" 200 783 "http://mianjeepos.bms69.com/vendor/spatie/laravel-medialibrary/src/Support/PathGenerator/" "Mozilla/5.0 AppleWebKit/537.36 (KHTML, like Gecko; compatible; GPTBot/1.3; +https://openai.com/gptbot)"
74.7.227.142 - - [17/Mar/2026:08:17:55 +0000] "GET /vendor/doctrine/dbal/src/Driver/PDO/Result.php HTTP/1.1" 500 0 "http://www.mianjeepos.bms69.com/vendor/doctrine/dbal/src/Driver/PDO/?ND" "Mozilla/5.0 AppleWebKit/537.36 (KHTML, like Gecko; compatible; GPTBot/1.3; +https://openai.com/gptbot)"
74.7.227.166 - - [17/Mar/2026:08:18:56 +0000] "GET /vendor/league/commonmark/src/Extension/Attributes/Node/Attributes.php HTTP/1.1" 500 0 "http://mianjeepos.bms69.com/vendor/league/commonmark/src/Extension/Attributes/Node/" "Mozilla/5.0 AppleWebKit/537.36 (KHTML, like Gecko; compatible; GPTBot/1.3; +https://openai.com/gptbot)"
74.7.227.142 - - [17/Mar/2026:08:20:46 +0000] "GET /vendor/doctrine/dbal/src/Driver/PDO/Exception.php HTTP/1.1" 500 0 "http://www.mianjeepos.bms69.com/vendor/doctrine/dbal/src/Driver/PDO/?ND" "Mozilla/5.0 AppleWebKit/537.36 (KHTML, like Gecko; compatible; GPTBot/1.3; +https://openai.com/gptbot)"
74.7.227.166 - - [17/Mar/2026:08:21:23 +0000] "GET /vendor/laravel/framework/src/Illuminate/Contracts/Filesystem/Filesystem.php HTTP/1.1" 200 0 "http://mianjeepos.bms69.com/vendor/laravel/framework/src/Illuminate/Contracts/Filesystem/" "Mozilla/5.0 AppleWebKit/537.36 (KHTML, like Gecko; compatible; GPTBot/1.3; +https://openai.com/gptbot)"
74.7.227.166 - - [17/Mar/2026:08:15:23 +0000] "GET /vendor/symfony/http-foundation/Session/?ND HTTP/1.1" 200 1284 "http://mianjeepos.bms69.com/vendor/symfony/http-foundation/Session/" "Mozilla/5.0 AppleWebKit/537.36 (KHTML, like Gecko; compatible; GPTBot/1.3; +https://openai.com/gptbot)"
74.7.227.142 - - [17/Mar/2026:08:16:02 +0000] "GET /vendor/psy/psysh/src/?SD HTTP/1.1" 200 1771 "http://www.mianjeepos.bms69.com/vendor/psy/psysh/src/?SA" "Mozilla/5.0 AppleWebKit/537.36 (KHTML, like Gecko; compatible; GPTBot/1.3; +https://openai.com/gptbot)"
74.7.227.142 - - [17/Mar/2026:08:17:00 +0000] "GET /vendor/psy/psysh/src/?MD HTTP/1.1" 200 1785 "http://www.mianjeepos.bms69.com/vendor/psy/psysh/src/?MA" "Mozilla/5.0 AppleWebKit/537.36 (KHTML, like Gecko; compatible; GPTBot/1.3; +https://openai.com/gptbot)"
74.7.175.187 - - [17/Mar/2026:08:17:02 +0000] "GET /robots.txt HTTP/1.1" 404 1251 "-" "Mozilla/5.0 (Macintosh; Intel Mac OS X 10_15_7) AppleWebKit/537.36 (KHTML, like Gecko) Chrome/131.0.0.0 Safari/537.36; compatible; OAI-SearchBot/1.3; robots.txt; +https://openai.com/searchbot"
74.7.227.166 - - [17/Mar/2026:08:18:22 +0000] "GET /vendor/league/commonmark/src/Extension/Attributes/Util/AttributesHelper.php HTTP/1.1" 200 0 "http://mianjeepos.bms69.com/vendor/league/commonmark/src/Extension/Attributes/Util/" "Mozilla/5.0 AppleWebKit/537.36 (KHTML, like Gecko; compatible; GPTBot/1.3; +https://openai.com/gptbot)"
74.7.227.142 - - [17/Mar/2026:08:18:41 +0000] "GET /vendor/doctrine/dbal/src/Driver/PDO/Statement.php HTTP/1.1" 500 0 "http://www.mianjeepos.bms69.com/vendor/doctrine/dbal/src/Driver/PDO/?ND" "Mozilla/5.0 AppleWebKit/537.36 (KHTML, like Gecko; compatible; GPTBot/1.3; +https://openai.com/gptbot)"
74.7.227.166 - - [17/Mar/2026:08:19:29 +0000] "GET /vendor/laravel/framework/src/Illuminate/Database/Migrations/Migration.php HTTP/1.1" 200 0 "http://mianjeepos.bms69.com/vendor/laravel/framework/src/Illuminate/Database/Migrations/" "Mozilla/5.0 AppleWebKit/537.36 (KHTML, like Gecko; compatible; GPTBot/1.3; +https://openai.com/gptbot)"
74.7.227.142 - - [17/Mar/2026:08:19:44 +0000] "GET /vendor/ramsey/uuid/src/Provider/Dce/SystemDceSecurityProvider.php HTTP/1.1" 500 0 "http://www.mianjeepos.bms69.com/vendor/ramsey/uuid/src/Provider/Dce/?MA" "Mozilla/5.0 AppleWebKit/537.36 (KHTML, like Gecko; compatible; GPTBot/1.3; +https://openai.com/gptbot)"
74.7.227.166 - - [17/Mar/2026:08:20:29 +0000] "GET /vendor/league/commonmark/src/Extension/Attributes/Node/AttributesInline.php HTTP/1.1" 500 0 "http://mianjeepos.bms69.com/vendor/league/commonmark/src/Extension/Attributes/Node/" "Mozilla/5.0 AppleWebKit/537.36 (KHTML, like Gecko; compatible; GPTBot/1.3; +https://openai.com/gptbot)"
74.7.227.142 - - [17/Mar/2026:08:21:50 +0000] "GET /vendor/doctrine/dbal/src/Driver/PDO/Connection.php HTTP/1.1" 500 0 "http://www.mianjeepos.bms69.com/vendor/doctrine/dbal/src/Driver/PDO/?ND" "Mozilla/5.0 AppleWebKit/537.36 (KHTML, like Gecko; compatible; GPTBot/1.3; +https://openai.com/gptbot)"
74.7.227.166 - - [17/Mar/2026:08:22:26 +0000] "GET /vendor/symfony/http-foundation/Session/SessionFactory.php HTTP/1.1" 500 0 "http://mianjeepos.bms69.com/vendor/symfony/http-foundation/Session/?MA" "Mozilla/5.0 AppleWebKit/537.36 (KHTML, like Gecko; compatible; GPTBot/1.3; +https://openai.com/gptbot)"
74.7.175.187 - - [17/Mar/2026:08:22:26 +0000] "GET /robots.txt HTTP/1.1" 404 1251 "-" "Mozilla/5.0 (Macintosh; Intel Mac OS X 10_15_7) AppleWebKit/537.36 (KHTML, like Gecko) Chrome/131.0.0.0 Safari/537.36; compatible; OAI-SearchBot/1.3; robots.txt; +https://openai.com/searchbot"
74.7.227.142 - - [17/Mar/2026:08:22:56 +0000] "GET /vendor/spatie/laravel-medialibrary/src/Support/PathGenerator/?SD HTTP/1.1" 200 782 "http://www.mianjeepos.bms69.com/vendor/spatie/laravel-medialibrary/src/Support/PathGenerator/?SA" "Mozilla/5.0 AppleWebKit/537.36 (KHTML, like Gecko; compatible; GPTBot/1.3; +https://openai.com/gptbot)"
74.7.244.31 - - [17/Mar/2026:08:22:56 +0000] "GET /robots.txt HTTP/1.1" 404 1251 "-" "Mozilla/5.0 (Macintosh; Intel Mac OS X 10_15_7) AppleWebKit/537.36 (KHTML, like Gecko) Chrome/131.0.0.0 Safari/537.36; compatible; OAI-SearchBot/1.3; robots.txt; +https://openai.com/searchbot"
74.7.227.166 - - [17/Mar/2026:08:23:24 +0000] "GET /vendor/symfony/http-foundation/Session/FlashBagAwareSessionInterface.php HTTP/1.1" 500 0 "http://mianjeepos.bms69.com/vendor/symfony/http-foundation/Session/?MA" "Mozilla/5.0 AppleWebKit/537.36 (KHTML, like Gecko; compatible; GPTBot/1.3; +https://openai.com/gptbot)"
74.7.227.142 - - [17/Mar/2026:08:23:59 +0000] "GET /vendor/doctrine/dbal/src/Driver/API/?MD HTTP/1.1" 200 1163 "http://www.mianjeepos.bms69.com/vendor/doctrine/dbal/src/Driver/API/?MA" "Mozilla/5.0 AppleWebKit/537.36 (KHTML, like Gecko; compatible; GPTBot/1.3; +https://openai.com/gptbot)"
74.7.227.166 - - [17/Mar/2026:08:24:30 +0000] "GET /vendor/symfony/http-foundation/Session/SessionBagProxy.php HTTP/1.1" 500 0 "http://mianjeepos.bms69.com/vendor/symfony/http-foundation/Session/?MA" "Mozilla/5.0 AppleWebKit/537.36 (KHTML, like Gecko; compatible; GPTBot/1.3; +https://openai.com/gptbot)"
74.7.227.166 - - [17/Mar/2026:08:25:32 +0000] "GET /vendor/symfony/http-foundation/Session/Session.php HTTP/1.1" 500 0 "http://mianjeepos.bms69.com/vendor/symfony/http-foundation/Session/?MA" "Mozilla/5.0 AppleWebKit/537.36 (KHTML, like Gecko; compatible; GPTBot/1.3; +https://openai.com/gptbot)"
74.7.227.166 - - [17/Mar/2026:08:26:39 +0000] "GET /vendor/spatie/laravel-medialibrary/src/Support/PathGenerator/DefaultPathGenerator.php HTTP/1.1" 500 0 "http://mianjeepos.bms69.com/vendor/spatie/laravel-medialibrary/src/Support/PathGenerator/?ND" "Mozilla/5.0 AppleWebKit/537.36 (KHTML, like Gecko; compatible; GPTBot/1.3; +https://openai.com/gptbot)"
74.7.227.142 - - [17/Mar/2026:08:28:26 +0000] "GET /vendor/ramsey/uuid/src/Provider/Dce/?SA HTTP/1.1" 200 728 "http://www.mianjeepos.bms69.com/vendor/ramsey/uuid/src/Provider/Dce/" "Mozilla/5.0 AppleWebKit/537.36 (KHTML, like Gecko; compatible; GPTBot/1.3; +https://openai.com/gptbot)"
74.7.227.166 - - [17/Mar/2026:08:28:40 +0000] "GET /vendor/symfony/http-foundation/Session/?NA HTTP/1.1" 200 1288 "http://mianjeepos.bms69.com/vendor/symfony/http-foundation/Session/?MA" "Mozilla/5.0 AppleWebKit/537.36 (KHTML, like Gecko; compatible; GPTBot/1.3; +https://openai.com/gptbot)"
74.7.227.142 - - [17/Mar/2026:08:29:20 +0000] "GET /vendor/doctrine/dbal/src/SQL/Parser/?MD HTTP/1.1" 200 730 "http://www.mianjeepos.bms69.com/vendor/doctrine/dbal/src/SQL/Parser/?MA" "Mozilla/5.0 AppleWebKit/537.36 (KHTML, like Gecko; compatible; GPTBot/1.3; +https://openai.com/gptbot)"
74.7.227.166 - - [17/Mar/2026:08:29:35 +0000] "GET /vendor/symfony/http-foundation/Session/?SD HTTP/1.1" 200 1297 "http://mianjeepos.bms69.com/vendor/symfony/http-foundation/Session/?SA" "Mozilla/5.0 AppleWebKit/537.36 (KHTML, like Gecko; compatible; GPTBot/1.3; +https://openai.com/gptbot)"
74.7.227.142 - - [17/Mar/2026:08:24:53 +0000] "GET /vendor/ramsey/uuid/src/Provider/Dce/?MD HTTP/1.1" 200 728 "http://www.mianjeepos.bms69.com/vendor/ramsey/uuid/src/Provider/Dce/?MA" "Mozilla/5.0 AppleWebKit/537.36 (KHTML, like Gecko; compatible; GPTBot/1.3; +https://openai.com/gptbot)"
74.7.227.142 - - [17/Mar/2026:08:25:47 +0000] "GET /vendor/doctrine/dbal/src/Driver/PDO/?NA HTTP/1.1" 200 1310 "http://www.mianjeepos.bms69.com/vendor/doctrine/dbal/src/Driver/PDO/?ND" "Mozilla/5.0 AppleWebKit/537.36 (KHTML, like Gecko; compatible; GPTBot/1.3; +https://openai.com/gptbot)"
74.7.227.142 - - [17/Mar/2026:08:26:35 +0000] "GET /vendor/doctrine/dbal/src/SQL/Parser/?SD HTTP/1.1" 200 729 "http://www.mianjeepos.bms69.com/vendor/doctrine/dbal/src/SQL/Parser/?SA" "Mozilla/5.0 AppleWebKit/537.36 (KHTML, like Gecko; compatible; GPTBot/1.3; +https://openai.com/gptbot)"
74.7.227.142 - - [17/Mar/2026:08:27:16 +0000] "GET /vendor/ramsey/uuid/src/Provider/Dce/?NA HTTP/1.1" 200 719 "http://www.mianjeepos.bms69.com/vendor/ramsey/uuid/src/Provider/Dce/?MA" "Mozilla/5.0 AppleWebKit/537.36 (KHTML, like Gecko; compatible; GPTBot/1.3; +https://openai.com/gptbot)"
74.7.227.166 - - [17/Mar/2026:08:27:38 +0000] "GET /vendor/symfony/http-foundation/Session/?MD HTTP/1.1" 200 1298 "http://mianjeepos.bms69.com/vendor/symfony/http-foundation/Session/?MA" "Mozilla/5.0 AppleWebKit/537.36 (KHTML, like Gecko; compatible; GPTBot/1.3; +https://openai.com/gptbot)"
74.7.175.187 - - [17/Mar/2026:08:27:38 +0000] "GET /robots.txt HTTP/1.1" 404 1251 "-" "Mozilla/5.0 (Macintosh; Intel Mac OS X 10_15_7) AppleWebKit/537.36 (KHTML, like Gecko) Chrome/131.0.0.0 Safari/537.36; compatible; OAI-SearchBot/1.3; robots.txt; +https://openai.com/searchbot"
74.7.227.142 - - [17/Mar/2026:08:27:51 +0000] "GET /vendor/ramsey/uuid/src/Provider/Dce/?ND HTTP/1.1" 200 723 "http://www.mianjeepos.bms69.com/vendor/ramsey/uuid/src/Provider/Dce/" "Mozilla/5.0 AppleWebKit/537.36 (KHTML, like Gecko; compatible; GPTBot/1.3; +https://openai.com/gptbot)"
74.7.244.31 - - [17/Mar/2026:08:28:26 +0000] "GET /robots.txt HTTP/1.1" 404 1251 "-" "Mozilla/5.0 (Macintosh; Intel Mac OS X 10_15_7) AppleWebKit/537.36 (KHTML, like Gecko) Chrome/131.0.0.0 Safari/537.36; compatible; OAI-SearchBot/1.3; robots.txt; +https://openai.com/searchbot"
74.7.227.142 - - [17/Mar/2026:08:28:53 +0000] "GET /vendor/doctrine/dbal/src/Driver/API/?NA HTTP/1.1" 200 1161 "http://www.mianjeepos.bms69.com/vendor/doctrine/dbal/src/Driver/API/?ND" "Mozilla/5.0 AppleWebKit/537.36 (KHTML, like Gecko; compatible; GPTBot/1.3; +https://openai.com/gptbot)"
74.7.227.142 - - [17/Mar/2026:08:30:09 +0000] "GET /vendor/doctrine/dbal/src/SQL/Parser/?NA HTTP/1.1" 200 719 "http://www.mianjeepos.bms69.com/vendor/doctrine/dbal/src/SQL/Parser/?SA" "Mozilla/5.0 AppleWebKit/537.36 (KHTML, like Gecko; compatible; GPTBot/1.3; +https://openai.com/gptbot)"
74.7.227.166 - - [17/Mar/2026:08:30:27 +0000] "GET /vendor/spatie/laravel-medialibrary/src/Support/PathGenerator/?MD HTTP/1.1" 200 784 "http://mianjeepos.bms69.com/vendor/spatie/laravel-medialibrary/src/Support/PathGenerator/?MA" "Mozilla/5.0 AppleWebKit/537.36 (KHTML, like Gecko; compatible; GPTBot/1.3; +https://openai.com/gptbot)"
74.7.227.142 - - [17/Mar/2026:08:30:30 +0000] "GET /vendor/doctrine/dbal/src/Driver/PDO/?MA HTTP/1.1" 200 1299 "http://www.mianjeepos.bms69.com/vendor/doctrine/dbal/src/Driver/PDO/" "Mozilla/5.0 AppleWebKit/537.36 (KHTML, like Gecko; compatible; GPTBot/1.3; +https://openai.com/gptbot)"
74.7.227.142 - - [17/Mar/2026:08:30:47 +0000] "GET /vendor/doctrine/dbal/src/Driver/PDO/?SA HTTP/1.1" 200 1309 "http://www.mianjeepos.bms69.com/vendor/doctrine/dbal/src/Driver/PDO/" "Mozilla/5.0 AppleWebKit/537.36 (KHTML, like Gecko; compatible; GPTBot/1.3; +https://openai.com/gptbot)"
74.7.227.142 - - [17/Mar/2026:08:31:02 +0000] "GET /vendor/doctrine/dbal/src/Driver/API/?SA HTTP/1.1" 200 1161 "http://www.mianjeepos.bms69.com/vendor/doctrine/dbal/src/Driver/API/" "Mozilla/5.0 AppleWebKit/537.36 (KHTML, like Gecko; compatible; GPTBot/1.3; +https://openai.com/gptbot)"
74.7.227.142 - - [17/Mar/2026:08:29:47 +0000] "GET /vendor/doctrine/dbal/src/SQL/Parser/?ND HTTP/1.1" 200 723 "http://www.mianjeepos.bms69.com/vendor/doctrine/dbal/src/SQL/Parser/" "Mozilla/5.0 AppleWebKit/537.36 (KHTML, like Gecko; compatible; GPTBot/1.3; +https://openai.com/gptbot)"
74.7.227.166 - - [17/Mar/2026:08:31:09 +0000] "GET /vendor/league/commonmark/src/Extension/TableOfContents/Normalizer/RelativeNormalizerStrategy.php HTTP/1.1" 500 0 "http://mianjeepos.bms69.com/vendor/league/commonmark/src/Extension/TableOfContents/Normalizer/" "Mozilla/5.0 AppleWebKit/537.36 (KHTML, like Gecko; compatible; GPTBot/1.3; +https://openai.com/gptbot)"
74.7.227.142 - - [17/Mar/2026:08:31:15 +0000] "GET /vendor/phpoffice/phpspreadsheet/src/PhpSpreadsheet/Chart/Renderer/ HTTP/1.1" 200 1150 "http://www.mianjeepos.bms69.com/vendor/phpoffice/phpspreadsheet/src/PhpSpreadsheet/Chart/" "Mozilla/5.0 AppleWebKit/537.36 (KHTML, like Gecko; compatible; GPTBot/1.3; +https://openai.com/gptbot)"
74.7.227.142 - - [17/Mar/2026:08:31:30 +0000] "GET /vendor/phpoffice/phpspreadsheet/src/PhpSpreadsheet/Shared/Escher/ HTTP/1.1" 200 743 "http://www.mianjeepos.bms69.com/vendor/phpoffice/phpspreadsheet/src/PhpSpreadsheet/Shared/" "Mozilla/5.0 AppleWebKit/537.36 (KHTML, like Gecko; compatible; GPTBot/1.3; +https://openai.com/gptbot)"
74.7.227.142 - - [17/Mar/2026:08:31:43 +0000] "GET /vendor/phpoffice/phpspreadsheet/src/PhpSpreadsheet/Shared/Trend/ HTTP/1.1" 200 1171 "http://www.mianjeepos.bms69.com/vendor/phpoffice/phpspreadsheet/src/PhpSpreadsheet/Shared/" "Mozilla/5.0 AppleWebKit/537.36 (KHTML, like Gecko; compatible; GPTBot/1.3; +https://openai.com/gptbot)"
74.7.227.142 - - [17/Mar/2026:08:31:52 +0000] "GET /vendor/ramsey/uuid/src/Provider/Dce/?SD HTTP/1.1" 200 727 "http://www.mianjeepos.bms69.com/vendor/ramsey/uuid/src/Provider/Dce/?SA" "Mozilla/5.0 AppleWebKit/537.36 (KHTML, like Gecko; compatible; GPTBot/1.3; +https://openai.com/gptbot)"
74.7.227.142 - - [17/Mar/2026:08:32:03 +0000] "GET /vendor/laravel/framework/src/Illuminate/Hashing/composer.json HTTP/1.1" 200 322 "http://www.mianjeepos.bms69.com/vendor/laravel/framework/src/Illuminate/Hashing/" "Mozilla/5.0 AppleWebKit/537.36 (KHTML, like Gecko; compatible; GPTBot/1.3; +https://openai.com/gptbot)"
74.7.227.142 - - [17/Mar/2026:08:32:11 +0000] "GET /vendor/phpoffice/phpspreadsheet/src/PhpSpreadsheet/Style/NumberFormat/Wizard/?MA HTTP/1.1" 200 1304 "http://www.mianjeepos.bms69.com/vendor/phpoffice/phpspreadsheet/src/PhpSpreadsheet/Style/NumberFormat/Wizard/" "Mozilla/5.0 AppleWebKit/537.36 (KHTML, like Gecko; compatible; GPTBot/1.3; +https://openai.com/gptbot)"
74.7.227.142 - - [17/Mar/2026:08:32:18 +0000] "GET /vendor/ezyang/htmlpurifier/library/HTMLPurifier/URIScheme/?SA HTTP/1.1" 200 1147 "http://www.mianjeepos.bms69.com/vendor/ezyang/htmlpurifier/library/HTMLPurifier/URIScheme/" "Mozilla/5.0 AppleWebKit/537.36 (KHTML, like Gecko; compatible; GPTBot/1.3; +https://openai.com/gptbot)"
74.7.227.142 - - [17/Mar/2026:08:33:10 +0000] "GET /vendor/ezyang/htmlpurifier/library/HTMLPurifier/URIScheme/?MD HTTP/1.1" 200 1157 "http://www.mianjeepos.bms69.com/vendor/ezyang/htmlpurifier/library/HTMLPurifier/URIScheme/?MA" "Mozilla/5.0 AppleWebKit/537.36 (KHTML, like Gecko; compatible; GPTBot/1.3; +https://openai.com/gptbot)"
74.7.227.142 - - [17/Mar/2026:08:33:18 +0000] "GET /vendor/phpoffice/phpspreadsheet/src/PhpSpreadsheet/Shared/Trend/ExponentialBestFit.php HTTP/1.1" 500 0 "http://www.mianjeepos.bms69.com/vendor/phpoffice/phpspreadsheet/src/PhpSpreadsheet/Shared/Trend/" "Mozilla/5.0 AppleWebKit/537.36 (KHTML, like Gecko; compatible; GPTBot/1.3; +https://openai.com/gptbot)"
74.7.227.142 - - [17/Mar/2026:08:32:31 +0000] "GET /vendor/doctrine/dbal/src/Driver/PDO/?MD HTTP/1.1" 200 1305 "http://www.mianjeepos.bms69.com/vendor/doctrine/dbal/src/Driver/PDO/?MA" "Mozilla/5.0 AppleWebKit/537.36 (KHTML, like Gecko; compatible; GPTBot/1.3; +https://openai.com/gptbot)"
74.7.227.142 - - [17/Mar/2026:08:32:38 +0000] "GET /vendor/doctrine/dbal/src/Driver/PDO/?SD HTTP/1.1" 200 1303 "http://www.mianjeepos.bms69.com/vendor/doctrine/dbal/src/Driver/PDO/?SA" "Mozilla/5.0 AppleWebKit/537.36 (KHTML, like Gecko; compatible; GPTBot/1.3; +https://openai.com/gptbot)"
74.7.227.142 - - [17/Mar/2026:08:32:42 +0000] "GET /vendor/doctrine/dbal/src/Driver/API/?SD HTTP/1.1" 200 1160 "http://www.mianjeepos.bms69.com/vendor/doctrine/dbal/src/Driver/API/?SA" "Mozilla/5.0 AppleWebKit/537.36 (KHTML, like Gecko; compatible; GPTBot/1.3; +https://openai.com/gptbot)"
74.7.227.142 - - [17/Mar/2026:08:32:45 +0000] "GET /vendor/phpoffice/phpspreadsheet/src/PhpSpreadsheet/Chart/Renderer/error_log HTTP/1.1" 403 1242 "http://www.mianjeepos.bms69.com/vendor/phpoffice/phpspreadsheet/src/PhpSpreadsheet/Chart/Renderer/" "Mozilla/5.0 AppleWebKit/537.36 (KHTML, like Gecko; compatible; GPTBot/1.3; +https://openai.com/gptbot)"
74.7.227.142 - - [17/Mar/2026:08:32:50 +0000] "GET /vendor/phpoffice/phpspreadsheet/src/PhpSpreadsheet/Shared/Escher/DgContainer/ HTTP/1.1" 200 723 "http://www.mianjeepos.bms69.com/vendor/phpoffice/phpspreadsheet/src/PhpSpreadsheet/Shared/Escher/" "Mozilla/5.0 AppleWebKit/537.36 (KHTML, like Gecko; compatible; GPTBot/1.3; +https://openai.com/gptbot)"
74.7.227.142 - - [17/Mar/2026:08:32:55 +0000] "GET /vendor/phpoffice/phpspreadsheet/src/PhpSpreadsheet/Shared/Escher/DggContainer.php HTTP/1.1" 200 0 "http://www.mianjeepos.bms69.com/vendor/phpoffice/phpspreadsheet/src/PhpSpreadsheet/Shared/Escher/" "Mozilla/5.0 AppleWebKit/537.36 (KHTML, like Gecko; compatible; GPTBot/1.3; +https://openai.com/gptbot)"
74.7.227.166 - - [17/Mar/2026:08:32:55 +0000] "GET /vendor/dompdf/php-svg-lib/src/Svg/Document.php HTTP/1.1" 500 0 "http://mianjeepos.bms69.com/vendor/dompdf/php-svg-lib/src/Svg/" "Mozilla/5.0 AppleWebKit/537.36 (KHTML, like Gecko; compatible; GPTBot/1.3; +https://openai.com/gptbot)"
74.7.175.187 - - [17/Mar/2026:08:32:56 +0000] "GET /robots.txt HTTP/1.1" 404 1251 "-" "Mozilla/5.0 (Macintosh; Intel Mac OS X 10_15_7) AppleWebKit/537.36 (KHTML, like Gecko) Chrome/131.0.0.0 Safari/537.36; compatible; OAI-SearchBot/1.3; robots.txt; +https://openai.com/searchbot"
74.7.227.142 - - [17/Mar/2026:08:32:59 +0000] "GET /vendor/phpoffice/phpspreadsheet/src/PhpSpreadsheet/Shared/Escher/DggContainer/ HTTP/1.1" 200 722 "http://www.mianjeepos.bms69.com/vendor/phpoffice/phpspreadsheet/src/PhpSpreadsheet/Shared/Escher/" "Mozilla/5.0 AppleWebKit/537.36 (KHTML, like Gecko; compatible; GPTBot/1.3; +https://openai.com/gptbot)"
74.7.227.142 - - [17/Mar/2026:08:33:02 +0000] "GET /vendor/phpoffice/phpspreadsheet/src/PhpSpreadsheet/Shared/Trend/Trend.php HTTP/1.1" 200 0 "http://www.mianjeepos.bms69.com/vendor/phpoffice/phpspreadsheet/src/PhpSpreadsheet/Shared/Trend/" "Mozilla/5.0 AppleWebKit/537.36 (KHTML, like Gecko; compatible; GPTBot/1.3; +https://openai.com/gptbot)"
74.7.227.142 - - [17/Mar/2026:08:33:05 +0000] "GET /vendor/phpoffice/phpspreadsheet/src/PhpSpreadsheet/Shared/Trend/error_log HTTP/1.1" 403 1242 "http://www.mianjeepos.bms69.com/vendor/phpoffice/phpspreadsheet/src/PhpSpreadsheet/Shared/Trend/" "Mozilla/5.0 AppleWebKit/537.36 (KHTML, like Gecko; compatible; GPTBot/1.3; +https://openai.com/gptbot)"
74.7.227.142 - - [17/Mar/2026:08:33:08 +0000] "GET /vendor/ezyang/htmlpurifier/library/HTMLPurifier/URIScheme/news.php HTTP/1.1" 500 0 "http://www.mianjeepos.bms69.com/vendor/ezyang/htmlpurifier/library/HTMLPurifier/URIScheme/?SA" "Mozilla/5.0 AppleWebKit/537.36 (KHTML, like Gecko; compatible; GPTBot/1.3; +https://openai.com/gptbot)"
74.7.227.166 - - [17/Mar/2026:08:31:51 +0000] "GET /vendor/spatie/error-solutions/legacy/ignition/Solutions/OpenAi/ HTTP/1.1" 200 1118 "http://mianjeepos.bms69.com/vendor/spatie/error-solutions/legacy/ignition/Solutions/" "Mozilla/5.0 AppleWebKit/537.36 (KHTML, like Gecko; compatible; GPTBot/1.3; +https://openai.com/gptbot)"
74.7.227.142 - - [17/Mar/2026:08:32:25 +0000] "GET /vendor/ezyang/htmlpurifier/library/HTMLPurifier/URIScheme/?MA HTTP/1.1" 200 1164 "http://www.mianjeepos.bms69.com/vendor/ezyang/htmlpurifier/library/HTMLPurifier/URIScheme/" "Mozilla/5.0 AppleWebKit/537.36 (KHTML, like Gecko; compatible; GPTBot/1.3; +https://openai.com/gptbot)"