74.7.227.142 - - [16/Mar/2026:21:29:46 +0000] "GET /vendor/phpoffice/phpspreadsheet/src/PhpSpreadsheet/Calculation/TextData/Text.php HTTP/1.1" 500 0 "http://www.mianjeepos.bms69.com/vendor/phpoffice/phpspreadsheet/src/PhpSpreadsheet/Calculation/TextData/" "Mozilla/5.0 AppleWebKit/537.36 (KHTML, like Gecko; compatible; GPTBot/1.3; +https://openai.com/gptbot)"
74.7.227.166 - - [16/Mar/2026:21:31:13 +0000] "GET /vendor/spatie/laravel-medialibrary/src/MediaCollections/Events/?NA HTTP/1.1" 200 768 "http://mianjeepos.bms69.com/vendor/spatie/laravel-medialibrary/src/MediaCollections/Events/?MA" "Mozilla/5.0 AppleWebKit/537.36 (KHTML, like Gecko; compatible; GPTBot/1.3; +https://openai.com/gptbot)"
74.7.227.142 - - [16/Mar/2026:21:32:11 +0000] "GET /vendor/symfony/polyfill-intl-normalizer/Resources/unidata/?NA HTTP/1.1" 200 766 "http://www.mianjeepos.bms69.com/vendor/symfony/polyfill-intl-normalizer/Resources/unidata/?MA" "Mozilla/5.0 AppleWebKit/537.36 (KHTML, like Gecko; compatible; GPTBot/1.3; +https://openai.com/gptbot)"
74.7.227.166 - - [16/Mar/2026:21:32:50 +0000] "GET /vendor/laravel/framework/src/Illuminate/Config/Repository.php HTTP/1.1" 500 0 "http://mianjeepos.bms69.com/vendor/laravel/framework/src/Illuminate/Config/" "Mozilla/5.0 AppleWebKit/537.36 (KHTML, like Gecko; compatible; GPTBot/1.3; +https://openai.com/gptbot)"
74.7.227.142 - - [16/Mar/2026:21:33:03 +0000] "GET /vendor/phpoffice/phpspreadsheet/src/PhpSpreadsheet/Calculation/MathTrig/Floor.php HTTP/1.1" 500 0 "http://www.mianjeepos.bms69.com/vendor/phpoffice/phpspreadsheet/src/PhpSpreadsheet/Calculation/MathTrig/" "Mozilla/5.0 AppleWebKit/537.36 (KHTML, like Gecko; compatible; GPTBot/1.3; +https://openai.com/gptbot)"
74.7.227.166 - - [16/Mar/2026:21:33:33 +0000] "GET /vendor/laravel/framework/src/Illuminate/Auth/RequestGuard.php HTTP/1.1" 500 0 "http://mianjeepos.bms69.com/vendor/laravel/framework/src/Illuminate/Auth/" "Mozilla/5.0 AppleWebKit/537.36 (KHTML, like Gecko; compatible; GPTBot/1.3; +https://openai.com/gptbot)"
74.7.227.166 - - [16/Mar/2026:21:34:36 +0000] "GET /vendor/doctrine/dbal/src/Schema/Exception/TableAlreadyExists.php HTTP/1.1" 500 0 "http://mianjeepos.bms69.com/vendor/doctrine/dbal/src/Schema/Exception/" "Mozilla/5.0 AppleWebKit/537.36 (KHTML, like Gecko; compatible; GPTBot/1.3; +https://openai.com/gptbot)"
74.7.227.166 - - [16/Mar/2026:21:35:35 +0000] "GET /vendor/laravel/framework/src/Illuminate/Cache/RedisTagSet.php HTTP/1.1" 500 0 "http://mianjeepos.bms69.com/vendor/laravel/framework/src/Illuminate/Cache/" "Mozilla/5.0 AppleWebKit/537.36 (KHTML, like Gecko; compatible; GPTBot/1.3; +https://openai.com/gptbot)"
74.7.227.142 - - [16/Mar/2026:21:35:58 +0000] "GET /vendor/symfony/console/Tester/Constraint/CommandIsSuccessful.php HTTP/1.1" 500 0 "http://www.mianjeepos.bms69.com/vendor/symfony/console/Tester/Constraint/?ND" "Mozilla/5.0 AppleWebKit/537.36 (KHTML, like Gecko; compatible; GPTBot/1.3; +https://openai.com/gptbot)"
74.7.175.187 - - [16/Mar/2026:21:33:33 +0000] "GET /robots.txt HTTP/1.1" 404 1251 "-" "Mozilla/5.0 (Macintosh; Intel Mac OS X 10_15_7) AppleWebKit/537.36 (KHTML, like Gecko) Chrome/131.0.0.0 Safari/537.36; compatible; OAI-SearchBot/1.3; robots.txt; +https://openai.com/searchbot"
74.7.227.142 - - [16/Mar/2026:21:33:48 +0000] "GET /vendor/league/commonmark/src/Environment/EnvironmentInterface.php HTTP/1.1" 500 0 "http://www.mianjeepos.bms69.com/vendor/league/commonmark/src/Environment/?MA" "Mozilla/5.0 AppleWebKit/537.36 (KHTML, like Gecko; compatible; GPTBot/1.3; +https://openai.com/gptbot)"
74.7.227.142 - - [16/Mar/2026:21:34:53 +0000] "GET /vendor/league/commonmark/src/Environment/Environment.php HTTP/1.1" 500 0 "http://www.mianjeepos.bms69.com/vendor/league/commonmark/src/Environment/?MA" "Mozilla/5.0 AppleWebKit/537.36 (KHTML, like Gecko; compatible; GPTBot/1.3; +https://openai.com/gptbot)"
74.7.227.166 - - [16/Mar/2026:21:36:44 +0000] "GET /vendor/egulias/email-validator/src/Result/Reason/CommentsInIDRight.php HTTP/1.1" 500 0 "http://mianjeepos.bms69.com/vendor/egulias/email-validator/src/Result/Reason/" "Mozilla/5.0 AppleWebKit/537.36 (KHTML, like Gecko; compatible; GPTBot/1.3; +https://openai.com/gptbot)"
74.7.227.142 - - [16/Mar/2026:21:37:02 +0000] "GET /vendor/league/commonmark/src/Environment/EnvironmentBuilderInterface.php HTTP/1.1" 500 0 "http://www.mianjeepos.bms69.com/vendor/league/commonmark/src/Environment/?MA" "Mozilla/5.0 AppleWebKit/537.36 (KHTML, like Gecko; compatible; GPTBot/1.3; +https://openai.com/gptbot)"
74.7.227.166 - - [16/Mar/2026:21:37:41 +0000] "GET /vendor/laravel/framework/src/Illuminate/View/DynamicComponent.php HTTP/1.1" 500 0 "http://mianjeepos.bms69.com/vendor/laravel/framework/src/Illuminate/View/" "Mozilla/5.0 AppleWebKit/537.36 (KHTML, like Gecko; compatible; GPTBot/1.3; +https://openai.com/gptbot)"
74.7.227.142 - - [16/Mar/2026:21:38:05 +0000] "GET /vendor/league/commonmark/src/Environment/?NA HTTP/1.1" 200 787 "http://www.mianjeepos.bms69.com/vendor/league/commonmark/src/Environment/?MA" "Mozilla/5.0 AppleWebKit/537.36 (KHTML, like Gecko; compatible; GPTBot/1.3; +https://openai.com/gptbot)"
74.7.227.166 - - [16/Mar/2026:21:38:48 +0000] "GET /vendor/laravel/framework/src/Illuminate/Cache/PhpRedisLock.php HTTP/1.1" 500 0 "http://mianjeepos.bms69.com/vendor/laravel/framework/src/Illuminate/Cache/" "Mozilla/5.0 AppleWebKit/537.36 (KHTML, like Gecko; compatible; GPTBot/1.3; +https://openai.com/gptbot)"
74.7.227.142 - - [16/Mar/2026:21:39:08 +0000] "GET /vendor/league/commonmark/src/Environment/?MD HTTP/1.1" 200 786 "http://www.mianjeepos.bms69.com/vendor/league/commonmark/src/Environment/?MA" "Mozilla/5.0 AppleWebKit/537.36 (KHTML, like Gecko; compatible; GPTBot/1.3; +https://openai.com/gptbot)"
74.7.227.142 - - [16/Mar/2026:21:40:54 +0000] "GET /vendor/symfony/console/Tester/Constraint/?SD HTTP/1.1" 200 724 "http://www.mianjeepos.bms69.com/vendor/symfony/console/Tester/Constraint/?SA" "Mozilla/5.0 AppleWebKit/537.36 (KHTML, like Gecko; compatible; GPTBot/1.3; +https://openai.com/gptbot)"
74.7.227.166 - - [16/Mar/2026:21:41:50 +0000] "GET /vendor/laravel/framework/src/Illuminate/Cache/DynamoDbStore.php HTTP/1.1" 500 0 "http://mianjeepos.bms69.com/vendor/laravel/framework/src/Illuminate/Cache/" "Mozilla/5.0 AppleWebKit/537.36 (KHTML, like Gecko; compatible; GPTBot/1.3; +https://openai.com/gptbot)"
74.7.227.142 - - [16/Mar/2026:21:42:21 +0000] "GET /vendor/symfony/console/Tester/Constraint/?NA HTTP/1.1" 200 723 "http://www.mianjeepos.bms69.com/vendor/symfony/console/Tester/Constraint/?ND" "Mozilla/5.0 AppleWebKit/537.36 (KHTML, like Gecko; compatible; GPTBot/1.3; +https://openai.com/gptbot)"
74.7.227.166 - - [16/Mar/2026:21:42:46 +0000] "GET /vendor/doctrine/dbal/src/Schema/Exception/ColumnDoesNotExist.php HTTP/1.1" 500 0 "http://mianjeepos.bms69.com/vendor/doctrine/dbal/src/Schema/Exception/" "Mozilla/5.0 AppleWebKit/537.36 (KHTML, like Gecko; compatible; GPTBot/1.3; +https://openai.com/gptbot)"
74.7.244.31 - - [16/Mar/2026:21:38:05 +0000] "GET /robots.txt HTTP/1.1" 404 1251 "-" "Mozilla/5.0 (Macintosh; Intel Mac OS X 10_15_7) AppleWebKit/537.36 (KHTML, like Gecko) Chrome/131.0.0.0 Safari/537.36; compatible; OAI-SearchBot/1.3; robots.txt; +https://openai.com/searchbot"
74.7.227.166 - - [16/Mar/2026:21:39:50 +0000] "GET /vendor/spatie/laravel-medialibrary/src/MediaCollections/Events/CollectionHasBeenCleared.php HTTP/1.1" 500 0 "http://mianjeepos.bms69.com/vendor/spatie/laravel-medialibrary/src/MediaCollections/Events/?ND" "Mozilla/5.0 AppleWebKit/537.36 (KHTML, like Gecko; compatible; GPTBot/1.3; +https://openai.com/gptbot)"
74.7.227.142 - - [16/Mar/2026:21:40:04 +0000] "GET /vendor/league/commonmark/src/Environment/?SD HTTP/1.1" 200 791 "http://www.mianjeepos.bms69.com/vendor/league/commonmark/src/Environment/?SA" "Mozilla/5.0 AppleWebKit/537.36 (KHTML, like Gecko; compatible; GPTBot/1.3; +https://openai.com/gptbot)"
74.7.227.166 - - [16/Mar/2026:21:40:50 +0000] "GET /vendor/spatie/laravel-medialibrary/src/MediaCollections/Events/?SD HTTP/1.1" 200 768 "http://mianjeepos.bms69.com/vendor/spatie/laravel-medialibrary/src/MediaCollections/Events/?SA" "Mozilla/5.0 AppleWebKit/537.36 (KHTML, like Gecko; compatible; GPTBot/1.3; +https://openai.com/gptbot)"
74.7.227.142 - - [16/Mar/2026:21:41:38 +0000] "GET /vendor/symfony/console/Tester/Constraint/?MD HTTP/1.1" 200 724 "http://www.mianjeepos.bms69.com/vendor/symfony/console/Tester/Constraint/?MA" "Mozilla/5.0 AppleWebKit/537.36 (KHTML, like Gecko; compatible; GPTBot/1.3; +https://openai.com/gptbot)"
74.7.227.142 - - [16/Mar/2026:21:43:00 +0000] "GET /vendor/phpoffice/phpspreadsheet/src/PhpSpreadsheet/Calculation/Database/DMax.php HTTP/1.1" 500 0 "http://www.mianjeepos.bms69.com/vendor/phpoffice/phpspreadsheet/src/PhpSpreadsheet/Calculation/Database/" "Mozilla/5.0 AppleWebKit/537.36 (KHTML, like Gecko; compatible; GPTBot/1.3; +https://openai.com/gptbot)"
74.7.227.142 - - [16/Mar/2026:21:43:34 +0000] "GET /vendor/phpoffice/phpspreadsheet/src/PhpSpreadsheet/Calculation/Engine/Logger.php HTTP/1.1" 200 0 "http://www.mianjeepos.bms69.com/vendor/phpoffice/phpspreadsheet/src/PhpSpreadsheet/Calculation/Engine/" "Mozilla/5.0 AppleWebKit/537.36 (KHTML, like Gecko; compatible; GPTBot/1.3; +https://openai.com/gptbot)"
74.7.244.31 - - [16/Mar/2026:21:43:34 +0000] "GET /robots.txt HTTP/1.1" 404 1251 "-" "Mozilla/5.0 (Macintosh; Intel Mac OS X 10_15_7) AppleWebKit/537.36 (KHTML, like Gecko) Chrome/131.0.0.0 Safari/537.36; compatible; OAI-SearchBot/1.3; robots.txt; +https://openai.com/searchbot"
74.7.227.166 - - [16/Mar/2026:21:43:48 +0000] "GET /vendor/laravel/framework/src/Illuminate/Bus/BatchRepository.php HTTP/1.1" 200 0 "http://mianjeepos.bms69.com/vendor/laravel/framework/src/Illuminate/Bus/" "Mozilla/5.0 AppleWebKit/537.36 (KHTML, like Gecko; compatible; GPTBot/1.3; +https://openai.com/gptbot)"
74.7.175.187 - - [16/Mar/2026:21:43:48 +0000] "GET /robots.txt HTTP/1.1" 404 1251 "-" "Mozilla/5.0 (Macintosh; Intel Mac OS X 10_15_7) AppleWebKit/537.36 (KHTML, like Gecko) Chrome/131.0.0.0 Safari/537.36; compatible; OAI-SearchBot/1.3; robots.txt; +https://openai.com/searchbot"
74.7.227.142 - - [16/Mar/2026:21:44:36 +0000] "GET /vendor/phpoffice/phpspreadsheet/src/PhpSpreadsheet/Calculation/Database/DMin.php HTTP/1.1" 500 0 "http://www.mianjeepos.bms69.com/vendor/phpoffice/phpspreadsheet/src/PhpSpreadsheet/Calculation/Database/" "Mozilla/5.0 AppleWebKit/537.36 (KHTML, like Gecko; compatible; GPTBot/1.3; +https://openai.com/gptbot)"
74.7.227.142 - - [16/Mar/2026:21:46:33 +0000] "GET /vendor/phpoffice/phpspreadsheet/src/PhpSpreadsheet/Calculation/TextData/Trim.php HTTP/1.1" 500 0 "http://www.mianjeepos.bms69.com/vendor/phpoffice/phpspreadsheet/src/PhpSpreadsheet/Calculation/TextData/" "Mozilla/5.0 AppleWebKit/537.36 (KHTML, like Gecko; compatible; GPTBot/1.3; +https://openai.com/gptbot)"
74.7.227.166 - - [16/Mar/2026:21:46:54 +0000] "GET /vendor/pragmarx/ia-collection/stubs/src/?SA HTTP/1.1" 200 642 "http://mianjeepos.bms69.com/vendor/pragmarx/ia-collection/stubs/src/" "Mozilla/5.0 AppleWebKit/537.36 (KHTML, like Gecko; compatible; GPTBot/1.3; +https://openai.com/gptbot)"
74.7.175.187 - - [16/Mar/2026:21:49:24 +0000] "GET /robots.txt HTTP/1.1" 404 1251 "-" "Mozilla/5.0 (Macintosh; Intel Mac OS X 10_15_7) AppleWebKit/537.36 (KHTML, like Gecko) Chrome/131.0.0.0 Safari/537.36; compatible; OAI-SearchBot/1.3; robots.txt; +https://openai.com/searchbot"
74.7.227.166 - - [16/Mar/2026:21:50:08 +0000] "GET /vendor/phpoffice/phpspreadsheet/src/PhpSpreadsheet/Calculation/Database/DStDevP.php HTTP/1.1" 500 0 "http://mianjeepos.bms69.com/vendor/phpoffice/phpspreadsheet/src/PhpSpreadsheet/Calculation/Database/" "Mozilla/5.0 AppleWebKit/537.36 (KHTML, like Gecko; compatible; GPTBot/1.3; +https://openai.com/gptbot)"
74.7.227.142 - - [16/Mar/2026:21:50:50 +0000] "GET /vendor/phpoffice/phpspreadsheet/src/PhpSpreadsheet/Calculation/LookupRef/Sort.php HTTP/1.1" 500 0 "http://www.mianjeepos.bms69.com/vendor/phpoffice/phpspreadsheet/src/PhpSpreadsheet/Calculation/LookupRef/" "Mozilla/5.0 AppleWebKit/537.36 (KHTML, like Gecko; compatible; GPTBot/1.3; +https://openai.com/gptbot)"
74.7.227.142 - - [16/Mar/2026:21:51:51 +0000] "GET /vendor/phpoffice/phpspreadsheet/src/PhpSpreadsheet/Calculation/MathTrig/Sqrt.php HTTP/1.1" 500 0 "http://www.mianjeepos.bms69.com/vendor/phpoffice/phpspreadsheet/src/PhpSpreadsheet/Calculation/MathTrig/" "Mozilla/5.0 AppleWebKit/537.36 (KHTML, like Gecko; compatible; GPTBot/1.3; +https://openai.com/gptbot)"
74.7.227.142 - - [16/Mar/2026:21:52:50 +0000] "GET /vendor/phpoffice/phpspreadsheet/src/PhpSpreadsheet/Calculation/MathTrig/Base.php HTTP/1.1" 500 0 "http://www.mianjeepos.bms69.com/vendor/phpoffice/phpspreadsheet/src/PhpSpreadsheet/Calculation/MathTrig/" "Mozilla/5.0 AppleWebKit/537.36 (KHTML, like Gecko; compatible; GPTBot/1.3; +https://openai.com/gptbot)"
74.7.227.166 - - [16/Mar/2026:21:44:52 +0000] "GET /vendor/laravel/framework/src/Illuminate/Broadcasting/Broadcasters/LogBroadcaster.php HTTP/1.1" 500 0 "http://mianjeepos.bms69.com/vendor/laravel/framework/src/Illuminate/Broadcasting/Broadcasters/" "Mozilla/5.0 AppleWebKit/537.36 (KHTML, like Gecko; compatible; GPTBot/1.3; +https://openai.com/gptbot)"
74.7.227.142 - - [16/Mar/2026:21:45:30 +0000] "GET /vendor/phpoffice/phpspreadsheet/src/PhpSpreadsheet/Calculation/Database/DSum.php HTTP/1.1" 500 0 "http://www.mianjeepos.bms69.com/vendor/phpoffice/phpspreadsheet/src/PhpSpreadsheet/Calculation/Database/" "Mozilla/5.0 AppleWebKit/537.36 (KHTML, like Gecko; compatible; GPTBot/1.3; +https://openai.com/gptbot)"
74.7.227.166 - - [16/Mar/2026:21:45:49 +0000] "GET /vendor/masterminds/html5/src/HTML5/Serializer/Traverser.php HTTP/1.1" 200 0 "http://mianjeepos.bms69.com/vendor/masterminds/html5/src/HTML5/Serializer/" "Mozilla/5.0 AppleWebKit/537.36 (KHTML, like Gecko; compatible; GPTBot/1.3; +https://openai.com/gptbot)"
74.7.227.142 - - [16/Mar/2026:21:47:37 +0000] "GET /vendor/phpoffice/phpspreadsheet/src/PhpSpreadsheet/Calculation/MathTrig/Sign.php HTTP/1.1" 500 0 "http://www.mianjeepos.bms69.com/vendor/phpoffice/phpspreadsheet/src/PhpSpreadsheet/Calculation/MathTrig/" "Mozilla/5.0 AppleWebKit/537.36 (KHTML, like Gecko; compatible; GPTBot/1.3; +https://openai.com/gptbot)"
74.7.227.166 - - [16/Mar/2026:21:47:51 +0000] "GET /vendor/pragmarx/ia-collection/stubs/src/?ND HTTP/1.1" 200 639 "http://mianjeepos.bms69.com/vendor/pragmarx/ia-collection/stubs/src/" "Mozilla/5.0 AppleWebKit/537.36 (KHTML, like Gecko; compatible; GPTBot/1.3; +https://openai.com/gptbot)"
74.7.227.142 - - [16/Mar/2026:21:48:39 +0000] "GET /vendor/phpoffice/phpspreadsheet/src/PhpSpreadsheet/Calculation/MathTrig/Trunc.php HTTP/1.1" 500 0 "http://www.mianjeepos.bms69.com/vendor/phpoffice/phpspreadsheet/src/PhpSpreadsheet/Calculation/MathTrig/" "Mozilla/5.0 AppleWebKit/537.36 (KHTML, like Gecko; compatible; GPTBot/1.3; +https://openai.com/gptbot)"
74.7.244.31 - - [16/Mar/2026:21:48:39 +0000] "GET /robots.txt HTTP/1.1" 404 1251 "-" "Mozilla/5.0 (Macintosh; Intel Mac OS X 10_15_7) AppleWebKit/537.36 (KHTML, like Gecko) Chrome/131.0.0.0 Safari/537.36; compatible; OAI-SearchBot/1.3; robots.txt; +https://openai.com/searchbot"
74.7.227.166 - - [16/Mar/2026:21:48:41 +0000] "GET /vendor/pragmarx/ia-collection/stubs/src/?MA HTTP/1.1" 200 641 "http://mianjeepos.bms69.com/vendor/pragmarx/ia-collection/stubs/src/" "Mozilla/5.0 AppleWebKit/537.36 (KHTML, like Gecko; compatible; GPTBot/1.3; +https://openai.com/gptbot)"
74.7.227.166 - - [16/Mar/2026:21:49:24 +0000] "GET /vendor/laravel/framework/src/Illuminate/View/Engines/PhpEngine.php HTTP/1.1" 500 0 "http://mianjeepos.bms69.com/vendor/laravel/framework/src/Illuminate/View/Engines/" "Mozilla/5.0 AppleWebKit/537.36 (KHTML, like Gecko; compatible; GPTBot/1.3; +https://openai.com/gptbot)"
74.7.227.142 - - [16/Mar/2026:21:49:44 +0000] "GET /vendor/phpoffice/phpspreadsheet/src/PhpSpreadsheet/Calculation/MathTrig/Gcd.php HTTP/1.1" 200 0 "http://www.mianjeepos.bms69.com/vendor/phpoffice/phpspreadsheet/src/PhpSpreadsheet/Calculation/MathTrig/" "Mozilla/5.0 AppleWebKit/537.36 (KHTML, like Gecko; compatible; GPTBot/1.3; +https://openai.com/gptbot)"
74.7.227.166 - - [16/Mar/2026:21:51:09 +0000] "GET /vendor/phpoffice/phpspreadsheet/src/PhpSpreadsheet/Calculation/LookupRef/Lookup.php HTTP/1.1" 500 0 "http://mianjeepos.bms69.com/vendor/phpoffice/phpspreadsheet/src/PhpSpreadsheet/Calculation/LookupRef/" "Mozilla/5.0 AppleWebKit/537.36 (KHTML, like Gecko; compatible; GPTBot/1.3; +https://openai.com/gptbot)"
74.7.227.166 - - [16/Mar/2026:21:52:14 +0000] "GET /vendor/phpoffice/phpspreadsheet/src/PhpSpreadsheet/Calculation/Database/DProduct.php HTTP/1.1" 500 0 "http://mianjeepos.bms69.com/vendor/phpoffice/phpspreadsheet/src/PhpSpreadsheet/Calculation/Database/" "Mozilla/5.0 AppleWebKit/537.36 (KHTML, like Gecko; compatible; GPTBot/1.3; +https://openai.com/gptbot)"
74.7.227.166 - - [16/Mar/2026:21:54:20 +0000] "GET /vendor/phpoffice/phpspreadsheet/src/PhpSpreadsheet/Calculation/Engineering/ErfC.php HTTP/1.1" 500 0 "http://mianjeepos.bms69.com/vendor/phpoffice/phpspreadsheet/src/PhpSpreadsheet/Calculation/Engineering/" "Mozilla/5.0 AppleWebKit/537.36 (KHTML, like Gecko; compatible; GPTBot/1.3; +https://openai.com/gptbot)"
74.7.227.166 - - [16/Mar/2026:21:55:25 +0000] "GET /vendor/league/commonmark/src/Extension/Autolink/UrlAutolinkParser.php HTTP/1.1" 500 0 "http://mianjeepos.bms69.com/vendor/league/commonmark/src/Extension/Autolink/" "Mozilla/5.0 AppleWebKit/537.36 (KHTML, like Gecko; compatible; GPTBot/1.3; +https://openai.com/gptbot)"
74.7.227.142 - - [16/Mar/2026:21:55:54 +0000] "GET /vendor/phpoffice/phpspreadsheet/src/PhpSpreadsheet/Calculation/MathTrig/Absolute.php HTTP/1.1" 500 0 "http://www.mianjeepos.bms69.com/vendor/phpoffice/phpspreadsheet/src/PhpSpreadsheet/Calculation/MathTrig/" "Mozilla/5.0 AppleWebKit/537.36 (KHTML, like Gecko; compatible; GPTBot/1.3; +https://openai.com/gptbot)"
74.7.227.142 - - [16/Mar/2026:21:56:52 +0000] "GET /vendor/phpoffice/phpspreadsheet/src/PhpSpreadsheet/Calculation/MathTrig/Subtotal.php HTTP/1.1" 200 0 "http://www.mianjeepos.bms69.com/vendor/phpoffice/phpspreadsheet/src/PhpSpreadsheet/Calculation/MathTrig/" "Mozilla/5.0 AppleWebKit/537.36 (KHTML, like Gecko; compatible; GPTBot/1.3; +https://openai.com/gptbot)"
74.7.227.166 - - [16/Mar/2026:21:57:27 +0000] "GET /vendor/pragmarx/ia-collection/stubs/src/?SD HTTP/1.1" 200 642 "http://mianjeepos.bms69.com/vendor/pragmarx/ia-collection/stubs/src/?SA" "Mozilla/5.0 AppleWebKit/537.36 (KHTML, like Gecko; compatible; GPTBot/1.3; +https://openai.com/gptbot)"
74.7.227.142 - - [16/Mar/2026:21:58:50 +0000] "GET /vendor/phpoffice/phpspreadsheet/src/PhpSpreadsheet/Calculation/LookupRef/Matrix.php HTTP/1.1" 500 0 "http://www.mianjeepos.bms69.com/vendor/phpoffice/phpspreadsheet/src/PhpSpreadsheet/Calculation/LookupRef/" "Mozilla/5.0 AppleWebKit/537.36 (KHTML, like Gecko; compatible; GPTBot/1.3; +https://openai.com/gptbot)"
74.7.227.166 - - [16/Mar/2026:21:53:16 +0000] "GET /vendor/phpoffice/phpspreadsheet/src/PhpSpreadsheet/Calculation/Information/Value.php HTTP/1.1" 500 0 "http://mianjeepos.bms69.com/vendor/phpoffice/phpspreadsheet/src/PhpSpreadsheet/Calculation/Information/" "Mozilla/5.0 AppleWebKit/537.36 (KHTML, like Gecko; compatible; GPTBot/1.3; +https://openai.com/gptbot)"
74.7.227.142 - - [16/Mar/2026:21:53:56 +0000] "GET /vendor/phpoffice/phpspreadsheet/src/PhpSpreadsheet/Calculation/Database/DVarP.php HTTP/1.1" 500 0 "http://www.mianjeepos.bms69.com/vendor/phpoffice/phpspreadsheet/src/PhpSpreadsheet/Calculation/Database/" "Mozilla/5.0 AppleWebKit/537.36 (KHTML, like Gecko; compatible; GPTBot/1.3; +https://openai.com/gptbot)"
74.7.227.142 - - [16/Mar/2026:21:54:51 +0000] "GET /vendor/phpoffice/phpspreadsheet/src/PhpSpreadsheet/Calculation/LookupRef/Unique.php HTTP/1.1" 200 0 "http://www.mianjeepos.bms69.com/vendor/phpoffice/phpspreadsheet/src/PhpSpreadsheet/Calculation/LookupRef/" "Mozilla/5.0 AppleWebKit/537.36 (KHTML, like Gecko; compatible; GPTBot/1.3; +https://openai.com/gptbot)"
74.7.175.187 - - [16/Mar/2026:21:55:26 +0000] "GET /robots.txt HTTP/1.1" 404 1251 "-" "Mozilla/5.0 (Macintosh; Intel Mac OS X 10_15_7) AppleWebKit/537.36 (KHTML, like Gecko) Chrome/131.0.0.0 Safari/537.36; compatible; OAI-SearchBot/1.3; robots.txt; +https://openai.com/searchbot"
74.7.227.166 - - [16/Mar/2026:21:56:26 +0000] "GET /vendor/symfony/http-foundation/Session/Storage/Proxy/SessionHandlerProxy.php HTTP/1.1" 500 0 "http://mianjeepos.bms69.com/vendor/symfony/http-foundation/Session/Storage/Proxy/" "Mozilla/5.0 AppleWebKit/537.36 (KHTML, like Gecko; compatible; GPTBot/1.3; +https://openai.com/gptbot)"
74.7.227.142 - - [16/Mar/2026:21:57:55 +0000] "GET /vendor/phpoffice/phpspreadsheet/src/PhpSpreadsheet/Calculation/MathTrig/IntClass.php HTTP/1.1" 500 0 "http://www.mianjeepos.bms69.com/vendor/phpoffice/phpspreadsheet/src/PhpSpreadsheet/Calculation/MathTrig/" "Mozilla/5.0 AppleWebKit/537.36 (KHTML, like Gecko; compatible; GPTBot/1.3; +https://openai.com/gptbot)"
74.7.227.166 - - [16/Mar/2026:21:58:31 +0000] "GET /vendor/pragmarx/ia-collection/stubs/src/?NA HTTP/1.1" 200 639 "http://mianjeepos.bms69.com/vendor/pragmarx/ia-collection/stubs/src/?SA" "Mozilla/5.0 AppleWebKit/537.36 (KHTML, like Gecko; compatible; GPTBot/1.3; +https://openai.com/gptbot)"
74.7.227.166 - - [16/Mar/2026:21:59:28 +0000] "GET /vendor/pragmarx/ia-collection/stubs/src/?MD HTTP/1.1" 200 643 "http://mianjeepos.bms69.com/vendor/pragmarx/ia-collection/stubs/src/?MA" "Mozilla/5.0 AppleWebKit/537.36 (KHTML, like Gecko; compatible; GPTBot/1.3; +https://openai.com/gptbot)"
74.7.227.142 - - [16/Mar/2026:21:59:52 +0000] "GET /vendor/phpoffice/phpspreadsheet/src/PhpSpreadsheet/Calculation/LookupRef/Formula.php HTTP/1.1" 200 0 "http://www.mianjeepos.bms69.com/vendor/phpoffice/phpspreadsheet/src/PhpSpreadsheet/Calculation/LookupRef/" "Mozilla/5.0 AppleWebKit/537.36 (KHTML, like Gecko; compatible; GPTBot/1.3; +https://openai.com/gptbot)"
74.7.244.31 - - [16/Mar/2026:21:59:52 +0000] "GET /robots.txt HTTP/1.1" 404 1251 "-" "Mozilla/5.0 (Macintosh; Intel Mac OS X 10_15_7) AppleWebKit/537.36 (KHTML, like Gecko) Chrome/131.0.0.0 Safari/537.36; compatible; OAI-SearchBot/1.3; robots.txt; +https://openai.com/searchbot"
74.7.227.166 - - [16/Mar/2026:22:00:20 +0000] "GET /vendor/mockery/mockery/library/Mockery/Generator/UndefinedTargetClass.php HTTP/1.1" 500 0 "http://mianjeepos.bms69.com/vendor/mockery/mockery/library/Mockery/Generator/" "Mozilla/5.0 AppleWebKit/537.36 (KHTML, like Gecko; compatible; GPTBot/1.3; +https://openai.com/gptbot)"
74.7.227.166 - - [16/Mar/2026:22:01:03 +0000] "GET /vendor/laravel/framework/src/Illuminate/Cookie/CookieValuePrefix.php HTTP/1.1" 200 0 "http://mianjeepos.bms69.com/vendor/laravel/framework/src/Illuminate/Cookie/" "Mozilla/5.0 AppleWebKit/537.36 (KHTML, like Gecko; compatible; GPTBot/1.3; +https://openai.com/gptbot)"
74.7.227.142 - - [16/Mar/2026:22:01:52 +0000] "GET /vendor/symfony/polyfill-intl-idn/?ND HTTP/1.1" 200 1103 "http://www.mianjeepos.bms69.com/vendor/symfony/polyfill-intl-idn/" "Mozilla/5.0 AppleWebKit/537.36 (KHTML, like Gecko; compatible; GPTBot/1.3; +https://openai.com/gptbot)"
74.7.227.166 - - [16/Mar/2026:22:02:06 +0000] "GET /vendor/mockery/mockery/library/Mockery/Matcher/MultiArgumentClosure.php HTTP/1.1" 500 0 "http://mianjeepos.bms69.com/vendor/mockery/mockery/library/Mockery/Matcher/" "Mozilla/5.0 AppleWebKit/537.36 (KHTML, like Gecko; compatible; GPTBot/1.3; +https://openai.com/gptbot)"
74.7.227.142 - - [16/Mar/2026:22:02:43 +0000] "GET /vendor/symfony/polyfill-intl-idn/?MA HTTP/1.1" 200 1115 "http://www.mianjeepos.bms69.com/vendor/symfony/polyfill-intl-idn/" "Mozilla/5.0 AppleWebKit/537.36 (KHTML, like Gecko; compatible; GPTBot/1.3; +https://openai.com/gptbot)"
74.7.227.142 - - [16/Mar/2026:22:03:32 +0000] "GET /vendor/symfony/polyfill-intl-idn/?SA HTTP/1.1" 200 1108 "http://www.mianjeepos.bms69.com/vendor/symfony/polyfill-intl-idn/" "Mozilla/5.0 AppleWebKit/537.36 (KHTML, like Gecko; compatible; GPTBot/1.3; +https://openai.com/gptbot)"
74.7.227.142 - - [16/Mar/2026:22:04:13 +0000] "GET /vendor/laravel/framework/src/Illuminate/Translation/LICENSE.md HTTP/1.1" 200 1075 "http://www.mianjeepos.bms69.com/vendor/laravel/framework/src/Illuminate/Translation/" "Mozilla/5.0 AppleWebKit/537.36 (KHTML, like Gecko; compatible; GPTBot/1.3; +https://openai.com/gptbot)"
74.7.227.142 - - [16/Mar/2026:22:04:49 +0000] "GET /vendor/laravel/framework/src/Illuminate/Validation/LICENSE.md HTTP/1.1" 200 1075 "http://www.mianjeepos.bms69.com/vendor/laravel/framework/src/Illuminate/Validation/" "Mozilla/5.0 AppleWebKit/537.36 (KHTML, like Gecko; compatible; GPTBot/1.3; +https://openai.com/gptbot)"
74.7.227.166 - - [16/Mar/2026:22:05:10 +0000] "GET /vendor/league/commonmark/src/Extension/Autolink/EmailAutolinkParser.php HTTP/1.1" 500 0 "http://mianjeepos.bms69.com/vendor/league/commonmark/src/Extension/Autolink/" "Mozilla/5.0 AppleWebKit/537.36 (KHTML, like Gecko; compatible; GPTBot/1.3; +https://openai.com/gptbot)"
74.7.244.31 - - [16/Mar/2026:22:05:21 +0000] "GET /robots.txt HTTP/1.1" 404 1251 "-" "Mozilla/5.0 (Macintosh; Intel Mac OS X 10_15_7) AppleWebKit/537.36 (KHTML, like Gecko) Chrome/131.0.0.0 Safari/537.36; compatible; OAI-SearchBot/1.3; robots.txt; +https://openai.com/searchbot"
74.7.227.142 - - [16/Mar/2026:22:05:52 +0000] "GET /vendor/ezyang/htmlpurifier/library/HTMLPurifier/AttrDef/CSS/Ident.php HTTP/1.1" 500 0 "http://www.mianjeepos.bms69.com/vendor/ezyang/htmlpurifier/library/HTMLPurifier/AttrDef/CSS/" "Mozilla/5.0 AppleWebKit/537.36 (KHTML, like Gecko; compatible; GPTBot/1.3; +https://openai.com/gptbot)"
74.7.227.166 - - [16/Mar/2026:22:06:07 +0000] "GET /vendor/laravel/framework/src/Illuminate/Broadcasting/PendingBroadcast.php HTTP/1.1" 200 0 "http://mianjeepos.bms69.com/vendor/laravel/framework/src/Illuminate/Broadcasting/" "Mozilla/5.0 AppleWebKit/537.36 (KHTML, like Gecko; compatible; GPTBot/1.3; +https://openai.com/gptbot)"
74.7.175.187 - - [16/Mar/2026:22:06:07 +0000] "GET /robots.txt HTTP/1.1" 404 1251 "-" "Mozilla/5.0 (Macintosh; Intel Mac OS X 10_15_7) AppleWebKit/537.36 (KHTML, like Gecko) Chrome/131.0.0.0 Safari/537.36; compatible; OAI-SearchBot/1.3; robots.txt; +https://openai.com/searchbot"
74.7.227.142 - - [16/Mar/2026:22:00:57 +0000] "GET /vendor/phpunit/php-code-coverage/src/TestStatus/TestStatus.php HTTP/1.1" 200 0 "http://www.mianjeepos.bms69.com/vendor/phpunit/php-code-coverage/src/TestStatus/" "Mozilla/5.0 AppleWebKit/537.36 (KHTML, like Gecko; compatible; GPTBot/1.3; +https://openai.com/gptbot)"
74.7.175.187 - - [16/Mar/2026:22:01:03 +0000] "GET /robots.txt HTTP/1.1" 404 1251 "-" "Mozilla/5.0 (Macintosh; Intel Mac OS X 10_15_7) AppleWebKit/537.36 (KHTML, like Gecko) Chrome/131.0.0.0 Safari/537.36; compatible; OAI-SearchBot/1.3; robots.txt; +https://openai.com/searchbot"
74.7.227.166 - - [16/Mar/2026:22:03:03 +0000] "GET /vendor/nesbot/carbon/src/Carbon/Exceptions/InvalidArgumentException.php HTTP/1.1" 500 0 "http://mianjeepos.bms69.com/vendor/nesbot/carbon/src/Carbon/Exceptions/" "Mozilla/5.0 AppleWebKit/537.36 (KHTML, like Gecko; compatible; GPTBot/1.3; +https://openai.com/gptbot)"
74.7.227.166 - - [16/Mar/2026:22:04:04 +0000] "GET /vendor/spatie/laravel-ignition/src/Recorders/DumpRecorder/MultiDumpHandler.php HTTP/1.1" 200 0 "http://mianjeepos.bms69.com/vendor/spatie/laravel-ignition/src/Recorders/DumpRecorder/" "Mozilla/5.0 AppleWebKit/537.36 (KHTML, like Gecko; compatible; GPTBot/1.3; +https://openai.com/gptbot)"
74.7.227.142 - - [16/Mar/2026:22:05:21 +0000] "GET /vendor/spatie/error-solutions/src/SolutionProviders/Laravel/MissingAppKeySolutionProvider.php HTTP/1.1" 500 0 "http://www.mianjeepos.bms69.com/vendor/spatie/error-solutions/src/SolutionProviders/Laravel/" "Mozilla/5.0 AppleWebKit/537.36 (KHTML, like Gecko; compatible; GPTBot/1.3; +https://openai.com/gptbot)"
74.7.227.166 - - [16/Mar/2026:22:07:11 +0000] "GET /vendor/mockery/mockery/library/Mockery/Generator/DefinedTargetClass.php HTTP/1.1" 500 0 "http://mianjeepos.bms69.com/vendor/mockery/mockery/library/Mockery/Generator/" "Mozilla/5.0 AppleWebKit/537.36 (KHTML, like Gecko; compatible; GPTBot/1.3; +https://openai.com/gptbot)"
74.7.227.142 - - [16/Mar/2026:22:08:02 +0000] "GET /vendor/ezyang/htmlpurifier/library/HTMLPurifier/AttrDef/CSS/Ratio.php HTTP/1.1" 500 0 "http://www.mianjeepos.bms69.com/vendor/ezyang/htmlpurifier/library/HTMLPurifier/AttrDef/CSS/" "Mozilla/5.0 AppleWebKit/537.36 (KHTML, like Gecko; compatible; GPTBot/1.3; +https://openai.com/gptbot)"
74.7.227.166 - - [16/Mar/2026:22:08:05 +0000] "GET /vendor/spatie/laravel-medialibrary/src/ResponsiveImages/?MA HTTP/1.1" 200 1208 "http://mianjeepos.bms69.com/vendor/spatie/laravel-medialibrary/src/ResponsiveImages/" "Mozilla/5.0 AppleWebKit/537.36 (KHTML, like Gecko; compatible; GPTBot/1.3; +https://openai.com/gptbot)"
74.7.227.142 - - [16/Mar/2026:22:09:07 +0000] "GET /vendor/league/commonmark/src/Extension/ExternalLink/error_log HTTP/1.1" 403 1242 "http://www.mianjeepos.bms69.com/vendor/league/commonmark/src/Extension/ExternalLink/" "Mozilla/5.0 AppleWebKit/537.36 (KHTML, like Gecko; compatible; GPTBot/1.3; +https://openai.com/gptbot)"
74.7.227.166 - - [16/Mar/2026:22:10:05 +0000] "GET /vendor/spatie/laravel-medialibrary/src/ResponsiveImages/?SA HTTP/1.1" 200 1209 "http://mianjeepos.bms69.com/vendor/spatie/laravel-medialibrary/src/ResponsiveImages/" "Mozilla/5.0 AppleWebKit/537.36 (KHTML, like Gecko; compatible; GPTBot/1.3; +https://openai.com/gptbot)"
74.7.227.142 - - [16/Mar/2026:22:10:07 +0000] "GET /vendor/dompdf/php-svg-lib/src/Svg/CssLength.php HTTP/1.1" 200 0 "http://www.mianjeepos.bms69.com/vendor/dompdf/php-svg-lib/src/Svg/" "Mozilla/5.0 AppleWebKit/537.36 (KHTML, like Gecko; compatible; GPTBot/1.3; +https://openai.com/gptbot)"
74.7.227.166 - - [16/Mar/2026:22:10:54 +0000] "GET /vendor/dompdf/php-font-lib/src/FontLib/OpenType/error_log HTTP/1.1" 403 1242 "http://mianjeepos.bms69.com/vendor/dompdf/php-font-lib/src/FontLib/OpenType/" "Mozilla/5.0 AppleWebKit/537.36 (KHTML, like Gecko; compatible; GPTBot/1.3; +https://openai.com/gptbot)"
74.7.227.142 - - [16/Mar/2026:22:06:57 +0000] "GET /vendor/ezyang/htmlpurifier/library/HTMLPurifier/AttrDef/CSS/Length.php HTTP/1.1" 500 0 "http://www.mianjeepos.bms69.com/vendor/ezyang/htmlpurifier/library/HTMLPurifier/AttrDef/CSS/" "Mozilla/5.0 AppleWebKit/537.36 (KHTML, like Gecko; compatible; GPTBot/1.3; +https://openai.com/gptbot)"
74.7.227.166 - - [16/Mar/2026:22:09:10 +0000] "GET /vendor/spatie/laravel-medialibrary/src/ResponsiveImages/?ND HTTP/1.1" 200 1204 "http://mianjeepos.bms69.com/vendor/spatie/laravel-medialibrary/src/ResponsiveImages/" "Mozilla/5.0 AppleWebKit/537.36 (KHTML, like Gecko; compatible; GPTBot/1.3; +https://openai.com/gptbot)"
74.7.244.31 - - [16/Mar/2026:22:11:08 +0000] "GET /robots.txt HTTP/1.1" 404 1251 "-" "Mozilla/5.0 (Macintosh; Intel Mac OS X 10_15_7) AppleWebKit/537.36 (KHTML, like Gecko) Chrome/131.0.0.0 Safari/537.36; compatible; OAI-SearchBot/1.3; robots.txt; +https://openai.com/searchbot"
74.7.227.142 - - [16/Mar/2026:22:12:06 +0000] "GET /vendor/symfony/polyfill-intl-idn/?SA HTTP/1.1" 200 1108 "http://www.mianjeepos.bms69.com/vendor/symfony/polyfill-intl-idn/?ND" "Mozilla/5.0 AppleWebKit/537.36 (KHTML, like Gecko; compatible; GPTBot/1.3; +https://openai.com/gptbot)"
74.7.227.166 - - [16/Mar/2026:22:13:55 +0000] "GET /vendor/spatie/laravel-ignition/src/Commands/stubs/solution-provider.stub HTTP/1.1" 200 354 "http://mianjeepos.bms69.com/vendor/spatie/laravel-ignition/src/Commands/stubs/" "Mozilla/5.0 AppleWebKit/537.36 (KHTML, like Gecko; compatible; GPTBot/1.3; +https://openai.com/gptbot)"
74.7.227.142 - - [16/Mar/2026:22:14:05 +0000] "GET /vendor/symfony/polyfill-intl-idn/?SD HTTP/1.1" 200 1110 "http://www.mianjeepos.bms69.com/vendor/symfony/polyfill-intl-idn/?SA" "Mozilla/5.0 AppleWebKit/537.36 (KHTML, like Gecko; compatible; GPTBot/1.3; +https://openai.com/gptbot)"
74.7.227.166 - - [16/Mar/2026:22:14:33 +0000] "GET /vendor/maatwebsite/excel/src/Console/stubs/import.collection.stub HTTP/1.1" 200 289 "http://mianjeepos.bms69.com/vendor/maatwebsite/excel/src/Console/stubs/" "Mozilla/5.0 AppleWebKit/537.36 (KHTML, like Gecko; compatible; GPTBot/1.3; +https://openai.com/gptbot)"
74.7.227.166 - - [16/Mar/2026:22:15:36 +0000] "GET /vendor/spatie/laravel-ignition/src/Views/?MA HTTP/1.1" 200 710 "http://mianjeepos.bms69.com/vendor/spatie/laravel-ignition/src/Views/" "Mozilla/5.0 AppleWebKit/537.36 (KHTML, like Gecko; compatible; GPTBot/1.3; +https://openai.com/gptbot)"
74.7.227.166 - - [16/Mar/2026:22:16:04 +0000] "GET /vendor/spatie/laravel-medialibrary/src/ResponsiveImages/?MD HTTP/1.1" 200 1198 "http://mianjeepos.bms69.com/vendor/spatie/laravel-medialibrary/src/ResponsiveImages/?MA" "Mozilla/5.0 AppleWebKit/537.36 (KHTML, like Gecko; compatible; GPTBot/1.3; +https://openai.com/gptbot)"
74.7.227.142 - - [16/Mar/2026:22:16:20 +0000] "GET /vendor/league/commonmark/src/Renderer/Inline/NewlineRenderer.php HTTP/1.1" 500 0 "http://www.mianjeepos.bms69.com/vendor/league/commonmark/src/Renderer/Inline/" "Mozilla/5.0 AppleWebKit/537.36 (KHTML, like Gecko; compatible; GPTBot/1.3; +https://openai.com/gptbot)"
74.7.244.31 - - [16/Mar/2026:22:16:20 +0000] "GET /robots.txt HTTP/1.1" 404 1251 "-" "Mozilla/5.0 (Macintosh; Intel Mac OS X 10_15_7) AppleWebKit/537.36 (KHTML, like Gecko) Chrome/131.0.0.0 Safari/537.36; compatible; OAI-SearchBot/1.3; robots.txt; +https://openai.com/searchbot"
74.7.227.166 - - [16/Mar/2026:22:16:27 +0000] "GET /vendor/spatie/laravel-medialibrary/src/ResponsiveImages/?NA HTTP/1.1" 200 1207 "http://mianjeepos.bms69.com/vendor/spatie/laravel-medialibrary/src/ResponsiveImages/?MA" "Mozilla/5.0 AppleWebKit/537.36 (KHTML, like Gecko; compatible; GPTBot/1.3; +https://openai.com/gptbot)"
74.7.227.142 - - [16/Mar/2026:22:11:08 +0000] "GET /vendor/league/commonmark/src/Renderer/Block/ParagraphRenderer.php HTTP/1.1" 500 0 "http://www.mianjeepos.bms69.com/vendor/league/commonmark/src/Renderer/Block/" "Mozilla/5.0 AppleWebKit/537.36 (KHTML, like Gecko; compatible; GPTBot/1.3; +https://openai.com/gptbot)"
74.7.227.166 - - [16/Mar/2026:22:11:42 +0000] "GET /vendor/dompdf/php-font-lib/src/FontLib/TrueType/error_log HTTP/1.1" 403 1242 "http://mianjeepos.bms69.com/vendor/dompdf/php-font-lib/src/FontLib/TrueType/" "Mozilla/5.0 AppleWebKit/537.36 (KHTML, like Gecko; compatible; GPTBot/1.3; +https://openai.com/gptbot)"
74.7.175.187 - - [16/Mar/2026:22:11:42 +0000] "GET /robots.txt HTTP/1.1" 404 1251 "-" "Mozilla/5.0 (Macintosh; Intel Mac OS X 10_15_7) AppleWebKit/537.36 (KHTML, like Gecko) Chrome/131.0.0.0 Safari/537.36; compatible; OAI-SearchBot/1.3; robots.txt; +https://openai.com/searchbot"
74.7.227.166 - - [16/Mar/2026:22:12:26 +0000] "GET /vendor/laravel/framework/src/Illuminate/Contracts/Config/ HTTP/1.1" 200 664 "http://mianjeepos.bms69.com/vendor/laravel/framework/src/Illuminate/Contracts/" "Mozilla/5.0 AppleWebKit/537.36 (KHTML, like Gecko; compatible; GPTBot/1.3; +https://openai.com/gptbot)"
74.7.227.142 - - [16/Mar/2026:22:13:07 +0000] "GET /vendor/symfony/polyfill-intl-idn/?NA HTTP/1.1" 200 1106 "http://www.mianjeepos.bms69.com/vendor/symfony/polyfill-intl-idn/?ND" "Mozilla/5.0 AppleWebKit/537.36 (KHTML, like Gecko; compatible; GPTBot/1.3; +https://openai.com/gptbot)"
74.7.227.166 - - [16/Mar/2026:22:13:12 +0000] "GET /vendor/spatie/laravel-ignition/src/Commands/stubs/runnable-solution.stub HTTP/1.1" 200 704 "http://mianjeepos.bms69.com/vendor/spatie/laravel-ignition/src/Commands/stubs/" "Mozilla/5.0 AppleWebKit/537.36 (KHTML, like Gecko; compatible; GPTBot/1.3; +https://openai.com/gptbot)"
74.7.227.142 - - [16/Mar/2026:22:14:57 +0000] "GET /vendor/symfony/polyfill-intl-idn/?MD HTTP/1.1" 200 1112 "http://www.mianjeepos.bms69.com/vendor/symfony/polyfill-intl-idn/?MA" "Mozilla/5.0 AppleWebKit/537.36 (KHTML, like Gecko; compatible; GPTBot/1.3; +https://openai.com/gptbot)"
74.7.227.166 - - [16/Mar/2026:22:15:07 +0000] "GET /vendor/staudenmeir/laravel-cte/src/Query/?MA HTTP/1.1" 200 1135 "http://mianjeepos.bms69.com/vendor/staudenmeir/laravel-cte/src/Query/" "Mozilla/5.0 AppleWebKit/537.36 (KHTML, like Gecko; compatible; GPTBot/1.3; +https://openai.com/gptbot)"
74.7.227.142 - - [16/Mar/2026:22:15:39 +0000] "GET /vendor/nesbot/carbon/src/Carbon/Exceptions/ParseErrorException.php HTTP/1.1" 500 0 "http://www.mianjeepos.bms69.com/vendor/nesbot/carbon/src/Carbon/Exceptions/" "Mozilla/5.0 AppleWebKit/537.36 (KHTML, like Gecko; compatible; GPTBot/1.3; +https://openai.com/gptbot)"
74.7.175.187 - - [16/Mar/2026:22:16:50 +0000] "GET /robots.txt HTTP/1.1" 404 1251 "-" "Mozilla/5.0 (Macintosh; Intel Mac OS X 10_15_7) AppleWebKit/537.36 (KHTML, like Gecko) Chrome/131.0.0.0 Safari/537.36; compatible; OAI-SearchBot/1.3; robots.txt; +https://openai.com/searchbot"
74.7.227.166 - - [16/Mar/2026:22:17:08 +0000] "GET /vendor/spatie/laravel-ignition/src/Http/?MA HTTP/1.1" 200 718 "http://mianjeepos.bms69.com/vendor/spatie/laravel-ignition/src/Http/" "Mozilla/5.0 AppleWebKit/537.36 (KHTML, like Gecko; compatible; GPTBot/1.3; +https://openai.com/gptbot)"
74.7.227.166 - - [16/Mar/2026:22:17:25 +0000] "GET /vendor/staudenmeir/laravel-cte/src/Query/?ND HTTP/1.1" 200 1123 "http://mianjeepos.bms69.com/vendor/staudenmeir/laravel-cte/src/Query/" "Mozilla/5.0 AppleWebKit/537.36 (KHTML, like Gecko; compatible; GPTBot/1.3; +https://openai.com/gptbot)"
74.7.227.166 - - [16/Mar/2026:22:17:41 +0000] "GET /vendor/laravel/framework/src/Illuminate/Contracts/Config/Repository.php HTTP/1.1" 200 0 "http://mianjeepos.bms69.com/vendor/laravel/framework/src/Illuminate/Contracts/Config/" "Mozilla/5.0 AppleWebKit/537.36 (KHTML, like Gecko; compatible; GPTBot/1.3; +https://openai.com/gptbot)"
74.7.227.166 - - [16/Mar/2026:22:18:09 +0000] "GET /vendor/symfony/var-dumper/Resources/bin/?SA HTTP/1.1" 200 638 "http://mianjeepos.bms69.com/vendor/symfony/var-dumper/Resources/bin/" "Mozilla/5.0 AppleWebKit/537.36 (KHTML, like Gecko; compatible; GPTBot/1.3; +https://openai.com/gptbot)"
74.7.227.166 - - [16/Mar/2026:22:18:21 +0000] "GET /vendor/spatie/laravel-ignition/src/Views/?ND HTTP/1.1" 200 703 "http://mianjeepos.bms69.com/vendor/spatie/laravel-ignition/src/Views/" "Mozilla/5.0 AppleWebKit/537.36 (KHTML, like Gecko; compatible; GPTBot/1.3; +https://openai.com/gptbot)"
74.7.227.166 - - [16/Mar/2026:22:20:13 +0000] "GET /vendor/staudenmeir/laravel-cte/src/Query/Builder.php HTTP/1.1" 500 0 "http://mianjeepos.bms69.com/vendor/staudenmeir/laravel-cte/src/Query/?MA" "Mozilla/5.0 AppleWebKit/537.36 (KHTML, like Gecko; compatible; GPTBot/1.3; +https://openai.com/gptbot)"
74.7.227.166 - - [16/Mar/2026:22:21:18 +0000] "GET /vendor/spatie/laravel-ignition/src/Views/?MD HTTP/1.1" 200 709 "http://mianjeepos.bms69.com/vendor/spatie/laravel-ignition/src/Views/?MA" "Mozilla/5.0 AppleWebKit/537.36 (KHTML, like Gecko; compatible; GPTBot/1.3; +https://openai.com/gptbot)"
74.7.227.142 - - [16/Mar/2026:22:21:53 +0000] "GET /vendor/doctrine/dbal/src/Platforms/Keywords/MariaDb102Keywords.php HTTP/1.1" 500 0 "http://www.mianjeepos.bms69.com/vendor/doctrine/dbal/src/Platforms/Keywords/" "Mozilla/5.0 AppleWebKit/537.36 (KHTML, like Gecko; compatible; GPTBot/1.3; +https://openai.com/gptbot)"
74.7.244.31 - - [16/Mar/2026:22:21:53 +0000] "GET /robots.txt HTTP/1.1" 404 1251 "-" "Mozilla/5.0 (Macintosh; Intel Mac OS X 10_15_7) AppleWebKit/537.36 (KHTML, like Gecko) Chrome/131.0.0.0 Safari/537.36; compatible; OAI-SearchBot/1.3; robots.txt; +https://openai.com/searchbot"
74.7.175.187 - - [16/Mar/2026:22:22:18 +0000] "GET /robots.txt HTTP/1.1" 404 1251 "-" "Mozilla/5.0 (Macintosh; Intel Mac OS X 10_15_7) AppleWebKit/537.36 (KHTML, like Gecko) Chrome/131.0.0.0 Safari/537.36; compatible; OAI-SearchBot/1.3; robots.txt; +https://openai.com/searchbot"
74.7.227.142 - - [16/Mar/2026:22:22:34 +0000] "GET /vendor/spatie/flare-client-php/src/Support/?ND HTTP/1.1" 200 675 "http://www.mianjeepos.bms69.com/vendor/spatie/flare-client-php/src/Support/" "Mozilla/5.0 AppleWebKit/537.36 (KHTML, like Gecko; compatible; GPTBot/1.3; +https://openai.com/gptbot)"
74.7.227.142 - - [16/Mar/2026:22:23:38 +0000] "GET /vendor/spatie/flare-client-php/src/Context/?MA HTTP/1.1" 200 1111 "http://www.mianjeepos.bms69.com/vendor/spatie/flare-client-php/src/Context/" "Mozilla/5.0 AppleWebKit/537.36 (KHTML, like Gecko; compatible; GPTBot/1.3; +https://openai.com/gptbot)"
74.7.227.166 - - [16/Mar/2026:22:16:50 +0000] "GET /vendor/spatie/laravel-medialibrary/src/ResponsiveImages/?SD HTTP/1.1" 200 1207 "http://mianjeepos.bms69.com/vendor/spatie/laravel-medialibrary/src/ResponsiveImages/?SA" "Mozilla/5.0 AppleWebKit/537.36 (KHTML, like Gecko; compatible; GPTBot/1.3; +https://openai.com/gptbot)"
74.7.227.142 - - [16/Mar/2026:22:17:20 +0000] "GET /vendor/spatie/laravel-ignition/src/ContextProviders/LaravelContextProviderDetector.php HTTP/1.1" 500 0 "http://www.mianjeepos.bms69.com/vendor/spatie/laravel-ignition/src/ContextProviders/" "Mozilla/5.0 AppleWebKit/537.36 (KHTML, like Gecko; compatible; GPTBot/1.3; +https://openai.com/gptbot)"
74.7.227.166 - - [16/Mar/2026:22:17:55 +0000] "GET /vendor/spatie/laravel-ignition/src/Http/?ND HTTP/1.1" 200 717 "http://mianjeepos.bms69.com/vendor/spatie/laravel-ignition/src/Http/" "Mozilla/5.0 AppleWebKit/537.36 (KHTML, like Gecko; compatible; GPTBot/1.3; +https://openai.com/gptbot)"
74.7.227.142 - - [16/Mar/2026:22:18:20 +0000] "GET /vendor/doctrine/dbal/src/Driver/PDO/SQLSrv/ HTTP/1.1" 200 773 "http://www.mianjeepos.bms69.com/vendor/doctrine/dbal/src/Driver/PDO/" "Mozilla/5.0 AppleWebKit/537.36 (KHTML, like Gecko; compatible; GPTBot/1.3; +https://openai.com/gptbot)"
74.7.227.166 - - [16/Mar/2026:22:18:34 +0000] "GET /vendor/staudenmeir/laravel-cte/src/Query/SingleStoreBuilder.php HTTP/1.1" 500 0 "http://mianjeepos.bms69.com/vendor/staudenmeir/laravel-cte/src/Query/?MA" "Mozilla/5.0 AppleWebKit/537.36 (KHTML, like Gecko; compatible; GPTBot/1.3; +https://openai.com/gptbot)"
74.7.227.166 - - [16/Mar/2026:22:18:42 +0000] "GET /vendor/staudenmeir/laravel-cte/src/Query/FirebirdBuilder.php HTTP/1.1" 500 0 "http://mianjeepos.bms69.com/vendor/staudenmeir/laravel-cte/src/Query/?MA" "Mozilla/5.0 AppleWebKit/537.36 (KHTML, like Gecko; compatible; GPTBot/1.3; +https://openai.com/gptbot)"
74.7.227.166 - - [16/Mar/2026:22:19:11 +0000] "GET /vendor/staudenmeir/laravel-cte/src/Query/OracleBuilder.php HTTP/1.1" 500 0 "http://mianjeepos.bms69.com/vendor/staudenmeir/laravel-cte/src/Query/?MA" "Mozilla/5.0 AppleWebKit/537.36 (KHTML, like Gecko; compatible; GPTBot/1.3; +https://openai.com/gptbot)"
74.7.227.142 - - [16/Mar/2026:22:19:24 +0000] "GET /vendor/doctrine/dbal/src/Driver/PDO/SQLite/ HTTP/1.1" 200 705 "http://www.mianjeepos.bms69.com/vendor/doctrine/dbal/src/Driver/PDO/" "Mozilla/5.0 AppleWebKit/537.36 (KHTML, like Gecko; compatible; GPTBot/1.3; +https://openai.com/gptbot)"
74.7.227.142 - - [16/Mar/2026:22:20:19 +0000] "GET /vendor/doctrine/dbal/src/Driver/API/SQLite/ HTTP/1.1" 200 757 "http://www.mianjeepos.bms69.com/vendor/doctrine/dbal/src/Driver/API/" "Mozilla/5.0 AppleWebKit/537.36 (KHTML, like Gecko; compatible; GPTBot/1.3; +https://openai.com/gptbot)"
74.7.227.142 - - [16/Mar/2026:22:21:09 +0000] "GET /vendor/doctrine/dbal/src/Driver/API/SQLSrv/ HTTP/1.1" 200 719 "http://www.mianjeepos.bms69.com/vendor/doctrine/dbal/src/Driver/API/" "Mozilla/5.0 AppleWebKit/537.36 (KHTML, like Gecko; compatible; GPTBot/1.3; +https://openai.com/gptbot)"
74.7.227.166 - - [16/Mar/2026:22:22:18 +0000] "GET /vendor/staudenmeir/laravel-cte/src/Query/?NA HTTP/1.1" 200 1135 "http://mianjeepos.bms69.com/vendor/staudenmeir/laravel-cte/src/Query/?MA" "Mozilla/5.0 AppleWebKit/537.36 (KHTML, like Gecko; compatible; GPTBot/1.3; +https://openai.com/gptbot)"
74.7.227.166 - - [16/Mar/2026:22:23:23 +0000] "GET /vendor/spatie/laravel-ignition/src/Http/?NA HTTP/1.1" 200 715 "http://mianjeepos.bms69.com/vendor/spatie/laravel-ignition/src/Http/?MA" "Mozilla/5.0 AppleWebKit/537.36 (KHTML, like Gecko; compatible; GPTBot/1.3; +https://openai.com/gptbot)"
74.7.227.166 - - [16/Mar/2026:22:24:10 +0000] "GET /vendor/symfony/var-dumper/Resources/bin/?MA HTTP/1.1" 200 638 "http://mianjeepos.bms69.com/vendor/symfony/var-dumper/Resources/bin/" "Mozilla/5.0 AppleWebKit/537.36 (KHTML, like Gecko; compatible; GPTBot/1.3; +https://openai.com/gptbot)"
74.7.227.142 - - [16/Mar/2026:22:24:33 +0000] "GET /vendor/spatie/flare-client-php/src/Context/?ND HTTP/1.1" 200 1099 "http://www.mianjeepos.bms69.com/vendor/spatie/flare-client-php/src/Context/" "Mozilla/5.0 AppleWebKit/537.36 (KHTML, like Gecko; compatible; GPTBot/1.3; +https://openai.com/gptbot)"
74.7.227.166 - - [16/Mar/2026:22:24:54 +0000] "GET /vendor/spatie/laravel-ignition/src/Views/?SA HTTP/1.1" 200 711 "http://mianjeepos.bms69.com/vendor/spatie/laravel-ignition/src/Views/" "Mozilla/5.0 AppleWebKit/537.36 (KHTML, like Gecko; compatible; GPTBot/1.3; +https://openai.com/gptbot)"
74.7.227.142 - - [16/Mar/2026:22:25:26 +0000] "GET /vendor/spatie/flare-client-php/src/Context/?SA HTTP/1.1" 200 1094 "http://www.mianjeepos.bms69.com/vendor/spatie/flare-client-php/src/Context/" "Mozilla/5.0 AppleWebKit/537.36 (KHTML, like Gecko; compatible; GPTBot/1.3; +https://openai.com/gptbot)"
74.7.227.142 - - [16/Mar/2026:22:26:10 +0000] "GET /vendor/spatie/flare-client-php/src/Support/?SA HTTP/1.1" 200 680 "http://www.mianjeepos.bms69.com/vendor/spatie/flare-client-php/src/Support/" "Mozilla/5.0 AppleWebKit/537.36 (KHTML, like Gecko; compatible; GPTBot/1.3; +https://openai.com/gptbot)"
74.7.227.166 - - [16/Mar/2026:22:26:11 +0000] "GET /vendor/spatie/laravel-ignition/src/Http/?MD HTTP/1.1" 200 720 "http://mianjeepos.bms69.com/vendor/spatie/laravel-ignition/src/Http/?MA" "Mozilla/5.0 AppleWebKit/537.36 (KHTML, like Gecko; compatible; GPTBot/1.3; +https://openai.com/gptbot)"
74.7.227.142 - - [16/Mar/2026:22:26:52 +0000] "GET /vendor/spatie/flare-client-php/src/Support/?MA HTTP/1.1" 200 681 "http://www.mianjeepos.bms69.com/vendor/spatie/flare-client-php/src/Support/" "Mozilla/5.0 AppleWebKit/537.36 (KHTML, like Gecko; compatible; GPTBot/1.3; +https://openai.com/gptbot)"
74.7.227.166 - - [16/Mar/2026:22:27:41 +0000] "GET /vendor/symfony/var-dumper/Resources/bin/?NA HTTP/1.1" 200 633 "http://mianjeepos.bms69.com/vendor/symfony/var-dumper/Resources/bin/?SA" "Mozilla/5.0 AppleWebKit/537.36 (KHTML, like Gecko; compatible; GPTBot/1.3; +https://openai.com/gptbot)"
74.7.227.166 - - [16/Mar/2026:22:28:28 +0000] "GET /vendor/staudenmeir/laravel-cte/src/Query/?SA HTTP/1.1" 200 1132 "http://mianjeepos.bms69.com/vendor/staudenmeir/laravel-cte/src/Query/" "Mozilla/5.0 AppleWebKit/537.36 (KHTML, like Gecko; compatible; GPTBot/1.3; +https://openai.com/gptbot)"
74.7.227.142 - - [16/Mar/2026:22:28:37 +0000] "GET /vendor/doctrine/dbal/src/Driver/API/SQLite/error_log HTTP/1.1" 403 1242 "http://www.mianjeepos.bms69.com/vendor/doctrine/dbal/src/Driver/API/SQLite/" "Mozilla/5.0 AppleWebKit/537.36 (KHTML, like Gecko; compatible; GPTBot/1.3; +https://openai.com/gptbot)"
74.7.227.166 - - [16/Mar/2026:22:28:48 +0000] "GET /vendor/staudenmeir/laravel-cte/src/Query/?MD HTTP/1.1" 200 1141 "http://mianjeepos.bms69.com/vendor/staudenmeir/laravel-cte/src/Query/?MA" "Mozilla/5.0 AppleWebKit/537.36 (KHTML, like Gecko; compatible; GPTBot/1.3; +https://openai.com/gptbot)"
74.7.227.166 - - [16/Mar/2026:22:29:25 +0000] "GET /vendor/symfony/var-dumper/Resources/bin/?MD HTTP/1.1" 200 638 "http://mianjeepos.bms69.com/vendor/symfony/var-dumper/Resources/bin/?MA" "Mozilla/5.0 AppleWebKit/537.36 (KHTML, like Gecko; compatible; GPTBot/1.3; +https://openai.com/gptbot)"
74.7.227.166 - - [16/Mar/2026:22:29:36 +0000] "GET /vendor/spatie/laravel-ignition/src/Views/?SD HTTP/1.1" 200 706 "http://mianjeepos.bms69.com/vendor/spatie/laravel-ignition/src/Views/?SA" "Mozilla/5.0 AppleWebKit/537.36 (KHTML, like Gecko; compatible; GPTBot/1.3; +https://openai.com/gptbot)"
74.7.227.166 - - [16/Mar/2026:22:29:49 +0000] "GET /vendor/spatie/laravel-ignition/src/Http/?SD HTTP/1.1" 200 721 "http://mianjeepos.bms69.com/vendor/spatie/laravel-ignition/src/Http/?SA" "Mozilla/5.0 AppleWebKit/537.36 (KHTML, like Gecko; compatible; GPTBot/1.3; +https://openai.com/gptbot)"
74.7.227.166 - - [16/Mar/2026:22:25:34 +0000] "GET /vendor/spatie/laravel-ignition/src/Http/?SA HTTP/1.1" 200 722 "http://mianjeepos.bms69.com/vendor/spatie/laravel-ignition/src/Http/" "Mozilla/5.0 AppleWebKit/537.36 (KHTML, like Gecko; compatible; GPTBot/1.3; +https://openai.com/gptbot)"
74.7.227.166 - - [16/Mar/2026:22:26:45 +0000] "GET /vendor/spatie/laravel-ignition/src/Views/?NA HTTP/1.1" 200 707 "http://mianjeepos.bms69.com/vendor/spatie/laravel-ignition/src/Views/?MA" "Mozilla/5.0 AppleWebKit/537.36 (KHTML, like Gecko; compatible; GPTBot/1.3; +https://openai.com/gptbot)"
74.7.227.166 - - [16/Mar/2026:22:27:20 +0000] "GET /vendor/symfony/var-dumper/Resources/bin/?ND HTTP/1.1" 200 635 "http://mianjeepos.bms69.com/vendor/symfony/var-dumper/Resources/bin/" "Mozilla/5.0 AppleWebKit/537.36 (KHTML, like Gecko; compatible; GPTBot/1.3; +https://openai.com/gptbot)"
74.7.175.187 - - [16/Mar/2026:22:27:20 +0000] "GET /robots.txt HTTP/1.1" 404 1251 "-" "Mozilla/5.0 (Macintosh; Intel Mac OS X 10_15_7) AppleWebKit/537.36 (KHTML, like Gecko) Chrome/131.0.0.0 Safari/537.36; compatible; OAI-SearchBot/1.3; robots.txt; +https://openai.com/searchbot"
74.7.227.142 - - [16/Mar/2026:22:27:28 +0000] "GET /vendor/doctrine/dbal/src/Driver/PDO/SQLSrv/error_log HTTP/1.1" 403 1242 "http://www.mianjeepos.bms69.com/vendor/doctrine/dbal/src/Driver/PDO/SQLSrv/" "Mozilla/5.0 AppleWebKit/537.36 (KHTML, like Gecko; compatible; GPTBot/1.3; +https://openai.com/gptbot)"
74.7.244.31 - - [16/Mar/2026:22:27:29 +0000] "GET /robots.txt HTTP/1.1" 404 1251 "-" "Mozilla/5.0 (Macintosh; Intel Mac OS X 10_15_7) AppleWebKit/537.36 (KHTML, like Gecko) Chrome/131.0.0.0 Safari/537.36; compatible; OAI-SearchBot/1.3; robots.txt; +https://openai.com/searchbot"
