74.7.227.142 - - [16/Mar/2026:15:31:27 +0000] "GET /vendor/dipokhalder/laravel-env-editor/?MA HTTP/1.1" 200 761 "http://www.mianjeepos.bms69.com/vendor/dipokhalder/laravel-env-editor/?SA" "Mozilla/5.0 AppleWebKit/537.36 (KHTML, like Gecko; compatible; GPTBot/1.3; +https://openai.com/gptbot)"
74.7.227.166 - - [16/Mar/2026:15:31:08 +0000] "GET /vendor/ezyang/htmlpurifier/library/HTMLPurifier/HTMLModule/Scripting.php HTTP/1.1" 500 0 "http://mianjeepos.bms69.com/vendor/ezyang/htmlpurifier/library/HTMLPurifier/HTMLModule/" "Mozilla/5.0 AppleWebKit/537.36 (KHTML, like Gecko; compatible; GPTBot/1.3; +https://openai.com/gptbot)"
192.109.200.27 - - [16/Mar/2026:15:32:16 +0000] "GET /wp-login.php HTTP/1.1" 404 1251 "-" "Mozilla/5.0 (Windows NT 11.0; Win64; x64) AppleWebKit/537.36 (KHTML, like Gecko) Chrome/118.0.0.0 Safari/537.36"
74.7.227.142 - - [16/Mar/2026:15:33:00 +0000] "GET /vendor/dipokhalder/laravel-env-editor/?SD HTTP/1.1" 200 762 "http://www.mianjeepos.bms69.com/vendor/dipokhalder/laravel-env-editor/?SA" "Mozilla/5.0 AppleWebKit/537.36 (KHTML, like Gecko; compatible; GPTBot/1.3; +https://openai.com/gptbot)"
74.7.227.142 - - [16/Mar/2026:15:33:44 +0000] "GET /vendor/doctrine/dbal/src/Driver/PgSQL/Result.php HTTP/1.1" 500 0 "http://www.mianjeepos.bms69.com/vendor/doctrine/dbal/src/Driver/PgSQL/" "Mozilla/5.0 AppleWebKit/537.36 (KHTML, like Gecko; compatible; GPTBot/1.3; +https://openai.com/gptbot)"
74.7.227.166 - - [16/Mar/2026:15:34:22 +0000] "GET /vendor/symfony/service-contracts/Attribute/?SD HTTP/1.1" 200 681 "http://mianjeepos.bms69.com/vendor/symfony/service-contracts/Attribute/?SA" "Mozilla/5.0 AppleWebKit/537.36 (KHTML, like Gecko; compatible; GPTBot/1.3; +https://openai.com/gptbot)"
74.7.244.31 - - [16/Mar/2026:15:35:21 +0000] "GET /robots.txt HTTP/1.1" 404 1251 "-" "Mozilla/5.0 (Macintosh; Intel Mac OS X 10_15_7) AppleWebKit/537.36 (KHTML, like Gecko) Chrome/131.0.0.0 Safari/537.36; compatible; OAI-SearchBot/1.3; robots.txt; +https://openai.com/searchbot"
74.7.227.166 - - [16/Mar/2026:15:35:23 +0000] "GET /vendor/symfony/service-contracts/Attribute/?MD HTTP/1.1" 200 681 "http://mianjeepos.bms69.com/vendor/symfony/service-contracts/Attribute/?MA" "Mozilla/5.0 AppleWebKit/537.36 (KHTML, like Gecko; compatible; GPTBot/1.3; +https://openai.com/gptbot)"
74.7.227.166 - - [16/Mar/2026:15:37:56 +0000] "GET /resources/js/components/admin/productsReport/?SD HTTP/1.1" 200 700 "http://mianjeepos.bms69.com/resources/js/components/admin/productsReport/?SA" "Mozilla/5.0 AppleWebKit/537.36 (KHTML, like Gecko; compatible; GPTBot/1.3; +https://openai.com/gptbot)"
74.7.227.142 - - [16/Mar/2026:15:38:18 +0000] "GET /vendor/spatie/laravel-medialibrary/src/MediaCollections/Commands/?SA HTTP/1.1" 200 754 "http://www.mianjeepos.bms69.com/vendor/spatie/laravel-medialibrary/src/MediaCollections/Commands/" "Mozilla/5.0 AppleWebKit/537.36 (KHTML, like Gecko; compatible; GPTBot/1.3; +https://openai.com/gptbot)"
74.7.227.166 - - [16/Mar/2026:15:38:38 +0000] "GET /resources/js/components/admin/productsReport/?MD HTTP/1.1" 200 701 "http://mianjeepos.bms69.com/resources/js/components/admin/productsReport/?MA" "Mozilla/5.0 AppleWebKit/537.36 (KHTML, like Gecko; compatible; GPTBot/1.3; +https://openai.com/gptbot)"
74.7.227.166 - - [16/Mar/2026:15:39:13 +0000] "GET /vendor/ezyang/htmlpurifier/library/HTMLPurifier/HTMLModule/Image.php HTTP/1.1" 500 0 "http://mianjeepos.bms69.com/vendor/ezyang/htmlpurifier/library/HTMLPurifier/HTMLModule/" "Mozilla/5.0 AppleWebKit/537.36 (KHTML, like Gecko; compatible; GPTBot/1.3; +https://openai.com/gptbot)"
74.7.227.166 - - [16/Mar/2026:15:39:49 +0000] "GET /vendor/ezyang/htmlpurifier/library/HTMLPurifier/HTMLModule/Legacy.php HTTP/1.1" 500 0 "http://mianjeepos.bms69.com/vendor/ezyang/htmlpurifier/library/HTMLPurifier/HTMLModule/" "Mozilla/5.0 AppleWebKit/537.36 (KHTML, like Gecko; compatible; GPTBot/1.3; +https://openai.com/gptbot)"
74.7.227.142 - - [16/Mar/2026:15:40:38 +0000] "GET /vendor/laravel/framework/src/Illuminate/Notifications/Console/stubs/?NA HTTP/1.1" 200 667 "http://www.mianjeepos.bms69.com/vendor/laravel/framework/src/Illuminate/Notifications/Console/stubs/?SA" "Mozilla/5.0 AppleWebKit/537.36 (KHTML, like Gecko; compatible; GPTBot/1.3; +https://openai.com/gptbot)"
74.7.227.166 - - [16/Mar/2026:15:32:15 +0000] "GET /vendor/ezyang/htmlpurifier/library/HTMLPurifier/ChildDef/Chameleon.php HTTP/1.1" 500 0 "http://mianjeepos.bms69.com/vendor/ezyang/htmlpurifier/library/HTMLPurifier/ChildDef/" "Mozilla/5.0 AppleWebKit/537.36 (KHTML, like Gecko; compatible; GPTBot/1.3; +https://openai.com/gptbot)"
74.7.175.187 - - [16/Mar/2026:15:32:15 +0000] "GET /robots.txt HTTP/1.1" 404 1251 "-" "Mozilla/5.0 (Macintosh; Intel Mac OS X 10_15_7) AppleWebKit/537.36 (KHTML, like Gecko) Chrome/131.0.0.0 Safari/537.36; compatible; OAI-SearchBot/1.3; robots.txt; +https://openai.com/searchbot"
74.7.227.142 - - [16/Mar/2026:15:32:18 +0000] "GET /vendor/dipokhalder/laravel-env-editor/?MD HTTP/1.1" 200 764 "http://www.mianjeepos.bms69.com/vendor/dipokhalder/laravel-env-editor/?MA" "Mozilla/5.0 AppleWebKit/537.36 (KHTML, like Gecko; compatible; GPTBot/1.3; +https://openai.com/gptbot)"
74.7.227.166 - - [16/Mar/2026:15:33:18 +0000] "GET /vendor/ezyang/htmlpurifier/library/HTMLPurifier/HTMLModule/Hypertext.php HTTP/1.1" 500 0 "http://mianjeepos.bms69.com/vendor/ezyang/htmlpurifier/library/HTMLPurifier/HTMLModule/" "Mozilla/5.0 AppleWebKit/537.36 (KHTML, like Gecko; compatible; GPTBot/1.3; +https://openai.com/gptbot)"
74.7.227.142 - - [16/Mar/2026:15:34:19 +0000] "GET /vendor/nikic/php-parser/lib/PhpParser/error_log HTTP/1.1" 403 1242 "http://www.mianjeepos.bms69.com/vendor/nikic/php-parser/lib/PhpParser/" "Mozilla/5.0 AppleWebKit/537.36 (KHTML, like Gecko; compatible; GPTBot/1.3; +https://openai.com/gptbot)"
74.7.227.142 - - [16/Mar/2026:15:35:21 +0000] "GET /vendor/nikic/php-parser/lib/PhpParser/Internal/ HTTP/1.1" 200 1125 "http://www.mianjeepos.bms69.com/vendor/nikic/php-parser/lib/PhpParser/" "Mozilla/5.0 AppleWebKit/537.36 (KHTML, like Gecko; compatible; GPTBot/1.3; +https://openai.com/gptbot)"
74.7.227.166 - - [16/Mar/2026:15:36:17 +0000] "GET /vendor/symfony/service-contracts/Attribute/?NA HTTP/1.1" 200 676 "http://mianjeepos.bms69.com/vendor/symfony/service-contracts/Attribute/?SA" "Mozilla/5.0 AppleWebKit/537.36 (KHTML, like Gecko; compatible; GPTBot/1.3; +https://openai.com/gptbot)"
74.7.227.142 - - [16/Mar/2026:15:36:28 +0000] "GET /vendor/spatie/error-solutions/src/Solutions/OpenAi/error_log HTTP/1.1" 403 1242 "http://www.mianjeepos.bms69.com/vendor/spatie/error-solutions/src/Solutions/OpenAi/" "Mozilla/5.0 AppleWebKit/537.36 (KHTML, like Gecko; compatible; GPTBot/1.3; +https://openai.com/gptbot)"
74.7.227.166 - - [16/Mar/2026:15:37:11 +0000] "GET /resources/js/components/admin/productsReport/?NA HTTP/1.1" 200 699 "http://mianjeepos.bms69.com/resources/js/components/admin/productsReport/?SA" "Mozilla/5.0 AppleWebKit/537.36 (KHTML, like Gecko; compatible; GPTBot/1.3; +https://openai.com/gptbot)"
74.7.227.142 - - [16/Mar/2026:15:37:22 +0000] "GET /vendor/spatie/laravel-medialibrary/src/MediaCollections/Commands/?ND HTTP/1.1" 200 747 "http://www.mianjeepos.bms69.com/vendor/spatie/laravel-medialibrary/src/MediaCollections/Commands/" "Mozilla/5.0 AppleWebKit/537.36 (KHTML, like Gecko; compatible; GPTBot/1.3; +https://openai.com/gptbot)"
74.7.175.187 - - [16/Mar/2026:15:37:56 +0000] "GET /robots.txt HTTP/1.1" 404 1251 "-" "Mozilla/5.0 (Macintosh; Intel Mac OS X 10_15_7) AppleWebKit/537.36 (KHTML, like Gecko) Chrome/131.0.0.0 Safari/537.36; compatible; OAI-SearchBot/1.3; robots.txt; +https://openai.com/searchbot"
74.7.227.142 - - [16/Mar/2026:15:39:09 +0000] "GET /vendor/spatie/laravel-medialibrary/src/MediaCollections/Commands/?NA HTTP/1.1" 200 749 "http://www.mianjeepos.bms69.com/vendor/spatie/laravel-medialibrary/src/MediaCollections/Commands/?MA" "Mozilla/5.0 AppleWebKit/537.36 (KHTML, like Gecko; compatible; GPTBot/1.3; +https://openai.com/gptbot)"
74.7.227.142 - - [16/Mar/2026:15:39:56 +0000] "GET /vendor/phpunit/php-code-coverage/src/Exception/XmlException.php HTTP/1.1" 500 0 "http://www.mianjeepos.bms69.com/vendor/phpunit/php-code-coverage/src/Exception/" "Mozilla/5.0 AppleWebKit/537.36 (KHTML, like Gecko; compatible; GPTBot/1.3; +https://openai.com/gptbot)"
74.7.244.31 - - [16/Mar/2026:15:40:38 +0000] "GET /robots.txt HTTP/1.1" 404 1251 "-" "Mozilla/5.0 (Macintosh; Intel Mac OS X 10_15_7) AppleWebKit/537.36 (KHTML, like Gecko) Chrome/131.0.0.0 Safari/537.36; compatible; OAI-SearchBot/1.3; robots.txt; +https://openai.com/searchbot"
74.7.227.142 - - [16/Mar/2026:15:42:34 +0000] "GET /vendor/ezyang/htmlpurifier/library/HTMLPurifier/AttrDef/URI/IPv6.php HTTP/1.1" 500 0 "http://www.mianjeepos.bms69.com/vendor/ezyang/htmlpurifier/library/HTMLPurifier/AttrDef/URI/" "Mozilla/5.0 AppleWebKit/537.36 (KHTML, like Gecko; compatible; GPTBot/1.3; +https://openai.com/gptbot)"
74.7.227.166 - - [16/Mar/2026:15:42:52 +0000] "GET /vendor/ezyang/htmlpurifier/library/HTMLPurifier/ChildDef/Optional.php HTTP/1.1" 500 0 "http://mianjeepos.bms69.com/vendor/ezyang/htmlpurifier/library/HTMLPurifier/ChildDef/" "Mozilla/5.0 AppleWebKit/537.36 (KHTML, like Gecko; compatible; GPTBot/1.3; +https://openai.com/gptbot)"
74.7.227.166 - - [16/Mar/2026:15:43:55 +0000] "GET /vendor/ezyang/htmlpurifier/library/HTMLPurifier/HTMLModule/Target.php HTTP/1.1" 500 0 "http://mianjeepos.bms69.com/vendor/ezyang/htmlpurifier/library/HTMLPurifier/HTMLModule/" "Mozilla/5.0 AppleWebKit/537.36 (KHTML, like Gecko; compatible; GPTBot/1.3; +https://openai.com/gptbot)"
74.7.227.142 - - [16/Mar/2026:15:45:36 +0000] "GET /vendor/nikic/php-parser/lib/PhpParser/Internal/?SA HTTP/1.1" 200 1134 "http://www.mianjeepos.bms69.com/vendor/nikic/php-parser/lib/PhpParser/Internal/" "Mozilla/5.0 AppleWebKit/537.36 (KHTML, like Gecko; compatible; GPTBot/1.3; +https://openai.com/gptbot)"
74.7.244.31 - - [16/Mar/2026:15:46:34 +0000] "GET /robots.txt HTTP/1.1" 404 1251 "-" "Mozilla/5.0 (Macintosh; Intel Mac OS X 10_15_7) AppleWebKit/537.36 (KHTML, like Gecko) Chrome/131.0.0.0 Safari/537.36; compatible; OAI-SearchBot/1.3; robots.txt; +https://openai.com/searchbot"
74.7.227.166 - - [16/Mar/2026:15:47:02 +0000] "GET /vendor/ezyang/htmlpurifier/library/HTMLPurifier/ChildDef/Required.php HTTP/1.1" 500 0 "http://mianjeepos.bms69.com/vendor/ezyang/htmlpurifier/library/HTMLPurifier/ChildDef/" "Mozilla/5.0 AppleWebKit/537.36 (KHTML, like Gecko; compatible; GPTBot/1.3; +https://openai.com/gptbot)"
74.7.227.142 - - [16/Mar/2026:15:47:23 +0000] "GET /vendor/ezyang/htmlpurifier/library/HTMLPurifier/HTMLModule/Text.php HTTP/1.1" 500 0 "http://www.mianjeepos.bms69.com/vendor/ezyang/htmlpurifier/library/HTMLPurifier/HTMLModule/" "Mozilla/5.0 AppleWebKit/537.36 (KHTML, like Gecko; compatible; GPTBot/1.3; +https://openai.com/gptbot)"
74.7.227.142 - - [16/Mar/2026:15:48:25 +0000] "GET /vendor/spatie/laravel-medialibrary/src/MediaCollections/Commands/?SD HTTP/1.1" 200 750 "http://www.mianjeepos.bms69.com/vendor/spatie/laravel-medialibrary/src/MediaCollections/Commands/?SA" "Mozilla/5.0 AppleWebKit/537.36 (KHTML, like Gecko; compatible; GPTBot/1.3; +https://openai.com/gptbot)"
74.7.227.166 - - [16/Mar/2026:15:49:04 +0000] "GET /vendor/ezyang/htmlpurifier/library/HTMLPurifier/TagTransform/Font.php HTTP/1.1" 500 0 "http://mianjeepos.bms69.com/vendor/ezyang/htmlpurifier/library/HTMLPurifier/TagTransform/" "Mozilla/5.0 AppleWebKit/537.36 (KHTML, like Gecko; compatible; GPTBot/1.3; +https://openai.com/gptbot)"
74.7.227.166 - - [16/Mar/2026:15:50:09 +0000] "GET /vendor/ezyang/htmlpurifier/library/HTMLPurifier/Strategy/Composite.php HTTP/1.1" 500 0 "http://mianjeepos.bms69.com/vendor/ezyang/htmlpurifier/library/HTMLPurifier/Strategy/" "Mozilla/5.0 AppleWebKit/537.36 (KHTML, like Gecko; compatible; GPTBot/1.3; +https://openai.com/gptbot)"
74.7.227.142 - - [16/Mar/2026:15:50:26 +0000] "GET /vendor/ezyang/htmlpurifier/library/HTMLPurifier/HTMLModule/Tidy.php HTTP/1.1" 500 0 "http://www.mianjeepos.bms69.com/vendor/ezyang/htmlpurifier/library/HTMLPurifier/HTMLModule/" "Mozilla/5.0 AppleWebKit/537.36 (KHTML, like Gecko; compatible; GPTBot/1.3; +https://openai.com/gptbot)"
74.7.227.166 - - [16/Mar/2026:15:51:12 +0000] "GET /vendor/ezyang/htmlpurifier/library/HTMLPurifier/AttrTransform/Name.php HTTP/1.1" 500 0 "http://mianjeepos.bms69.com/vendor/ezyang/htmlpurifier/library/HTMLPurifier/AttrTransform/?MA" "Mozilla/5.0 AppleWebKit/537.36 (KHTML, like Gecko; compatible; GPTBot/1.3; +https://openai.com/gptbot)"
74.7.227.142 - - [16/Mar/2026:15:51:32 +0000] "GET /vendor/ezyang/htmlpurifier/library/HTMLPurifier/HTMLModule/Ruby.php HTTP/1.1" 500 0 "http://www.mianjeepos.bms69.com/vendor/ezyang/htmlpurifier/library/HTMLPurifier/HTMLModule/" "Mozilla/5.0 AppleWebKit/537.36 (KHTML, like Gecko; compatible; GPTBot/1.3; +https://openai.com/gptbot)"
74.7.227.166 - - [16/Mar/2026:15:52:12 +0000] "GET /vendor/ezyang/htmlpurifier/library/HTMLPurifier/Injector/Linkify.php HTTP/1.1" 500 0 "http://mianjeepos.bms69.com/vendor/ezyang/htmlpurifier/library/HTMLPurifier/Injector/" "Mozilla/5.0 AppleWebKit/537.36 (KHTML, like Gecko; compatible; GPTBot/1.3; +https://openai.com/gptbot)"
74.7.227.142 - - [16/Mar/2026:15:52:34 +0000] "GET /vendor/ezyang/htmlpurifier/library/HTMLPurifier/HTMLModule/Name.php HTTP/1.1" 500 0 "http://www.mianjeepos.bms69.com/vendor/ezyang/htmlpurifier/library/HTMLPurifier/HTMLModule/" "Mozilla/5.0 AppleWebKit/537.36 (KHTML, like Gecko; compatible; GPTBot/1.3; +https://openai.com/gptbot)"
74.7.244.31 - - [16/Mar/2026:15:52:34 +0000] "GET /robots.txt HTTP/1.1" 404 1251 "-" "Mozilla/5.0 (Macintosh; Intel Mac OS X 10_15_7) AppleWebKit/537.36 (KHTML, like Gecko) Chrome/131.0.0.0 Safari/537.36; compatible; OAI-SearchBot/1.3; robots.txt; +https://openai.com/searchbot"
74.7.227.166 - - [16/Mar/2026:15:53:18 +0000] "GET /vendor/ezyang/htmlpurifier/library/HTMLPurifier/HTMLModule/Nofollow.php HTTP/1.1" 500 0 "http://mianjeepos.bms69.com/vendor/ezyang/htmlpurifier/library/HTMLPurifier/HTMLModule/" "Mozilla/5.0 AppleWebKit/537.36 (KHTML, like Gecko; compatible; GPTBot/1.3; +https://openai.com/gptbot)"
74.7.227.142 - - [16/Mar/2026:15:53:37 +0000] "GET /vendor/nikic/php-parser/bin/?MA HTTP/1.1" 200 637 "http://www.mianjeepos.bms69.com/vendor/nikic/php-parser/bin/" "Mozilla/5.0 AppleWebKit/537.36 (KHTML, like Gecko; compatible; GPTBot/1.3; +https://openai.com/gptbot)"
74.7.227.166 - - [16/Mar/2026:15:54:19 +0000] "GET /vendor/ezyang/htmlpurifier/library/HTMLPurifier/TagTransform/Simple.php HTTP/1.1" 500 0 "http://mianjeepos.bms69.com/vendor/ezyang/htmlpurifier/library/HTMLPurifier/TagTransform/" "Mozilla/5.0 AppleWebKit/537.36 (KHTML, like Gecko; compatible; GPTBot/1.3; +https://openai.com/gptbot)"
74.7.175.187 - - [16/Mar/2026:15:54:19 +0000] "GET /robots.txt HTTP/1.1" 404 1251 "-" "Mozilla/5.0 (Macintosh; Intel Mac OS X 10_15_7) AppleWebKit/537.36 (KHTML, like Gecko) Chrome/131.0.0.0 Safari/537.36; compatible; OAI-SearchBot/1.3; robots.txt; +https://openai.com/searchbot"
74.7.227.142 - - [16/Mar/2026:15:54:41 +0000] "GET /vendor/nikic/php-parser/lib/?ND HTTP/1.1" 200 635 "http://www.mianjeepos.bms69.com/vendor/nikic/php-parser/lib/" "Mozilla/5.0 AppleWebKit/537.36 (KHTML, like Gecko; compatible; GPTBot/1.3; +https://openai.com/gptbot)"
74.7.227.166 - - [16/Mar/2026:15:55:20 +0000] "GET /vendor/ezyang/htmlpurifier/library/HTMLPurifier/AttrTransform/Lang.php HTTP/1.1" 500 0 "http://mianjeepos.bms69.com/vendor/ezyang/htmlpurifier/library/HTMLPurifier/AttrTransform/?MA" "Mozilla/5.0 AppleWebKit/537.36 (KHTML, like Gecko; compatible; GPTBot/1.3; +https://openai.com/gptbot)"
74.7.227.142 - - [16/Mar/2026:15:55:37 +0000] "GET /vendor/nikic/php-parser/lib/?SA HTTP/1.1" 200 638 "http://www.mianjeepos.bms69.com/vendor/nikic/php-parser/lib/" "Mozilla/5.0 AppleWebKit/537.36 (KHTML, like Gecko; compatible; GPTBot/1.3; +https://openai.com/gptbot)"
74.7.227.166 - - [16/Mar/2026:15:56:24 +0000] "GET /vendor/staudenmeir/laravel-adjacency-list/src/Query/Grammars/ HTTP/1.1" 200 1290 "http://mianjeepos.bms69.com/vendor/staudenmeir/laravel-adjacency-list/src/Query/" "Mozilla/5.0 AppleWebKit/537.36 (KHTML, like Gecko; compatible; GPTBot/1.3; +https://openai.com/gptbot)"
74.7.227.166 - - [16/Mar/2026:15:40:50 +0000] "GET /vendor/ezyang/htmlpurifier/library/HTMLPurifier/AttrTransform/Length.php HTTP/1.1" 500 0 "http://mianjeepos.bms69.com/vendor/ezyang/htmlpurifier/library/HTMLPurifier/AttrTransform/?MA" "Mozilla/5.0 AppleWebKit/537.36 (KHTML, like Gecko; compatible; GPTBot/1.3; +https://openai.com/gptbot)"
74.7.227.142 - - [16/Mar/2026:15:41:40 +0000] "GET /vendor/laravel/framework/src/Illuminate/Notifications/Console/stubs/?ND HTTP/1.1" 200 668 "http://www.mianjeepos.bms69.com/vendor/laravel/framework/src/Illuminate/Notifications/Console/stubs/" "Mozilla/5.0 AppleWebKit/537.36 (KHTML, like Gecko; compatible; GPTBot/1.3; +https://openai.com/gptbot)"
74.7.227.166 - - [16/Mar/2026:15:41:52 +0000] "GET /vendor/ezyang/htmlpurifier/library/HTMLPurifier/VarParser/Flexible.php HTTP/1.1" 500 0 "http://mianjeepos.bms69.com/vendor/ezyang/htmlpurifier/library/HTMLPurifier/VarParser/" "Mozilla/5.0 AppleWebKit/537.36 (KHTML, like Gecko; compatible; GPTBot/1.3; +https://openai.com/gptbot)"
74.7.227.142 - - [16/Mar/2026:15:43:28 +0000] "GET /vendor/ezyang/htmlpurifier/library/HTMLPurifier/AttrDef/URI/IPv4.php HTTP/1.1" 500 0 "http://www.mianjeepos.bms69.com/vendor/ezyang/htmlpurifier/library/HTMLPurifier/AttrDef/URI/" "Mozilla/5.0 AppleWebKit/537.36 (KHTML, like Gecko; compatible; GPTBot/1.3; +https://openai.com/gptbot)"
74.7.175.187 - - [16/Mar/2026:15:43:55 +0000] "GET /robots.txt HTTP/1.1" 404 1251 "-" "Mozilla/5.0 (Macintosh; Intel Mac OS X 10_15_7) AppleWebKit/537.36 (KHTML, like Gecko) Chrome/131.0.0.0 Safari/537.36; compatible; OAI-SearchBot/1.3; robots.txt; +https://openai.com/searchbot"
74.7.227.142 - - [16/Mar/2026:15:44:33 +0000] "GET /vendor/vlucas/phpdotenv/src/Store/File/Paths.php HTTP/1.1" 200 0 "http://www.mianjeepos.bms69.com/vendor/vlucas/phpdotenv/src/Store/File/" "Mozilla/5.0 AppleWebKit/537.36 (KHTML, like Gecko; compatible; GPTBot/1.3; +https://openai.com/gptbot)"
74.7.227.166 - - [16/Mar/2026:15:45:02 +0000] "GET /vendor/ezyang/htmlpurifier/library/HTMLPurifier/DefinitionCache/Null.php HTTP/1.1" 500 0 "http://mianjeepos.bms69.com/vendor/ezyang/htmlpurifier/library/HTMLPurifier/DefinitionCache/" "Mozilla/5.0 AppleWebKit/537.36 (KHTML, like Gecko; compatible; GPTBot/1.3; +https://openai.com/gptbot)"
74.7.227.166 - - [16/Mar/2026:15:46:01 +0000] "GET /vendor/ezyang/htmlpurifier/library/HTMLPurifier/HTMLModule/Iframe.php HTTP/1.1" 500 0 "http://mianjeepos.bms69.com/vendor/ezyang/htmlpurifier/library/HTMLPurifier/HTMLModule/" "Mozilla/5.0 AppleWebKit/537.36 (KHTML, like Gecko; compatible; GPTBot/1.3; +https://openai.com/gptbot)"
74.7.227.142 - - [16/Mar/2026:15:46:34 +0000] "GET /vendor/ezyang/htmlpurifier/library/HTMLPurifier/HTMLModule/List.php HTTP/1.1" 500 0 "http://www.mianjeepos.bms69.com/vendor/ezyang/htmlpurifier/library/HTMLPurifier/HTMLModule/" "Mozilla/5.0 AppleWebKit/537.36 (KHTML, like Gecko; compatible; GPTBot/1.3; +https://openai.com/gptbot)"
74.7.227.166 - - [16/Mar/2026:15:48:06 +0000] "GET /vendor/maximebf/debugbar/src/DebugBar/DataCollector/PhpInfoCollector.php HTTP/1.1" 500 0 "http://mianjeepos.bms69.com/vendor/maximebf/debugbar/src/DebugBar/DataCollector/" "Mozilla/5.0 AppleWebKit/537.36 (KHTML, like Gecko; compatible; GPTBot/1.3; +https://openai.com/gptbot)"
74.7.175.187 - - [16/Mar/2026:15:49:05 +0000] "GET /robots.txt HTTP/1.1" 404 1251 "-" "Mozilla/5.0 (Macintosh; Intel Mac OS X 10_15_7) AppleWebKit/537.36 (KHTML, like Gecko) Chrome/131.0.0.0 Safari/537.36; compatible; OAI-SearchBot/1.3; robots.txt; +https://openai.com/searchbot"
74.7.227.142 - - [16/Mar/2026:15:49:28 +0000] "GET /vendor/ezyang/htmlpurifier/library/HTMLPurifier/HTMLModule/Edit.php HTTP/1.1" 500 0 "http://www.mianjeepos.bms69.com/vendor/ezyang/htmlpurifier/library/HTMLPurifier/HTMLModule/" "Mozilla/5.0 AppleWebKit/537.36 (KHTML, like Gecko; compatible; GPTBot/1.3; +https://openai.com/gptbot)"
74.7.227.142 - - [16/Mar/2026:15:56:26 +0000] "GET /vendor/nikic/php-parser/bin/?SA HTTP/1.1" 200 637 "http://www.mianjeepos.bms69.com/vendor/nikic/php-parser/bin/" "Mozilla/5.0 AppleWebKit/537.36 (KHTML, like Gecko; compatible; GPTBot/1.3; +https://openai.com/gptbot)"
74.7.227.142 - - [16/Mar/2026:15:57:13 +0000] "GET /vendor/nikic/php-parser/lib/?MA HTTP/1.1" 200 639 "http://www.mianjeepos.bms69.com/vendor/nikic/php-parser/lib/" "Mozilla/5.0 AppleWebKit/537.36 (KHTML, like Gecko; compatible; GPTBot/1.3; +https://openai.com/gptbot)"
74.7.227.142 - - [16/Mar/2026:15:58:39 +0000] "GET /resources/js/components/admin/profile/?SA HTTP/1.1" 200 695 "http://www.mianjeepos.bms69.com/resources/js/components/admin/profile/" "Mozilla/5.0 AppleWebKit/537.36 (KHTML, like Gecko; compatible; GPTBot/1.3; +https://openai.com/gptbot)"
74.7.227.142 - - [16/Mar/2026:15:59:05 +0000] "GET /resources/js/components/admin/profile/?ND HTTP/1.1" 200 692 "http://www.mianjeepos.bms69.com/resources/js/components/admin/profile/" "Mozilla/5.0 AppleWebKit/537.36 (KHTML, like Gecko; compatible; GPTBot/1.3; +https://openai.com/gptbot)"
74.7.175.187 - - [16/Mar/2026:15:59:26 +0000] "GET /robots.txt HTTP/1.1" 404 1251 "-" "Mozilla/5.0 (Macintosh; Intel Mac OS X 10_15_7) AppleWebKit/537.36 (KHTML, like Gecko) Chrome/131.0.0.0 Safari/537.36; compatible; OAI-SearchBot/1.3; robots.txt; +https://openai.com/searchbot"
74.7.227.142 - - [16/Mar/2026:15:59:37 +0000] "GET /resources/js/components/admin/profile/?MA HTTP/1.1" 200 692 "http://www.mianjeepos.bms69.com/resources/js/components/admin/profile/" "Mozilla/5.0 AppleWebKit/537.36 (KHTML, like Gecko; compatible; GPTBot/1.3; +https://openai.com/gptbot)"
74.7.227.142 - - [16/Mar/2026:16:00:02 +0000] "GET /vendor/spatie/laravel-ignition/src/ContextProviders/LaravelRequestContextProvider.php HTTP/1.1" 500 0 "http://www.mianjeepos.bms69.com/vendor/spatie/laravel-ignition/src/ContextProviders/" "Mozilla/5.0 AppleWebKit/537.36 (KHTML, like Gecko; compatible; GPTBot/1.3; +https://openai.com/gptbot)"
74.7.227.142 - - [16/Mar/2026:16:00:28 +0000] "GET /vendor/doctrine/dbal/src/Tools/Console/Command/ HTTP/1.1" 200 792 "http://www.mianjeepos.bms69.com/vendor/doctrine/dbal/src/Tools/Console/" "Mozilla/5.0 AppleWebKit/537.36 (KHTML, like Gecko; compatible; GPTBot/1.3; +https://openai.com/gptbot)"
74.7.227.166 - - [16/Mar/2026:16:01:20 +0000] "GET /vendor/doctrine/dbal/src/SQL/Builder/?MA HTTP/1.1" 200 802 "http://mianjeepos.bms69.com/vendor/doctrine/dbal/src/SQL/Builder/" "Mozilla/5.0 AppleWebKit/537.36 (KHTML, like Gecko; compatible; GPTBot/1.3; +https://openai.com/gptbot)"
74.7.227.142 - - [16/Mar/2026:16:02:41 +0000] "GET /vendor/nikic/php-parser/bin/?NA HTTP/1.1" 200 634 "http://www.mianjeepos.bms69.com/vendor/nikic/php-parser/bin/?MA" "Mozilla/5.0 AppleWebKit/537.36 (KHTML, like Gecko; compatible; GPTBot/1.3; +https://openai.com/gptbot)"
74.7.227.166 - - [16/Mar/2026:16:02:59 +0000] "GET /vendor/ramsey/uuid/src/Provider/Node/?SA HTTP/1.1" 200 1105 "http://mianjeepos.bms69.com/vendor/ramsey/uuid/src/Provider/Node/" "Mozilla/5.0 AppleWebKit/537.36 (KHTML, like Gecko; compatible; GPTBot/1.3; +https://openai.com/gptbot)"
74.7.244.31 - - [16/Mar/2026:16:03:19 +0000] "GET /robots.txt HTTP/1.1" 404 1251 "-" "Mozilla/5.0 (Macintosh; Intel Mac OS X 10_15_7) AppleWebKit/537.36 (KHTML, like Gecko) Chrome/131.0.0.0 Safari/537.36; compatible; OAI-SearchBot/1.3; robots.txt; +https://openai.com/searchbot"
74.7.227.166 - - [16/Mar/2026:16:03:41 +0000] "GET /vendor/ramsey/uuid/src/Provider/Time/?SA HTTP/1.1" 200 746 "http://mianjeepos.bms69.com/vendor/ramsey/uuid/src/Provider/Time/" "Mozilla/5.0 AppleWebKit/537.36 (KHTML, like Gecko; compatible; GPTBot/1.3; +https://openai.com/gptbot)"
74.7.227.166 - - [16/Mar/2026:16:04:18 +0000] "GET /vendor/nette/caching/src/Bridges/Psr/?ND HTTP/1.1" 200 712 "http://mianjeepos.bms69.com/vendor/nette/caching/src/Bridges/Psr/" "Mozilla/5.0 AppleWebKit/537.36 (KHTML, like Gecko; compatible; GPTBot/1.3; +https://openai.com/gptbot)"
74.7.227.166 - - [16/Mar/2026:15:57:25 +0000] "GET /vendor/phpunit/php-code-coverage/src/Driver/XdebugDriver.php HTTP/1.1" 500 0 "http://mianjeepos.bms69.com/vendor/phpunit/php-code-coverage/src/Driver/?MA" "Mozilla/5.0 AppleWebKit/537.36 (KHTML, like Gecko; compatible; GPTBot/1.3; +https://openai.com/gptbot)"
74.7.227.142 - - [16/Mar/2026:15:57:55 +0000] "GET /vendor/nikic/php-parser/bin/?ND HTTP/1.1" 200 632 "http://www.mianjeepos.bms69.com/vendor/nikic/php-parser/bin/" "Mozilla/5.0 AppleWebKit/537.36 (KHTML, like Gecko; compatible; GPTBot/1.3; +https://openai.com/gptbot)"
74.7.227.166 - - [16/Mar/2026:15:58:20 +0000] "GET /vendor/phpunit/php-code-coverage/src/Driver/PcovDriver.php HTTP/1.1" 500 0 "http://mianjeepos.bms69.com/vendor/phpunit/php-code-coverage/src/Driver/?MA" "Mozilla/5.0 AppleWebKit/537.36 (KHTML, like Gecko; compatible; GPTBot/1.3; +https://openai.com/gptbot)"
74.7.227.166 - - [16/Mar/2026:15:59:26 +0000] "GET /vendor/ramsey/uuid/src/Provider/Node/?MA HTTP/1.1" 200 1114 "http://mianjeepos.bms69.com/vendor/ramsey/uuid/src/Provider/Node/" "Mozilla/5.0 AppleWebKit/537.36 (KHTML, like Gecko; compatible; GPTBot/1.3; +https://openai.com/gptbot)"
74.7.227.166 - - [16/Mar/2026:16:00:27 +0000] "GET /vendor/ramsey/uuid/src/Provider/Time/?ND HTTP/1.1" 200 739 "http://mianjeepos.bms69.com/vendor/ramsey/uuid/src/Provider/Time/" "Mozilla/5.0 AppleWebKit/537.36 (KHTML, like Gecko; compatible; GPTBot/1.3; +https://openai.com/gptbot)"
74.7.227.142 - - [16/Mar/2026:16:01:30 +0000] "GET /vendor/nikic/php-parser/bin/?MD HTTP/1.1" 200 638 "http://www.mianjeepos.bms69.com/vendor/nikic/php-parser/bin/?MA" "Mozilla/5.0 AppleWebKit/537.36 (KHTML, like Gecko; compatible; GPTBot/1.3; +https://openai.com/gptbot)"
74.7.227.166 - - [16/Mar/2026:16:02:13 +0000] "GET /vendor/doctrine/dbal/src/SQL/Builder/?ND HTTP/1.1" 200 805 "http://mianjeepos.bms69.com/vendor/doctrine/dbal/src/SQL/Builder/" "Mozilla/5.0 AppleWebKit/537.36 (KHTML, like Gecko; compatible; GPTBot/1.3; +https://openai.com/gptbot)"
74.7.227.142 - - [16/Mar/2026:16:03:18 +0000] "GET /vendor/nikic/php-parser/lib/?SA HTTP/1.1" 200 638 "http://www.mianjeepos.bms69.com/vendor/nikic/php-parser/lib/?ND" "Mozilla/5.0 AppleWebKit/537.36 (KHTML, like Gecko; compatible; GPTBot/1.3; +https://openai.com/gptbot)"
74.7.227.142 - - [16/Mar/2026:16:04:04 +0000] "GET /vendor/nikic/php-parser/bin/?SA HTTP/1.1" 200 637 "http://www.mianjeepos.bms69.com/vendor/nikic/php-parser/bin/?MA" "Mozilla/5.0 AppleWebKit/537.36 (KHTML, like Gecko; compatible; GPTBot/1.3; +https://openai.com/gptbot)"
74.7.227.142 - - [16/Mar/2026:16:04:47 +0000] "GET /vendor/nikic/php-parser/bin/?SD HTTP/1.1" 200 637 "http://www.mianjeepos.bms69.com/vendor/nikic/php-parser/bin/?SA" "Mozilla/5.0 AppleWebKit/537.36 (KHTML, like Gecko; compatible; GPTBot/1.3; +https://openai.com/gptbot)"
74.7.227.166 - - [16/Mar/2026:16:05:20 +0000] "GET /vendor/nette/caching/src/Bridges/Psr/?SA HTTP/1.1" 200 719 "http://mianjeepos.bms69.com/vendor/nette/caching/src/Bridges/Psr/" "Mozilla/5.0 AppleWebKit/537.36 (KHTML, like Gecko; compatible; GPTBot/1.3; +https://openai.com/gptbot)"
74.7.227.166 - - [16/Mar/2026:16:05:48 +0000] "GET /vendor/nette/caching/src/Bridges/Psr/?MA HTTP/1.1" 200 720 "http://mianjeepos.bms69.com/vendor/nette/caching/src/Bridges/Psr/" "Mozilla/5.0 AppleWebKit/537.36 (KHTML, like Gecko; compatible; GPTBot/1.3; +https://openai.com/gptbot)"
74.7.227.142 - - [16/Mar/2026:16:05:57 +0000] "GET /vendor/nikic/php-parser/lib/?SD HTTP/1.1" 200 637 "http://www.mianjeepos.bms69.com/vendor/nikic/php-parser/lib/?SA" "Mozilla/5.0 AppleWebKit/537.36 (KHTML, like Gecko; compatible; GPTBot/1.3; +https://openai.com/gptbot)"
74.7.227.166 - - [16/Mar/2026:16:06:13 +0000] "GET /vendor/doctrine/dbal/src/SQL/Builder/?SA HTTP/1.1" 200 805 "http://mianjeepos.bms69.com/vendor/doctrine/dbal/src/SQL/Builder/" "Mozilla/5.0 AppleWebKit/537.36 (KHTML, like Gecko; compatible; GPTBot/1.3; +https://openai.com/gptbot)"
74.7.227.166 - - [16/Mar/2026:16:04:50 +0000] "GET /vendor/ramsey/uuid/src/Provider/Time/?MA HTTP/1.1" 200 747 "http://mianjeepos.bms69.com/vendor/ramsey/uuid/src/Provider/Time/" "Mozilla/5.0 AppleWebKit/537.36 (KHTML, like Gecko; compatible; GPTBot/1.3; +https://openai.com/gptbot)"
74.7.175.187 - - [16/Mar/2026:16:04:51 +0000] "GET /robots.txt HTTP/1.1" 404 1251 "-" "Mozilla/5.0 (Macintosh; Intel Mac OS X 10_15_7) AppleWebKit/537.36 (KHTML, like Gecko) Chrome/131.0.0.0 Safari/537.36; compatible; OAI-SearchBot/1.3; robots.txt; +https://openai.com/searchbot"
74.7.227.142 - - [16/Mar/2026:16:05:29 +0000] "GET /vendor/nikic/php-parser/lib/?MD HTTP/1.1" 200 638 "http://www.mianjeepos.bms69.com/vendor/nikic/php-parser/lib/?MA" "Mozilla/5.0 AppleWebKit/537.36 (KHTML, like Gecko; compatible; GPTBot/1.3; +https://openai.com/gptbot)"
74.7.227.166 - - [16/Mar/2026:16:06:36 +0000] "GET /vendor/ramsey/uuid/src/Provider/Node/?MD HTTP/1.1" 200 1115 "http://mianjeepos.bms69.com/vendor/ramsey/uuid/src/Provider/Node/?MA" "Mozilla/5.0 AppleWebKit/537.36 (KHTML, like Gecko; compatible; GPTBot/1.3; +https://openai.com/gptbot)"
74.7.227.166 - - [16/Mar/2026:16:06:55 +0000] "GET /vendor/ramsey/uuid/src/Provider/Time/?NA HTTP/1.1" 200 735 "http://mianjeepos.bms69.com/vendor/ramsey/uuid/src/Provider/Time/?ND" "Mozilla/5.0 AppleWebKit/537.36 (KHTML, like Gecko; compatible; GPTBot/1.3; +https://openai.com/gptbot)"
74.7.227.166 - - [16/Mar/2026:16:07:11 +0000] "GET /vendor/doctrine/dbal/src/SQL/Builder/DefaultSelectSQLBuilder.php HTTP/1.1" 500 0 "http://mianjeepos.bms69.com/vendor/doctrine/dbal/src/SQL/Builder/?MA" "Mozilla/5.0 AppleWebKit/537.36 (KHTML, like Gecko; compatible; GPTBot/1.3; +https://openai.com/gptbot)"
74.7.227.166 - - [16/Mar/2026:16:07:28 +0000] "GET /vendor/doctrine/dbal/src/SQL/Builder/?MD HTTP/1.1" 200 805 "http://mianjeepos.bms69.com/vendor/doctrine/dbal/src/SQL/Builder/?MA" "Mozilla/5.0 AppleWebKit/537.36 (KHTML, like Gecko; compatible; GPTBot/1.3; +https://openai.com/gptbot)"
74.7.227.142 - - [16/Mar/2026:16:08:01 +0000] "GET /vendor/doctrine/dbal/src/Tools/Console/Command/ReservedWordsCommand.php HTTP/1.1" 500 0 "http://www.mianjeepos.bms69.com/vendor/doctrine/dbal/src/Tools/Console/Command/" "Mozilla/5.0 AppleWebKit/537.36 (KHTML, like Gecko; compatible; GPTBot/1.3; +https://openai.com/gptbot)"
74.7.227.166 - - [16/Mar/2026:16:08:23 +0000] "GET /vendor/ramsey/uuid/src/Provider/Node/?SD HTTP/1.1" 200 1112 "http://mianjeepos.bms69.com/vendor/ramsey/uuid/src/Provider/Node/?SA" "Mozilla/5.0 AppleWebKit/537.36 (KHTML, like Gecko; compatible; GPTBot/1.3; +https://openai.com/gptbot)"
74.7.244.31 - - [16/Mar/2026:16:08:58 +0000] "GET /robots.txt HTTP/1.1" 404 1251 "-" "Mozilla/5.0 (Macintosh; Intel Mac OS X 10_15_7) AppleWebKit/537.36 (KHTML, like Gecko) Chrome/131.0.0.0 Safari/537.36; compatible; OAI-SearchBot/1.3; robots.txt; +https://openai.com/searchbot"
74.7.227.166 - - [16/Mar/2026:16:09:05 +0000] "GET /vendor/doctrine/dbal/src/SQL/Builder/?NA HTTP/1.1" 200 802 "http://mianjeepos.bms69.com/vendor/doctrine/dbal/src/SQL/Builder/?MA" "Mozilla/5.0 AppleWebKit/537.36 (KHTML, like Gecko; compatible; GPTBot/1.3; +https://openai.com/gptbot)"
74.7.227.166 - - [16/Mar/2026:16:09:43 +0000] "GET /vendor/nette/caching/src/Bridges/Psr/?NA HTTP/1.1" 200 710 "http://mianjeepos.bms69.com/vendor/nette/caching/src/Bridges/Psr/?ND" "Mozilla/5.0 AppleWebKit/537.36 (KHTML, like Gecko; compatible; GPTBot/1.3; +https://openai.com/gptbot)"
74.7.227.142 - - [16/Mar/2026:16:10:03 +0000] "GET /resources/js/components/admin/profile/?SD HTTP/1.1" 200 698 "http://www.mianjeepos.bms69.com/resources/js/components/admin/profile/?SA" "Mozilla/5.0 AppleWebKit/537.36 (KHTML, like Gecko; compatible; GPTBot/1.3; +https://openai.com/gptbot)"
74.7.227.166 - - [16/Mar/2026:16:10:24 +0000] "GET /vendor/ramsey/uuid/src/Provider/Time/?MD HTTP/1.1" 200 741 "http://mianjeepos.bms69.com/vendor/ramsey/uuid/src/Provider/Time/?MA" "Mozilla/5.0 AppleWebKit/537.36 (KHTML, like Gecko; compatible; GPTBot/1.3; +https://openai.com/gptbot)"
74.7.227.142 - - [16/Mar/2026:16:06:32 +0000] "GET /vendor/nikic/php-parser/lib/?NA HTTP/1.1" 200 636 "http://www.mianjeepos.bms69.com/vendor/nikic/php-parser/lib/?ND" "Mozilla/5.0 AppleWebKit/537.36 (KHTML, like Gecko; compatible; GPTBot/1.3; +https://openai.com/gptbot)"
74.7.227.142 - - [16/Mar/2026:16:06:54 +0000] "GET /resources/js/components/admin/profile/?MD HTTP/1.1" 200 698 "http://www.mianjeepos.bms69.com/resources/js/components/admin/profile/?MA" "Mozilla/5.0 AppleWebKit/537.36 (KHTML, like Gecko; compatible; GPTBot/1.3; +https://openai.com/gptbot)"
74.7.227.142 - - [16/Mar/2026:16:07:21 +0000] "GET /resources/js/components/admin/profile/?NA HTTP/1.1" 200 692 "http://www.mianjeepos.bms69.com/resources/js/components/admin/profile/?SA" "Mozilla/5.0 AppleWebKit/537.36 (KHTML, like Gecko; compatible; GPTBot/1.3; +https://openai.com/gptbot)"
74.7.227.142 - - [16/Mar/2026:16:07:41 +0000] "GET /vendor/doctrine/dbal/src/Tools/Console/Command/CommandCompatibility.php HTTP/1.1" 500 0 "http://www.mianjeepos.bms69.com/vendor/doctrine/dbal/src/Tools/Console/Command/" "Mozilla/5.0 AppleWebKit/537.36 (KHTML, like Gecko; compatible; GPTBot/1.3; +https://openai.com/gptbot)"
74.7.227.142 - - [16/Mar/2026:16:08:58 +0000] "GET /vendor/doctrine/dbal/src/Tools/Console/Command/error_log HTTP/1.1" 403 1242 "http://www.mianjeepos.bms69.com/vendor/doctrine/dbal/src/Tools/Console/Command/" "Mozilla/5.0 AppleWebKit/537.36 (KHTML, like Gecko; compatible; GPTBot/1.3; +https://openai.com/gptbot)"
74.7.175.187 - - [16/Mar/2026:16:10:24 +0000] "GET /robots.txt HTTP/1.1" 404 1251 "-" "Mozilla/5.0 (Macintosh; Intel Mac OS X 10_15_7) AppleWebKit/537.36 (KHTML, like Gecko) Chrome/131.0.0.0 Safari/537.36; compatible; OAI-SearchBot/1.3; robots.txt; +https://openai.com/searchbot"
74.7.227.166 - - [16/Mar/2026:16:10:48 +0000] "GET /vendor/nette/caching/src/Bridges/Psr/?SD HTTP/1.1" 200 715 "http://mianjeepos.bms69.com/vendor/nette/caching/src/Bridges/Psr/?SA" "Mozilla/5.0 AppleWebKit/537.36 (KHTML, like Gecko; compatible; GPTBot/1.3; +https://openai.com/gptbot)"
74.7.227.142 - - [16/Mar/2026:16:11:07 +0000] "GET /vendor/doctrine/dbal/src/Driver/PgSQL/error_log HTTP/1.1" 403 1242 "http://www.mianjeepos.bms69.com/vendor/doctrine/dbal/src/Driver/PgSQL/" "Mozilla/5.0 AppleWebKit/537.36 (KHTML, like Gecko; compatible; GPTBot/1.3; +https://openai.com/gptbot)"
74.7.227.166 - - [16/Mar/2026:16:12:24 +0000] "GET /vendor/ezyang/htmlpurifier/library/HTMLPurifier/AttrTransform/TargetNoopener.php HTTP/1.1" 500 0 "http://mianjeepos.bms69.com/vendor/ezyang/htmlpurifier/library/HTMLPurifier/AttrTransform/?MA" "Mozilla/5.0 AppleWebKit/537.36 (KHTML, like Gecko; compatible; GPTBot/1.3; +https://openai.com/gptbot)"
74.7.227.166 - - [16/Mar/2026:16:12:45 +0000] "GET /vendor/intervention/image/src/Intervention/Image/ImageServiceProviderLaravelRecent.php HTTP/1.1" 500 0 "http://mianjeepos.bms69.com/vendor/intervention/image/src/Intervention/Image/" "Mozilla/5.0 AppleWebKit/537.36 (KHTML, like Gecko; compatible; GPTBot/1.3; +https://openai.com/gptbot)"
74.7.227.142 - - [16/Mar/2026:16:12:59 +0000] "GET /vendor/hamcrest/hamcrest-php/generator/FactoryFile.php HTTP/1.1" 200 0 "http://www.mianjeepos.bms69.com/vendor/hamcrest/hamcrest-php/generator/" "Mozilla/5.0 AppleWebKit/537.36 (KHTML, like Gecko; compatible; GPTBot/1.3; +https://openai.com/gptbot)"
74.7.227.142 - - [16/Mar/2026:16:14:35 +0000] "GET /vendor/phpoffice/phpspreadsheet/src/PhpSpreadsheet/Calculation/LookupRef/HLookup.php HTTP/1.1" 500 0 "http://www.mianjeepos.bms69.com/vendor/phpoffice/phpspreadsheet/src/PhpSpreadsheet/Calculation/LookupRef/" "Mozilla/5.0 AppleWebKit/537.36 (KHTML, like Gecko; compatible; GPTBot/1.3; +https://openai.com/gptbot)"
74.7.244.31 - - [16/Mar/2026:16:14:35 +0000] "GET /robots.txt HTTP/1.1" 404 1251 "-" "Mozilla/5.0 (Macintosh; Intel Mac OS X 10_15_7) AppleWebKit/537.36 (KHTML, like Gecko) Chrome/131.0.0.0 Safari/537.36; compatible; OAI-SearchBot/1.3; robots.txt; +https://openai.com/searchbot"
74.7.227.166 - - [16/Mar/2026:16:11:21 +0000] "GET /vendor/nette/caching/src/Bridges/Psr/?MD HTTP/1.1" 200 718 "http://mianjeepos.bms69.com/vendor/nette/caching/src/Bridges/Psr/?MA" "Mozilla/5.0 AppleWebKit/537.36 (KHTML, like Gecko; compatible; GPTBot/1.3; +https://openai.com/gptbot)"
74.7.227.166 - - [16/Mar/2026:16:11:42 +0000] "GET /vendor/doctrine/dbal/src/SQL/Builder/?SD HTTP/1.1" 200 799 "http://mianjeepos.bms69.com/vendor/doctrine/dbal/src/SQL/Builder/?SA" "Mozilla/5.0 AppleWebKit/537.36 (KHTML, like Gecko; compatible; GPTBot/1.3; +https://openai.com/gptbot)"
74.7.227.142 - - [16/Mar/2026:16:12:05 +0000] "GET /vendor/spatie/laravel-medialibrary/src/MediaCollections/Models/Concerns/CustomMediaProperties.php HTTP/1.1" 200 0 "http://www.mianjeepos.bms69.com/vendor/spatie/laravel-medialibrary/src/MediaCollections/Models/Concerns/" "Mozilla/5.0 AppleWebKit/537.36 (KHTML, like Gecko; compatible; GPTBot/1.3; +https://openai.com/gptbot)"
74.7.227.166 - - [16/Mar/2026:16:12:07 +0000] "GET /vendor/ramsey/uuid/src/Provider/Time/?SD HTTP/1.1" 200 743 "http://mianjeepos.bms69.com/vendor/ramsey/uuid/src/Provider/Time/?SA" "Mozilla/5.0 AppleWebKit/537.36 (KHTML, like Gecko; compatible; GPTBot/1.3; +https://openai.com/gptbot)"
74.7.227.166 - - [16/Mar/2026:16:13:38 +0000] "GET /vendor/phpoffice/phpspreadsheet/src/PhpSpreadsheet/Worksheet/ColumnCellIterator.php HTTP/1.1" 500 0 "http://mianjeepos.bms69.com/vendor/phpoffice/phpspreadsheet/src/PhpSpreadsheet/Worksheet/" "Mozilla/5.0 AppleWebKit/537.36 (KHTML, like Gecko; compatible; GPTBot/1.3; +https://openai.com/gptbot)"
74.7.227.142 - - [16/Mar/2026:16:13:54 +0000] "GET /vendor/dompdf/php-font-lib/src/FontLib/Table/Type/error_log HTTP/1.1" 403 1242 "http://www.mianjeepos.bms69.com/vendor/dompdf/php-font-lib/src/FontLib/Table/Type/" "Mozilla/5.0 AppleWebKit/537.36 (KHTML, like Gecko; compatible; GPTBot/1.3; +https://openai.com/gptbot)"
74.7.227.142 - - [16/Mar/2026:16:15:23 +0000] "GET /vendor/phpoffice/phpspreadsheet/src/PhpSpreadsheet/Calculation/LookupRef/VLookup.php HTTP/1.1" 500 0 "http://www.mianjeepos.bms69.com/vendor/phpoffice/phpspreadsheet/src/PhpSpreadsheet/Calculation/LookupRef/" "Mozilla/5.0 AppleWebKit/537.36 (KHTML, like Gecko; compatible; GPTBot/1.3; +https://openai.com/gptbot)"
74.7.227.142 - - [16/Mar/2026:16:16:27 +0000] "GET /vendor/league/mime-type-detection/src/EmptyExtensionToMimeTypeMap.php HTTP/1.1" 500 0 "http://www.mianjeepos.bms69.com/vendor/league/mime-type-detection/src/" "Mozilla/5.0 AppleWebKit/537.36 (KHTML, like Gecko; compatible; GPTBot/1.3; +https://openai.com/gptbot)"
74.7.227.142 - - [16/Mar/2026:16:17:28 +0000] "GET /vendor/league/mime-type-detection/src/GeneratedExtensionToMimeTypeMap.php HTTP/1.1" 500 0 "http://www.mianjeepos.bms69.com/vendor/league/mime-type-detection/src/" "Mozilla/5.0 AppleWebKit/537.36 (KHTML, like Gecko; compatible; GPTBot/1.3; +https://openai.com/gptbot)"
74.7.227.166 - - [16/Mar/2026:16:19:33 +0000] "GET /vendor/laravel/framework/src/Illuminate/Console/Scheduling/CacheSchedulingMutex.php HTTP/1.1" 500 0 "http://mianjeepos.bms69.com/vendor/laravel/framework/src/Illuminate/Console/Scheduling/" "Mozilla/5.0 AppleWebKit/537.36 (KHTML, like Gecko; compatible; GPTBot/1.3; +https://openai.com/gptbot)"
74.7.227.166 - - [16/Mar/2026:16:20:18 +0000] "GET /vendor/psy/psysh/src/Command/ListCommand/ HTTP/1.1" 200 1169 "http://mianjeepos.bms69.com/vendor/psy/psysh/src/Command/" "Mozilla/5.0 AppleWebKit/537.36 (KHTML, like Gecko; compatible; GPTBot/1.3; +https://openai.com/gptbot)"
74.7.227.142 - - [16/Mar/2026:16:20:33 +0000] "GET /vendor/spatie/laravel-ignition/src/Commands/stubs/solution.stub HTTP/1.1" 200 368 "http://www.mianjeepos.bms69.com/vendor/spatie/laravel-ignition/src/Commands/stubs/" "Mozilla/5.0 AppleWebKit/537.36 (KHTML, like Gecko; compatible; GPTBot/1.3; +https://openai.com/gptbot)"
74.7.227.166 - - [16/Mar/2026:16:14:41 +0000] "GET /vendor/phpoffice/phpspreadsheet/src/PhpSpreadsheet/Calculation/ExceptionHandler.php HTTP/1.1" 200 0 "http://mianjeepos.bms69.com/vendor/phpoffice/phpspreadsheet/src/PhpSpreadsheet/Calculation/" "Mozilla/5.0 AppleWebKit/537.36 (KHTML, like Gecko; compatible; GPTBot/1.3; +https://openai.com/gptbot)"
74.7.227.166 - - [16/Mar/2026:16:15:42 +0000] "GET /vendor/phpoffice/phpspreadsheet/src/PhpSpreadsheet/Worksheet/HeaderFooterDrawing.php HTTP/1.1" 500 0 "http://mianjeepos.bms69.com/vendor/phpoffice/phpspreadsheet/src/PhpSpreadsheet/Worksheet/" "Mozilla/5.0 AppleWebKit/537.36 (KHTML, like Gecko; compatible; GPTBot/1.3; +https://openai.com/gptbot)"
74.7.227.166 - - [16/Mar/2026:16:16:41 +0000] "GET /vendor/ezyang/htmlpurifier/library/HTMLPurifier/ConfigSchema/Builder/?ND HTTP/1.1" 200 698 "http://mianjeepos.bms69.com/vendor/ezyang/htmlpurifier/library/HTMLPurifier/ConfigSchema/Builder/" "Mozilla/5.0 AppleWebKit/537.36 (KHTML, like Gecko; compatible; GPTBot/1.3; +https://openai.com/gptbot)"
74.7.227.166 - - [16/Mar/2026:16:17:44 +0000] "GET /vendor/ezyang/htmlpurifier/library/HTMLPurifier/ConfigSchema/Builder/?NA HTTP/1.1" 200 706 "http://mianjeepos.bms69.com/vendor/ezyang/htmlpurifier/library/HTMLPurifier/ConfigSchema/Builder/?SA" "Mozilla/5.0 AppleWebKit/537.36 (KHTML, like Gecko; compatible; GPTBot/1.3; +https://openai.com/gptbot)"
74.7.227.142 - - [16/Mar/2026:16:18:30 +0000] "GET /vendor/phpunit/php-invoker/src/exceptions/TimeoutException.php HTTP/1.1" 500 0 "http://www.mianjeepos.bms69.com/vendor/phpunit/php-invoker/src/exceptions/" "Mozilla/5.0 AppleWebKit/537.36 (KHTML, like Gecko; compatible; GPTBot/1.3; +https://openai.com/gptbot)"
74.7.227.166 - - [16/Mar/2026:16:18:39 +0000] "GET /vendor/laravel/framework/src/Illuminate/Foundation/Bootstrap/LoadConfiguration.php HTTP/1.1" 200 0 "http://mianjeepos.bms69.com/vendor/laravel/framework/src/Illuminate/Foundation/Bootstrap/" "Mozilla/5.0 AppleWebKit/537.36 (KHTML, like Gecko; compatible; GPTBot/1.3; +https://openai.com/gptbot)"
74.7.227.142 - - [16/Mar/2026:16:19:31 +0000] "GET /vendor/spatie/flare-client-php/src/Context/ContextProviderDetector.php HTTP/1.1" 200 0 "http://www.mianjeepos.bms69.com/vendor/spatie/flare-client-php/src/Context/" "Mozilla/5.0 AppleWebKit/537.36 (KHTML, like Gecko; compatible; GPTBot/1.3; +https://openai.com/gptbot)"
74.7.244.31 - - [16/Mar/2026:16:20:33 +0000] "GET /robots.txt HTTP/1.1" 404 1251 "-" "Mozilla/5.0 (Macintosh; Intel Mac OS X 10_15_7) AppleWebKit/537.36 (KHTML, like Gecko) Chrome/131.0.0.0 Safari/537.36; compatible; OAI-SearchBot/1.3; robots.txt; +https://openai.com/searchbot"
74.7.175.187 - - [16/Mar/2026:16:21:23 +0000] "GET /robots.txt HTTP/1.1" 404 1251 "-" "Mozilla/5.0 (Macintosh; Intel Mac OS X 10_15_7) AppleWebKit/537.36 (KHTML, like Gecko) Chrome/131.0.0.0 Safari/537.36; compatible; OAI-SearchBot/1.3; robots.txt; +https://openai.com/searchbot"
74.7.227.166 - - [16/Mar/2026:16:22:16 +0000] "GET /vendor/masterminds/html5/src/HTML5/Parser/EventHandler.php HTTP/1.1" 200 0 "http://mianjeepos.bms69.com/vendor/masterminds/html5/src/HTML5/Parser/" "Mozilla/5.0 AppleWebKit/537.36 (KHTML, like Gecko; compatible; GPTBot/1.3; +https://openai.com/gptbot)"
74.7.227.166 - - [16/Mar/2026:16:23:05 +0000] "GET /vendor/masterminds/html5/src/HTML5/Parser/InputStream.php HTTP/1.1" 200 0 "http://mianjeepos.bms69.com/vendor/masterminds/html5/src/HTML5/Parser/" "Mozilla/5.0 AppleWebKit/537.36 (KHTML, like Gecko; compatible; GPTBot/1.3; +https://openai.com/gptbot)"
74.7.227.142 - - [16/Mar/2026:16:23:23 +0000] "GET /resources/js/components/admin/settings/Theme/ThemeComponent.vue HTTP/1.1" 200 6706 "http://www.mianjeepos.bms69.com/resources/js/components/admin/settings/Theme/" "Mozilla/5.0 AppleWebKit/537.36 (KHTML, like Gecko; compatible; GPTBot/1.3; +https://openai.com/gptbot)"
74.7.227.166 - - [16/Mar/2026:16:25:08 +0000] "GET /vendor/laravel/framework/src/Illuminate/Translation/ArrayLoader.php HTTP/1.1" 500 0 "http://mianjeepos.bms69.com/vendor/laravel/framework/src/Illuminate/Translation/" "Mozilla/5.0 AppleWebKit/537.36 (KHTML, like Gecko; compatible; GPTBot/1.3; +https://openai.com/gptbot)"
74.7.227.142 - - [16/Mar/2026:16:25:11 +0000] "GET /vendor/psy/psysh/src/CodeCleaner/?ND HTTP/1.1" 200 1806 "http://www.mianjeepos.bms69.com/vendor/psy/psysh/src/CodeCleaner/" "Mozilla/5.0 AppleWebKit/537.36 (KHTML, like Gecko; compatible; GPTBot/1.3; +https://openai.com/gptbot)"
74.7.227.142 - - [16/Mar/2026:16:26:03 +0000] "GET /vendor/psy/psysh/src/CodeCleaner/?SA HTTP/1.1" 200 1815 "http://www.mianjeepos.bms69.com/vendor/psy/psysh/src/CodeCleaner/" "Mozilla/5.0 AppleWebKit/537.36 (KHTML, like Gecko; compatible; GPTBot/1.3; +https://openai.com/gptbot)"
74.7.244.31 - - [16/Mar/2026:16:26:03 +0000] "GET /robots.txt HTTP/1.1" 404 1251 "-" "Mozilla/5.0 (Macintosh; Intel Mac OS X 10_15_7) AppleWebKit/537.36 (KHTML, like Gecko) Chrome/131.0.0.0 Safari/537.36; compatible; OAI-SearchBot/1.3; robots.txt; +https://openai.com/searchbot"
74.7.227.142 - - [16/Mar/2026:16:26:39 +0000] "GET /vendor/league/mime-type-detection/src/OverridingExtensionToMimeTypeMap.php HTTP/1.1" 500 0 "http://www.mianjeepos.bms69.com/vendor/league/mime-type-detection/src/" "Mozilla/5.0 AppleWebKit/537.36 (KHTML, like Gecko; compatible; GPTBot/1.3; +https://openai.com/gptbot)"
74.7.175.187 - - [16/Mar/2026:16:26:44 +0000] "GET /robots.txt HTTP/1.1" 404 1251 "-" "Mozilla/5.0 (Macintosh; Intel Mac OS X 10_15_7) AppleWebKit/537.36 (KHTML, like Gecko) Chrome/131.0.0.0 Safari/537.36; compatible; OAI-SearchBot/1.3; robots.txt; +https://openai.com/searchbot"
74.7.227.142 - - [16/Mar/2026:16:27:19 +0000] "GET /vendor/spatie/flare-client-php/src/Concerns/?MA HTTP/1.1" 200 692 "http://www.mianjeepos.bms69.com/vendor/spatie/flare-client-php/src/Concerns/" "Mozilla/5.0 AppleWebKit/537.36 (KHTML, like Gecko; compatible; GPTBot/1.3; +https://openai.com/gptbot)"
74.7.227.166 - - [16/Mar/2026:16:27:40 +0000] "GET /vendor/league/commonmark/src/Extension/SmartPunct/error_log HTTP/1.1" 403 1242 "http://mianjeepos.bms69.com/vendor/league/commonmark/src/Extension/SmartPunct/" "Mozilla/5.0 AppleWebKit/537.36 (KHTML, like Gecko; compatible; GPTBot/1.3; +https://openai.com/gptbot)"
74.7.227.166 - - [16/Mar/2026:16:28:33 +0000] "GET /vendor/dipokhalder/laravel-env-editor/?MA HTTP/1.1" 200 757 "http://mianjeepos.bms69.com/vendor/dipokhalder/laravel-env-editor/" "Mozilla/5.0 AppleWebKit/537.36 (KHTML, like Gecko; compatible; GPTBot/1.3; +https://openai.com/gptbot)"
74.7.227.142 - - [16/Mar/2026:16:29:19 +0000] "GET /vendor/spatie/flare-client-php/src/Solutions/?ND HTTP/1.1" 200 662 "http://www.mianjeepos.bms69.com/vendor/spatie/flare-client-php/src/Solutions/" "Mozilla/5.0 AppleWebKit/537.36 (KHTML, like Gecko; compatible; GPTBot/1.3; +https://openai.com/gptbot)"
74.7.227.166 - - [16/Mar/2026:16:30:10 +0000] "GET /vendor/psy/psysh/src/Command/ListCommand/ClassConstantEnumerator.php HTTP/1.1" 500 0 "http://mianjeepos.bms69.com/vendor/psy/psysh/src/Command/ListCommand/" "Mozilla/5.0 AppleWebKit/537.36 (KHTML, like Gecko; compatible; GPTBot/1.3; +https://openai.com/gptbot)"
74.7.227.142 - - [16/Mar/2026:16:30:10 +0000] "GET /vendor/spatie/flare-client-php/src/Concerns/?SA HTTP/1.1" 200 690 "http://www.mianjeepos.bms69.com/vendor/spatie/flare-client-php/src/Concerns/" "Mozilla/5.0 AppleWebKit/537.36 (KHTML, like Gecko; compatible; GPTBot/1.3; +https://openai.com/gptbot)"
74.7.227.142 - - [16/Mar/2026:16:30:55 +0000] "GET /vendor/spatie/flare-client-php/src/Contracts/?MA HTTP/1.1" 200 672 "http://www.mianjeepos.bms69.com/vendor/spatie/flare-client-php/src/Contracts/" "Mozilla/5.0 AppleWebKit/537.36 (KHTML, like Gecko; compatible; GPTBot/1.3; +https://openai.com/gptbot)"
74.7.227.166 - - [16/Mar/2026:16:21:23 +0000] "GET /vendor/phpoffice/phpspreadsheet/src/PhpSpreadsheet/Style/ConditionalFormatting/?SA HTTP/1.1" 200 1247 "http://mianjeepos.bms69.com/vendor/phpoffice/phpspreadsheet/src/PhpSpreadsheet/Style/ConditionalFormatting/" "Mozilla/5.0 AppleWebKit/537.36 (KHTML, like Gecko; compatible; GPTBot/1.3; +https://openai.com/gptbot)"
74.7.227.142 - - [16/Mar/2026:16:21:30 +0000] "GET /vendor/laravel/framework/src/Illuminate/Translation/TranslationServiceProvider.php HTTP/1.1" 500 0 "http://www.mianjeepos.bms69.com/vendor/laravel/framework/src/Illuminate/Translation/" "Mozilla/5.0 AppleWebKit/537.36 (KHTML, like Gecko; compatible; GPTBot/1.3; +https://openai.com/gptbot)"
74.7.227.142 - - [16/Mar/2026:16:22:18 +0000] "GET /resources/js/components/admin/settings/cities/CityComponent.vue HTTP/1.1" 200 186 "http://www.mianjeepos.bms69.com/resources/js/components/admin/settings/cities/" "Mozilla/5.0 AppleWebKit/537.36 (KHTML, like Gecko; compatible; GPTBot/1.3; +https://openai.com/gptbot)"
74.7.227.166 - - [16/Mar/2026:16:23:58 +0000] "GET /vendor/laravel/framework/src/Illuminate/Notifications/Channels/DatabaseChannel.php HTTP/1.1" 200 0 "http://mianjeepos.bms69.com/vendor/laravel/framework/src/Illuminate/Notifications/Channels/" "Mozilla/5.0 AppleWebKit/537.36 (KHTML, like Gecko; compatible; GPTBot/1.3; +https://openai.com/gptbot)"
74.7.227.142 - - [16/Mar/2026:16:24:21 +0000] "GET /vendor/psy/psysh/src/CodeCleaner/?MA HTTP/1.1" 200 1857 "http://www.mianjeepos.bms69.com/vendor/psy/psysh/src/CodeCleaner/" "Mozilla/5.0 AppleWebKit/537.36 (KHTML, like Gecko; compatible; GPTBot/1.3; +https://openai.com/gptbot)"
74.7.227.166 - - [16/Mar/2026:16:24:32 +0000] "GET /vendor/dompdf/php-font-lib/src/FontLib/Table/Type/ HTTP/1.1" 200 1268 "http://mianjeepos.bms69.com/vendor/dompdf/php-font-lib/src/FontLib/Table/" "Mozilla/5.0 AppleWebKit/537.36 (KHTML, like Gecko; compatible; GPTBot/1.3; +https://openai.com/gptbot)"
