/home3/bmscom/access-logs/mianjeepos.bms69.com
74.7.227.166 - - [16/Mar/2026:12:08:01 +0000] "GET /vendor/ezyang/htmlpurifier/library/HTMLPurifier/Printer/HTMLDefinition.php HTTP/1.1" 500 0 "http://mianjeepos.bms69.com/vendor/ezyang/htmlpurifier/library/HTMLPurifier/Printer/" "Mozilla/5.0 AppleWebKit/537.36 (KHTML, like Gecko; compatible; GPTBot/1.3; +https://openai.com/gptbot)"
74.7.227.166 - - [16/Mar/2026:12:09:00 +0000] "GET /vendor/laravel/framework/src/Illuminate/Routing/RoutingServiceProvider.php HTTP/1.1" 500 0 "http://mianjeepos.bms69.com/vendor/laravel/framework/src/Illuminate/Routing/" "Mozilla/5.0 AppleWebKit/537.36 (KHTML, like Gecko; compatible; GPTBot/1.3; +https://openai.com/gptbot)"
74.7.227.142 - - [16/Mar/2026:12:09:27 +0000] "GET /vendor/laravel/framework/src/Illuminate/Foundation/Testing/Traits/ HTTP/1.1" 200 697 "http://www.mianjeepos.bms69.com/vendor/laravel/framework/src/Illuminate/Foundation/Testing/" "Mozilla/5.0 AppleWebKit/537.36 (KHTML, like Gecko; compatible; GPTBot/1.3; +https://openai.com/gptbot)"
74.7.227.166 - - [16/Mar/2026:12:10:09 +0000] "GET /vendor/ezyang/htmlpurifier/library/HTMLPurifier/HTMLModule/Proprietary.php HTTP/1.1" 500 0 "http://mianjeepos.bms69.com/vendor/ezyang/htmlpurifier/library/HTMLPurifier/HTMLModule/" "Mozilla/5.0 AppleWebKit/537.36 (KHTML, like Gecko; compatible; GPTBot/1.3; +https://openai.com/gptbot)"
74.7.227.142 - - [16/Mar/2026:12:10:30 +0000] "GET /vendor/laravel/framework/src/Illuminate/Redis/Connectors/PredisConnector.php HTTP/1.1" 500 0 "http://www.mianjeepos.bms69.com/vendor/laravel/framework/src/Illuminate/Redis/Connectors/" "Mozilla/5.0 AppleWebKit/537.36 (KHTML, like Gecko; compatible; GPTBot/1.3; +https://openai.com/gptbot)"
74.7.227.166 - - [16/Mar/2026:12:12:17 +0000] "GET /vendor/doctrine/dbal/src/Schema/Exception/SequenceAlreadyExists.php HTTP/1.1" 500 0 "http://mianjeepos.bms69.com/vendor/doctrine/dbal/src/Schema/Exception/" "Mozilla/5.0 AppleWebKit/537.36 (KHTML, like Gecko; compatible; GPTBot/1.3; +https://openai.com/gptbot)"
74.7.227.166 - - [16/Mar/2026:12:13:08 +0000] "GET /vendor/laravel/framework/src/Illuminate/Session/LICENSE.md HTTP/1.1" 200 1075 "http://mianjeepos.bms69.com/vendor/laravel/framework/src/Illuminate/Session/" "Mozilla/5.0 AppleWebKit/537.36 (KHTML, like Gecko; compatible; GPTBot/1.3; +https://openai.com/gptbot)"
74.7.227.142 - - [16/Mar/2026:12:14:31 +0000] "GET /vendor/laravel/framework/src/Illuminate/Foundation/Testing/WithConsoleEvents.php HTTP/1.1" 200 0 "http://www.mianjeepos.bms69.com/vendor/laravel/framework/src/Illuminate/Foundation/Testing/" "Mozilla/5.0 AppleWebKit/537.36 (KHTML, like Gecko; compatible; GPTBot/1.3; +https://openai.com/gptbot)"
74.7.227.142 - - [16/Mar/2026:12:15:27 +0000] "GET /vendor/laravel/framework/src/Illuminate/Foundation/Testing/RefreshDatabase.php HTTP/1.1" 500 0 "http://www.mianjeepos.bms69.com/vendor/laravel/framework/src/Illuminate/Foundation/Testing/" "Mozilla/5.0 AppleWebKit/537.36 (KHTML, like Gecko; compatible; GPTBot/1.3; +https://openai.com/gptbot)"
74.7.227.166 - - [16/Mar/2026:12:16:05 +0000] "GET /vendor/laravel/framework/src/Illuminate/Database/LICENSE.md HTTP/1.1" 200 1075 "http://mianjeepos.bms69.com/vendor/laravel/framework/src/Illuminate/Database/" "Mozilla/5.0 AppleWebKit/537.36 (KHTML, like Gecko; compatible; GPTBot/1.3; +https://openai.com/gptbot)"
74.7.227.142 - - [16/Mar/2026:12:16:18 +0000] "GET /vendor/laravel/framework/src/Illuminate/Process/Exceptions/ProcessFailedException.php HTTP/1.1" 200 0 "http://www.mianjeepos.bms69.com/vendor/laravel/framework/src/Illuminate/Process/Exceptions/" "Mozilla/5.0 AppleWebKit/537.36 (KHTML, like Gecko; compatible; GPTBot/1.3; +https://openai.com/gptbot)"
74.7.227.166 - - [16/Mar/2026:12:16:54 +0000] "GET /vendor/doctrine/dbal/src/Driver/Mysqli/Exception/NonStreamResourceUsedAsLargeObject.php HTTP/1.1" 500 0 "http://mianjeepos.bms69.com/vendor/doctrine/dbal/src/Driver/Mysqli/Exception/" "Mozilla/5.0 AppleWebKit/537.36 (KHTML, like Gecko; compatible; GPTBot/1.3; +https://openai.com/gptbot)"
74.7.227.142 - - [16/Mar/2026:12:17:22 +0000] "GET /vendor/laravel/framework/src/Illuminate/Process/Exceptions/error_log HTTP/1.1" 403 1242 "http://www.mianjeepos.bms69.com/vendor/laravel/framework/src/Illuminate/Process/Exceptions/" "Mozilla/5.0 AppleWebKit/537.36 (KHTML, like Gecko; compatible; GPTBot/1.3; +https://openai.com/gptbot)"
74.7.227.142 - - [16/Mar/2026:12:08:27 +0000] "GET /vendor/laravel/framework/src/Illuminate/Foundation/Testing/error_log HTTP/1.1" 403 1242 "http://www.mianjeepos.bms69.com/vendor/laravel/framework/src/Illuminate/Foundation/Testing/" "Mozilla/5.0 AppleWebKit/537.36 (KHTML, like Gecko; compatible; GPTBot/1.3; +https://openai.com/gptbot)"
74.7.175.187 - - [16/Mar/2026:12:10:09 +0000] "GET /robots.txt HTTP/1.1" 404 1251 "-" "Mozilla/5.0 (Macintosh; Intel Mac OS X 10_15_7) AppleWebKit/537.36 (KHTML, like Gecko) Chrome/131.0.0.0 Safari/537.36; compatible; OAI-SearchBot/1.3; robots.txt; +https://openai.com/searchbot"
74.7.227.166 - - [16/Mar/2026:12:11:07 +0000] "GET /vendor/laravel/framework/src/Illuminate/Routing/ResponseFactory.php HTTP/1.1" 500 0 "http://mianjeepos.bms69.com/vendor/laravel/framework/src/Illuminate/Routing/" "Mozilla/5.0 AppleWebKit/537.36 (KHTML, like Gecko; compatible; GPTBot/1.3; +https://openai.com/gptbot)"
74.7.227.142 - - [16/Mar/2026:12:11:23 +0000] "GET /vendor/league/commonmark/src/Extension/Attributes/Parser/error_log HTTP/1.1" 403 1242 "http://www.mianjeepos.bms69.com/vendor/league/commonmark/src/Extension/Attributes/Parser/" "Mozilla/5.0 AppleWebKit/537.36 (KHTML, like Gecko; compatible; GPTBot/1.3; +https://openai.com/gptbot)"
74.7.244.31 - - [16/Mar/2026:12:11:23 +0000] "GET /robots.txt HTTP/1.1" 404 1251 "-" "Mozilla/5.0 (Macintosh; Intel Mac OS X 10_15_7) AppleWebKit/537.36 (KHTML, like Gecko) Chrome/131.0.0.0 Safari/537.36; compatible; OAI-SearchBot/1.3; robots.txt; +https://openai.com/searchbot"
74.7.227.142 - - [16/Mar/2026:12:12:28 +0000] "GET /vendor/laravel/framework/src/Illuminate/Redis/Connectors/PhpRedisConnector.php HTTP/1.1" 500 0 "http://www.mianjeepos.bms69.com/vendor/laravel/framework/src/Illuminate/Redis/Connectors/" "Mozilla/5.0 AppleWebKit/537.36 (KHTML, like Gecko; compatible; GPTBot/1.3; +https://openai.com/gptbot)"
74.7.227.142 - - [16/Mar/2026:12:13:26 +0000] "GET /vendor/laravel/framework/src/Illuminate/Foundation/Testing/WithoutEvents.php HTTP/1.1" 200 0 "http://www.mianjeepos.bms69.com/vendor/laravel/framework/src/Illuminate/Foundation/Testing/" "Mozilla/5.0 AppleWebKit/537.36 (KHTML, like Gecko; compatible; GPTBot/1.3; +https://openai.com/gptbot)"
74.7.227.166 - - [16/Mar/2026:12:14:13 +0000] "GET /vendor/laravel/framework/src/Illuminate/Pipeline/LICENSE.md HTTP/1.1" 200 1075 "http://mianjeepos.bms69.com/vendor/laravel/framework/src/Illuminate/Pipeline/" "Mozilla/5.0 AppleWebKit/537.36 (KHTML, like Gecko; compatible; GPTBot/1.3; +https://openai.com/gptbot)"
74.7.227.166 - - [16/Mar/2026:12:15:11 +0000] "GET /vendor/laravel/framework/src/Illuminate/Process/LICENSE.md HTTP/1.1" 200 1075 "http://mianjeepos.bms69.com/vendor/laravel/framework/src/Illuminate/Process/" "Mozilla/5.0 AppleWebKit/537.36 (KHTML, like Gecko; compatible; GPTBot/1.3; +https://openai.com/gptbot)"
74.7.175.187 - - [16/Mar/2026:12:15:11 +0000] "GET /robots.txt HTTP/1.1" 404 1251 "-" "Mozilla/5.0 (Macintosh; Intel Mac OS X 10_15_7) AppleWebKit/537.36 (KHTML, like Gecko) Chrome/131.0.0.0 Safari/537.36; compatible; OAI-SearchBot/1.3; robots.txt; +https://openai.com/searchbot"
74.7.227.166 - - [16/Mar/2026:12:17:32 +0000] "GET /vendor/laravel/framework/src/Illuminate/Notifications/Console/stubs/?SA HTTP/1.1" 200 669 "http://mianjeepos.bms69.com/vendor/laravel/framework/src/Illuminate/Notifications/Console/stubs/" "Mozilla/5.0 AppleWebKit/537.36 (KHTML, like Gecko; compatible; GPTBot/1.3; +https://openai.com/gptbot)"
74.7.227.142 - - [16/Mar/2026:12:20:55 +0000] "GET /vendor/laravel/framework/src/Illuminate/Foundation/Testing/DatabaseTransactions.php HTTP/1.1" 200 0 "http://www.mianjeepos.bms69.com/vendor/laravel/framework/src/Illuminate/Foundation/Testing/" "Mozilla/5.0 AppleWebKit/537.36 (KHTML, like Gecko; compatible; GPTBot/1.3; +https://openai.com/gptbot)"
74.7.244.31 - - [16/Mar/2026:12:17:22 +0000] "GET /robots.txt HTTP/1.1" 404 1251 "-" "Mozilla/5.0 (Macintosh; Intel Mac OS X 10_15_7) AppleWebKit/537.36 (KHTML, like Gecko) Chrome/131.0.0.0 Safari/537.36; compatible; OAI-SearchBot/1.3; robots.txt; +https://openai.com/searchbot"
74.7.227.142 - - [16/Mar/2026:12:18:19 +0000] "GET /vendor/laravel/framework/src/Illuminate/Foundation/Testing/WithoutMiddleware.php HTTP/1.1" 200 0 "http://www.mianjeepos.bms69.com/vendor/laravel/framework/src/Illuminate/Foundation/Testing/" "Mozilla/5.0 AppleWebKit/537.36 (KHTML, like Gecko; compatible; GPTBot/1.3; +https://openai.com/gptbot)"
74.7.227.166 - - [16/Mar/2026:12:18:34 +0000] "GET /vendor/laravel/framework/src/Illuminate/Notifications/Console/stubs/?MA HTTP/1.1" 200 668 "http://mianjeepos.bms69.com/vendor/laravel/framework/src/Illuminate/Notifications/Console/stubs/" "Mozilla/5.0 AppleWebKit/537.36 (KHTML, like Gecko; compatible; GPTBot/1.3; +https://openai.com/gptbot)"
74.7.227.142 - - [16/Mar/2026:12:19:18 +0000] "GET /vendor/laravel/framework/src/Illuminate/Foundation/Testing/RefreshDatabaseState.php HTTP/1.1" 200 0 "http://www.mianjeepos.bms69.com/vendor/laravel/framework/src/Illuminate/Foundation/Testing/" "Mozilla/5.0 AppleWebKit/537.36 (KHTML, like Gecko; compatible; GPTBot/1.3; +https://openai.com/gptbot)"
74.7.227.166 - - [16/Mar/2026:12:19:29 +0000] "GET /vendor/doctrine/dbal/src/Driver/IBMDB2/Exception/CannotCopyStreamToStream.php HTTP/1.1" 500 0 "http://mianjeepos.bms69.com/vendor/doctrine/dbal/src/Driver/IBMDB2/Exception/" "Mozilla/5.0 AppleWebKit/537.36 (KHTML, like Gecko; compatible; GPTBot/1.3; +https://openai.com/gptbot)"
74.7.227.142 - - [16/Mar/2026:12:20:09 +0000] "GET /vendor/laravel/framework/src/Illuminate/Foundation/Testing/DatabaseTransactionsManager.php HTTP/1.1" 500 0 "http://www.mianjeepos.bms69.com/vendor/laravel/framework/src/Illuminate/Foundation/Testing/" "Mozilla/5.0 AppleWebKit/537.36 (KHTML, like Gecko; compatible; GPTBot/1.3; +https://openai.com/gptbot)"
74.7.227.166 - - [16/Mar/2026:12:20:18 +0000] "GET /vendor/league/commonmark/src/Extension/FrontMatter/FrontMatterProviderInterface.php HTTP/1.1" 200 0 "http://mianjeepos.bms69.com/vendor/league/commonmark/src/Extension/FrontMatter/" "Mozilla/5.0 AppleWebKit/537.36 (KHTML, like Gecko; compatible; GPTBot/1.3; +https://openai.com/gptbot)"
74.7.175.187 - - [16/Mar/2026:12:20:18 +0000] "GET /robots.txt HTTP/1.1" 404 1251 "-" "Mozilla/5.0 (Macintosh; Intel Mac OS X 10_15_7) AppleWebKit/537.36 (KHTML, like Gecko) Chrome/131.0.0.0 Safari/537.36; compatible; OAI-SearchBot/1.3; robots.txt; +https://openai.com/searchbot"
74.7.244.31 - - [16/Mar/2026:12:22:59 +0000] "GET /robots.txt HTTP/1.1" 404 1251 "-" "Mozilla/5.0 (Macintosh; Intel Mac OS X 10_15_7) AppleWebKit/537.36 (KHTML, like Gecko) Chrome/131.0.0.0 Safari/537.36; compatible; OAI-SearchBot/1.3; robots.txt; +https://openai.com/searchbot"
74.7.227.142 - - [16/Mar/2026:12:23:49 +0000] "GET /vendor/laravel/framework/src/Illuminate/Foundation/Events/VendorTagPublished.php HTTP/1.1" 200 0 "http://www.mianjeepos.bms69.com/vendor/laravel/framework/src/Illuminate/Foundation/Events/" "Mozilla/5.0 AppleWebKit/537.36 (KHTML, like Gecko; compatible; GPTBot/1.3; +https://openai.com/gptbot)"
74.7.227.166 - - [16/Mar/2026:12:24:24 +0000] "GET /vendor/doctrine/dbal/src/Query/Expression/CompositeExpression.php HTTP/1.1" 200 0 "http://mianjeepos.bms69.com/vendor/doctrine/dbal/src/Query/Expression/" "Mozilla/5.0 AppleWebKit/537.36 (KHTML, like Gecko; compatible; GPTBot/1.3; +https://openai.com/gptbot)"
74.7.227.142 - - [16/Mar/2026:12:24:33 +0000] "GET /vendor/laravel/framework/src/Illuminate/Foundation/Testing/Wormhole.php HTTP/1.1" 200 0 "http://www.mianjeepos.bms69.com/vendor/laravel/framework/src/Illuminate/Foundation/Testing/" "Mozilla/5.0 AppleWebKit/537.36 (KHTML, like Gecko; compatible; GPTBot/1.3; +https://openai.com/gptbot)"
74.7.227.166 - - [16/Mar/2026:12:21:25 +0000] "GET /vendor/intervention/image/src/Intervention/Image/AbstractColor.php HTTP/1.1" 200 0 "http://mianjeepos.bms69.com/vendor/intervention/image/src/Intervention/Image/" "Mozilla/5.0 AppleWebKit/537.36 (KHTML, like Gecko; compatible; GPTBot/1.3; +https://openai.com/gptbot)"
74.7.227.142 - - [16/Mar/2026:12:21:58 +0000] "GET /vendor/laravel/framework/src/Illuminate/Foundation/Events/MaintenanceModeEnabled.php HTTP/1.1" 200 0 "http://www.mianjeepos.bms69.com/vendor/laravel/framework/src/Illuminate/Foundation/Events/" "Mozilla/5.0 AppleWebKit/537.36 (KHTML, like Gecko; compatible; GPTBot/1.3; +https://openai.com/gptbot)"
74.7.227.166 - - [16/Mar/2026:12:22:20 +0000] "GET /vendor/laravel/framework/src/Illuminate/Filesystem/Filesystem.php HTTP/1.1" 500 0 "http://mianjeepos.bms69.com/vendor/laravel/framework/src/Illuminate/Filesystem/" "Mozilla/5.0 AppleWebKit/537.36 (KHTML, like Gecko; compatible; GPTBot/1.3; +https://openai.com/gptbot)"
74.7.227.142 - - [16/Mar/2026:12:22:59 +0000] "GET /vendor/laravel/framework/src/Illuminate/Contracts/Routing/UrlRoutable.php HTTP/1.1" 200 0 "http://www.mianjeepos.bms69.com/vendor/laravel/framework/src/Illuminate/Contracts/Routing/" "Mozilla/5.0 AppleWebKit/537.36 (KHTML, like Gecko; compatible; GPTBot/1.3; +https://openai.com/gptbot)"
74.7.227.166 - - [16/Mar/2026:12:23:18 +0000] "GET /vendor/psy/psysh/src/VersionUpdater/Downloader/CurlDownloader.php HTTP/1.1" 500 0 "http://mianjeepos.bms69.com/vendor/psy/psysh/src/VersionUpdater/Downloader/" "Mozilla/5.0 AppleWebKit/537.36 (KHTML, like Gecko; compatible; GPTBot/1.3; +https://openai.com/gptbot)"
74.7.175.187 - - [16/Mar/2026:12:25:27 +0000] "GET /robots.txt HTTP/1.1" 404 1251 "-" "Mozilla/5.0 (Macintosh; Intel Mac OS X 10_15_7) AppleWebKit/537.36 (KHTML, like Gecko) Chrome/131.0.0.0 Safari/537.36; compatible; OAI-SearchBot/1.3; robots.txt; +https://openai.com/searchbot"
74.7.227.142 - - [16/Mar/2026:12:27:25 +0000] "GET /vendor/laravel/framework/src/Illuminate/Foundation/Events/Dispatchable.php HTTP/1.1" 200 0 "http://www.mianjeepos.bms69.com/vendor/laravel/framework/src/Illuminate/Foundation/Events/" "Mozilla/5.0 AppleWebKit/537.36 (KHTML, like Gecko; compatible; GPTBot/1.3; +https://openai.com/gptbot)"
74.7.227.142 - - [16/Mar/2026:12:27:47 +0000] "GET /vendor/laravel/framework/src/Illuminate/Foundation/Events/DiscoverEvents.php HTTP/1.1" 200 0 "http://www.mianjeepos.bms69.com/vendor/laravel/framework/src/Illuminate/Foundation/Events/" "Mozilla/5.0 AppleWebKit/537.36 (KHTML, like Gecko; compatible; GPTBot/1.3; +https://openai.com/gptbot)"
74.7.227.142 - - [16/Mar/2026:12:28:10 +0000] "GET /vendor/laravel/framework/src/Illuminate/Foundation/Testing/LazilyRefreshDatabase.php HTTP/1.1" 500 0 "http://www.mianjeepos.bms69.com/vendor/laravel/framework/src/Illuminate/Foundation/Testing/" "Mozilla/5.0 AppleWebKit/537.36 (KHTML, like Gecko; compatible; GPTBot/1.3; +https://openai.com/gptbot)"
74.7.244.31 - - [16/Mar/2026:12:28:10 +0000] "GET /robots.txt HTTP/1.1" 404 1251 "-" "Mozilla/5.0 (Macintosh; Intel Mac OS X 10_15_7) AppleWebKit/537.36 (KHTML, like Gecko) Chrome/131.0.0.0 Safari/537.36; compatible; OAI-SearchBot/1.3; robots.txt; +https://openai.com/searchbot"
74.7.227.142 - - [16/Mar/2026:12:25:24 +0000] "GET /vendor/laravel/framework/src/Illuminate/Contracts/Routing/UrlGenerator.php HTTP/1.1" 200 0 "http://www.mianjeepos.bms69.com/vendor/laravel/framework/src/Illuminate/Contracts/Routing/" "Mozilla/5.0 AppleWebKit/537.36 (KHTML, like Gecko; compatible; GPTBot/1.3; +https://openai.com/gptbot)"
74.7.227.166 - - [16/Mar/2026:12:25:26 +0000] "GET /vendor/laravel/framework/src/Illuminate/Collections/Collection.php HTTP/1.1" 500 0 "http://mianjeepos.bms69.com/vendor/laravel/framework/src/Illuminate/Collections/" "Mozilla/5.0 AppleWebKit/537.36 (KHTML, like Gecko; compatible; GPTBot/1.3; +https://openai.com/gptbot)"
74.7.227.142 - - [16/Mar/2026:12:25:59 +0000] "GET /vendor/laravel/framework/src/Illuminate/Foundation/Events/LocaleUpdated.php HTTP/1.1" 200 0 "http://www.mianjeepos.bms69.com/vendor/laravel/framework/src/Illuminate/Foundation/Events/" "Mozilla/5.0 AppleWebKit/537.36 (KHTML, like Gecko; compatible; GPTBot/1.3; +https://openai.com/gptbot)"
74.7.227.166 - - [16/Mar/2026:12:26:20 +0000] "GET /vendor/psy/psysh/src/VersionUpdater/Downloader/FileDownloader.php HTTP/1.1" 500 0 "http://mianjeepos.bms69.com/vendor/psy/psysh/src/VersionUpdater/Downloader/" "Mozilla/5.0 AppleWebKit/537.36 (KHTML, like Gecko; compatible; GPTBot/1.3; +https://openai.com/gptbot)"
74.7.227.142 - - [16/Mar/2026:12:26:25 +0000] "GET /vendor/laravel/framework/src/Illuminate/Contracts/Routing/Registrar.php HTTP/1.1" 200 0 "http://www.mianjeepos.bms69.com/vendor/laravel/framework/src/Illuminate/Contracts/Routing/" "Mozilla/5.0 AppleWebKit/537.36 (KHTML, like Gecko; compatible; GPTBot/1.3; +https://openai.com/gptbot)"
74.7.227.142 - - [16/Mar/2026:12:27:04 +0000] "GET /vendor/laravel/framework/src/Illuminate/Foundation/Testing/WithFaker.php HTTP/1.1" 200 0 "http://www.mianjeepos.bms69.com/vendor/laravel/framework/src/Illuminate/Foundation/Testing/" "Mozilla/5.0 AppleWebKit/537.36 (KHTML, like Gecko; compatible; GPTBot/1.3; +https://openai.com/gptbot)"
74.7.227.166 - - [16/Mar/2026:12:27:25 +0000] "GET /vendor/spatie/laravel-medialibrary/src/Support/FileRemover/FileRemover.php HTTP/1.1" 200 0 "http://mianjeepos.bms69.com/vendor/spatie/laravel-medialibrary/src/Support/FileRemover/" "Mozilla/5.0 AppleWebKit/537.36 (KHTML, like Gecko; compatible; GPTBot/1.3; +https://openai.com/gptbot)"
74.7.227.166 - - [16/Mar/2026:12:29:28 +0000] "GET /vendor/laravel/framework/src/Illuminate/Notifications/Console/stubs/?MD HTTP/1.1" 200 669 "http://mianjeepos.bms69.com/vendor/laravel/framework/src/Illuminate/Notifications/Console/stubs/?MA" "Mozilla/5.0 AppleWebKit/537.36 (KHTML, like Gecko; compatible; GPTBot/1.3; +https://openai.com/gptbot)"
74.7.227.142 - - [16/Mar/2026:12:29:30 +0000] "GET /vendor/laravel/framework/src/Illuminate/Foundation/Testing/DatabaseTruncation.php HTTP/1.1" 500 0 "http://www.mianjeepos.bms69.com/vendor/laravel/framework/src/Illuminate/Foundation/Testing/" "Mozilla/5.0 AppleWebKit/537.36 (KHTML, like Gecko; compatible; GPTBot/1.3; +https://openai.com/gptbot)"
74.7.227.166 - - [16/Mar/2026:12:30:17 +0000] "GET /vendor/intervention/image/src/Intervention/Image/AbstractShape.php HTTP/1.1" 200 0 "http://mianjeepos.bms69.com/vendor/intervention/image/src/Intervention/Image/" "Mozilla/5.0 AppleWebKit/537.36 (KHTML, like Gecko; compatible; GPTBot/1.3; +https://openai.com/gptbot)"
74.7.227.142 - - [16/Mar/2026:12:30:30 +0000] "GET /vendor/laravel/framework/src/Illuminate/Foundation/Testing/TestCase.php HTTP/1.1" 500 0 "http://www.mianjeepos.bms69.com/vendor/laravel/framework/src/Illuminate/Foundation/Testing/" "Mozilla/5.0 AppleWebKit/537.36 (KHTML, like Gecko; compatible; GPTBot/1.3; +https://openai.com/gptbot)"
74.7.227.166 - - [16/Mar/2026:12:31:14 +0000] "GET /vendor/league/commonmark/src/Extension/Mention/MentionParser.php HTTP/1.1" 500 0 "http://mianjeepos.bms69.com/vendor/league/commonmark/src/Extension/Mention/" "Mozilla/5.0 AppleWebKit/537.36 (KHTML, like Gecko; compatible; GPTBot/1.3; +https://openai.com/gptbot)"
74.7.175.187 - - [16/Mar/2026:12:31:14 +0000] "GET /robots.txt HTTP/1.1" 404 1251 "-" "Mozilla/5.0 (Macintosh; Intel Mac OS X 10_15_7) AppleWebKit/537.36 (KHTML, like Gecko) Chrome/131.0.0.0 Safari/537.36; compatible; OAI-SearchBot/1.3; robots.txt; +https://openai.com/searchbot"
74.7.227.142 - - [16/Mar/2026:12:31:36 +0000] "GET /vendor/laravel/framework/src/Illuminate/Foundation/Events/MaintenanceModeDisabled.php HTTP/1.1" 200 0 "http://www.mianjeepos.bms69.com/vendor/laravel/framework/src/Illuminate/Foundation/Events/" "Mozilla/5.0 AppleWebKit/537.36 (KHTML, like Gecko; compatible; GPTBot/1.3; +https://openai.com/gptbot)"
74.7.227.166 - - [16/Mar/2026:12:31:52 +0000] "GET /vendor/nikic/php-parser/lib/PhpParser/Comment/ HTTP/1.1" 200 704 "http://mianjeepos.bms69.com/vendor/nikic/php-parser/lib/PhpParser/" "Mozilla/5.0 AppleWebKit/537.36 (KHTML, like Gecko; compatible; GPTBot/1.3; +https://openai.com/gptbot)"
74.7.227.142 - - [16/Mar/2026:12:33:38 +0000] "GET /vendor/laravel/framework/src/Illuminate/Foundation/Support/ HTTP/1.1" 200 649 "http://www.mianjeepos.bms69.com/vendor/laravel/framework/src/Illuminate/Foundation/" "Mozilla/5.0 AppleWebKit/537.36 (KHTML, like Gecko; compatible; GPTBot/1.3; +https://openai.com/gptbot)"
74.7.244.31 - - [16/Mar/2026:12:33:39 +0000] "GET /robots.txt HTTP/1.1" 404 1251 "-" "Mozilla/5.0 (Macintosh; Intel Mac OS X 10_15_7) AppleWebKit/537.36 (KHTML, like Gecko) Chrome/131.0.0.0 Safari/537.36; compatible; OAI-SearchBot/1.3; robots.txt; +https://openai.com/searchbot"
74.7.227.166 - - [16/Mar/2026:12:33:49 +0000] "GET /vendor/ezyang/htmlpurifier/library/HTMLPurifier/Printer/?MA HTTP/1.1" 200 1106 "http://mianjeepos.bms69.com/vendor/ezyang/htmlpurifier/library/HTMLPurifier/Printer/" "Mozilla/5.0 AppleWebKit/537.36 (KHTML, like Gecko; compatible; GPTBot/1.3; +https://openai.com/gptbot)"
74.7.227.142 - - [16/Mar/2026:12:34:26 +0000] "GET /vendor/laravel/framework/src/Illuminate/Support/Exceptions/ HTTP/1.1" 200 673 "http://www.mianjeepos.bms69.com/vendor/laravel/framework/src/Illuminate/Support/" "Mozilla/5.0 AppleWebKit/537.36 (KHTML, like Gecko; compatible; GPTBot/1.3; +https://openai.com/gptbot)"
74.7.227.142 - - [16/Mar/2026:12:35:14 +0000] "GET /vendor/laravel/framework/src/Illuminate/Testing/Concerns/ HTTP/1.1" 200 740 "http://www.mianjeepos.bms69.com/vendor/laravel/framework/src/Illuminate/Testing/" "Mozilla/5.0 AppleWebKit/537.36 (KHTML, like Gecko; compatible; GPTBot/1.3; +https://openai.com/gptbot)"
74.7.227.142 - - [16/Mar/2026:12:36:29 +0000] "GET /vendor/barryvdh/laravel-debugbar/src/Support/Clockwork/error_log HTTP/1.1" 403 1242 "http://www.mianjeepos.bms69.com/vendor/barryvdh/laravel-debugbar/src/Support/Clockwork/" "Mozilla/5.0 AppleWebKit/537.36 (KHTML, like Gecko; compatible; GPTBot/1.3; +https://openai.com/gptbot)"
74.7.227.166 - - [16/Mar/2026:12:36:40 +0000] "GET /vendor/league/commonmark/src/Extension/TableOfContents/Node/ HTTP/1.1" 200 752 "http://mianjeepos.bms69.com/vendor/league/commonmark/src/Extension/TableOfContents/" "Mozilla/5.0 AppleWebKit/537.36 (KHTML, like Gecko; compatible; GPTBot/1.3; +https://openai.com/gptbot)"
74.7.175.187 - - [16/Mar/2026:12:36:40 +0000] "GET /robots.txt HTTP/1.1" 404 1251 "-" "Mozilla/5.0 (Macintosh; Intel Mac OS X 10_15_7) AppleWebKit/537.36 (KHTML, like Gecko) Chrome/131.0.0.0 Safari/537.36; compatible; OAI-SearchBot/1.3; robots.txt; +https://openai.com/searchbot"
74.7.227.142 - - [16/Mar/2026:12:37:01 +0000] "GET /vendor/laravel/framework/src/Illuminate/Routing/Middleware/ HTTP/1.1" 200 836 "http://www.mianjeepos.bms69.com/vendor/laravel/framework/src/Illuminate/Routing/" "Mozilla/5.0 AppleWebKit/537.36 (KHTML, like Gecko; compatible; GPTBot/1.3; +https://openai.com/gptbot)"
74.7.227.142 - - [16/Mar/2026:12:38:07 +0000] "GET /vendor/laravel/framework/src/Illuminate/Contracts/Support/ HTTP/1.1" 200 1287 "http://www.mianjeepos.bms69.com/vendor/laravel/framework/src/Illuminate/Contracts/" "Mozilla/5.0 AppleWebKit/537.36 (KHTML, like Gecko; compatible; GPTBot/1.3; +https://openai.com/gptbot)"
74.7.227.166 - - [16/Mar/2026:12:38:13 +0000] "GET /vendor/league/commonmark/src/Extension/Attributes/error_log HTTP/1.1" 403 1242 "http://mianjeepos.bms69.com/vendor/league/commonmark/src/Extension/Attributes/" "Mozilla/5.0 AppleWebKit/537.36 (KHTML, like Gecko; compatible; GPTBot/1.3; +https://openai.com/gptbot)"
74.7.227.166 - - [16/Mar/2026:12:38:39 +0000] "GET /vendor/league/commonmark/src/Extension/FrontMatter/Input/ HTTP/1.1" 200 738 "http://mianjeepos.bms69.com/vendor/league/commonmark/src/Extension/FrontMatter/" "Mozilla/5.0 AppleWebKit/537.36 (KHTML, like Gecko; compatible; GPTBot/1.3; +https://openai.com/gptbot)"
74.7.227.142 - - [16/Mar/2026:12:38:56 +0000] "GET /vendor/laravel/framework/src/Illuminate/Support/error_log HTTP/1.1" 403 1242 "http://www.mianjeepos.bms69.com/vendor/laravel/framework/src/Illuminate/Support/" "Mozilla/5.0 AppleWebKit/537.36 (KHTML, like Gecko; compatible; GPTBot/1.3; +https://openai.com/gptbot)"
74.7.227.166 - - [16/Mar/2026:12:39:10 +0000] "GET /vendor/laravel/framework/src/Illuminate/Routing/Middleware/ HTTP/1.1" 200 833 "http://mianjeepos.bms69.com/vendor/laravel/framework/src/Illuminate/Routing/" "Mozilla/5.0 AppleWebKit/537.36 (KHTML, like Gecko; compatible; GPTBot/1.3; +https://openai.com/gptbot)"
74.7.227.142 - - [16/Mar/2026:12:39:26 +0000] "GET /vendor/laravel/framework/src/Illuminate/Routing/Contracts/CallableDispatcher.php HTTP/1.1" 200 0 "http://www.mianjeepos.bms69.com/vendor/laravel/framework/src/Illuminate/Routing/Contracts/" "Mozilla/5.0 AppleWebKit/537.36 (KHTML, like Gecko; compatible; GPTBot/1.3; +https://openai.com/gptbot)"
74.7.227.166 - - [16/Mar/2026:12:39:33 +0000] "GET /vendor/laravel/framework/src/Illuminate/Testing/error_log HTTP/1.1" 403 1242 "http://mianjeepos.bms69.com/vendor/laravel/framework/src/Illuminate/Testing/" "Mozilla/5.0 AppleWebKit/537.36 (KHTML, like Gecko; compatible; GPTBot/1.3; +https://openai.com/gptbot)"
74.7.227.166 - - [16/Mar/2026:12:28:27 +0000] "GET /vendor/laravel/framework/src/Illuminate/Notifications/Console/stubs/?SD HTTP/1.1" 200 668 "http://mianjeepos.bms69.com/vendor/laravel/framework/src/Illuminate/Notifications/Console/stubs/?SA" "Mozilla/5.0 AppleWebKit/537.36 (KHTML, like Gecko; compatible; GPTBot/1.3; +https://openai.com/gptbot)"
74.7.227.142 - - [16/Mar/2026:12:28:27 +0000] "GET /vendor/laravel/framework/src/Illuminate/Foundation/Testing/DatabaseMigrations.php HTTP/1.1" 500 0 "http://www.mianjeepos.bms69.com/vendor/laravel/framework/src/Illuminate/Foundation/Testing/" "Mozilla/5.0 AppleWebKit/537.36 (KHTML, like Gecko; compatible; GPTBot/1.3; +https://openai.com/gptbot)"
74.7.227.142 - - [16/Mar/2026:12:32:38 +0000] "GET /vendor/laravel/framework/src/Illuminate/Routing/Contracts/ HTTP/1.1" 200 705 "http://www.mianjeepos.bms69.com/vendor/laravel/framework/src/Illuminate/Routing/" "Mozilla/5.0 AppleWebKit/537.36 (KHTML, like Gecko; compatible; GPTBot/1.3; +https://openai.com/gptbot)"
74.7.227.166 - - [16/Mar/2026:12:32:51 +0000] "GET /vendor/nikic/php-parser/lib/PhpParser/Builder/ HTTP/1.1" 200 1340 "http://mianjeepos.bms69.com/vendor/nikic/php-parser/lib/PhpParser/" "Mozilla/5.0 AppleWebKit/537.36 (KHTML, like Gecko; compatible; GPTBot/1.3; +https://openai.com/gptbot)"
74.7.227.166 - - [16/Mar/2026:12:34:39 +0000] "GET /vendor/ezyang/htmlpurifier/library/HTMLPurifier/Printer/?SA HTTP/1.1" 200 1102 "http://mianjeepos.bms69.com/vendor/ezyang/htmlpurifier/library/HTMLPurifier/Printer/" "Mozilla/5.0 AppleWebKit/537.36 (KHTML, like Gecko; compatible; GPTBot/1.3; +https://openai.com/gptbot)"
74.7.227.166 - - [16/Mar/2026:12:35:29 +0000] "GET /vendor/ezyang/htmlpurifier/library/HTMLPurifier/Printer/?ND HTTP/1.1" 200 1101 "http://mianjeepos.bms69.com/vendor/ezyang/htmlpurifier/library/HTMLPurifier/Printer/" "Mozilla/5.0 AppleWebKit/537.36 (KHTML, like Gecko; compatible; GPTBot/1.3; +https://openai.com/gptbot)"
74.7.227.142 - - [16/Mar/2026:12:35:52 +0000] "GET /vendor/laravel/framework/src/Illuminate/Queue/Attributes/ HTTP/1.1" 200 675 "http://www.mianjeepos.bms69.com/vendor/laravel/framework/src/Illuminate/Queue/" "Mozilla/5.0 AppleWebKit/537.36 (KHTML, like Gecko; compatible; GPTBot/1.3; +https://openai.com/gptbot)"
74.7.227.166 - - [16/Mar/2026:12:36:05 +0000] "GET /vendor/laravel/framework/src/Illuminate/Pagination/LICENSE.md HTTP/1.1" 200 1075 "http://mianjeepos.bms69.com/vendor/laravel/framework/src/Illuminate/Pagination/" "Mozilla/5.0 AppleWebKit/537.36 (KHTML, like Gecko; compatible; GPTBot/1.3; +https://openai.com/gptbot)"
74.7.227.166 - - [16/Mar/2026:12:37:16 +0000] "GET /vendor/laravel/framework/src/Illuminate/Broadcasting/Broadcasters/ HTTP/1.1" 200 1182 "http://mianjeepos.bms69.com/vendor/laravel/framework/src/Illuminate/Broadcasting/" "Mozilla/5.0 AppleWebKit/537.36 (KHTML, like Gecko; compatible; GPTBot/1.3; +https://openai.com/gptbot)"
74.7.227.142 - - [16/Mar/2026:12:37:35 +0000] "GET /vendor/laravel/framework/src/Illuminate/Redis/Connections/ HTTP/1.1" 200 1142 "http://www.mianjeepos.bms69.com/vendor/laravel/framework/src/Illuminate/Redis/" "Mozilla/5.0 AppleWebKit/537.36 (KHTML, like Gecko; compatible; GPTBot/1.3; +https://openai.com/gptbot)"
74.7.227.166 - - [16/Mar/2026:12:37:45 +0000] "GET /vendor/laravel/framework/src/Illuminate/Routing/error_log HTTP/1.1" 403 1242 "http://mianjeepos.bms69.com/vendor/laravel/framework/src/Illuminate/Routing/" "Mozilla/5.0 AppleWebKit/537.36 (KHTML, like Gecko; compatible; GPTBot/1.3; +https://openai.com/gptbot)"
74.7.227.142 - - [16/Mar/2026:12:38:32 +0000] "GET /vendor/laravel/framework/src/Illuminate/Database/Eloquent/ HTTP/1.1" 200 1766 "http://www.mianjeepos.bms69.com/vendor/laravel/framework/src/Illuminate/Database/" "Mozilla/5.0 AppleWebKit/537.36 (KHTML, like Gecko; compatible; GPTBot/1.3; +https://openai.com/gptbot)"
74.7.227.166 - - [16/Mar/2026:12:39:59 +0000] "GET /vendor/ezyang/htmlpurifier/library/HTMLPurifier/Printer/?NA HTTP/1.1" 200 1098 "http://mianjeepos.bms69.com/vendor/ezyang/htmlpurifier/library/HTMLPurifier/Printer/?MA" "Mozilla/5.0 AppleWebKit/537.36 (KHTML, like Gecko; compatible; GPTBot/1.3; +https://openai.com/gptbot)"
74.7.227.166 - - [16/Mar/2026:12:40:17 +0000] "GET /vendor/ezyang/htmlpurifier/library/HTMLPurifier/Printer/?SD HTTP/1.1" 200 1103 "http://mianjeepos.bms69.com/vendor/ezyang/htmlpurifier/library/HTMLPurifier/Printer/?SA" "Mozilla/5.0 AppleWebKit/537.36 (KHTML, like Gecko; compatible; GPTBot/1.3; +https://openai.com/gptbot)"
74.7.227.142 - - [16/Mar/2026:12:40:17 +0000] "GET /vendor/laravel/framework/src/Illuminate/Testing/Concerns/AssertsStatusCodes.php HTTP/1.1" 200 0 "http://www.mianjeepos.bms69.com/vendor/laravel/framework/src/Illuminate/Testing/Concerns/" "Mozilla/5.0 AppleWebKit/537.36 (KHTML, like Gecko; compatible; GPTBot/1.3; +https://openai.com/gptbot)"
74.7.227.142 - - [16/Mar/2026:12:40:45 +0000] "GET /vendor/laravel/framework/src/Illuminate/Testing/Concerns/RunsInParallel.php HTTP/1.1" 200 0 "http://www.mianjeepos.bms69.com/vendor/laravel/framework/src/Illuminate/Testing/Concerns/" "Mozilla/5.0 AppleWebKit/537.36 (KHTML, like Gecko; compatible; GPTBot/1.3; +https://openai.com/gptbot)"
74.7.227.142 - - [16/Mar/2026:12:41:24 +0000] "GET /vendor/laravel/framework/src/Illuminate/Contracts/Support/error_log HTTP/1.1" 403 1242 "http://www.mianjeepos.bms69.com/vendor/laravel/framework/src/Illuminate/Contracts/Support/" "Mozilla/5.0 AppleWebKit/537.36 (KHTML, like Gecko; compatible; GPTBot/1.3; +https://openai.com/gptbot)"
74.7.227.166 - - [16/Mar/2026:12:41:24 +0000] "GET /vendor/laravel/framework/src/Illuminate/Broadcasting/Broadcasters/error_log HTTP/1.1" 403 1242 "http://mianjeepos.bms69.com/vendor/laravel/framework/src/Illuminate/Broadcasting/Broadcasters/" "Mozilla/5.0 AppleWebKit/537.36 (KHTML, like Gecko; compatible; GPTBot/1.3; +https://openai.com/gptbot)"
74.7.227.142 - - [16/Mar/2026:12:41:35 +0000] "GET /vendor/laravel/framework/src/Illuminate/Database/Eloquent/Attributes/ HTTP/1.1" 200 698 "http://www.mianjeepos.bms69.com/vendor/laravel/framework/src/Illuminate/Database/Eloquent/" "Mozilla/5.0 AppleWebKit/537.36 (KHTML, like Gecko; compatible; GPTBot/1.3; +https://openai.com/gptbot)"
74.7.227.166 - - [16/Mar/2026:12:41:51 +0000] "GET /vendor/barryvdh/laravel-debugbar/src/Resources/queries/widget.js HTTP/1.1" 200 3501 "http://mianjeepos.bms69.com/vendor/barryvdh/laravel-debugbar/src/Resources/queries/" "Mozilla/5.0 AppleWebKit/537.36 (KHTML, like Gecko; compatible; GPTBot/1.3; +https://openai.com/gptbot)"
74.7.227.142 - - [16/Mar/2026:12:42:00 +0000] "GET /vendor/laravel/framework/src/Illuminate/Database/Eloquent/Factories/ HTTP/1.1" 200 1173 "http://www.mianjeepos.bms69.com/vendor/laravel/framework/src/Illuminate/Database/Eloquent/" "Mozilla/5.0 AppleWebKit/537.36 (KHTML, like Gecko; compatible; GPTBot/1.3; +https://openai.com/gptbot)"
74.7.227.142 - - [16/Mar/2026:12:42:09 +0000] "GET /vendor/laravel/framework/src/Illuminate/Database/Eloquent/Relations/ HTTP/1.1" 200 1382 "http://www.mianjeepos.bms69.com/vendor/laravel/framework/src/Illuminate/Database/Eloquent/" "Mozilla/5.0 AppleWebKit/537.36 (KHTML, like Gecko; compatible; GPTBot/1.3; +https://openai.com/gptbot)"
74.7.227.142 - - [16/Mar/2026:12:42:14 +0000] "GET /vendor/laravel/framework/src/Illuminate/Database/Eloquent/Concerns/ HTTP/1.1" 200 1223 "http://www.mianjeepos.bms69.com/vendor/laravel/framework/src/Illuminate/Database/Eloquent/" "Mozilla/5.0 AppleWebKit/537.36 (KHTML, like Gecko; compatible; GPTBot/1.3; +https://openai.com/gptbot)"
74.7.227.142 - - [16/Mar/2026:12:42:25 +0000] "GET /vendor/laravel/framework/src/Illuminate/Database/Eloquent/Casts/ HTTP/1.1" 200 1229 "http://www.mianjeepos.bms69.com/vendor/laravel/framework/src/Illuminate/Database/Eloquent/" "Mozilla/5.0 AppleWebKit/537.36 (KHTML, like Gecko; compatible; GPTBot/1.3; +https://openai.com/gptbot)"
74.7.227.142 - - [16/Mar/2026:12:39:39 +0000] "GET /vendor/laravel/framework/src/Illuminate/Foundation/Support/Providers/ HTTP/1.1" 200 794 "http://www.mianjeepos.bms69.com/vendor/laravel/framework/src/Illuminate/Foundation/Support/" "Mozilla/5.0 AppleWebKit/537.36 (KHTML, like Gecko; compatible; GPTBot/1.3; +https://openai.com/gptbot)"
74.7.227.142 - - [16/Mar/2026:12:40:05 +0000] "GET /vendor/laravel/framework/src/Illuminate/Support/Exceptions/MathException.php HTTP/1.1" 200 0 "http://www.mianjeepos.bms69.com/vendor/laravel/framework/src/Illuminate/Support/Exceptions/" "Mozilla/5.0 AppleWebKit/537.36 (KHTML, like Gecko; compatible; GPTBot/1.3; +https://openai.com/gptbot)"
74.7.227.142 - - [16/Mar/2026:12:40:32 +0000] "GET /vendor/laravel/framework/src/Illuminate/Queue/Attributes/WithoutRelations.php HTTP/1.1" 200 0 "http://www.mianjeepos.bms69.com/vendor/laravel/framework/src/Illuminate/Queue/Attributes/" "Mozilla/5.0 AppleWebKit/537.36 (KHTML, like Gecko; compatible; GPTBot/1.3; +https://openai.com/gptbot)"
74.7.227.166 - - [16/Mar/2026:12:40:33 +0000] "GET /vendor/ezyang/htmlpurifier/library/HTMLPurifier/Printer/?MD HTTP/1.1" 200 1107 "http://mianjeepos.bms69.com/vendor/ezyang/htmlpurifier/library/HTMLPurifier/Printer/?MA" "Mozilla/5.0 AppleWebKit/537.36 (KHTML, like Gecko; compatible; GPTBot/1.3; +https://openai.com/gptbot)"
74.7.227.166 - - [16/Mar/2026:12:40:51 +0000] "GET /vendor/laravel/framework/src/Illuminate/Console/Scheduling/ HTTP/1.1" 200 1426 "http://mianjeepos.bms69.com/vendor/laravel/framework/src/Illuminate/Console/" "Mozilla/5.0 AppleWebKit/537.36 (KHTML, like Gecko; compatible; GPTBot/1.3; +https://openai.com/gptbot)"
74.7.227.142 - - [16/Mar/2026:12:41:01 +0000] "GET /vendor/laravel/framework/src/Illuminate/Routing/Middleware/error_log HTTP/1.1" 403 1242 "http://www.mianjeepos.bms69.com/vendor/laravel/framework/src/Illuminate/Routing/Middleware/" "Mozilla/5.0 AppleWebKit/537.36 (KHTML, like Gecko; compatible; GPTBot/1.3; +https://openai.com/gptbot)"
74.7.227.166 - - [16/Mar/2026:12:41:08 +0000] "GET /vendor/league/commonmark/src/Extension/TableOfContents/Node/error_log HTTP/1.1" 403 1242 "http://mianjeepos.bms69.com/vendor/league/commonmark/src/Extension/TableOfContents/Node/" "Mozilla/5.0 AppleWebKit/537.36 (KHTML, like Gecko; compatible; GPTBot/1.3; +https://openai.com/gptbot)"
74.7.227.142 - - [16/Mar/2026:12:41:09 +0000] "GET /vendor/laravel/framework/src/Illuminate/Redis/Connections/error_log HTTP/1.1" 403 1242 "http://www.mianjeepos.bms69.com/vendor/laravel/framework/src/Illuminate/Redis/Connections/" "Mozilla/5.0 AppleWebKit/537.36 (KHTML, like Gecko; compatible; GPTBot/1.3; +https://openai.com/gptbot)"
74.7.227.166 - - [16/Mar/2026:12:41:38 +0000] "GET /vendor/laravel/framework/src/Illuminate/Broadcasting/Broadcasters/Broadcaster.php HTTP/1.1" 500 0 "http://mianjeepos.bms69.com/vendor/laravel/framework/src/Illuminate/Broadcasting/Broadcasters/" "Mozilla/5.0 AppleWebKit/537.36 (KHTML, like Gecko; compatible; GPTBot/1.3; +https://openai.com/gptbot)"
74.7.227.142 - - [16/Mar/2026:12:41:46 +0000] "GET /vendor/laravel/framework/src/Illuminate/Database/Eloquent/error_log HTTP/1.1" 403 1242 "http://www.mianjeepos.bms69.com/vendor/laravel/framework/src/Illuminate/Database/Eloquent/" "Mozilla/5.0 AppleWebKit/537.36 (KHTML, like Gecko; compatible; GPTBot/1.3; +https://openai.com/gptbot)"
74.7.175.187 - - [16/Mar/2026:12:41:51 +0000] "GET /robots.txt HTTP/1.1" 404 1251 "-" "Mozilla/5.0 (Macintosh; Intel Mac OS X 10_15_7) AppleWebKit/537.36 (KHTML, like Gecko) Chrome/131.0.0.0 Safari/537.36; compatible; OAI-SearchBot/1.3; robots.txt; +https://openai.com/searchbot"
74.7.227.166 - - [16/Mar/2026:12:43:57 +0000] "GET /vendor/laravel/framework/src/Illuminate/Routing/Middleware/SubstituteBindings.php HTTP/1.1" 200 0 "http://mianjeepos.bms69.com/vendor/laravel/framework/src/Illuminate/Routing/Middleware/" "Mozilla/5.0 AppleWebKit/537.36 (KHTML, like Gecko; compatible; GPTBot/1.3; +https://openai.com/gptbot)"
74.7.227.142 - - [16/Mar/2026:12:42:33 +0000] "GET /vendor/laravel/framework/src/Illuminate/Database/Eloquent/JsonEncodingException.php HTTP/1.1" 200 0 "http://www.mianjeepos.bms69.com/vendor/laravel/framework/src/Illuminate/Database/Eloquent/" "Mozilla/5.0 AppleWebKit/537.36 (KHTML, like Gecko; compatible; GPTBot/1.3; +https://openai.com/gptbot)"
74.7.227.166 - - [16/Mar/2026:12:42:38 +0000] "GET /vendor/league/commonmark/src/Extension/FrontMatter/Input/error_log HTTP/1.1" 403 1242 "http://mianjeepos.bms69.com/vendor/league/commonmark/src/Extension/FrontMatter/Input/" "Mozilla/5.0 AppleWebKit/537.36 (KHTML, like Gecko; compatible; GPTBot/1.3; +https://openai.com/gptbot)"
74.7.227.142 - - [16/Mar/2026:12:42:41 +0000] "GET /vendor/laravel/framework/src/Illuminate/Database/Eloquent/ModelNotFoundException.php HTTP/1.1" 500 0 "http://www.mianjeepos.bms69.com/vendor/laravel/framework/src/Illuminate/Database/Eloquent/" "Mozilla/5.0 AppleWebKit/537.36 (KHTML, like Gecko; compatible; GPTBot/1.3; +https://openai.com/gptbot)"
74.7.227.142 - - [16/Mar/2026:12:42:45 +0000] "GET /vendor/laravel/framework/src/Illuminate/Database/Eloquent/SoftDeletingScope.php HTTP/1.1" 500 0 "http://www.mianjeepos.bms69.com/vendor/laravel/framework/src/Illuminate/Database/Eloquent/" "Mozilla/5.0 AppleWebKit/537.36 (KHTML, like Gecko; compatible; GPTBot/1.3; +https://openai.com/gptbot)"
74.7.227.142 - - [16/Mar/2026:12:43:05 +0000] "GET /vendor/laravel/framework/src/Illuminate/Routing/Middleware/SubstituteBindings.php HTTP/1.1" 200 0 "http://www.mianjeepos.bms69.com/vendor/laravel/framework/src/Illuminate/Routing/Middleware/" "Mozilla/5.0 AppleWebKit/537.36 (KHTML, like Gecko; compatible; GPTBot/1.3; +https://openai.com/gptbot)"
74.7.227.166 - - [16/Mar/2026:12:43:14 +0000] "GET /vendor/laravel/framework/src/Illuminate/Routing/Middleware/error_log HTTP/1.1" 403 1242 "http://mianjeepos.bms69.com/vendor/laravel/framework/src/Illuminate/Routing/Middleware/" "Mozilla/5.0 AppleWebKit/537.36 (KHTML, like Gecko; compatible; GPTBot/1.3; +https://openai.com/gptbot)"
74.7.227.142 - - [16/Mar/2026:12:44:04 +0000] "GET /vendor/laravel/framework/src/Illuminate/Contracts/Support/CanBeEscapedWhenCastToString.php HTTP/1.1" 200 0 "http://www.mianjeepos.bms69.com/vendor/laravel/framework/src/Illuminate/Contracts/Support/" "Mozilla/5.0 AppleWebKit/537.36 (KHTML, like Gecko; compatible; GPTBot/1.3; +https://openai.com/gptbot)"
74.7.244.31 - - [16/Mar/2026:12:44:04 +0000] "GET /robots.txt HTTP/1.1" 404 1251 "-" "Mozilla/5.0 (Macintosh; Intel Mac OS X 10_15_7) AppleWebKit/537.36 (KHTML, like Gecko) Chrome/131.0.0.0 Safari/537.36; compatible; OAI-SearchBot/1.3; robots.txt; +https://openai.com/searchbot"
74.7.227.166 - - [16/Mar/2026:12:44:34 +0000] "GET /vendor/laravel/framework/src/Illuminate/Routing/Middleware/ValidateSignature.php HTTP/1.1" 200 0 "http://mianjeepos.bms69.com/vendor/laravel/framework/src/Illuminate/Routing/Middleware/" "Mozilla/5.0 AppleWebKit/537.36 (KHTML, like Gecko; compatible; GPTBot/1.3; +https://openai.com/gptbot)"
74.7.227.142 - - [16/Mar/2026:12:44:54 +0000] "GET /vendor/laravel/framework/src/Illuminate/Routing/Middleware/ValidateSignature.php HTTP/1.1" 200 0 "http://www.mianjeepos.bms69.com/vendor/laravel/framework/src/Illuminate/Routing/Middleware/" "Mozilla/5.0 AppleWebKit/537.36 (KHTML, like Gecko; compatible; GPTBot/1.3; +https://openai.com/gptbot)"
74.7.227.166 - - [16/Mar/2026:12:45:06 +0000] "GET /vendor/laravel/framework/src/Illuminate/Routing/Middleware/ThrottleRequests.php HTTP/1.1" 500 0 "http://mianjeepos.bms69.com/vendor/laravel/framework/src/Illuminate/Routing/Middleware/" "Mozilla/5.0 AppleWebKit/537.36 (KHTML, like Gecko; compatible; GPTBot/1.3; +https://openai.com/gptbot)"
74.7.227.142 - - [16/Mar/2026:12:46:19 +0000] "GET /vendor/laravel/framework/src/Illuminate/Database/Eloquent/BroadcastsEvents.php HTTP/1.1" 200 0 "http://www.mianjeepos.bms69.com/vendor/laravel/framework/src/Illuminate/Database/Eloquent/" "Mozilla/5.0 AppleWebKit/537.36 (KHTML, like Gecko; compatible; GPTBot/1.3; +https://openai.com/gptbot)"
74.7.227.166 - - [16/Mar/2026:12:46:42 +0000] "GET /vendor/laravel/framework/src/Illuminate/Console/Scheduling/error_log HTTP/1.1" 403 1242 "http://mianjeepos.bms69.com/vendor/laravel/framework/src/Illuminate/Console/Scheduling/" "Mozilla/5.0 AppleWebKit/537.36 (KHTML, like Gecko; compatible; GPTBot/1.3; +https://openai.com/gptbot)"
74.7.227.142 - - [16/Mar/2026:12:47:01 +0000] "GET /vendor/laravel/framework/src/Illuminate/Contracts/Support/MessageProvider.php HTTP/1.1" 200 0 "http://www.mianjeepos.bms69.com/vendor/laravel/framework/src/Illuminate/Contracts/Support/" "Mozilla/5.0 AppleWebKit/537.36 (KHTML, like Gecko; compatible; GPTBot/1.3; +https://openai.com/gptbot)"
74.7.227.142 - - [16/Mar/2026:12:47:26 +0000] "GET /vendor/laravel/framework/src/Illuminate/Database/Eloquent/QueueEntityResolver.php HTTP/1.1" 500 0 "http://www.mianjeepos.bms69.com/vendor/laravel/framework/src/Illuminate/Database/Eloquent/" "Mozilla/5.0 AppleWebKit/537.36 (KHTML, like Gecko; compatible; GPTBot/1.3; +https://openai.com/gptbot)"
74.7.227.166 - - [16/Mar/2026:12:47:47 +0000] "GET /vendor/laravel/framework/src/Illuminate/Console/Scheduling/ScheduleFinishCommand.php HTTP/1.1" 500 0 "http://mianjeepos.bms69.com/vendor/laravel/framework/src/Illuminate/Console/Scheduling/" "Mozilla/5.0 AppleWebKit/537.36 (KHTML, like Gecko; compatible; GPTBot/1.3; +https://openai.com/gptbot)"
74.7.227.142 - - [16/Mar/2026:12:47:59 +0000] "GET /vendor/laravel/framework/src/Illuminate/Routing/Middleware/ThrottleRequests.php HTTP/1.1" 500 0 "http://www.mianjeepos.bms69.com/vendor/laravel/framework/src/Illuminate/Routing/Middleware/" "Mozilla/5.0 AppleWebKit/537.36 (KHTML, like Gecko; compatible; GPTBot/1.3; +https://openai.com/gptbot)"
74.7.227.166 - - [16/Mar/2026:12:48:49 +0000] "GET /vendor/laravel/framework/src/Illuminate/Console/Scheduling/ScheduleRunCommand.php HTTP/1.1" 500 0 "http://mianjeepos.bms69.com/vendor/laravel/framework/src/Illuminate/Console/Scheduling/" "Mozilla/5.0 AppleWebKit/537.36 (KHTML, like Gecko; compatible; GPTBot/1.3; +https://openai.com/gptbot)"
74.7.227.142 - - [16/Mar/2026:12:49:03 +0000] "GET /vendor/laravel/framework/src/Illuminate/Database/Eloquent/InvalidCastException.php HTTP/1.1" 200 0 "http://www.mianjeepos.bms69.com/vendor/laravel/framework/src/Illuminate/Database/Eloquent/" "Mozilla/5.0 AppleWebKit/537.36 (KHTML, like Gecko; compatible; GPTBot/1.3; +https://openai.com/gptbot)"
74.7.227.166 - - [16/Mar/2026:12:50:53 +0000] "GET /vendor/laravel/framework/src/Illuminate/Console/Scheduling/CacheEventMutex.php HTTP/1.1" 500 0 "http://mianjeepos.bms69.com/vendor/laravel/framework/src/Illuminate/Console/Scheduling/" "Mozilla/5.0 AppleWebKit/537.36 (KHTML, like Gecko; compatible; GPTBot/1.3; +https://openai.com/gptbot)"
74.7.227.142 - - [16/Mar/2026:12:51:09 +0000] "GET /vendor/laravel/framework/src/Illuminate/Database/Eloquent/BroadcastsEventsAfterCommit.php HTTP/1.1" 500 0 "http://www.mianjeepos.bms69.com/vendor/laravel/framework/src/Illuminate/Database/Eloquent/" "Mozilla/5.0 AppleWebKit/537.36 (KHTML, like Gecko; compatible; GPTBot/1.3; +https://openai.com/gptbot)"
74.7.227.142 - - [16/Mar/2026:12:51:51 +0000] "GET /vendor/laravel/framework/src/Illuminate/Contracts/Support/DeferringDisplayableValue.php HTTP/1.1" 200 0 "http://www.mianjeepos.bms69.com/vendor/laravel/framework/src/Illuminate/Contracts/Support/" "Mozilla/5.0 AppleWebKit/537.36 (KHTML, like Gecko; compatible; GPTBot/1.3; +https://openai.com/gptbot)"
74.7.227.166 - - [16/Mar/2026:12:51:59 +0000] "GET /vendor/laravel/framework/src/Illuminate/Console/Scheduling/ScheduleListCommand.php HTTP/1.1" 500 0 "http://mianjeepos.bms69.com/vendor/laravel/framework/src/Illuminate/Console/Scheduling/" "Mozilla/5.0 AppleWebKit/537.36 (KHTML, like Gecko; compatible; GPTBot/1.3; +https://openai.com/gptbot)"
74.7.227.142 - - [16/Mar/2026:12:45:38 +0000] "GET /vendor/laravel/framework/src/Illuminate/Contracts/Support/DeferrableProvider.php HTTP/1.1" 200 0 "http://www.mianjeepos.bms69.com/vendor/laravel/framework/src/Illuminate/Contracts/Support/" "Mozilla/5.0 AppleWebKit/537.36 (KHTML, like Gecko; compatible; GPTBot/1.3; +https://openai.com/gptbot)"
74.7.227.166 - - [16/Mar/2026:12:45:39 +0000] "GET /vendor/laravel/framework/src/Illuminate/Routing/Middleware/ThrottleRequestsWithRedis.php HTTP/1.1" 500 0 "http://mianjeepos.bms69.com/vendor/laravel/framework/src/Illuminate/Routing/Middleware/" "Mozilla/5.0 AppleWebKit/537.36 (KHTML, like Gecko; compatible; GPTBot/1.3; +https://openai.com/gptbot)"
74.7.175.187 - - [16/Mar/2026:12:47:47 +0000] "GET /robots.txt HTTP/1.1" 404 1251 "-" "Mozilla/5.0 (Macintosh; Intel Mac OS X 10_15_7) AppleWebKit/537.36 (KHTML, like Gecko) Chrome/131.0.0.0 Safari/537.36; compatible; OAI-SearchBot/1.3; robots.txt; +https://openai.com/searchbot"
74.7.227.166 - - [16/Mar/2026:12:49:45 +0000] "GET /vendor/laravel/framework/src/Illuminate/Console/Scheduling/Schedule.php HTTP/1.1" 500 0 "http://mianjeepos.bms69.com/vendor/laravel/framework/src/Illuminate/Console/Scheduling/" "Mozilla/5.0 AppleWebKit/537.36 (KHTML, like Gecko; compatible; GPTBot/1.3; +https://openai.com/gptbot)"
74.7.227.142 - - [16/Mar/2026:12:50:10 +0000] "GET /vendor/laravel/framework/src/Illuminate/Redis/Connections/PacksPhpRedisValues.php HTTP/1.1" 200 0 "http://www.mianjeepos.bms69.com/vendor/laravel/framework/src/Illuminate/Redis/Connections/" "Mozilla/5.0 AppleWebKit/537.36 (KHTML, like Gecko; compatible; GPTBot/1.3; +https://openai.com/gptbot)"
74.7.227.142 - - [16/Mar/2026:12:52:59 +0000] "GET /vendor/laravel/framework/src/Illuminate/Routing/Middleware/ThrottleRequestsWithRedis.php HTTP/1.1" 500 0 "http://www.mianjeepos.bms69.com/vendor/laravel/framework/src/Illuminate/Routing/Middleware/" "Mozilla/5.0 AppleWebKit/537.36 (KHTML, like Gecko; compatible; GPTBot/1.3; +https://openai.com/gptbot)"
74.7.227.142 - - [16/Mar/2026:12:53:52 +0000] "GET /vendor/laravel/framework/src/Illuminate/Database/Eloquent/MissingAttributeException.php HTTP/1.1" 200 0 "http://www.mianjeepos.bms69.com/vendor/laravel/framework/src/Illuminate/Database/Eloquent/" "Mozilla/5.0 AppleWebKit/537.36 (KHTML, like Gecko; compatible; GPTBot/1.3; +https://openai.com/gptbot)"
74.7.227.166 - - [16/Mar/2026:12:54:09 +0000] "GET /vendor/laravel/framework/src/Illuminate/Console/Scheduling/ScheduleClearCacheCommand.php HTTP/1.1" 500 0 "http://mianjeepos.bms69.com/vendor/laravel/framework/src/Illuminate/Console/Scheduling/" "Mozilla/5.0 AppleWebKit/537.36 (KHTML, like Gecko; compatible; GPTBot/1.3; +https://openai.com/gptbot)"
74.7.227.142 - - [16/Mar/2026:12:55:49 +0000] "GET /vendor/laravel/framework/src/Illuminate/Database/Eloquent/SoftDeletes.php HTTP/1.1" 200 0 "http://www.mianjeepos.bms69.com/vendor/laravel/framework/src/Illuminate/Database/Eloquent/" "Mozilla/5.0 AppleWebKit/537.36 (KHTML, like Gecko; compatible; GPTBot/1.3; +https://openai.com/gptbot)"
74.7.244.31 - - [16/Mar/2026:12:55:49 +0000] "GET /robots.txt HTTP/1.1" 404 1251 "-" "Mozilla/5.0 (Macintosh; Intel Mac OS X 10_15_7) AppleWebKit/537.36 (KHTML, like Gecko) Chrome/131.0.0.0 Safari/537.36; compatible; OAI-SearchBot/1.3; robots.txt; +https://openai.com/searchbot"
74.7.227.166 - - [16/Mar/2026:12:56:21 +0000] "GET /vendor/laravel/framework/src/Illuminate/Console/Scheduling/CallbackEvent.php HTTP/1.1" 500 0 "http://mianjeepos.bms69.com/vendor/laravel/framework/src/Illuminate/Console/Scheduling/" "Mozilla/5.0 AppleWebKit/537.36 (KHTML, like Gecko; compatible; GPTBot/1.3; +https://openai.com/gptbot)"
74.7.227.142 - - [16/Mar/2026:12:56:56 +0000] "GET /vendor/laravel/framework/src/Illuminate/Contracts/Support/Renderable.php HTTP/1.1" 200 0 "http://www.mianjeepos.bms69.com/vendor/laravel/framework/src/Illuminate/Contracts/Support/" "Mozilla/5.0 AppleWebKit/537.36 (KHTML, like Gecko; compatible; GPTBot/1.3; +https://openai.com/gptbot)"
74.7.227.166 - - [16/Mar/2026:12:57:11 +0000] "GET /vendor/laravel/framework/src/Illuminate/Console/Scheduling/ManagesFrequencies.php HTTP/1.1" 200 0 "http://mianjeepos.bms69.com/vendor/laravel/framework/src/Illuminate/Console/Scheduling/" "Mozilla/5.0 AppleWebKit/537.36 (KHTML, like Gecko; compatible; GPTBot/1.3; +https://openai.com/gptbot)"
74.7.227.142 - - [16/Mar/2026:12:57:53 +0000] "GET /vendor/laravel/framework/src/Illuminate/Contracts/Support/Responsable.php HTTP/1.1" 200 0 "http://www.mianjeepos.bms69.com/vendor/laravel/framework/src/Illuminate/Contracts/Support/" "Mozilla/5.0 AppleWebKit/537.36 (KHTML, like Gecko; compatible; GPTBot/1.3; +https://openai.com/gptbot)"
