185.177.72.13 - - [17/Mar/2026:03:37:43 +0000] "GET /%61ws-codecommit/ HTTP/1.1" 404 1251 "-" "curl/8.7.1"
185.177.72.13 - - [17/Mar/2026:03:37:43 +0000] "GET /%68ome/%61dmin/%2eaws/%63redentials HTTP/1.1" 404 1251 "-" "curl/8.7.1"
74.7.227.142 - - [17/Mar/2026:03:38:11 +0000] "GET /vendor/laravel/framework/src/Illuminate/Foundation/Auth/error_log HTTP/1.1" 403 1242 "http://www.mianjeepos.bms69.com/vendor/laravel/framework/src/Illuminate/Foundation/Auth/" "Mozilla/5.0 AppleWebKit/537.36 (KHTML, like Gecko; compatible; GPTBot/1.3; +https://openai.com/gptbot)"
74.7.175.187 - - [17/Mar/2026:03:38:11 +0000] "GET /robots.txt HTTP/1.1" 404 1251 "-" "Mozilla/5.0 (Macintosh; Intel Mac OS X 10_15_7) AppleWebKit/537.36 (KHTML, like Gecko) Chrome/131.0.0.0 Safari/537.36; compatible; OAI-SearchBot/1.3; robots.txt; +https://openai.com/searchbot"
185.177.72.56 - - [17/Mar/2026:03:36:03 +0000] "GET /%u002f%u002eaws%u002fcredentials HTTP/1.1" 404 1251 "-" "curl/8.7.1"
185.177.72.56 - - [17/Mar/2026:03:36:03 +0000] "GET /%u002fcareers_not_hosted HTTP/1.1" 404 1251 "-" "curl/8.7.1"
185.177.72.56 - - [17/Mar/2026:03:36:04 +0000] "GET /%u002faws-codecommit%u002f HTTP/1.1" 404 1251 "-" "curl/8.7.1"
185.177.72.56 - - [17/Mar/2026:03:36:04 +0000] "GET /%u002fhome%u002fadmin%u002f%u002eaws%u002fcredentials HTTP/1.1" 404 1251 "-" "curl/8.7.1"
185.177.72.56 - - [17/Mar/2026:03:36:04 +0000] "GET /..%5c..%5c..%5c..%5c..%5c..%5cvar/log/apache2/access.log HTTP/1.1" 404 1251 "-" "curl/8.7.1"
185.177.72.56 - - [17/Mar/2026:03:36:04 +0000] "POST / HTTP/1.1" 200 1832 "-" "Mozilla/5.0 (Windows NT 10.0; Win64; x64) AppleWebKit/537.36"
74.7.227.142 - - [17/Mar/2026:03:36:25 +0000] "GET /vendor/laravel/framework/src/Illuminate/Support/Pluralizer.php HTTP/1.1" 200 0 "http://www.mianjeepos.bms69.com/vendor/laravel/framework/src/Illuminate/Support/" "Mozilla/5.0 AppleWebKit/537.36 (KHTML, like Gecko; compatible; GPTBot/1.3; +https://openai.com/gptbot)"
185.177.72.13 - - [17/Mar/2026:03:37:44 +0000] "GET /%u002f%u002eenv HTTP/1.1" 404 1251 "-" "curl/8.7.1"
185.177.72.13 - - [17/Mar/2026:03:37:44 +0000] "GET /%u002f%u002egit%u002fconfig HTTP/1.1" 404 1251 "-" "curl/8.7.1"
185.177.72.13 - - [17/Mar/2026:03:37:45 +0000] "GET /%u002f%u002eenv%u002esave HTTP/1.1" 404 1251 "-" "curl/8.7.1"
185.177.72.13 - - [17/Mar/2026:03:37:45 +0000] "GET /%u002fbackend%u002f%u002eenv HTTP/1.1" 404 1251 "-" "curl/8.7.1"
185.177.72.13 - - [17/Mar/2026:03:37:45 +0000] "GET /%u002f%u002eaws%u002fcredentials HTTP/1.1" 404 1251 "-" "curl/8.7.1"
185.177.72.13 - - [17/Mar/2026:03:37:45 +0000] "GET /%u002fcareers_not_hosted HTTP/1.1" 404 1251 "-" "curl/8.7.1"
185.177.72.13 - - [17/Mar/2026:03:37:45 +0000] "GET /%u002faws-codecommit%u002f HTTP/1.1" 404 1251 "-" "curl/8.7.1"
185.177.72.13 - - [17/Mar/2026:03:37:45 +0000] "GET /%u002fhome%u002fadmin%u002f%u002eaws%u002fcredentials HTTP/1.1" 404 1251 "-" "curl/8.7.1"
185.177.72.13 - - [17/Mar/2026:03:37:45 +0000] "GET /..%5c..%5c..%5c..%5c..%5c..%5cvar/log/apache2/access.log HTTP/1.1" 404 1251 "-" "curl/8.7.1"
185.177.72.13 - - [17/Mar/2026:03:37:45 +0000] "POST / HTTP/1.1" 200 1836 "-" "Mozilla/5.0 (Windows NT 10.0; Win64; x64) AppleWebKit/537.36"
185.177.72.13 - - [17/Mar/2026:03:37:46 +0000] "POST / HTTP/1.1" 200 1836 "-" "Mozilla/5.0 (Windows NT 10.0; Win64; x64) AppleWebKit/537.36"
74.7.227.166 - - [17/Mar/2026:03:38:11 +0000] "GET /vendor/maximebf/debugbar/src/DebugBar/Bridge/SwiftMailer/SwiftLogCollector.php HTTP/1.1" 500 0 "http://mianjeepos.bms69.com/vendor/maximebf/debugbar/src/DebugBar/Bridge/SwiftMailer/" "Mozilla/5.0 AppleWebKit/537.36 (KHTML, like Gecko; compatible; GPTBot/1.3; +https://openai.com/gptbot)"
185.177.72.13 - - [17/Mar/2026:03:38:38 +0000] "GET /_autoindex/assets/js/tablesort.js HTTP/1.1" 200 2300 "-" "curl/8.7.1"
185.177.72.13 - - [17/Mar/2026:03:38:38 +0000] "GET /_autoindex/assets/js/tablesort.number.js HTTP/1.1" 200 366 "-" "curl/8.7.1"
185.177.72.13 - - [17/Mar/2026:03:38:39 +0000] "POST / HTTP/1.1" 200 1832 "-" "Mozilla/5.0 (Windows NT 10.0; Win64; x64) AppleWebKit/537.36"
74.7.227.142 - - [17/Mar/2026:03:39:45 +0000] "GET /vendor/laravel/framework/src/Illuminate/Foundation/Auth/Access/ HTTP/1.1" 200 697 "http://www.mianjeepos.bms69.com/vendor/laravel/framework/src/Illuminate/Foundation/Auth/" "Mozilla/5.0 AppleWebKit/537.36 (KHTML, like Gecko; compatible; GPTBot/1.3; +https://openai.com/gptbot)"
74.7.227.166 - - [17/Mar/2026:03:40:11 +0000] "GET /vendor/laravel/framework/src/Illuminate/Foundation/Auth/EmailVerificationRequest.php HTTP/1.1" 500 0 "http://mianjeepos.bms69.com/vendor/laravel/framework/src/Illuminate/Foundation/Auth/" "Mozilla/5.0 AppleWebKit/537.36 (KHTML, like Gecko; compatible; GPTBot/1.3; +https://openai.com/gptbot)"
74.7.227.142 - - [17/Mar/2026:03:41:16 +0000] "GET /vendor/laravel/framework/src/Illuminate/Contracts/Auth/Access/ HTTP/1.1" 200 697 "http://www.mianjeepos.bms69.com/vendor/laravel/framework/src/Illuminate/Contracts/Auth/" "Mozilla/5.0 AppleWebKit/537.36 (KHTML, like Gecko; compatible; GPTBot/1.3; +https://openai.com/gptbot)"
74.7.227.142 - - [17/Mar/2026:03:41:53 +0000] "GET /vendor/laravel/framework/src/Illuminate/Contracts/Auth/error_log HTTP/1.1" 403 1242 "http://www.mianjeepos.bms69.com/vendor/laravel/framework/src/Illuminate/Contracts/Auth/" "Mozilla/5.0 AppleWebKit/537.36 (KHTML, like Gecko; compatible; GPTBot/1.3; +https://openai.com/gptbot)"
74.7.227.166 - - [17/Mar/2026:03:42:20 +0000] "GET /vendor/laravel/framework/src/Illuminate/Auth/Middleware/Authenticate.php HTTP/1.1" 500 0 "http://mianjeepos.bms69.com/vendor/laravel/framework/src/Illuminate/Auth/Middleware/" "Mozilla/5.0 AppleWebKit/537.36 (KHTML, like Gecko; compatible; GPTBot/1.3; +https://openai.com/gptbot)"
74.7.227.142 - - [17/Mar/2026:03:44:06 +0000] "GET /vendor/laravel/framework/src/Illuminate/Database/Schema/ForeignKeyDefinition.php HTTP/1.1" 500 0 "http://www.mianjeepos.bms69.com/vendor/laravel/framework/src/Illuminate/Database/Schema/" "Mozilla/5.0 AppleWebKit/537.36 (KHTML, like Gecko; compatible; GPTBot/1.3; +https://openai.com/gptbot)"
74.7.244.31 - - [17/Mar/2026:03:44:06 +0000] "GET /robots.txt HTTP/1.1" 404 1251 "-" "Mozilla/5.0 (Macintosh; Intel Mac OS X 10_15_7) AppleWebKit/537.36 (KHTML, like Gecko) Chrome/131.0.0.0 Safari/537.36; compatible; OAI-SearchBot/1.3; robots.txt; +https://openai.com/searchbot"
74.7.227.166 - - [17/Mar/2026:03:44:20 +0000] "GET /vendor/maximebf/debugbar/src/DebugBar/Bridge/SwiftMailer/SwiftMailCollector.php HTTP/1.1" 500 0 "http://mianjeepos.bms69.com/vendor/maximebf/debugbar/src/DebugBar/Bridge/SwiftMailer/" "Mozilla/5.0 AppleWebKit/537.36 (KHTML, like Gecko; compatible; GPTBot/1.3; +https://openai.com/gptbot)"
74.7.227.142 - - [17/Mar/2026:03:44:32 +0000] "GET /vendor/laravel/framework/src/Illuminate/Contracts/Auth/SupportsBasicAuth.php HTTP/1.1" 200 0 "http://www.mianjeepos.bms69.com/vendor/laravel/framework/src/Illuminate/Contracts/Auth/" "Mozilla/5.0 AppleWebKit/537.36 (KHTML, like Gecko; compatible; GPTBot/1.3; +https://openai.com/gptbot)"
74.7.227.166 - - [17/Mar/2026:03:45:15 +0000] "GET /vendor/laravel/framework/src/Illuminate/Contracts/Auth/Factory.php HTTP/1.1" 200 0 "http://mianjeepos.bms69.com/vendor/laravel/framework/src/Illuminate/Contracts/Auth/" "Mozilla/5.0 AppleWebKit/537.36 (KHTML, like Gecko; compatible; GPTBot/1.3; +https://openai.com/gptbot)"
74.7.227.142 - - [17/Mar/2026:03:45:33 +0000] "GET /vendor/laravel/framework/src/Illuminate/Database/Schema/SqlServerBuilder.php HTTP/1.1" 500 0 "http://www.mianjeepos.bms69.com/vendor/laravel/framework/src/Illuminate/Database/Schema/" "Mozilla/5.0 AppleWebKit/537.36 (KHTML, like Gecko; compatible; GPTBot/1.3; +https://openai.com/gptbot)"
185.177.72.13 - - [17/Mar/2026:03:38:39 +0000] "POST / HTTP/1.1" 200 1832 "-" "Mozilla/5.0 (Windows NT 10.0; Win64; x64) AppleWebKit/537.36"
74.7.227.142 - - [17/Mar/2026:03:39:00 +0000] "GET /vendor/laravel/framework/src/Illuminate/Testing/Fluent/error_log HTTP/1.1" 403 1242 "http://www.mianjeepos.bms69.com/vendor/laravel/framework/src/Illuminate/Testing/Fluent/" "Mozilla/5.0 AppleWebKit/537.36 (KHTML, like Gecko; compatible; GPTBot/1.3; +https://openai.com/gptbot)"
74.7.227.166 - - [17/Mar/2026:03:39:05 +0000] "GET /vendor/laravel/framework/src/Illuminate/Routing/Matching/MethodValidator.php HTTP/1.1" 500 0 "http://mianjeepos.bms69.com/vendor/laravel/framework/src/Illuminate/Routing/Matching/" "Mozilla/5.0 AppleWebKit/537.36 (KHTML, like Gecko; compatible; GPTBot/1.3; +https://openai.com/gptbot)"
185.177.72.51 - - [17/Mar/2026:03:40:13 +0000] "GET /_autoindex/assets/js/tablesort.js HTTP/1.1" 200 2300 "-" "curl/8.7.1"
185.177.72.51 - - [17/Mar/2026:03:40:13 +0000] "GET /_autoindex/assets/js/tablesort.number.js HTTP/1.1" 200 366 "-" "curl/8.7.1"
185.177.72.51 - - [17/Mar/2026:03:40:13 +0000] "POST / HTTP/1.1" 200 1836 "-" "Mozilla/5.0 (Windows NT 10.0; Win64; x64) AppleWebKit/537.36"
185.177.72.51 - - [17/Mar/2026:03:40:14 +0000] "POST / HTTP/1.1" 200 1836 "-" "Mozilla/5.0 (Windows NT 10.0; Win64; x64) AppleWebKit/537.36"
74.7.227.142 - - [17/Mar/2026:03:40:31 +0000] "GET /vendor/laravel/framework/src/Illuminate/Testing/Fluent/Concerns/ HTTP/1.1" 200 751 "http://www.mianjeepos.bms69.com/vendor/laravel/framework/src/Illuminate/Testing/Fluent/" "Mozilla/5.0 AppleWebKit/537.36 (KHTML, like Gecko; compatible; GPTBot/1.3; +https://openai.com/gptbot)"
74.7.227.166 - - [17/Mar/2026:03:41:17 +0000] "GET /vendor/laravel/framework/src/Illuminate/Auth/Middleware/Authorize.php HTTP/1.1" 200 0 "http://mianjeepos.bms69.com/vendor/laravel/framework/src/Illuminate/Auth/Middleware/" "Mozilla/5.0 AppleWebKit/537.36 (KHTML, like Gecko; compatible; GPTBot/1.3; +https://openai.com/gptbot)"
74.7.227.142 - - [17/Mar/2026:03:42:28 +0000] "GET /vendor/laravel/framework/src/Illuminate/Database/Schema/error_log HTTP/1.1" 403 1242 "http://www.mianjeepos.bms69.com/vendor/laravel/framework/src/Illuminate/Database/Schema/" "Mozilla/5.0 AppleWebKit/537.36 (KHTML, like Gecko; compatible; GPTBot/1.3; +https://openai.com/gptbot)"
74.7.227.142 - - [17/Mar/2026:03:42:59 +0000] "GET /vendor/laravel/framework/src/Illuminate/Contracts/Auth/Middleware/ HTTP/1.1" 200 684 "http://www.mianjeepos.bms69.com/vendor/laravel/framework/src/Illuminate/Contracts/Auth/" "Mozilla/5.0 AppleWebKit/537.36 (KHTML, like Gecko; compatible; GPTBot/1.3; +https://openai.com/gptbot)"
74.7.227.166 - - [17/Mar/2026:03:43:18 +0000] "GET /vendor/laravel/framework/src/Illuminate/Contracts/Auth/Authenticatable.php HTTP/1.1" 200 0 "http://mianjeepos.bms69.com/vendor/laravel/framework/src/Illuminate/Contracts/Auth/" "Mozilla/5.0 AppleWebKit/537.36 (KHTML, like Gecko; compatible; GPTBot/1.3; +https://openai.com/gptbot)"
74.7.175.187 - - [17/Mar/2026:03:43:18 +0000] "GET /robots.txt HTTP/1.1" 404 1251 "-" "Mozilla/5.0 (Macintosh; Intel Mac OS X 10_15_7) AppleWebKit/537.36 (KHTML, like Gecko) Chrome/131.0.0.0 Safari/537.36; compatible; OAI-SearchBot/1.3; robots.txt; +https://openai.com/searchbot"
74.7.227.142 - - [17/Mar/2026:03:43:37 +0000] "GET /vendor/laravel/framework/src/Illuminate/Database/Schema/Grammars/ HTTP/1.1" 200 1189 "http://www.mianjeepos.bms69.com/vendor/laravel/framework/src/Illuminate/Database/Schema/" "Mozilla/5.0 AppleWebKit/537.36 (KHTML, like Gecko; compatible; GPTBot/1.3; +https://openai.com/gptbot)"
74.7.227.142 - - [17/Mar/2026:03:46:30 +0000] "GET /vendor/laravel/framework/src/Illuminate/Database/Schema/ColumnDefinition.php HTTP/1.1" 500 0 "http://www.mianjeepos.bms69.com/vendor/laravel/framework/src/Illuminate/Database/Schema/" "Mozilla/5.0 AppleWebKit/537.36 (KHTML, like Gecko; compatible; GPTBot/1.3; +https://openai.com/gptbot)"
74.7.227.166 - - [17/Mar/2026:03:46:21 +0000] "GET /vendor/laravel/framework/src/Illuminate/Foundation/Auth/User.php HTTP/1.1" 500 0 "http://mianjeepos.bms69.com/vendor/laravel/framework/src/Illuminate/Foundation/Auth/" "Mozilla/5.0 AppleWebKit/537.36 (KHTML, like Gecko; compatible; GPTBot/1.3; +https://openai.com/gptbot)"
74.7.227.166 - - [17/Mar/2026:03:47:18 +0000] "GET /vendor/laravel/framework/src/Illuminate/Contracts/Auth/Guard.php HTTP/1.1" 200 0 "http://mianjeepos.bms69.com/vendor/laravel/framework/src/Illuminate/Contracts/Auth/" "Mozilla/5.0 AppleWebKit/537.36 (KHTML, like Gecko; compatible; GPTBot/1.3; +https://openai.com/gptbot)"
74.7.227.166 - - [17/Mar/2026:03:48:21 +0000] "GET /vendor/laravel/framework/src/Illuminate/View/Compilers/Compiler.php HTTP/1.1" 200 0 "http://mianjeepos.bms69.com/vendor/laravel/framework/src/Illuminate/View/Compilers/" "Mozilla/5.0 AppleWebKit/537.36 (KHTML, like Gecko; compatible; GPTBot/1.3; +https://openai.com/gptbot)"
74.7.227.142 - - [17/Mar/2026:03:48:37 +0000] "GET /vendor/laravel/framework/src/Illuminate/Contracts/Auth/PasswordBrokerFactory.php HTTP/1.1" 200 0 "http://www.mianjeepos.bms69.com/vendor/laravel/framework/src/Illuminate/Contracts/Auth/" "Mozilla/5.0 AppleWebKit/537.36 (KHTML, like Gecko; compatible; GPTBot/1.3; +https://openai.com/gptbot)"
74.7.227.166 - - [17/Mar/2026:03:49:14 +0000] "GET /vendor/laravel/framework/src/Illuminate/Auth/Middleware/AuthenticateWithBasicAuth.php HTTP/1.1" 200 0 "http://mianjeepos.bms69.com/vendor/laravel/framework/src/Illuminate/Auth/Middleware/" "Mozilla/5.0 AppleWebKit/537.36 (KHTML, like Gecko; compatible; GPTBot/1.3; +https://openai.com/gptbot)"
74.7.227.142 - - [17/Mar/2026:03:49:36 +0000] "GET /vendor/laravel/framework/src/Illuminate/Contracts/Auth/MustVerifyEmail.php HTTP/1.1" 200 0 "http://www.mianjeepos.bms69.com/vendor/laravel/framework/src/Illuminate/Contracts/Auth/" "Mozilla/5.0 AppleWebKit/537.36 (KHTML, like Gecko; compatible; GPTBot/1.3; +https://openai.com/gptbot)"
74.7.227.142 - - [17/Mar/2026:03:50:36 +0000] "GET /vendor/laravel/framework/src/Illuminate/Database/Schema/SQLiteBuilder.php HTTP/1.1" 500 0 "http://www.mianjeepos.bms69.com/vendor/laravel/framework/src/Illuminate/Database/Schema/" "Mozilla/5.0 AppleWebKit/537.36 (KHTML, like Gecko; compatible; GPTBot/1.3; +https://openai.com/gptbot)"
74.7.227.142 - - [17/Mar/2026:03:52:21 +0000] "GET /vendor/laravel/framework/src/Illuminate/Database/Schema/Blueprint.php HTTP/1.1" 500 0 "http://www.mianjeepos.bms69.com/vendor/laravel/framework/src/Illuminate/Database/Schema/" "Mozilla/5.0 AppleWebKit/537.36 (KHTML, like Gecko; compatible; GPTBot/1.3; +https://openai.com/gptbot)"
74.7.227.166 - - [17/Mar/2026:03:52:51 +0000] "GET /vendor/laravel/framework/src/Illuminate/Database/Schema/ HTTP/1.1" 200 1397 "http://mianjeepos.bms69.com/vendor/laravel/framework/src/Illuminate/Database/" "Mozilla/5.0 AppleWebKit/537.36 (KHTML, like Gecko; compatible; GPTBot/1.3; +https://openai.com/gptbot)"
74.7.227.166 - - [17/Mar/2026:03:53:15 +0000] "GET /vendor/laravel/framework/src/Illuminate/Support/Testing/ HTTP/1.1" 200 650 "http://mianjeepos.bms69.com/vendor/laravel/framework/src/Illuminate/Support/" "Mozilla/5.0 AppleWebKit/537.36 (KHTML, like Gecko; compatible; GPTBot/1.3; +https://openai.com/gptbot)"
74.7.227.142 - - [17/Mar/2026:03:53:27 +0000] "GET /vendor/laravel/framework/src/Illuminate/Database/Schema/Grammars/?SA HTTP/1.1" 200 1193 "http://www.mianjeepos.bms69.com/vendor/laravel/framework/src/Illuminate/Database/Schema/Grammars/" "Mozilla/5.0 AppleWebKit/537.36 (KHTML, like Gecko; compatible; GPTBot/1.3; +https://openai.com/gptbot)"
74.7.227.166 - - [17/Mar/2026:03:53:39 +0000] "GET /vendor/laravel/framework/src/Illuminate/Routing/Console/ HTTP/1.1" 200 805 "http://mianjeepos.bms69.com/vendor/laravel/framework/src/Illuminate/Routing/" "Mozilla/5.0 AppleWebKit/537.36 (KHTML, like Gecko; compatible; GPTBot/1.3; +https://openai.com/gptbot)"
74.7.227.166 - - [17/Mar/2026:03:54:30 +0000] "GET /vendor/laravel/framework/src/Illuminate/Auth/Listeners/ HTTP/1.1" 200 677 "http://mianjeepos.bms69.com/vendor/laravel/framework/src/Illuminate/Auth/" "Mozilla/5.0 AppleWebKit/537.36 (KHTML, like Gecko; compatible; GPTBot/1.3; +https://openai.com/gptbot)"
74.7.227.142 - - [17/Mar/2026:03:47:31 +0000] "GET /vendor/laravel/framework/src/Illuminate/Foundation/Auth/Access/Authorizable.php HTTP/1.1" 200 0 "http://www.mianjeepos.bms69.com/vendor/laravel/framework/src/Illuminate/Foundation/Auth/Access/" "Mozilla/5.0 AppleWebKit/537.36 (KHTML, like Gecko; compatible; GPTBot/1.3; +https://openai.com/gptbot)"
74.7.175.187 - - [17/Mar/2026:03:48:21 +0000] "GET /robots.txt HTTP/1.1" 404 1251 "-" "Mozilla/5.0 (Macintosh; Intel Mac OS X 10_15_7) AppleWebKit/537.36 (KHTML, like Gecko) Chrome/131.0.0.0 Safari/537.36; compatible; OAI-SearchBot/1.3; robots.txt; +https://openai.com/searchbot"
74.7.244.31 - - [17/Mar/2026:03:49:36 +0000] "GET /robots.txt HTTP/1.1" 404 1251 "-" "Mozilla/5.0 (Macintosh; Intel Mac OS X 10_15_7) AppleWebKit/537.36 (KHTML, like Gecko) Chrome/131.0.0.0 Safari/537.36; compatible; OAI-SearchBot/1.3; robots.txt; +https://openai.com/searchbot"
74.7.227.166 - - [17/Mar/2026:03:50:04 +0000] "GET /vendor/league/commonmark/src/Extension/Attributes/Util/ HTTP/1.1" 200 667 "http://mianjeepos.bms69.com/vendor/league/commonmark/src/Extension/Attributes/" "Mozilla/5.0 AppleWebKit/537.36 (KHTML, like Gecko; compatible; GPTBot/1.3; +https://openai.com/gptbot)"
74.7.227.166 - - [17/Mar/2026:03:50:49 +0000] "GET /vendor/laravel/framework/src/Illuminate/Contracts/View/ HTTP/1.1" 200 801 "http://mianjeepos.bms69.com/vendor/laravel/framework/src/Illuminate/Contracts/" "Mozilla/5.0 AppleWebKit/537.36 (KHTML, like Gecko; compatible; GPTBot/1.3; +https://openai.com/gptbot)"
74.7.227.142 - - [17/Mar/2026:03:51:18 +0000] "GET /vendor/laravel/framework/src/Illuminate/Database/Schema/MySqlBuilder.php HTTP/1.1" 500 0 "http://www.mianjeepos.bms69.com/vendor/laravel/framework/src/Illuminate/Database/Schema/" "Mozilla/5.0 AppleWebKit/537.36 (KHTML, like Gecko; compatible; GPTBot/1.3; +https://openai.com/gptbot)"
74.7.227.166 - - [17/Mar/2026:03:51:37 +0000] "GET /vendor/laravel/framework/src/Illuminate/Contracts/Redis/ HTTP/1.1" 200 746 "http://mianjeepos.bms69.com/vendor/laravel/framework/src/Illuminate/Contracts/" "Mozilla/5.0 AppleWebKit/537.36 (KHTML, like Gecko; compatible; GPTBot/1.3; +https://openai.com/gptbot)"
74.7.227.166 - - [17/Mar/2026:03:52:04 +0000] "GET /vendor/laravel/framework/src/Illuminate/Foundation/Http/ HTTP/1.1" 200 1189 "http://mianjeepos.bms69.com/vendor/laravel/framework/src/Illuminate/Foundation/" "Mozilla/5.0 AppleWebKit/537.36 (KHTML, like Gecko; compatible; GPTBot/1.3; +https://openai.com/gptbot)"
74.7.175.187 - - [17/Mar/2026:03:53:39 +0000] "GET /robots.txt HTTP/1.1" 404 1251 "-" "Mozilla/5.0 (Macintosh; Intel Mac OS X 10_15_7) AppleWebKit/537.36 (KHTML, like Gecko) Chrome/131.0.0.0 Safari/537.36; compatible; OAI-SearchBot/1.3; robots.txt; +https://openai.com/searchbot"
74.7.227.142 - - [17/Mar/2026:03:54:30 +0000] "GET /vendor/laravel/framework/src/Illuminate/Database/Schema/Grammars/?ND HTTP/1.1" 200 1192 "http://www.mianjeepos.bms69.com/vendor/laravel/framework/src/Illuminate/Database/Schema/Grammars/" "Mozilla/5.0 AppleWebKit/537.36 (KHTML, like Gecko; compatible; GPTBot/1.3; +https://openai.com/gptbot)"
74.7.227.166 - - [17/Mar/2026:03:54:40 +0000] "GET /vendor/laravel/framework/src/Illuminate/Database/Query/ HTTP/1.1" 200 1211 "http://mianjeepos.bms69.com/vendor/laravel/framework/src/Illuminate/Database/" "Mozilla/5.0 AppleWebKit/537.36 (KHTML, like Gecko; compatible; GPTBot/1.3; +https://openai.com/gptbot)"
74.7.227.166 - - [17/Mar/2026:03:55:00 +0000] "GET /vendor/laravel/framework/src/Illuminate/Support/Traits/ HTTP/1.1" 200 796 "http://mianjeepos.bms69.com/vendor/laravel/framework/src/Illuminate/Support/" "Mozilla/5.0 AppleWebKit/537.36 (KHTML, like Gecko; compatible; GPTBot/1.3; +https://openai.com/gptbot)"
74.7.227.166 - - [17/Mar/2026:03:55:44 +0000] "GET /vendor/laravel/framework/src/Illuminate/Http/Resources/ HTTP/1.1" 200 1228 "http://mianjeepos.bms69.com/vendor/laravel/framework/src/Illuminate/Http/" "Mozilla/5.0 AppleWebKit/537.36 (KHTML, like Gecko; compatible; GPTBot/1.3; +https://openai.com/gptbot)"
74.7.227.142 - - [17/Mar/2026:03:55:39 +0000] "GET /vendor/laravel/framework/src/Illuminate/Contracts/Auth/UserProvider.php HTTP/1.1" 200 0 "http://www.mianjeepos.bms69.com/vendor/laravel/framework/src/Illuminate/Contracts/Auth/" "Mozilla/5.0 AppleWebKit/537.36 (KHTML, like Gecko; compatible; GPTBot/1.3; +https://openai.com/gptbot)"
74.7.244.31 - - [17/Mar/2026:03:55:39 +0000] "GET /robots.txt HTTP/1.1" 404 1251 "-" "Mozilla/5.0 (Macintosh; Intel Mac OS X 10_15_7) AppleWebKit/537.36 (KHTML, like Gecko) Chrome/131.0.0.0 Safari/537.36; compatible; OAI-SearchBot/1.3; robots.txt; +https://openai.com/searchbot"
74.7.227.166 - - [17/Mar/2026:03:55:37 +0000] "GET /vendor/laravel/framework/src/Illuminate/Contracts/Http/ HTTP/1.1" 200 658 "http://mianjeepos.bms69.com/vendor/laravel/framework/src/Illuminate/Contracts/" "Mozilla/5.0 AppleWebKit/537.36 (KHTML, like Gecko; compatible; GPTBot/1.3; +https://openai.com/gptbot)"
74.7.227.166 - - [17/Mar/2026:03:55:56 +0000] "GET /vendor/laravel/framework/src/Illuminate/Contracts/View/error_log HTTP/1.1" 403 1242 "http://mianjeepos.bms69.com/vendor/laravel/framework/src/Illuminate/Contracts/View/" "Mozilla/5.0 AppleWebKit/537.36 (KHTML, like Gecko; compatible; GPTBot/1.3; +https://openai.com/gptbot)"
74.7.227.166 - - [17/Mar/2026:03:56:08 +0000] "GET /vendor/laravel/framework/src/Illuminate/Contracts/Redis/LimiterTimeoutException.php HTTP/1.1" 200 0 "http://mianjeepos.bms69.com/vendor/laravel/framework/src/Illuminate/Contracts/Redis/" "Mozilla/5.0 AppleWebKit/537.36 (KHTML, like Gecko; compatible; GPTBot/1.3; +https://openai.com/gptbot)"
74.7.227.142 - - [17/Mar/2026:03:56:16 +0000] "GET /vendor/laravel/framework/src/Illuminate/Contracts/Auth/PasswordBroker.php HTTP/1.1" 200 0 "http://www.mianjeepos.bms69.com/vendor/laravel/framework/src/Illuminate/Contracts/Auth/" "Mozilla/5.0 AppleWebKit/537.36 (KHTML, like Gecko; compatible; GPTBot/1.3; +https://openai.com/gptbot)"
74.7.227.166 - - [17/Mar/2026:03:56:18 +0000] "GET /vendor/laravel/framework/src/Illuminate/Foundation/Http/Middleware/ HTTP/1.1" 200 1277 "http://mianjeepos.bms69.com/vendor/laravel/framework/src/Illuminate/Foundation/Http/" "Mozilla/5.0 AppleWebKit/537.36 (KHTML, like Gecko; compatible; GPTBot/1.3; +https://openai.com/gptbot)"
74.7.227.166 - - [17/Mar/2026:03:56:30 +0000] "GET /vendor/laravel/framework/src/Illuminate/Foundation/Http/Events/ HTTP/1.1" 200 670 "http://mianjeepos.bms69.com/vendor/laravel/framework/src/Illuminate/Foundation/Http/" "Mozilla/5.0 AppleWebKit/537.36 (KHTML, like Gecko; compatible; GPTBot/1.3; +https://openai.com/gptbot)"
74.7.227.142 - - [17/Mar/2026:03:57:01 +0000] "GET /vendor/laravel/framework/src/Illuminate/Contracts/Auth/StatefulGuard.php HTTP/1.1" 500 0 "http://www.mianjeepos.bms69.com/vendor/laravel/framework/src/Illuminate/Contracts/Auth/" "Mozilla/5.0 AppleWebKit/537.36 (KHTML, like Gecko; compatible; GPTBot/1.3; +https://openai.com/gptbot)"
74.7.227.166 - - [17/Mar/2026:03:57:09 +0000] "GET /vendor/laravel/framework/src/Illuminate/Routing/Console/stubs/ HTTP/1.1" 200 1175 "http://mianjeepos.bms69.com/vendor/laravel/framework/src/Illuminate/Routing/Console/" "Mozilla/5.0 AppleWebKit/537.36 (KHTML, like Gecko; compatible; GPTBot/1.3; +https://openai.com/gptbot)"
74.7.227.166 - - [17/Mar/2026:03:57:18 +0000] "GET /vendor/laravel/framework/src/Illuminate/Database/Schema/Grammars/ HTTP/1.1" 200 1187 "http://mianjeepos.bms69.com/vendor/laravel/framework/src/Illuminate/Database/Schema/" "Mozilla/5.0 AppleWebKit/537.36 (KHTML, like Gecko; compatible; GPTBot/1.3; +https://openai.com/gptbot)"
74.7.227.166 - - [17/Mar/2026:03:57:25 +0000] "GET /vendor/laravel/framework/src/Illuminate/Database/Query/Processors/ HTTP/1.1" 200 1124 "http://mianjeepos.bms69.com/vendor/laravel/framework/src/Illuminate/Database/Query/" "Mozilla/5.0 AppleWebKit/537.36 (KHTML, like Gecko; compatible; GPTBot/1.3; +https://openai.com/gptbot)"
74.7.227.166 - - [17/Mar/2026:03:57:35 +0000] "GET /vendor/laravel/framework/src/Illuminate/Support/Traits/?ND HTTP/1.1" 200 796 "http://mianjeepos.bms69.com/vendor/laravel/framework/src/Illuminate/Support/Traits/" "Mozilla/5.0 AppleWebKit/537.36 (KHTML, like Gecko; compatible; GPTBot/1.3; +https://openai.com/gptbot)"
74.7.227.166 - - [17/Mar/2026:03:57:41 +0000] "GET /vendor/laravel/framework/src/Illuminate/Http/Resources/Json/ HTTP/1.1" 200 1127 "http://mianjeepos.bms69.com/vendor/laravel/framework/src/Illuminate/Http/Resources/" "Mozilla/5.0 AppleWebKit/537.36 (KHTML, like Gecko; compatible; GPTBot/1.3; +https://openai.com/gptbot)"
74.7.227.142 - - [17/Mar/2026:03:57:43 +0000] "GET /vendor/laravel/framework/src/Illuminate/Contracts/Auth/CanResetPassword.php HTTP/1.1" 200 0 "http://www.mianjeepos.bms69.com/vendor/laravel/framework/src/Illuminate/Contracts/Auth/" "Mozilla/5.0 AppleWebKit/537.36 (KHTML, like Gecko; compatible; GPTBot/1.3; +https://openai.com/gptbot)"
74.7.227.166 - - [17/Mar/2026:03:56:46 +0000] "GET /vendor/laravel/framework/src/Illuminate/Foundation/Http/error_log HTTP/1.1" 403 1242 "http://mianjeepos.bms69.com/vendor/laravel/framework/src/Illuminate/Foundation/Http/" "Mozilla/5.0 AppleWebKit/537.36 (KHTML, like Gecko; compatible; GPTBot/1.3; +https://openai.com/gptbot)"
74.7.227.166 - - [17/Mar/2026:03:56:53 +0000] "GET /vendor/laravel/framework/src/Illuminate/Database/Schema/error_log HTTP/1.1" 403 1242 "http://mianjeepos.bms69.com/vendor/laravel/framework/src/Illuminate/Database/Schema/" "Mozilla/5.0 AppleWebKit/537.36 (KHTML, like Gecko; compatible; GPTBot/1.3; +https://openai.com/gptbot)"
74.7.227.166 - - [17/Mar/2026:03:56:58 +0000] "GET /vendor/laravel/framework/src/Illuminate/Routing/Console/error_log HTTP/1.1" 403 1242 "http://mianjeepos.bms69.com/vendor/laravel/framework/src/Illuminate/Routing/Console/" "Mozilla/5.0 AppleWebKit/537.36 (KHTML, like Gecko; compatible; GPTBot/1.3; +https://openai.com/gptbot)"
74.7.227.142 - - [17/Mar/2026:03:58:50 +0000] "GET /vendor/laravel/framework/src/Illuminate/Testing/Fluent/AssertableJson.php HTTP/1.1" 500 0 "http://www.mianjeepos.bms69.com/vendor/laravel/framework/src/Illuminate/Testing/Fluent/" "Mozilla/5.0 AppleWebKit/537.36 (KHTML, like Gecko; compatible; GPTBot/1.3; +https://openai.com/gptbot)"
74.7.227.166 - - [17/Mar/2026:03:58:51 +0000] "GET /vendor/laravel/framework/src/Illuminate/Http/Resources/CollectsResources.php HTTP/1.1" 200 0 "http://mianjeepos.bms69.com/vendor/laravel/framework/src/Illuminate/Http/Resources/" "Mozilla/5.0 AppleWebKit/537.36 (KHTML, like Gecko; compatible; GPTBot/1.3; +https://openai.com/gptbot)"
74.7.175.187 - - [17/Mar/2026:03:58:51 +0000] "GET /robots.txt HTTP/1.1" 404 1251 "-" "Mozilla/5.0 (Macintosh; Intel Mac OS X 10_15_7) AppleWebKit/537.36 (KHTML, like Gecko) Chrome/131.0.0.0 Safari/537.36; compatible; OAI-SearchBot/1.3; robots.txt; +https://openai.com/searchbot"
74.7.227.166 - - [17/Mar/2026:03:59:33 +0000] "GET /vendor/laravel/framework/src/Illuminate/Routing/Console/stubs/?MA HTTP/1.1" 200 1192 "http://mianjeepos.bms69.com/vendor/laravel/framework/src/Illuminate/Routing/Console/stubs/" "Mozilla/5.0 AppleWebKit/537.36 (KHTML, like Gecko; compatible; GPTBot/1.3; +https://openai.com/gptbot)"
74.7.227.142 - - [17/Mar/2026:03:59:42 +0000] "GET /vendor/laravel/framework/src/Illuminate/Database/Schema/PostgresBuilder.php HTTP/1.1" 500 0 "http://www.mianjeepos.bms69.com/vendor/laravel/framework/src/Illuminate/Database/Schema/" "Mozilla/5.0 AppleWebKit/537.36 (KHTML, like Gecko; compatible; GPTBot/1.3; +https://openai.com/gptbot)"
74.7.227.166 - - [17/Mar/2026:04:00:14 +0000] "GET /vendor/laravel/framework/src/Illuminate/Auth/Listeners/SendEmailVerificationNotification.php HTTP/1.1" 200 0 "http://mianjeepos.bms69.com/vendor/laravel/framework/src/Illuminate/Auth/Listeners/" "Mozilla/5.0 AppleWebKit/537.36 (KHTML, like Gecko; compatible; GPTBot/1.3; +https://openai.com/gptbot)"
74.7.227.142 - - [17/Mar/2026:04:00:45 +0000] "GET /vendor/laravel/framework/src/Illuminate/Database/Schema/IndexDefinition.php HTTP/1.1" 500 0 "http://www.mianjeepos.bms69.com/vendor/laravel/framework/src/Illuminate/Database/Schema/" "Mozilla/5.0 AppleWebKit/537.36 (KHTML, like Gecko; compatible; GPTBot/1.3; +https://openai.com/gptbot)"
74.7.227.142 - - [17/Mar/2026:04:01:51 +0000] "GET /vendor/laravel/framework/src/Illuminate/Database/Schema/PostgresSchemaState.php HTTP/1.1" 500 0 "http://www.mianjeepos.bms69.com/vendor/laravel/framework/src/Illuminate/Database/Schema/" "Mozilla/5.0 AppleWebKit/537.36 (KHTML, like Gecko; compatible; GPTBot/1.3; +https://openai.com/gptbot)"
74.7.227.166 - - [17/Mar/2026:04:02:26 +0000] "GET /vendor/laravel/framework/src/Illuminate/Database/Schema/ForeignKeyDefinition.php HTTP/1.1" 500 0 "http://mianjeepos.bms69.com/vendor/laravel/framework/src/Illuminate/Database/Schema/" "Mozilla/5.0 AppleWebKit/537.36 (KHTML, like Gecko; compatible; GPTBot/1.3; +https://openai.com/gptbot)"
74.7.227.166 - - [17/Mar/2026:03:57:46 +0000] "GET /vendor/laravel/framework/src/Illuminate/Http/Resources/error_log HTTP/1.1" 403 1242 "http://mianjeepos.bms69.com/vendor/laravel/framework/src/Illuminate/Http/Resources/" "Mozilla/5.0 AppleWebKit/537.36 (KHTML, like Gecko; compatible; GPTBot/1.3; +https://openai.com/gptbot)"
74.7.227.166 - - [17/Mar/2026:03:57:53 +0000] "GET /vendor/laravel/framework/src/Illuminate/Foundation/Http/Middleware/VerifyCsrfToken.php HTTP/1.1" 500 0 "http://mianjeepos.bms69.com/vendor/laravel/framework/src/Illuminate/Foundation/Http/Middleware/" "Mozilla/5.0 AppleWebKit/537.36 (KHTML, like Gecko; compatible; GPTBot/1.3; +https://openai.com/gptbot)"
74.7.227.166 - - [17/Mar/2026:03:58:00 +0000] "GET /vendor/laravel/framework/src/Illuminate/Database/Query/error_log HTTP/1.1" 403 1242 "http://mianjeepos.bms69.com/vendor/laravel/framework/src/Illuminate/Database/Query/" "Mozilla/5.0 AppleWebKit/537.36 (KHTML, like Gecko; compatible; GPTBot/1.3; +https://openai.com/gptbot)"
74.7.227.166 - - [17/Mar/2026:03:58:14 +0000] "GET /vendor/laravel/framework/src/Illuminate/Database/Query/Grammars/ HTTP/1.1" 200 1117 "http://mianjeepos.bms69.com/vendor/laravel/framework/src/Illuminate/Database/Query/" "Mozilla/5.0 AppleWebKit/537.36 (KHTML, like Gecko; compatible; GPTBot/1.3; +https://openai.com/gptbot)"
74.7.227.166 - - [17/Mar/2026:03:58:31 +0000] "GET /vendor/laravel/framework/src/Illuminate/Http/Resources/DelegatesToResource.php HTTP/1.1" 500 0 "http://mianjeepos.bms69.com/vendor/laravel/framework/src/Illuminate/Http/Resources/" "Mozilla/5.0 AppleWebKit/537.36 (KHTML, like Gecko; compatible; GPTBot/1.3; +https://openai.com/gptbot)"
74.7.244.31 - - [17/Mar/2026:04:00:45 +0000] "GET /robots.txt HTTP/1.1" 404 1251 "-" "Mozilla/5.0 (Macintosh; Intel Mac OS X 10_15_7) AppleWebKit/537.36 (KHTML, like Gecko) Chrome/131.0.0.0 Safari/537.36; compatible; OAI-SearchBot/1.3; robots.txt; +https://openai.com/searchbot"
74.7.227.166 - - [17/Mar/2026:04:00:50 +0000] "GET /vendor/laravel/framework/src/Illuminate/Database/Query/Processors/SqlServerProcessor.php HTTP/1.1" 500 0 "http://mianjeepos.bms69.com/vendor/laravel/framework/src/Illuminate/Database/Query/Processors/" "Mozilla/5.0 AppleWebKit/537.36 (KHTML, like Gecko; compatible; GPTBot/1.3; +https://openai.com/gptbot)"
74.7.227.166 - - [17/Mar/2026:04:01:21 +0000] "GET /vendor/laravel/framework/src/Illuminate/Http/Resources/PotentiallyMissing.php HTTP/1.1" 200 0 "http://mianjeepos.bms69.com/vendor/laravel/framework/src/Illuminate/Http/Resources/" "Mozilla/5.0 AppleWebKit/537.36 (KHTML, like Gecko; compatible; GPTBot/1.3; +https://openai.com/gptbot)"
74.7.227.166 - - [17/Mar/2026:04:03:24 +0000] "GET /vendor/laravel/framework/src/Illuminate/Routing/Console/ControllerMakeCommand.php HTTP/1.1" 500 0 "http://mianjeepos.bms69.com/vendor/laravel/framework/src/Illuminate/Routing/Console/" "Mozilla/5.0 AppleWebKit/537.36 (KHTML, like Gecko; compatible; GPTBot/1.3; +https://openai.com/gptbot)"
74.7.227.142 - - [17/Mar/2026:04:03:55 +0000] "GET /vendor/laravel/framework/src/Illuminate/Database/Schema/Grammars/?SD HTTP/1.1" 200 1197 "http://www.mianjeepos.bms69.com/vendor/laravel/framework/src/Illuminate/Database/Schema/Grammars/?SA" "Mozilla/5.0 AppleWebKit/537.36 (KHTML, like Gecko; compatible; GPTBot/1.3; +https://openai.com/gptbot)"
74.7.227.166 - - [17/Mar/2026:04:04:27 +0000] "GET /vendor/laravel/framework/src/Illuminate/Database/Schema/Grammars/?SA HTTP/1.1" 200 1189 "http://mianjeepos.bms69.com/vendor/laravel/framework/src/Illuminate/Database/Schema/Grammars/" "Mozilla/5.0 AppleWebKit/537.36 (KHTML, like Gecko; compatible; GPTBot/1.3; +https://openai.com/gptbot)"
74.7.175.187 - - [17/Mar/2026:04:04:27 +0000] "GET /robots.txt HTTP/1.1" 404 1251 "-" "Mozilla/5.0 (Macintosh; Intel Mac OS X 10_15_7) AppleWebKit/537.36 (KHTML, like Gecko) Chrome/131.0.0.0 Safari/537.36; compatible; OAI-SearchBot/1.3; robots.txt; +https://openai.com/searchbot"
74.7.227.142 - - [17/Mar/2026:04:05:03 +0000] "GET /vendor/laravel/framework/src/Illuminate/Database/Schema/SqliteSchemaState.php HTTP/1.1" 500 0 "http://www.mianjeepos.bms69.com/vendor/laravel/framework/src/Illuminate/Database/Schema/" "Mozilla/5.0 AppleWebKit/537.36 (KHTML, like Gecko; compatible; GPTBot/1.3; +https://openai.com/gptbot)"
74.7.227.142 - - [17/Mar/2026:04:07:01 +0000] "GET /vendor/laravel/framework/src/Illuminate/Database/Schema/ForeignIdColumnDefinition.php HTTP/1.1" 500 0 "http://www.mianjeepos.bms69.com/vendor/laravel/framework/src/Illuminate/Database/Schema/" "Mozilla/5.0 AppleWebKit/537.36 (KHTML, like Gecko; compatible; GPTBot/1.3; +https://openai.com/gptbot)"
74.7.227.166 - - [17/Mar/2026:04:07:24 +0000] "GET /vendor/laravel/framework/src/Illuminate/Database/Schema/SqlServerBuilder.php HTTP/1.1" 500 0 "http://mianjeepos.bms69.com/vendor/laravel/framework/src/Illuminate/Database/Schema/" "Mozilla/5.0 AppleWebKit/537.36 (KHTML, like Gecko; compatible; GPTBot/1.3; +https://openai.com/gptbot)"
74.7.227.142 - - [17/Mar/2026:04:08:06 +0000] "GET /vendor/laravel/framework/src/Illuminate/Database/Schema/Builder.php HTTP/1.1" 500 0 "http://www.mianjeepos.bms69.com/vendor/laravel/framework/src/Illuminate/Database/Schema/" "Mozilla/5.0 AppleWebKit/537.36 (KHTML, like Gecko; compatible; GPTBot/1.3; +https://openai.com/gptbot)"
74.7.227.166 - - [17/Mar/2026:04:09:35 +0000] "GET /vendor/laravel/framework/src/Illuminate/Database/Schema/ColumnDefinition.php HTTP/1.1" 500 0 "http://mianjeepos.bms69.com/vendor/laravel/framework/src/Illuminate/Database/Schema/" "Mozilla/5.0 AppleWebKit/537.36 (KHTML, like Gecko; compatible; GPTBot/1.3; +https://openai.com/gptbot)"
74.7.175.187 - - [17/Mar/2026:04:09:35 +0000] "GET /robots.txt HTTP/1.1" 404 1251 "-" "Mozilla/5.0 (Macintosh; Intel Mac OS X 10_15_7) AppleWebKit/537.36 (KHTML, like Gecko) Chrome/131.0.0.0 Safari/537.36; compatible; OAI-SearchBot/1.3; robots.txt; +https://openai.com/searchbot"
74.7.227.142 - - [17/Mar/2026:04:10:12 +0000] "GET /vendor/laravel/framework/src/Illuminate/Foundation/Auth/User.php HTTP/1.1" 500 0 "http://www.mianjeepos.bms69.com/vendor/laravel/framework/src/Illuminate/Foundation/Auth/" "Mozilla/5.0 AppleWebKit/537.36 (KHTML, like Gecko; compatible; GPTBot/1.3; +https://openai.com/gptbot)"
74.7.244.31 - - [17/Mar/2026:04:11:07 +0000] "GET /robots.txt HTTP/1.1" 404 1251 "-" "Mozilla/5.0 (Macintosh; Intel Mac OS X 10_15_7) AppleWebKit/537.36 (KHTML, like Gecko) Chrome/131.0.0.0 Safari/537.36; compatible; OAI-SearchBot/1.3; robots.txt; +https://openai.com/searchbot"
74.7.227.166 - - [17/Mar/2026:04:12:41 +0000] "GET /vendor/laravel/framework/src/Illuminate/Database/Schema/MySqlBuilder.php HTTP/1.1" 500 0 "http://mianjeepos.bms69.com/vendor/laravel/framework/src/Illuminate/Database/Schema/" "Mozilla/5.0 AppleWebKit/537.36 (KHTML, like Gecko; compatible; GPTBot/1.3; +https://openai.com/gptbot)"
74.7.227.142 - - [17/Mar/2026:04:02:56 +0000] "GET /vendor/laravel/framework/src/Illuminate/Database/Schema/MySqlSchemaState.php HTTP/1.1" 500 0 "http://www.mianjeepos.bms69.com/vendor/laravel/framework/src/Illuminate/Database/Schema/" "Mozilla/5.0 AppleWebKit/537.36 (KHTML, like Gecko; compatible; GPTBot/1.3; +https://openai.com/gptbot)"
74.7.227.166 - - [17/Mar/2026:04:05:34 +0000] "GET /vendor/laravel/framework/src/Illuminate/Database/Schema/Grammars/?ND HTTP/1.1" 200 1189 "http://mianjeepos.bms69.com/vendor/laravel/framework/src/Illuminate/Database/Schema/Grammars/" "Mozilla/5.0 AppleWebKit/537.36 (KHTML, like Gecko; compatible; GPTBot/1.3; +https://openai.com/gptbot)"
74.7.227.142 - - [17/Mar/2026:04:05:55 +0000] "GET /vendor/laravel/framework/src/Illuminate/Foundation/Auth/EmailVerificationRequest.php HTTP/1.1" 500 0 "http://www.mianjeepos.bms69.com/vendor/laravel/framework/src/Illuminate/Foundation/Auth/" "Mozilla/5.0 AppleWebKit/537.36 (KHTML, like Gecko; compatible; GPTBot/1.3; +https://openai.com/gptbot)"
74.7.244.31 - - [17/Mar/2026:04:05:55 +0000] "GET /robots.txt HTTP/1.1" 404 1251 "-" "Mozilla/5.0 (Macintosh; Intel Mac OS X 10_15_7) AppleWebKit/537.36 (KHTML, like Gecko) Chrome/131.0.0.0 Safari/537.36; compatible; OAI-SearchBot/1.3; robots.txt; +https://openai.com/searchbot"
74.7.227.166 - - [17/Mar/2026:04:06:29 +0000] "GET /vendor/laravel/framework/src/Illuminate/Database/Query/JoinLateralClause.php HTTP/1.1" 500 0 "http://mianjeepos.bms69.com/vendor/laravel/framework/src/Illuminate/Database/Query/" "Mozilla/5.0 AppleWebKit/537.36 (KHTML, like Gecko; compatible; GPTBot/1.3; +https://openai.com/gptbot)"
74.7.227.166 - - [17/Mar/2026:04:08:30 +0000] "GET /vendor/laravel/framework/src/Illuminate/Routing/Console/MiddlewareMakeCommand.php HTTP/1.1" 500 0 "http://mianjeepos.bms69.com/vendor/laravel/framework/src/Illuminate/Routing/Console/" "Mozilla/5.0 AppleWebKit/537.36 (KHTML, like Gecko; compatible; GPTBot/1.3; +https://openai.com/gptbot)"
74.7.227.142 - - [17/Mar/2026:04:09:08 +0000] "GET /vendor/laravel/framework/src/Illuminate/Contracts/Auth/Authenticatable.php HTTP/1.1" 200 0 "http://www.mianjeepos.bms69.com/vendor/laravel/framework/src/Illuminate/Contracts/Auth/" "Mozilla/5.0 AppleWebKit/537.36 (KHTML, like Gecko; compatible; GPTBot/1.3; +https://openai.com/gptbot)"
74.7.227.166 - - [17/Mar/2026:04:10:37 +0000] "GET /vendor/laravel/framework/src/Illuminate/Support/Testing/Fakes/ HTTP/1.1" 200 1295 "http://mianjeepos.bms69.com/vendor/laravel/framework/src/Illuminate/Support/Testing/" "Mozilla/5.0 AppleWebKit/537.36 (KHTML, like Gecko; compatible; GPTBot/1.3; +https://openai.com/gptbot)"
74.7.227.142 - - [17/Mar/2026:04:11:07 +0000] "GET /vendor/laravel/framework/src/Illuminate/Contracts/Auth/Guard.php HTTP/1.1" 200 0 "http://www.mianjeepos.bms69.com/vendor/laravel/framework/src/Illuminate/Contracts/Auth/" "Mozilla/5.0 AppleWebKit/537.36 (KHTML, like Gecko; compatible; GPTBot/1.3; +https://openai.com/gptbot)"
74.7.227.166 - - [17/Mar/2026:04:11:46 +0000] "GET /vendor/laravel/framework/src/Illuminate/Database/Schema/SQLiteBuilder.php HTTP/1.1" 500 0 "http://mianjeepos.bms69.com/vendor/laravel/framework/src/Illuminate/Database/Schema/" "Mozilla/5.0 AppleWebKit/537.36 (KHTML, like Gecko; compatible; GPTBot/1.3; +https://openai.com/gptbot)"
74.7.227.142 - - [17/Mar/2026:04:12:15 +0000] "GET /vendor/laravel/framework/src/Illuminate/Contracts/Auth/Factory.php HTTP/1.1" 200 0 "http://www.mianjeepos.bms69.com/vendor/laravel/framework/src/Illuminate/Contracts/Auth/" "Mozilla/5.0 AppleWebKit/537.36 (KHTML, like Gecko; compatible; GPTBot/1.3; +https://openai.com/gptbot)"
74.7.227.142 - - [17/Mar/2026:04:13:06 +0000] "GET /vendor/laravel/framework/src/Illuminate/Contracts/Http/Kernel.php HTTP/1.1" 200 0 "http://www.mianjeepos.bms69.com/vendor/laravel/framework/src/Illuminate/Contracts/Http/" "Mozilla/5.0 AppleWebKit/537.36 (KHTML, like Gecko; compatible; GPTBot/1.3; +https://openai.com/gptbot)"
74.7.227.142 - - [17/Mar/2026:04:14:01 +0000] "GET /vendor/laravel/framework/src/Illuminate/Database/Schema/SchemaState.php HTTP/1.1" 200 0 "http://www.mianjeepos.bms69.com/vendor/laravel/framework/src/Illuminate/Database/Schema/" "Mozilla/5.0 AppleWebKit/537.36 (KHTML, like Gecko; compatible; GPTBot/1.3; +https://openai.com/gptbot)"
74.7.227.142 - - [17/Mar/2026:04:14:44 +0000] "GET /vendor/laravel/framework/src/Illuminate/Console/QuestionHelper.php HTTP/1.1" 500 0 "http://www.mianjeepos.bms69.com/vendor/laravel/framework/src/Illuminate/Console/" "Mozilla/5.0 AppleWebKit/537.36 (KHTML, like Gecko; compatible; GPTBot/1.3; +https://openai.com/gptbot)"
74.7.227.166 - - [17/Mar/2026:04:15:36 +0000] "GET /vendor/laravel/framework/src/Illuminate/Database/Schema/Grammars/?SD HTTP/1.1" 200 1195 "http://mianjeepos.bms69.com/vendor/laravel/framework/src/Illuminate/Database/Schema/Grammars/?SA" "Mozilla/5.0 AppleWebKit/537.36 (KHTML, like Gecko; compatible; GPTBot/1.3; +https://openai.com/gptbot)"
74.7.227.166 - - [17/Mar/2026:04:17:09 +0000] "GET /vendor/laravel/framework/src/Illuminate/Http/Resources/MergeValue.php HTTP/1.1" 200 0 "http://mianjeepos.bms69.com/vendor/laravel/framework/src/Illuminate/Http/Resources/" "Mozilla/5.0 AppleWebKit/537.36 (KHTML, like Gecko; compatible; GPTBot/1.3; +https://openai.com/gptbot)"
74.7.227.142 - - [17/Mar/2026:04:17:35 +0000] "GET /vendor/nunomaduro/collision/src/Adapters/Phpunit/Autoload.php HTTP/1.1" 200 0 "http://www.mianjeepos.bms69.com/vendor/nunomaduro/collision/src/Adapters/Phpunit/" "Mozilla/5.0 AppleWebKit/537.36 (KHTML, like Gecko; compatible; GPTBot/1.3; +https://openai.com/gptbot)"
74.7.227.166 - - [17/Mar/2026:04:19:09 +0000] "GET /vendor/laravel/framework/src/Illuminate/Database/Schema/Blueprint.php HTTP/1.1" 500 0 "http://mianjeepos.bms69.com/vendor/laravel/framework/src/Illuminate/Database/Schema/" "Mozilla/5.0 AppleWebKit/537.36 (KHTML, like Gecko; compatible; GPTBot/1.3; +https://openai.com/gptbot)"
74.7.227.142 - - [17/Mar/2026:04:21:23 +0000] "GET /vendor/spatie/laravel-medialibrary/src/Conversions/ImageGenerators/Webp.php HTTP/1.1" 500 0 "http://www.mianjeepos.bms69.com/vendor/spatie/laravel-medialibrary/src/Conversions/ImageGenerators/" "Mozilla/5.0 AppleWebKit/537.36 (KHTML, like Gecko; compatible; GPTBot/1.3; +https://openai.com/gptbot)"
74.7.227.142 - - [17/Mar/2026:04:19:29 +0000] "GET /vendor/nunomaduro/collision/src/Adapters/Laravel/Inspector.php HTTP/1.1" 500 0 "http://www.mianjeepos.bms69.com/vendor/nunomaduro/collision/src/Adapters/Laravel/" "Mozilla/5.0 AppleWebKit/537.36 (KHTML, like Gecko; compatible; GPTBot/1.3; +https://openai.com/gptbot)"
74.7.227.166 - - [17/Mar/2026:04:19:31 +0000] "GET /vendor/laravel/framework/src/Illuminate/Support/Traits/Localizable.php HTTP/1.1" 200 0 "http://mianjeepos.bms69.com/vendor/laravel/framework/src/Illuminate/Support/Traits/" "Mozilla/5.0 AppleWebKit/537.36 (KHTML, like Gecko; compatible; GPTBot/1.3; +https://openai.com/gptbot)"
74.7.227.142 - - [17/Mar/2026:04:20:36 +0000] "GET /vendor/laravel/prompts/src/Themes/Default/SpinnerRenderer.php HTTP/1.1" 500 0 "http://www.mianjeepos.bms69.com/vendor/laravel/prompts/src/Themes/Default/" "Mozilla/5.0 AppleWebKit/537.36 (KHTML, like Gecko; compatible; GPTBot/1.3; +https://openai.com/gptbot)"
74.7.227.166 - - [17/Mar/2026:04:20:42 +0000] "GET /vendor/laravel/framework/src/Illuminate/Foundation/Http/HtmlDumper.php HTTP/1.1" 500 0 "http://mianjeepos.bms69.com/vendor/laravel/framework/src/Illuminate/Foundation/Http/" "Mozilla/5.0 AppleWebKit/537.36 (KHTML, like Gecko; compatible; GPTBot/1.3; +https://openai.com/gptbot)"
74.7.227.166 - - [17/Mar/2026:04:21:36 +0000] "GET /vendor/laravel/framework/src/Illuminate/Http/Resources/MissingValue.php HTTP/1.1" 500 0 "http://mianjeepos.bms69.com/vendor/laravel/framework/src/Illuminate/Http/Resources/" "Mozilla/5.0 AppleWebKit/537.36 (KHTML, like Gecko; compatible; GPTBot/1.3; +https://openai.com/gptbot)"
74.7.227.166 - - [17/Mar/2026:04:13:32 +0000] "GET /vendor/laravel/framework/src/Illuminate/Contracts/Redis/Connection.php HTTP/1.1" 200 0 "http://mianjeepos.bms69.com/vendor/laravel/framework/src/Illuminate/Contracts/Redis/" "Mozilla/5.0 AppleWebKit/537.36 (KHTML, like Gecko; compatible; GPTBot/1.3; +https://openai.com/gptbot)"
74.7.227.166 - - [17/Mar/2026:04:14:33 +0000] "GET /vendor/laravel/framework/src/Illuminate/Foundation/Http/MaintenanceModeBypassCookie.php HTTP/1.1" 200 0 "http://mianjeepos.bms69.com/vendor/laravel/framework/src/Illuminate/Foundation/Http/" "Mozilla/5.0 AppleWebKit/537.36 (KHTML, like Gecko; compatible; GPTBot/1.3; +https://openai.com/gptbot)"
74.7.227.142 - - [17/Mar/2026:04:15:34 +0000] "GET /vendor/league/commonmark/src/Node/Inline/DelimitedInterface.php HTTP/1.1" 200 0 "http://www.mianjeepos.bms69.com/vendor/league/commonmark/src/Node/Inline/" "Mozilla/5.0 AppleWebKit/537.36 (KHTML, like Gecko; compatible; GPTBot/1.3; +https://openai.com/gptbot)"
74.7.227.166 - - [17/Mar/2026:04:16:22 +0000] "GET /vendor/laravel/framework/src/Illuminate/Http/Resources/ConditionallyLoadsAttributes.php HTTP/1.1" 200 0 "http://mianjeepos.bms69.com/vendor/laravel/framework/src/Illuminate/Http/Resources/" "Mozilla/5.0 AppleWebKit/537.36 (KHTML, like Gecko; compatible; GPTBot/1.3; +https://openai.com/gptbot)"
74.7.227.142 - - [17/Mar/2026:04:16:35 +0000] "GET /vendor/laravel/prompts/src/Themes/Default/ProgressRenderer.php HTTP/1.1" 500 0 "http://www.mianjeepos.bms69.com/vendor/laravel/prompts/src/Themes/Default/" "Mozilla/5.0 AppleWebKit/537.36 (KHTML, like Gecko; compatible; GPTBot/1.3; +https://openai.com/gptbot)"
74.7.244.31 - - [17/Mar/2026:04:16:35 +0000] "GET /robots.txt HTTP/1.1" 404 1251 "-" "Mozilla/5.0 (Macintosh; Intel Mac OS X 10_15_7) AppleWebKit/537.36 (KHTML, like Gecko) Chrome/131.0.0.0 Safari/537.36; compatible; OAI-SearchBot/1.3; robots.txt; +https://openai.com/searchbot"
74.7.227.166 - - [17/Mar/2026:04:17:56 +0000] "GET /vendor/laravel/framework/src/Illuminate/Support/Traits/ReflectsClosures.php HTTP/1.1" 200 0 "http://mianjeepos.bms69.com/vendor/laravel/framework/src/Illuminate/Support/Traits/" "Mozilla/5.0 AppleWebKit/537.36 (KHTML, like Gecko; compatible; GPTBot/1.3; +https://openai.com/gptbot)"
74.7.227.166 - - [17/Mar/2026:04:18:39 +0000] "GET /vendor/laravel/framework/src/Illuminate/Support/Traits/ForwardsCalls.php HTTP/1.1" 200 0 "http://mianjeepos.bms69.com/vendor/laravel/framework/src/Illuminate/Support/Traits/" "Mozilla/5.0 AppleWebKit/537.36 (KHTML, like Gecko; compatible; GPTBot/1.3; +https://openai.com/gptbot)"
74.7.227.142 - - [17/Mar/2026:04:18:50 +0000] "GET /vendor/laravel/framework/src/Illuminate/Collections/helpers.php HTTP/1.1" 200 0 "http://www.mianjeepos.bms69.com/vendor/laravel/framework/src/Illuminate/Collections/" "Mozilla/5.0 AppleWebKit/537.36 (KHTML, like Gecko; compatible; GPTBot/1.3; +https://openai.com/gptbot)"
74.7.227.142 - - [17/Mar/2026:04:23:30 +0000] "GET /vendor/laravel/sanctum/src/Http/Middleware/AuthenticateSession.php HTTP/1.1" 200 0 "http://www.mianjeepos.bms69.com/vendor/laravel/sanctum/src/Http/Middleware/" "Mozilla/5.0 AppleWebKit/537.36 (KHTML, like Gecko; compatible; GPTBot/1.3; +https://openai.com/gptbot)"
74.7.227.166 - - [17/Mar/2026:04:23:49 +0000] "GET /vendor/laravel/framework/src/Illuminate/Database/Schema/IndexDefinition.php HTTP/1.1" 500 0 "http://mianjeepos.bms69.com/vendor/laravel/framework/src/Illuminate/Database/Schema/" "Mozilla/5.0 AppleWebKit/537.36 (KHTML, like Gecko; compatible; GPTBot/1.3; +https://openai.com/gptbot)"
74.7.227.166 - - [17/Mar/2026:04:24:59 +0000] "GET /vendor/laravel/framework/src/Illuminate/Database/Query/JoinClause.php HTTP/1.1" 500 0 "http://mianjeepos.bms69.com/vendor/laravel/framework/src/Illuminate/Database/Query/" "Mozilla/5.0 AppleWebKit/537.36 (KHTML, like Gecko; compatible; GPTBot/1.3; +https://openai.com/gptbot)"
74.7.227.142 - - [17/Mar/2026:04:25:30 +0000] "GET /vendor/laravel/framework/src/Illuminate/Testing/ParallelRunner.php HTTP/1.1" 500 0 "http://www.mianjeepos.bms69.com/vendor/laravel/framework/src/Illuminate/Testing/" "Mozilla/5.0 AppleWebKit/537.36 (KHTML, like Gecko; compatible; GPTBot/1.3; +https://openai.com/gptbot)"
74.7.175.187 - - [17/Mar/2026:04:25:51 +0000] "GET /robots.txt HTTP/1.1" 404 1251 "-" "Mozilla/5.0 (Macintosh; Intel Mac OS X 10_15_7) AppleWebKit/537.36 (KHTML, like Gecko) Chrome/131.0.0.0 Safari/537.36; compatible; OAI-SearchBot/1.3; robots.txt; +https://openai.com/searchbot"
74.7.227.166 - - [17/Mar/2026:04:26:55 +0000] "GET /vendor/laravel/framework/src/Illuminate/Foundation/Http/FormRequest.php HTTP/1.1" 500 0 "http://mianjeepos.bms69.com/vendor/laravel/framework/src/Illuminate/Foundation/Http/" "Mozilla/5.0 AppleWebKit/537.36 (KHTML, like Gecko; compatible; GPTBot/1.3; +https://openai.com/gptbot)"
74.7.227.142 - - [17/Mar/2026:04:27:25 +0000] "GET /vendor/doctrine/dbal/src/Schema/Visitor/RemoveNamespacedAssets.php HTTP/1.1" 500 0 "http://www.mianjeepos.bms69.com/vendor/doctrine/dbal/src/Schema/Visitor/" "Mozilla/5.0 AppleWebKit/537.36 (KHTML, like Gecko; compatible; GPTBot/1.3; +https://openai.com/gptbot)"
74.7.227.142 - - [17/Mar/2026:04:28:24 +0000] "GET /vendor/vlucas/phpdotenv/src/Repository/Adapter/GuardedWriter.php HTTP/1.1" 500 0 "http://www.mianjeepos.bms69.com/vendor/vlucas/phpdotenv/src/Repository/Adapter/" "Mozilla/5.0 AppleWebKit/537.36 (KHTML, like Gecko; compatible; GPTBot/1.3; +https://openai.com/gptbot)"
74.7.227.166 - - [17/Mar/2026:04:29:12 +0000] "GET /vendor/laravel/framework/src/Illuminate/Database/Schema/SqliteSchemaState.php HTTP/1.1" 500 0 "http://mianjeepos.bms69.com/vendor/laravel/framework/src/Illuminate/Database/Schema/" "Mozilla/5.0 AppleWebKit/537.36 (KHTML, like Gecko; compatible; GPTBot/1.3; +https://openai.com/gptbot)"
74.7.227.142 - - [17/Mar/2026:04:29:54 +0000] "GET /vendor/vlucas/phpdotenv/src/Repository/Adapter/ReaderInterface.php HTTP/1.1" 200 0 "http://www.mianjeepos.bms69.com/vendor/vlucas/phpdotenv/src/Repository/Adapter/" "Mozilla/5.0 AppleWebKit/537.36 (KHTML, like Gecko; compatible; GPTBot/1.3; +https://openai.com/gptbot)"
