74.7.244.31 - - [17/Mar/2026:01:08:21 +0000] "GET /robots.txt HTTP/1.1" 404 1251 "-" "Mozilla/5.0 (Macintosh; Intel Mac OS X 10_15_7) AppleWebKit/537.36 (KHTML, like Gecko) Chrome/131.0.0.0 Safari/537.36; compatible; OAI-SearchBot/1.3; robots.txt; +https://openai.com/searchbot"
74.7.227.142 - - [17/Mar/2026:01:09:25 +0000] "GET /vendor/markbaker/matrix/?NA HTTP/1.1" 200 1104 "http://www.mianjeepos.bms69.com/vendor/markbaker/matrix/?SA" "Mozilla/5.0 AppleWebKit/537.36 (KHTML, like Gecko; compatible; GPTBot/1.3; +https://openai.com/gptbot)"
74.7.227.166 - - [17/Mar/2026:01:10:11 +0000] "GET /vendor/laravel/framework/src/Illuminate/Log/Events/MessageLogged.php HTTP/1.1" 200 0 "http://mianjeepos.bms69.com/vendor/laravel/framework/src/Illuminate/Log/Events/" "Mozilla/5.0 AppleWebKit/537.36 (KHTML, like Gecko; compatible; GPTBot/1.3; +https://openai.com/gptbot)"
74.7.227.142 - - [17/Mar/2026:01:10:21 +0000] "GET /vendor/markbaker/matrix/?MD HTTP/1.1" 200 1114 "http://www.mianjeepos.bms69.com/vendor/markbaker/matrix/?MA" "Mozilla/5.0 AppleWebKit/537.36 (KHTML, like Gecko; compatible; GPTBot/1.3; +https://openai.com/gptbot)"
74.7.227.166 - - [17/Mar/2026:01:11:16 +0000] "GET /vendor/laravel/framework/src/Illuminate/Auth/Events/error_log HTTP/1.1" 403 1242 "http://mianjeepos.bms69.com/vendor/laravel/framework/src/Illuminate/Auth/Events/" "Mozilla/5.0 AppleWebKit/537.36 (KHTML, like Gecko; compatible; GPTBot/1.3; +https://openai.com/gptbot)"
74.7.227.166 - - [17/Mar/2026:01:12:10 +0000] "GET /vendor/laravel/framework/src/Illuminate/Auth/Events/OtherDeviceLogout.php HTTP/1.1" 500 0 "http://mianjeepos.bms69.com/vendor/laravel/framework/src/Illuminate/Auth/Events/" "Mozilla/5.0 AppleWebKit/537.36 (KHTML, like Gecko; compatible; GPTBot/1.3; +https://openai.com/gptbot)"
74.7.227.142 - - [17/Mar/2026:01:12:36 +0000] "GET /vendor/nette/utils/src/Utils/DateTime.php HTTP/1.1" 500 0 "http://www.mianjeepos.bms69.com/vendor/nette/utils/src/Utils/" "Mozilla/5.0 AppleWebKit/537.36 (KHTML, like Gecko; compatible; GPTBot/1.3; +https://openai.com/gptbot)"
74.7.227.142 - - [17/Mar/2026:01:15:47 +0000] "GET /vendor/doctrine/dbal/src/Driver/PDO/error_log HTTP/1.1" 403 1242 "http://www.mianjeepos.bms69.com/vendor/doctrine/dbal/src/Driver/PDO/" "Mozilla/5.0 AppleWebKit/537.36 (KHTML, like Gecko; compatible; GPTBot/1.3; +https://openai.com/gptbot)"
74.7.227.166 - - [17/Mar/2026:01:17:27 +0000] "GET /vendor/laravel/framework/src/Illuminate/Auth/Events/Authenticated.php HTTP/1.1" 500 0 "http://mianjeepos.bms69.com/vendor/laravel/framework/src/Illuminate/Auth/Events/" "Mozilla/5.0 AppleWebKit/537.36 (KHTML, like Gecko; compatible; GPTBot/1.3; +https://openai.com/gptbot)"
74.7.227.166 - - [17/Mar/2026:01:19:29 +0000] "GET /vendor/laravel/framework/src/Illuminate/Auth/Events/Registered.php HTTP/1.1" 500 0 "http://mianjeepos.bms69.com/vendor/laravel/framework/src/Illuminate/Auth/Events/" "Mozilla/5.0 AppleWebKit/537.36 (KHTML, like Gecko; compatible; GPTBot/1.3; +https://openai.com/gptbot)"
74.7.227.142 - - [17/Mar/2026:01:14:46 +0000] "GET /vendor/ramsey/uuid/src/Provider/Dce/error_log HTTP/1.1" 403 1242 "http://www.mianjeepos.bms69.com/vendor/ramsey/uuid/src/Provider/Dce/" "Mozilla/5.0 AppleWebKit/537.36 (KHTML, like Gecko; compatible; GPTBot/1.3; +https://openai.com/gptbot)"
74.7.227.166 - - [17/Mar/2026:01:15:17 +0000] "GET /vendor/laravel/framework/src/Illuminate/Auth/Events/Login.php HTTP/1.1" 500 0 "http://mianjeepos.bms69.com/vendor/laravel/framework/src/Illuminate/Auth/Events/" "Mozilla/5.0 AppleWebKit/537.36 (KHTML, like Gecko; compatible; GPTBot/1.3; +https://openai.com/gptbot)"
74.7.227.166 - - [17/Mar/2026:01:16:20 +0000] "GET /vendor/laravel/framework/src/Illuminate/Cache/Events/KeyWritten.php HTTP/1.1" 500 0 "http://mianjeepos.bms69.com/vendor/laravel/framework/src/Illuminate/Cache/Events/" "Mozilla/5.0 AppleWebKit/537.36 (KHTML, like Gecko; compatible; GPTBot/1.3; +https://openai.com/gptbot)"
74.7.175.187 - - [17/Mar/2026:01:16:20 +0000] "GET /robots.txt HTTP/1.1" 404 1251 "-" "Mozilla/5.0 (Macintosh; Intel Mac OS X 10_15_7) AppleWebKit/537.36 (KHTML, like Gecko) Chrome/131.0.0.0 Safari/537.36; compatible; OAI-SearchBot/1.3; robots.txt; +https://openai.com/searchbot"
74.7.227.142 - - [17/Mar/2026:01:16:53 +0000] "GET /vendor/league/commonmark/src/Extension/TableOfContents/Normalizer/?ND HTTP/1.1" 200 822 "http://www.mianjeepos.bms69.com/vendor/league/commonmark/src/Extension/TableOfContents/Normalizer/" "Mozilla/5.0 AppleWebKit/537.36 (KHTML, like Gecko; compatible; GPTBot/1.3; +https://openai.com/gptbot)"
74.7.227.142 - - [17/Mar/2026:01:17:55 +0000] "GET /vendor/league/commonmark/src/Extension/TableOfContents/Normalizer/?NA HTTP/1.1" 200 825 "http://www.mianjeepos.bms69.com/vendor/league/commonmark/src/Extension/TableOfContents/Normalizer/?SA" "Mozilla/5.0 AppleWebKit/537.36 (KHTML, like Gecko; compatible; GPTBot/1.3; +https://openai.com/gptbot)"
74.7.227.166 - - [17/Mar/2026:01:18:29 +0000] "GET /vendor/laravel/framework/src/Illuminate/Auth/Events/Attempting.php HTTP/1.1" 200 0 "http://mianjeepos.bms69.com/vendor/laravel/framework/src/Illuminate/Auth/Events/" "Mozilla/5.0 AppleWebKit/537.36 (KHTML, like Gecko; compatible; GPTBot/1.3; +https://openai.com/gptbot)"
74.7.227.142 - - [17/Mar/2026:01:18:48 +0000] "GET /vendor/fakerphp/faker/src/Faker/Provider/en_NZ/Internet.php HTTP/1.1" 500 0 "http://www.mianjeepos.bms69.com/vendor/fakerphp/faker/src/Faker/Provider/en_NZ/" "Mozilla/5.0 AppleWebKit/537.36 (KHTML, like Gecko; compatible; GPTBot/1.3; +https://openai.com/gptbot)"
74.7.227.142 - - [17/Mar/2026:01:20:47 +0000] "GET /vendor/fakerphp/faker/src/Faker/Provider/en_NZ/Address.php HTTP/1.1" 500 0 "http://www.mianjeepos.bms69.com/vendor/fakerphp/faker/src/Faker/Provider/en_NZ/" "Mozilla/5.0 AppleWebKit/537.36 (KHTML, like Gecko; compatible; GPTBot/1.3; +https://openai.com/gptbot)"
74.7.227.142 - - [17/Mar/2026:01:19:41 +0000] "GET /vendor/fakerphp/faker/src/Faker/Provider/en_NZ/PhoneNumber.php HTTP/1.1" 500 0 "http://www.mianjeepos.bms69.com/vendor/fakerphp/faker/src/Faker/Provider/en_NZ/" "Mozilla/5.0 AppleWebKit/537.36 (KHTML, like Gecko; compatible; GPTBot/1.3; +https://openai.com/gptbot)"
74.7.227.166 - - [17/Mar/2026:01:20:28 +0000] "GET /vendor/laravel/framework/src/Illuminate/Auth/Events/Failed.php HTTP/1.1" 200 0 "http://mianjeepos.bms69.com/vendor/laravel/framework/src/Illuminate/Auth/Events/" "Mozilla/5.0 AppleWebKit/537.36 (KHTML, like Gecko; compatible; GPTBot/1.3; +https://openai.com/gptbot)"
74.7.175.187 - - [17/Mar/2026:01:21:31 +0000] "GET /robots.txt HTTP/1.1" 404 1251 "-" "Mozilla/5.0 (Macintosh; Intel Mac OS X 10_15_7) AppleWebKit/537.36 (KHTML, like Gecko) Chrome/131.0.0.0 Safari/537.36; compatible; OAI-SearchBot/1.3; robots.txt; +https://openai.com/searchbot"
74.7.227.142 - - [17/Mar/2026:01:21:47 +0000] "GET /vendor/fakerphp/faker/src/Faker/Provider/en_NZ/error_log HTTP/1.1" 403 1242 "http://www.mianjeepos.bms69.com/vendor/fakerphp/faker/src/Faker/Provider/en_NZ/" "Mozilla/5.0 AppleWebKit/537.36 (KHTML, like Gecko; compatible; GPTBot/1.3; +https://openai.com/gptbot)"
74.7.227.166 - - [17/Mar/2026:01:22:27 +0000] "GET /vendor/laravel/framework/src/Illuminate/Auth/Events/Lockout.php HTTP/1.1" 200 0 "http://mianjeepos.bms69.com/vendor/laravel/framework/src/Illuminate/Auth/Events/" "Mozilla/5.0 AppleWebKit/537.36 (KHTML, like Gecko; compatible; GPTBot/1.3; +https://openai.com/gptbot)"
74.7.227.142 - - [17/Mar/2026:01:22:51 +0000] "GET /vendor/laravel/framework/src/Illuminate/Routing/Matching/ HTTP/1.1" 200 1102 "http://www.mianjeepos.bms69.com/vendor/laravel/framework/src/Illuminate/Routing/" "Mozilla/5.0 AppleWebKit/537.36 (KHTML, like Gecko; compatible; GPTBot/1.3; +https://openai.com/gptbot)"
74.7.227.142 - - [17/Mar/2026:01:23:50 +0000] "GET /vendor/maximebf/debugbar/src/DebugBar/Bridge/SwiftMailer/ HTTP/1.1" 200 758 "http://www.mianjeepos.bms69.com/vendor/maximebf/debugbar/src/DebugBar/Bridge/" "Mozilla/5.0 AppleWebKit/537.36 (KHTML, like Gecko; compatible; GPTBot/1.3; +https://openai.com/gptbot)"
74.7.227.166 - - [17/Mar/2026:01:24:24 +0000] "GET /vendor/laravel/framework/src/Illuminate/Auth/Events/Verified.php HTTP/1.1" 500 0 "http://mianjeepos.bms69.com/vendor/laravel/framework/src/Illuminate/Auth/Events/" "Mozilla/5.0 AppleWebKit/537.36 (KHTML, like Gecko; compatible; GPTBot/1.3; +https://openai.com/gptbot)"
74.7.227.142 - - [17/Mar/2026:01:24:43 +0000] "GET /vendor/maximebf/debugbar/src/DebugBar/Resources/widgets.js HTTP/1.1" 200 6330 "http://www.mianjeepos.bms69.com/vendor/maximebf/debugbar/src/DebugBar/Resources/" "Mozilla/5.0 AppleWebKit/537.36 (KHTML, like Gecko; compatible; GPTBot/1.3; +https://openai.com/gptbot)"
74.7.227.142 - - [17/Mar/2026:01:25:34 +0000] "GET /vendor/doctrine/dbal/src/Driver/PDO/Connection.php HTTP/1.1" 500 0 "http://www.mianjeepos.bms69.com/vendor/doctrine/dbal/src/Driver/PDO/" "Mozilla/5.0 AppleWebKit/537.36 (KHTML, like Gecko; compatible; GPTBot/1.3; +https://openai.com/gptbot)"
74.7.227.166 - - [17/Mar/2026:01:26:29 +0000] "GET /vendor/laravel/framework/src/Illuminate/Cache/Events/CacheEvent.php HTTP/1.1" 200 0 "http://mianjeepos.bms69.com/vendor/laravel/framework/src/Illuminate/Cache/Events/" "Mozilla/5.0 AppleWebKit/537.36 (KHTML, like Gecko; compatible; GPTBot/1.3; +https://openai.com/gptbot)"
74.7.227.142 - - [17/Mar/2026:01:27:22 +0000] "GET /vendor/laravel/framework/src/Illuminate/Support/Traits/ HTTP/1.1" 200 800 "http://www.mianjeepos.bms69.com/vendor/laravel/framework/src/Illuminate/Support/" "Mozilla/5.0 AppleWebKit/537.36 (KHTML, like Gecko; compatible; GPTBot/1.3; +https://openai.com/gptbot)"
74.7.227.166 - - [17/Mar/2026:01:27:34 +0000] "GET /vendor/vlucas/phpdotenv/src/Store/File/Reader.php HTTP/1.1" 200 0 "http://mianjeepos.bms69.com/vendor/vlucas/phpdotenv/src/Store/File/" "Mozilla/5.0 AppleWebKit/537.36 (KHTML, like Gecko; compatible; GPTBot/1.3; +https://openai.com/gptbot)"
74.7.227.142 - - [17/Mar/2026:01:28:29 +0000] "GET /vendor/laravel/framework/src/Illuminate/View/Compilers/ HTTP/1.1" 200 1131 "http://www.mianjeepos.bms69.com/vendor/laravel/framework/src/Illuminate/View/" "Mozilla/5.0 AppleWebKit/537.36 (KHTML, like Gecko; compatible; GPTBot/1.3; +https://openai.com/gptbot)"
74.7.227.166 - - [17/Mar/2026:01:28:31 +0000] "GET /vendor/doctrine/dbal/src/Driver/PDO/Exception.php HTTP/1.1" 500 0 "http://mianjeepos.bms69.com/vendor/doctrine/dbal/src/Driver/PDO/" "Mozilla/5.0 AppleWebKit/537.36 (KHTML, like Gecko; compatible; GPTBot/1.3; +https://openai.com/gptbot)"
74.7.227.166 - - [17/Mar/2026:01:21:31 +0000] "GET /vendor/laravel/framework/src/Illuminate/Auth/Events/Logout.php HTTP/1.1" 500 0 "http://mianjeepos.bms69.com/vendor/laravel/framework/src/Illuminate/Auth/Events/" "Mozilla/5.0 AppleWebKit/537.36 (KHTML, like Gecko; compatible; GPTBot/1.3; +https://openai.com/gptbot)"
74.7.227.166 - - [17/Mar/2026:01:23:29 +0000] "GET /vendor/laravel/framework/src/Illuminate/Auth/Events/Validated.php HTTP/1.1" 500 0 "http://mianjeepos.bms69.com/vendor/laravel/framework/src/Illuminate/Auth/Events/" "Mozilla/5.0 AppleWebKit/537.36 (KHTML, like Gecko; compatible; GPTBot/1.3; +https://openai.com/gptbot)"
74.7.244.31 - - [17/Mar/2026:01:23:51 +0000] "GET /robots.txt HTTP/1.1" 404 1251 "-" "Mozilla/5.0 (Macintosh; Intel Mac OS X 10_15_7) AppleWebKit/537.36 (KHTML, like Gecko) Chrome/131.0.0.0 Safari/537.36; compatible; OAI-SearchBot/1.3; robots.txt; +https://openai.com/searchbot"
74.7.227.166 - - [17/Mar/2026:01:25:24 +0000] "GET /vendor/laravel/framework/src/Illuminate/Cache/Events/CacheMissed.php HTTP/1.1" 500 0 "http://mianjeepos.bms69.com/vendor/laravel/framework/src/Illuminate/Cache/Events/" "Mozilla/5.0 AppleWebKit/537.36 (KHTML, like Gecko; compatible; GPTBot/1.3; +https://openai.com/gptbot)"
74.7.227.142 - - [17/Mar/2026:01:26:19 +0000] "GET /vendor/league/commonmark/src/Node/Query/OrExpr.php HTTP/1.1" 500 0 "http://www.mianjeepos.bms69.com/vendor/league/commonmark/src/Node/Query/" "Mozilla/5.0 AppleWebKit/537.36 (KHTML, like Gecko; compatible; GPTBot/1.3; +https://openai.com/gptbot)"
74.7.175.187 - - [17/Mar/2026:01:27:34 +0000] "GET /robots.txt HTTP/1.1" 404 1251 "-" "Mozilla/5.0 (Macintosh; Intel Mac OS X 10_15_7) AppleWebKit/537.36 (KHTML, like Gecko) Chrome/131.0.0.0 Safari/537.36; compatible; OAI-SearchBot/1.3; robots.txt; +https://openai.com/searchbot"
74.7.227.166 - - [17/Mar/2026:01:29:19 +0000] "GET /vendor/doctrine/dbal/src/Driver/Mysqli/Exception/InvalidOption.php HTTP/1.1" 500 0 "http://mianjeepos.bms69.com/vendor/doctrine/dbal/src/Driver/Mysqli/Exception/" "Mozilla/5.0 AppleWebKit/537.36 (KHTML, like Gecko; compatible; GPTBot/1.3; +https://openai.com/gptbot)"
74.7.244.31 - - [17/Mar/2026:01:29:24 +0000] "GET /robots.txt HTTP/1.1" 404 1251 "-" "Mozilla/5.0 (Macintosh; Intel Mac OS X 10_15_7) AppleWebKit/537.36 (KHTML, like Gecko) Chrome/131.0.0.0 Safari/537.36; compatible; OAI-SearchBot/1.3; robots.txt; +https://openai.com/searchbot"
74.7.227.142 - - [17/Mar/2026:01:30:15 +0000] "GET /vendor/laravel/framework/src/Illuminate/Foundation/Bus/ HTTP/1.1" 200 1110 "http://www.mianjeepos.bms69.com/vendor/laravel/framework/src/Illuminate/Foundation/" "Mozilla/5.0 AppleWebKit/537.36 (KHTML, like Gecko; compatible; GPTBot/1.3; +https://openai.com/gptbot)"
74.7.227.142 - - [17/Mar/2026:01:31:06 +0000] "GET /vendor/laravel/framework/src/Illuminate/Contracts/Redis/ HTTP/1.1" 200 751 "http://www.mianjeepos.bms69.com/vendor/laravel/framework/src/Illuminate/Contracts/" "Mozilla/5.0 AppleWebKit/537.36 (KHTML, like Gecko; compatible; GPTBot/1.3; +https://openai.com/gptbot)"
74.7.227.142 - - [17/Mar/2026:01:31:43 +0000] "GET /vendor/league/commonmark/src/Extension/Attributes/Node/ HTTP/1.1" 200 747 "http://www.mianjeepos.bms69.com/vendor/league/commonmark/src/Extension/Attributes/" "Mozilla/5.0 AppleWebKit/537.36 (KHTML, like Gecko; compatible; GPTBot/1.3; +https://openai.com/gptbot)"
74.7.227.166 - - [17/Mar/2026:01:32:31 +0000] "GET /vendor/mockery/mockery/library/Mockery/CountValidator/?MA HTTP/1.1" 200 1131 "http://mianjeepos.bms69.com/vendor/mockery/mockery/library/Mockery/CountValidator/" "Mozilla/5.0 AppleWebKit/537.36 (KHTML, like Gecko; compatible; GPTBot/1.3; +https://openai.com/gptbot)"
74.7.227.142 - - [17/Mar/2026:01:32:55 +0000] "GET /vendor/laravel/framework/src/Illuminate/Routing/Matching/ValidatorInterface.php HTTP/1.1" 200 0 "http://www.mianjeepos.bms69.com/vendor/laravel/framework/src/Illuminate/Routing/Matching/" "Mozilla/5.0 AppleWebKit/537.36 (KHTML, like Gecko; compatible; GPTBot/1.3; +https://openai.com/gptbot)"
74.7.227.142 - - [17/Mar/2026:01:29:24 +0000] "GET /vendor/laravel/framework/src/Illuminate/Http/Resources/ HTTP/1.1" 200 1229 "http://www.mianjeepos.bms69.com/vendor/laravel/framework/src/Illuminate/Http/" "Mozilla/5.0 AppleWebKit/537.36 (KHTML, like Gecko; compatible; GPTBot/1.3; +https://openai.com/gptbot)"
74.7.227.166 - - [17/Mar/2026:01:30:21 +0000] "GET /vendor/masterminds/html5/src/HTML5/Parser/FileInputStream.php HTTP/1.1" 500 0 "http://mianjeepos.bms69.com/vendor/masterminds/html5/src/HTML5/Parser/" "Mozilla/5.0 AppleWebKit/537.36 (KHTML, like Gecko; compatible; GPTBot/1.3; +https://openai.com/gptbot)"
74.7.227.166 - - [17/Mar/2026:01:31:24 +0000] "GET /vendor/mockery/mockery/library/Mockery/CountValidator/?ND HTTP/1.1" 200 1119 "http://mianjeepos.bms69.com/vendor/mockery/mockery/library/Mockery/CountValidator/" "Mozilla/5.0 AppleWebKit/537.36 (KHTML, like Gecko; compatible; GPTBot/1.3; +https://openai.com/gptbot)"
74.7.227.142 - - [17/Mar/2026:01:32:25 +0000] "GET /vendor/laravel/framework/src/Illuminate/Routing/Matching/SchemeValidator.php HTTP/1.1" 500 0 "http://www.mianjeepos.bms69.com/vendor/laravel/framework/src/Illuminate/Routing/Matching/" "Mozilla/5.0 AppleWebKit/537.36 (KHTML, like Gecko; compatible; GPTBot/1.3; +https://openai.com/gptbot)"
74.7.227.166 - - [17/Mar/2026:01:33:28 +0000] "GET /vendor/mockery/mockery/library/Mockery/CountValidator/?SA HTTP/1.1" 200 1123 "http://mianjeepos.bms69.com/vendor/mockery/mockery/library/Mockery/CountValidator/" "Mozilla/5.0 AppleWebKit/537.36 (KHTML, like Gecko; compatible; GPTBot/1.3; +https://openai.com/gptbot)"
74.7.175.187 - - [17/Mar/2026:01:33:29 +0000] "GET /robots.txt HTTP/1.1" 404 1251 "-" "Mozilla/5.0 (Macintosh; Intel Mac OS X 10_15_7) AppleWebKit/537.36 (KHTML, like Gecko) Chrome/131.0.0.0 Safari/537.36; compatible; OAI-SearchBot/1.3; robots.txt; +https://openai.com/searchbot"
74.7.227.142 - - [17/Mar/2026:01:34:00 +0000] "GET /vendor/maximebf/debugbar/src/DebugBar/Resources/'%20+%20e.xdebug_link.url%20+%20' HTTP/1.1" 404 1251 "http://www.mianjeepos.bms69.com/vendor/maximebf/debugbar/src/DebugBar/Resources/widgets.js" "Mozilla/5.0 AppleWebKit/537.36 (KHTML, like Gecko; compatible; GPTBot/1.3; +https://openai.com/gptbot)"
74.7.227.142 - - [17/Mar/2026:01:34:56 +0000] "GET /vendor/maximebf/debugbar/src/DebugBar/Resources/'%20+%20value.xdebug_link.url%20+%20' HTTP/1.1" 404 1251 "http://www.mianjeepos.bms69.com/vendor/maximebf/debugbar/src/DebugBar/Resources/widgets.js" "Mozilla/5.0 AppleWebKit/537.36 (KHTML, like Gecko; compatible; GPTBot/1.3; +https://openai.com/gptbot)"
74.7.227.166 - - [17/Mar/2026:01:35:06 +0000] "GET /vendor/pragmarx/ia-collection/src/Support/?SA HTTP/1.1" 200 1317 "http://mianjeepos.bms69.com/vendor/pragmarx/ia-collection/src/Support/" "Mozilla/5.0 AppleWebKit/537.36 (KHTML, like Gecko; compatible; GPTBot/1.3; +https://openai.com/gptbot)"
74.7.227.166 - - [17/Mar/2026:01:35:47 +0000] "GET /vendor/sebastian/code-unit/src/exceptions/?SA HTTP/1.1" 200 788 "http://mianjeepos.bms69.com/vendor/sebastian/code-unit/src/exceptions/" "Mozilla/5.0 AppleWebKit/537.36 (KHTML, like Gecko; compatible; GPTBot/1.3; +https://openai.com/gptbot)"
74.7.244.31 - - [17/Mar/2026:01:35:54 +0000] "GET /robots.txt HTTP/1.1" 404 1251 "-" "Mozilla/5.0 (Macintosh; Intel Mac OS X 10_15_7) AppleWebKit/537.36 (KHTML, like Gecko) Chrome/131.0.0.0 Safari/537.36; compatible; OAI-SearchBot/1.3; robots.txt; +https://openai.com/searchbot"
74.7.227.166 - - [17/Mar/2026:01:36:55 +0000] "GET /vendor/barryvdh/laravel-dompdf/src/Facade/?MA HTTP/1.1" 200 705 "http://mianjeepos.bms69.com/vendor/barryvdh/laravel-dompdf/src/Facade/" "Mozilla/5.0 AppleWebKit/537.36 (KHTML, like Gecko; compatible; GPTBot/1.3; +https://openai.com/gptbot)"
74.7.227.166 - - [17/Mar/2026:01:37:28 +0000] "GET /vendor/pragmarx/ia-collection/src/Support/?ND HTTP/1.1" 200 1314 "http://mianjeepos.bms69.com/vendor/pragmarx/ia-collection/src/Support/" "Mozilla/5.0 AppleWebKit/537.36 (KHTML, like Gecko; compatible; GPTBot/1.3; +https://openai.com/gptbot)"
74.7.227.166 - - [17/Mar/2026:01:34:21 +0000] "GET /vendor/barryvdh/laravel-dompdf/src/Facade/?ND HTTP/1.1" 200 699 "http://mianjeepos.bms69.com/vendor/barryvdh/laravel-dompdf/src/Facade/" "Mozilla/5.0 AppleWebKit/537.36 (KHTML, like Gecko; compatible; GPTBot/1.3; +https://openai.com/gptbot)"
74.7.227.142 - - [17/Mar/2026:01:35:54 +0000] "GET /vendor/maximebf/debugbar/src/DebugBar/Bridge/SwiftMailer/error_log HTTP/1.1" 403 1242 "http://www.mianjeepos.bms69.com/vendor/maximebf/debugbar/src/DebugBar/Bridge/SwiftMailer/" "Mozilla/5.0 AppleWebKit/537.36 (KHTML, like Gecko; compatible; GPTBot/1.3; +https://openai.com/gptbot)"
74.7.227.166 - - [17/Mar/2026:01:36:25 +0000] "GET /vendor/pragmarx/ia-collection/stubs/tests/?SA HTTP/1.1" 200 738 "http://mianjeepos.bms69.com/vendor/pragmarx/ia-collection/stubs/tests/" "Mozilla/5.0 AppleWebKit/537.36 (KHTML, like Gecko; compatible; GPTBot/1.3; +https://openai.com/gptbot)"
74.7.227.142 - - [17/Mar/2026:01:36:48 +0000] "GET /vendor/laravel/framework/src/Illuminate/Routing/Matching/error_log HTTP/1.1" 403 1242 "http://www.mianjeepos.bms69.com/vendor/laravel/framework/src/Illuminate/Routing/Matching/" "Mozilla/5.0 AppleWebKit/537.36 (KHTML, like Gecko; compatible; GPTBot/1.3; +https://openai.com/gptbot)"
74.7.227.142 - - [17/Mar/2026:01:37:49 +0000] "GET /vendor/laravel/framework/src/Illuminate/View/Compilers/error_log HTTP/1.1" 403 1242 "http://www.mianjeepos.bms69.com/vendor/laravel/framework/src/Illuminate/View/Compilers/" "Mozilla/5.0 AppleWebKit/537.36 (KHTML, like Gecko; compatible; GPTBot/1.3; +https://openai.com/gptbot)"
74.7.227.166 - - [17/Mar/2026:01:37:55 +0000] "GET /vendor/sebastian/code-unit/src/exceptions/?ND HTTP/1.1" 200 779 "http://mianjeepos.bms69.com/vendor/sebastian/code-unit/src/exceptions/" "Mozilla/5.0 AppleWebKit/537.36 (KHTML, like Gecko; compatible; GPTBot/1.3; +https://openai.com/gptbot)"
74.7.175.187 - - [17/Mar/2026:01:38:41 +0000] "GET /robots.txt HTTP/1.1" 404 1251 "-" "Mozilla/5.0 (Macintosh; Intel Mac OS X 10_15_7) AppleWebKit/537.36 (KHTML, like Gecko) Chrome/131.0.0.0 Safari/537.36; compatible; OAI-SearchBot/1.3; robots.txt; +https://openai.com/searchbot"
74.7.227.142 - - [17/Mar/2026:01:38:45 +0000] "GET /vendor/laravel/framework/src/Illuminate/View/Compilers/Concerns/ HTTP/1.1" 200 1445 "http://www.mianjeepos.bms69.com/vendor/laravel/framework/src/Illuminate/View/Compilers/" "Mozilla/5.0 AppleWebKit/537.36 (KHTML, like Gecko; compatible; GPTBot/1.3; +https://openai.com/gptbot)"
74.7.227.166 - - [17/Mar/2026:01:38:58 +0000] "GET /vendor/mockery/mockery/library/Mockery/CountValidator/?NA HTTP/1.1" 200 1114 "http://mianjeepos.bms69.com/vendor/mockery/mockery/library/Mockery/CountValidator/?ND" "Mozilla/5.0 AppleWebKit/537.36 (KHTML, like Gecko; compatible; GPTBot/1.3; +https://openai.com/gptbot)"
74.7.227.142 - - [17/Mar/2026:01:39:40 +0000] "GET /vendor/laravel/framework/src/Illuminate/Http/Resources/Json/ HTTP/1.1" 200 1133 "http://www.mianjeepos.bms69.com/vendor/laravel/framework/src/Illuminate/Http/Resources/" "Mozilla/5.0 AppleWebKit/537.36 (KHTML, like Gecko; compatible; GPTBot/1.3; +https://openai.com/gptbot)"
74.7.227.166 - - [17/Mar/2026:01:40:51 +0000] "GET /vendor/barryvdh/laravel-dompdf/src/Facade/Pdf.php HTTP/1.1" 500 0 "http://mianjeepos.bms69.com/vendor/barryvdh/laravel-dompdf/src/Facade/?ND" "Mozilla/5.0 AppleWebKit/537.36 (KHTML, like Gecko; compatible; GPTBot/1.3; +https://openai.com/gptbot)"
74.7.244.31 - - [17/Mar/2026:01:41:20 +0000] "GET /robots.txt HTTP/1.1" 404 1251 "-" "Mozilla/5.0 (Macintosh; Intel Mac OS X 10_15_7) AppleWebKit/537.36 (KHTML, like Gecko) Chrome/131.0.0.0 Safari/537.36; compatible; OAI-SearchBot/1.3; robots.txt; +https://openai.com/searchbot"
74.7.227.166 - - [17/Mar/2026:01:41:39 +0000] "GET /vendor/pragmarx/ia-collection/src/Support/LazyCollection.php HTTP/1.1" 500 0 "http://mianjeepos.bms69.com/vendor/pragmarx/ia-collection/src/Support/?SA" "Mozilla/5.0 AppleWebKit/537.36 (KHTML, like Gecko; compatible; GPTBot/1.3; +https://openai.com/gptbot)"
74.7.227.142 - - [17/Mar/2026:01:42:03 +0000] "GET /vendor/league/commonmark/src/Extension/Attributes/Node/error_log HTTP/1.1" 403 1242 "http://www.mianjeepos.bms69.com/vendor/league/commonmark/src/Extension/Attributes/Node/" "Mozilla/5.0 AppleWebKit/537.36 (KHTML, like Gecko; compatible; GPTBot/1.3; +https://openai.com/gptbot)"
74.7.227.166 - - [17/Mar/2026:01:42:43 +0000] "GET /vendor/sebastian/code-unit/src/exceptions/InvalidCodeUnitException.php HTTP/1.1" 500 0 "http://mianjeepos.bms69.com/vendor/sebastian/code-unit/src/exceptions/?SA" "Mozilla/5.0 AppleWebKit/537.36 (KHTML, like Gecko; compatible; GPTBot/1.3; +https://openai.com/gptbot)"
74.7.227.142 - - [17/Mar/2026:01:43:30 +0000] "GET /vendor/laravel/framework/src/Illuminate/View/Compilers/ComponentTagCompiler.php HTTP/1.1" 200 0 "http://www.mianjeepos.bms69.com/vendor/laravel/framework/src/Illuminate/View/Compilers/" "Mozilla/5.0 AppleWebKit/537.36 (KHTML, like Gecko; compatible; GPTBot/1.3; +https://openai.com/gptbot)"
74.7.227.166 - - [17/Mar/2026:01:43:47 +0000] "GET /vendor/pragmarx/ia-collection/stubs/tests/bootstrap.php HTTP/1.1" 500 0 "http://mianjeepos.bms69.com/vendor/pragmarx/ia-collection/stubs/tests/?SA" "Mozilla/5.0 AppleWebKit/537.36 (KHTML, like Gecko; compatible; GPTBot/1.3; +https://openai.com/gptbot)"
74.7.227.166 - - [17/Mar/2026:01:44:48 +0000] "GET /vendor/sebastian/code-unit/src/exceptions/ReflectionException.php HTTP/1.1" 500 0 "http://mianjeepos.bms69.com/vendor/sebastian/code-unit/src/exceptions/?SA" "Mozilla/5.0 AppleWebKit/537.36 (KHTML, like Gecko; compatible; GPTBot/1.3; +https://openai.com/gptbot)"
74.7.227.166 - - [17/Mar/2026:01:38:17 +0000] "GET /vendor/sebastian/code-unit/src/exceptions/?MA HTTP/1.1" 200 791 "http://mianjeepos.bms69.com/vendor/sebastian/code-unit/src/exceptions/" "Mozilla/5.0 AppleWebKit/537.36 (KHTML, like Gecko; compatible; GPTBot/1.3; +https://openai.com/gptbot)"
74.7.227.166 - - [17/Mar/2026:01:38:41 +0000] "GET /vendor/mockery/mockery/library/Mockery/CountValidator/Exact.php HTTP/1.1" 500 0 "http://mianjeepos.bms69.com/vendor/mockery/mockery/library/Mockery/CountValidator/?ND" "Mozilla/5.0 AppleWebKit/537.36 (KHTML, like Gecko; compatible; GPTBot/1.3; +https://openai.com/gptbot)"
74.7.227.166 - - [17/Mar/2026:01:40:00 +0000] "GET /vendor/mockery/mockery/library/Mockery/CountValidator/?MD HTTP/1.1" 200 1124 "http://mianjeepos.bms69.com/vendor/mockery/mockery/library/Mockery/CountValidator/?MA" "Mozilla/5.0 AppleWebKit/537.36 (KHTML, like Gecko; compatible; GPTBot/1.3; +https://openai.com/gptbot)"
74.7.227.142 - - [17/Mar/2026:01:40:28 +0000] "GET /vendor/laravel/framework/src/Illuminate/Foundation/Bus/error_log HTTP/1.1" 403 1242 "http://www.mianjeepos.bms69.com/vendor/laravel/framework/src/Illuminate/Foundation/Bus/" "Mozilla/5.0 AppleWebKit/537.36 (KHTML, like Gecko; compatible; GPTBot/1.3; +https://openai.com/gptbot)"
74.7.227.142 - - [17/Mar/2026:01:41:20 +0000] "GET /vendor/laravel/framework/src/Illuminate/Http/Resources/error_log HTTP/1.1" 403 1242 "http://www.mianjeepos.bms69.com/vendor/laravel/framework/src/Illuminate/Http/Resources/" "Mozilla/5.0 AppleWebKit/537.36 (KHTML, like Gecko; compatible; GPTBot/1.3; +https://openai.com/gptbot)"
74.7.227.142 - - [17/Mar/2026:01:42:47 +0000] "GET /vendor/laravel/framework/src/Illuminate/Http/Resources/DelegatesToResource.php HTTP/1.1" 500 0 "http://www.mianjeepos.bms69.com/vendor/laravel/framework/src/Illuminate/Http/Resources/" "Mozilla/5.0 AppleWebKit/537.36 (KHTML, like Gecko; compatible; GPTBot/1.3; +https://openai.com/gptbot)"
74.7.175.187 - - [17/Mar/2026:01:43:47 +0000] "GET /robots.txt HTTP/1.1" 404 1251 "-" "Mozilla/5.0 (Macintosh; Intel Mac OS X 10_15_7) AppleWebKit/537.36 (KHTML, like Gecko) Chrome/131.0.0.0 Safari/537.36; compatible; OAI-SearchBot/1.3; robots.txt; +https://openai.com/searchbot"
74.7.227.142 - - [17/Mar/2026:01:44:39 +0000] "GET /vendor/laravel/framework/src/Illuminate/View/Compilers/CompilerInterface.php HTTP/1.1" 200 0 "http://www.mianjeepos.bms69.com/vendor/laravel/framework/src/Illuminate/View/Compilers/" "Mozilla/5.0 AppleWebKit/537.36 (KHTML, like Gecko; compatible; GPTBot/1.3; +https://openai.com/gptbot)"
74.7.227.166 - - [17/Mar/2026:01:45:50 +0000] "GET /vendor/sebastian/code-unit/src/exceptions/NoTraitException.php HTTP/1.1" 500 0 "http://mianjeepos.bms69.com/vendor/sebastian/code-unit/src/exceptions/?SA" "Mozilla/5.0 AppleWebKit/537.36 (KHTML, like Gecko; compatible; GPTBot/1.3; +https://openai.com/gptbot)"
74.7.227.166 - - [17/Mar/2026:01:46:57 +0000] "GET /vendor/pragmarx/ia-collection/stubs/tests/CollectionTest.php HTTP/1.1" 500 0 "http://mianjeepos.bms69.com/vendor/pragmarx/ia-collection/stubs/tests/?SA" "Mozilla/5.0 AppleWebKit/537.36 (KHTML, like Gecko; compatible; GPTBot/1.3; +https://openai.com/gptbot)"
74.7.227.142 - - [17/Mar/2026:01:47:11 +0000] "GET /vendor/laravel/framework/src/Illuminate/Http/Resources/PotentiallyMissing.php HTTP/1.1" 200 0 "http://www.mianjeepos.bms69.com/vendor/laravel/framework/src/Illuminate/Http/Resources/" "Mozilla/5.0 AppleWebKit/537.36 (KHTML, like Gecko; compatible; GPTBot/1.3; +https://openai.com/gptbot)"
74.7.227.166 - - [17/Mar/2026:01:47:58 +0000] "GET /vendor/pragmarx/ia-collection/src/Support/Str.php HTTP/1.1" 500 0 "http://mianjeepos.bms69.com/vendor/pragmarx/ia-collection/src/Support/?SA" "Mozilla/5.0 AppleWebKit/537.36 (KHTML, like Gecko; compatible; GPTBot/1.3; +https://openai.com/gptbot)"
74.7.227.142 - - [17/Mar/2026:01:45:35 +0000] "GET /vendor/laravel/framework/src/Illuminate/Http/Resources/CollectsResources.php HTTP/1.1" 200 0 "http://www.mianjeepos.bms69.com/vendor/laravel/framework/src/Illuminate/Http/Resources/" "Mozilla/5.0 AppleWebKit/537.36 (KHTML, like Gecko; compatible; GPTBot/1.3; +https://openai.com/gptbot)"
74.7.227.142 - - [17/Mar/2026:01:46:26 +0000] "GET /vendor/laravel/framework/src/Illuminate/Foundation/Bus/PendingClosureDispatch.php HTTP/1.1" 500 0 "http://www.mianjeepos.bms69.com/vendor/laravel/framework/src/Illuminate/Foundation/Bus/" "Mozilla/5.0 AppleWebKit/537.36 (KHTML, like Gecko; compatible; GPTBot/1.3; +https://openai.com/gptbot)"
74.7.244.31 - - [17/Mar/2026:01:46:26 +0000] "GET /robots.txt HTTP/1.1" 404 1251 "-" "Mozilla/5.0 (Macintosh; Intel Mac OS X 10_15_7) AppleWebKit/537.36 (KHTML, like Gecko) Chrome/131.0.0.0 Safari/537.36; compatible; OAI-SearchBot/1.3; robots.txt; +https://openai.com/searchbot"
74.7.175.187 - - [17/Mar/2026:01:49:03 +0000] "GET /robots.txt HTTP/1.1" 404 1251 "-" "Mozilla/5.0 (Macintosh; Intel Mac OS X 10_15_7) AppleWebKit/537.36 (KHTML, like Gecko) Chrome/131.0.0.0 Safari/537.36; compatible; OAI-SearchBot/1.3; robots.txt; +https://openai.com/searchbot"
74.7.227.142 - - [17/Mar/2026:01:49:09 +0000] "GET /vendor/laravel/framework/src/Illuminate/Http/Resources/Json/AnonymousResourceCollection.php HTTP/1.1" 500 0 "http://www.mianjeepos.bms69.com/vendor/laravel/framework/src/Illuminate/Http/Resources/Json/" "Mozilla/5.0 AppleWebKit/537.36 (KHTML, like Gecko; compatible; GPTBot/1.3; +https://openai.com/gptbot)"
74.7.227.166 - - [17/Mar/2026:01:50:05 +0000] "GET /vendor/pragmarx/ia-collection/src/Support/Carbon.php HTTP/1.1" 500 0 "http://mianjeepos.bms69.com/vendor/pragmarx/ia-collection/src/Support/?SA" "Mozilla/5.0 AppleWebKit/537.36 (KHTML, like Gecko; compatible; GPTBot/1.3; +https://openai.com/gptbot)"
74.7.227.142 - - [17/Mar/2026:01:50:12 +0000] "GET /vendor/laravel/framework/src/Illuminate/Routing/Matching/HostValidator.php HTTP/1.1" 500 0 "http://www.mianjeepos.bms69.com/vendor/laravel/framework/src/Illuminate/Routing/Matching/" "Mozilla/5.0 AppleWebKit/537.36 (KHTML, like Gecko; compatible; GPTBot/1.3; +https://openai.com/gptbot)"
74.7.227.166 - - [17/Mar/2026:01:52:12 +0000] "GET /vendor/pragmarx/ia-collection/src/Support/Optional.php HTTP/1.1" 500 0 "http://mianjeepos.bms69.com/vendor/pragmarx/ia-collection/src/Support/?SA" "Mozilla/5.0 AppleWebKit/537.36 (KHTML, like Gecko; compatible; GPTBot/1.3; +https://openai.com/gptbot)"
74.7.227.142 - - [17/Mar/2026:01:52:21 +0000] "GET /vendor/laravel/framework/src/Illuminate/Foundation/Bus/DispatchesJobs.php HTTP/1.1" 200 0 "http://www.mianjeepos.bms69.com/vendor/laravel/framework/src/Illuminate/Foundation/Bus/" "Mozilla/5.0 AppleWebKit/537.36 (KHTML, like Gecko; compatible; GPTBot/1.3; +https://openai.com/gptbot)"
74.7.227.166 - - [17/Mar/2026:01:53:17 +0000] "GET /vendor/pragmarx/ia-collection/src/Support/Arr.php HTTP/1.1" 500 0 "http://mianjeepos.bms69.com/vendor/pragmarx/ia-collection/src/Support/?SA" "Mozilla/5.0 AppleWebKit/537.36 (KHTML, like Gecko; compatible; GPTBot/1.3; +https://openai.com/gptbot)"
74.7.227.142 - - [17/Mar/2026:01:54:03 +0000] "GET /vendor/laravel/framework/src/Illuminate/Contracts/Redis/Connection.php HTTP/1.1" 200 0 "http://www.mianjeepos.bms69.com/vendor/laravel/framework/src/Illuminate/Contracts/Redis/" "Mozilla/5.0 AppleWebKit/537.36 (KHTML, like Gecko; compatible; GPTBot/1.3; +https://openai.com/gptbot)"
74.7.227.142 - - [17/Mar/2026:01:48:18 +0000] "GET /vendor/laravel/framework/src/Illuminate/View/Compilers/BladeCompiler.php HTTP/1.1" 500 0 "http://www.mianjeepos.bms69.com/vendor/laravel/framework/src/Illuminate/View/Compilers/" "Mozilla/5.0 AppleWebKit/537.36 (KHTML, like Gecko; compatible; GPTBot/1.3; +https://openai.com/gptbot)"
74.7.227.166 - - [17/Mar/2026:01:49:03 +0000] "GET /vendor/pragmarx/ia-collection/src/Support/Enumerable.php HTTP/1.1" 500 0 "http://mianjeepos.bms69.com/vendor/pragmarx/ia-collection/src/Support/?SA" "Mozilla/5.0 AppleWebKit/537.36 (KHTML, like Gecko; compatible; GPTBot/1.3; +https://openai.com/gptbot)"
74.7.227.166 - - [17/Mar/2026:01:51:07 +0000] "GET /vendor/pragmarx/ia-collection/src/Support/HtmlString.php HTTP/1.1" 500 0 "http://mianjeepos.bms69.com/vendor/pragmarx/ia-collection/src/Support/?SA" "Mozilla/5.0 AppleWebKit/537.36 (KHTML, like Gecko; compatible; GPTBot/1.3; +https://openai.com/gptbot)"
74.7.227.142 - - [17/Mar/2026:01:51:15 +0000] "GET /vendor/laravel/framework/src/Illuminate/Contracts/Redis/LimiterTimeoutException.php HTTP/1.1" 200 0 "http://www.mianjeepos.bms69.com/vendor/laravel/framework/src/Illuminate/Contracts/Redis/" "Mozilla/5.0 AppleWebKit/537.36 (KHTML, like Gecko; compatible; GPTBot/1.3; +https://openai.com/gptbot)"
74.7.244.31 - - [17/Mar/2026:01:52:21 +0000] "GET /robots.txt HTTP/1.1" 404 1251 "-" "Mozilla/5.0 (Macintosh; Intel Mac OS X 10_15_7) AppleWebKit/537.36 (KHTML, like Gecko) Chrome/131.0.0.0 Safari/537.36; compatible; OAI-SearchBot/1.3; robots.txt; +https://openai.com/searchbot"
74.7.227.142 - - [17/Mar/2026:01:53:13 +0000] "GET /vendor/laravel/framework/src/Illuminate/Foundation/Bus/PendingDispatch.php HTTP/1.1" 200 0 "http://www.mianjeepos.bms69.com/vendor/laravel/framework/src/Illuminate/Foundation/Bus/" "Mozilla/5.0 AppleWebKit/537.36 (KHTML, like Gecko; compatible; GPTBot/1.3; +https://openai.com/gptbot)"
74.7.227.166 - - [17/Mar/2026:01:54:19 +0000] "GET /vendor/pragmarx/ia-collection/src/Support/Collection.php HTTP/1.1" 500 0 "http://mianjeepos.bms69.com/vendor/pragmarx/ia-collection/src/Support/?SA" "Mozilla/5.0 AppleWebKit/537.36 (KHTML, like Gecko; compatible; GPTBot/1.3; +https://openai.com/gptbot)"
74.7.175.187 - - [17/Mar/2026:01:54:19 +0000] "GET /robots.txt HTTP/1.1" 404 1251 "-" "Mozilla/5.0 (Macintosh; Intel Mac OS X 10_15_7) AppleWebKit/537.36 (KHTML, like Gecko) Chrome/131.0.0.0 Safari/537.36; compatible; OAI-SearchBot/1.3; robots.txt; +https://openai.com/searchbot"
74.7.227.166 - - [17/Mar/2026:01:56:25 +0000] "GET /vendor/sebastian/code-unit/src/exceptions/?NA HTTP/1.1" 200 783 "http://mianjeepos.bms69.com/vendor/sebastian/code-unit/src/exceptions/?SA" "Mozilla/5.0 AppleWebKit/537.36 (KHTML, like Gecko; compatible; GPTBot/1.3; +https://openai.com/gptbot)"
74.7.227.166 - - [17/Mar/2026:01:57:26 +0000] "GET /vendor/barryvdh/laravel-dompdf/src/Facade/?MD HTTP/1.1" 200 701 "http://mianjeepos.bms69.com/vendor/barryvdh/laravel-dompdf/src/Facade/?MA" "Mozilla/5.0 AppleWebKit/537.36 (KHTML, like Gecko; compatible; GPTBot/1.3; +https://openai.com/gptbot)"
74.7.227.142 - - [17/Mar/2026:01:56:37 +0000] "GET /vendor/laravel/framework/src/Illuminate/Support/Traits/ReflectsClosures.php HTTP/1.1" 200 0 "http://www.mianjeepos.bms69.com/vendor/laravel/framework/src/Illuminate/Support/Traits/" "Mozilla/5.0 AppleWebKit/537.36 (KHTML, like Gecko; compatible; GPTBot/1.3; +https://openai.com/gptbot)"
74.7.227.142 - - [17/Mar/2026:01:57:36 +0000] "GET /vendor/laravel/framework/src/Illuminate/Support/Traits/Localizable.php HTTP/1.1" 200 0 "http://www.mianjeepos.bms69.com/vendor/laravel/framework/src/Illuminate/Support/Traits/" "Mozilla/5.0 AppleWebKit/537.36 (KHTML, like Gecko; compatible; GPTBot/1.3; +https://openai.com/gptbot)"
74.7.244.31 - - [17/Mar/2026:01:57:36 +0000] "GET /robots.txt HTTP/1.1" 404 1251 "-" "Mozilla/5.0 (Macintosh; Intel Mac OS X 10_15_7) AppleWebKit/537.36 (KHTML, like Gecko) Chrome/131.0.0.0 Safari/537.36; compatible; OAI-SearchBot/1.3; robots.txt; +https://openai.com/searchbot"
74.7.227.142 - - [17/Mar/2026:01:54:50 +0000] "GET /vendor/laravel/framework/src/Illuminate/Routing/Matching/UriValidator.php HTTP/1.1" 500 0 "http://www.mianjeepos.bms69.com/vendor/laravel/framework/src/Illuminate/Routing/Matching/" "Mozilla/5.0 AppleWebKit/537.36 (KHTML, like Gecko; compatible; GPTBot/1.3; +https://openai.com/gptbot)"
74.7.227.166 - - [17/Mar/2026:01:55:23 +0000] "GET /vendor/mockery/mockery/library/Mockery/CountValidator/?SD HTTP/1.1" 200 1117 "http://mianjeepos.bms69.com/vendor/mockery/mockery/library/Mockery/CountValidator/?SA" "Mozilla/5.0 AppleWebKit/537.36 (KHTML, like Gecko; compatible; GPTBot/1.3; +https://openai.com/gptbot)"
74.7.227.142 - - [17/Mar/2026:01:55:32 +0000] "GET /vendor/laravel/framework/src/Illuminate/Http/Resources/ConditionallyLoadsAttributes.php HTTP/1.1" 200 0 "http://www.mianjeepos.bms69.com/vendor/laravel/framework/src/Illuminate/Http/Resources/" "Mozilla/5.0 AppleWebKit/537.36 (KHTML, like Gecko; compatible; GPTBot/1.3; +https://openai.com/gptbot)"
74.7.227.142 - - [17/Mar/2026:01:58:27 +0000] "GET /vendor/laravel/framework/src/Illuminate/Http/Resources/MergeValue.php HTTP/1.1" 200 0 "http://www.mianjeepos.bms69.com/vendor/laravel/framework/src/Illuminate/Http/Resources/" "Mozilla/5.0 AppleWebKit/537.36 (KHTML, like Gecko; compatible; GPTBot/1.3; +https://openai.com/gptbot)"
74.7.227.166 - - [17/Mar/2026:01:59:46 +0000] "GET /vendor/pragmarx/ia-collection/stubs/tests/?NA HTTP/1.1" 200 733 "http://mianjeepos.bms69.com/vendor/pragmarx/ia-collection/stubs/tests/?SA" "Mozilla/5.0 AppleWebKit/537.36 (KHTML, like Gecko; compatible; GPTBot/1.3; +https://openai.com/gptbot)"
74.7.227.142 - - [17/Mar/2026:01:59:56 +0000] "GET /vendor/laravel/framework/src/Illuminate/Foundation/Bus/Dispatchable.php HTTP/1.1" 200 0 "http://www.mianjeepos.bms69.com/vendor/laravel/framework/src/Illuminate/Foundation/Bus/" "Mozilla/5.0 AppleWebKit/537.36 (KHTML, like Gecko; compatible; GPTBot/1.3; +https://openai.com/gptbot)"
74.7.227.142 - - [17/Mar/2026:02:00:28 +0000] "GET /vendor/laravel/framework/src/Illuminate/Foundation/Bus/PendingChain.php HTTP/1.1" 500 0 "http://www.mianjeepos.bms69.com/vendor/laravel/framework/src/Illuminate/Foundation/Bus/" "Mozilla/5.0 AppleWebKit/537.36 (KHTML, like Gecko; compatible; GPTBot/1.3; +https://openai.com/gptbot)"
74.7.227.166 - - [17/Mar/2026:01:58:16 +0000] "GET /vendor/barryvdh/laravel-dompdf/src/Facade/?NA HTTP/1.1" 200 698 "http://mianjeepos.bms69.com/vendor/barryvdh/laravel-dompdf/src/Facade/?ND" "Mozilla/5.0 AppleWebKit/537.36 (KHTML, like Gecko; compatible; GPTBot/1.3; +https://openai.com/gptbot)"
74.7.227.166 - - [17/Mar/2026:01:58:59 +0000] "GET /vendor/sebastian/code-unit/src/exceptions/?MD HTTP/1.1" 200 786 "http://mianjeepos.bms69.com/vendor/sebastian/code-unit/src/exceptions/?MA" "Mozilla/5.0 AppleWebKit/537.36 (KHTML, like Gecko; compatible; GPTBot/1.3; +https://openai.com/gptbot)"
74.7.227.142 - - [17/Mar/2026:01:59:11 +0000] "GET /vendor/laravel/framework/src/Illuminate/Support/Traits/ForwardsCalls.php HTTP/1.1" 200 0 "http://www.mianjeepos.bms69.com/vendor/laravel/framework/src/Illuminate/Support/Traits/" "Mozilla/5.0 AppleWebKit/537.36 (KHTML, like Gecko; compatible; GPTBot/1.3; +https://openai.com/gptbot)"
74.7.175.187 - - [17/Mar/2026:01:59:47 +0000] "GET /robots.txt HTTP/1.1" 404 1251 "-" "Mozilla/5.0 (Macintosh; Intel Mac OS X 10_15_7) AppleWebKit/537.36 (KHTML, like Gecko) Chrome/131.0.0.0 Safari/537.36; compatible; OAI-SearchBot/1.3; robots.txt; +https://openai.com/searchbot"
74.7.227.166 - - [17/Mar/2026:02:00:22 +0000] "GET /vendor/sebastian/code-unit/src/exceptions/?SD HTTP/1.1" 200 785 "http://mianjeepos.bms69.com/vendor/sebastian/code-unit/src/exceptions/?SA" "Mozilla/5.0 AppleWebKit/537.36 (KHTML, like Gecko; compatible; GPTBot/1.3; +https://openai.com/gptbot)"
74.7.227.142 - - [17/Mar/2026:02:03:07 +0000] "GET /vendor/maximebf/debugbar/src/DebugBar/Bridge/SwiftMailer/SwiftLogCollector.php HTTP/1.1" 500 0 "http://www.mianjeepos.bms69.com/vendor/maximebf/debugbar/src/DebugBar/Bridge/SwiftMailer/" "Mozilla/5.0 AppleWebKit/537.36 (KHTML, like Gecko; compatible; GPTBot/1.3; +https://openai.com/gptbot)"
74.7.227.166 - - [17/Mar/2026:02:03:11 +0000] "GET /vendor/barryvdh/laravel-dompdf/src/Facade/?SA HTTP/1.1" 200 705 "http://mianjeepos.bms69.com/vendor/barryvdh/laravel-dompdf/src/Facade/" "Mozilla/5.0 AppleWebKit/537.36 (KHTML, like Gecko; compatible; GPTBot/1.3; +https://openai.com/gptbot)"
74.7.227.166 - - [17/Mar/2026:02:02:56 +0000] "GET /vendor/pragmarx/ia-collection/stubs/tests/?SD HTTP/1.1" 200 729 "http://mianjeepos.bms69.com/vendor/pragmarx/ia-collection/stubs/tests/?SA" "Mozilla/5.0 AppleWebKit/537.36 (KHTML, like Gecko; compatible; GPTBot/1.3; +https://openai.com/gptbot)"
74.7.244.31 - - [17/Mar/2026:02:03:07 +0000] "GET /robots.txt HTTP/1.1" 404 1251 "-" "Mozilla/5.0 (Macintosh; Intel Mac OS X 10_15_7) AppleWebKit/537.36 (KHTML, like Gecko) Chrome/131.0.0.0 Safari/537.36; compatible; OAI-SearchBot/1.3; robots.txt; +https://openai.com/searchbot"
74.7.227.166 - - [17/Mar/2026:02:03:25 +0000] "GET /vendor/spatie/flare-client-php/src/Context/RequestContextProvider.php HTTP/1.1" 500 0 "http://mianjeepos.bms69.com/vendor/spatie/flare-client-php/src/Context/" "Mozilla/5.0 AppleWebKit/537.36 (KHTML, like Gecko; compatible; GPTBot/1.3; +https://openai.com/gptbot)"
74.7.227.166 - - [17/Mar/2026:02:00:51 +0000] "GET /vendor/pragmarx/ia-collection/src/Support/?NA HTTP/1.1" 200 1323 "http://mianjeepos.bms69.com/vendor/pragmarx/ia-collection/src/Support/?SA" "Mozilla/5.0 AppleWebKit/537.36 (KHTML, like Gecko; compatible; GPTBot/1.3; +https://openai.com/gptbot)"
74.7.227.166 - - [17/Mar/2026:02:01:49 +0000] "GET /vendor/pragmarx/ia-collection/stubs/tests/?MA HTTP/1.1" 200 733 "http://mianjeepos.bms69.com/vendor/pragmarx/ia-collection/stubs/tests/" "Mozilla/5.0 AppleWebKit/537.36 (KHTML, like Gecko; compatible; GPTBot/1.3; +https://openai.com/gptbot)"
74.7.227.142 - - [17/Mar/2026:02:02:03 +0000] "GET /vendor/laravel/framework/src/Illuminate/Contracts/Redis/Connector.php HTTP/1.1" 200 0 "http://www.mianjeepos.bms69.com/vendor/laravel/framework/src/Illuminate/Contracts/Redis/" "Mozilla/5.0 AppleWebKit/537.36 (KHTML, like Gecko; compatible; GPTBot/1.3; +https://openai.com/gptbot)"
74.7.227.166 - - [17/Mar/2026:02:02:11 +0000] "GET /vendor/pragmarx/ia-collection/stubs/tests/?ND HTTP/1.1" 200 724 "http://mianjeepos.bms69.com/vendor/pragmarx/ia-collection/stubs/tests/" "Mozilla/5.0 AppleWebKit/537.36 (KHTML, like Gecko; compatible; GPTBot/1.3; +https://openai.com/gptbot)"
74.7.227.166 - - [17/Mar/2026:02:02:35 +0000] "GET /vendor/pragmarx/ia-collection/src/Support/?MA HTTP/1.1" 200 1339 "http://mianjeepos.bms69.com/vendor/pragmarx/ia-collection/src/Support/" "Mozilla/5.0 AppleWebKit/537.36 (KHTML, like Gecko; compatible; GPTBot/1.3; +https://openai.com/gptbot)"
74.7.227.142 - - [17/Mar/2026:02:01:01 +0000] "GET /vendor/laravel/framework/src/Illuminate/Http/Resources/MissingValue.php HTTP/1.1" 500 0 "http://www.mianjeepos.bms69.com/vendor/laravel/framework/src/Illuminate/Http/Resources/" "Mozilla/5.0 AppleWebKit/537.36 (KHTML, like Gecko; compatible; GPTBot/1.3; +https://openai.com/gptbot)"
74.7.227.166 - - [17/Mar/2026:02:01:20 +0000] "GET /vendor/pragmarx/ia-collection/src/Support/?SD HTTP/1.1" 200 1327 "http://mianjeepos.bms69.com/vendor/pragmarx/ia-collection/src/Support/?SA" "Mozilla/5.0 AppleWebKit/537.36 (KHTML, like Gecko; compatible; GPTBot/1.3; +https://openai.com/gptbot)"
74.7.227.166 - - [17/Mar/2026:02:03:48 +0000] "GET /vendor/phpoffice/phpspreadsheet/src/PhpSpreadsheet/Calculation/MathTrig/MatrixFunctions.php HTTP/1.1" 200 0 "http://mianjeepos.bms69.com/vendor/phpoffice/phpspreadsheet/src/PhpSpreadsheet/Calculation/MathTrig/" "Mozilla/5.0 AppleWebKit/537.36 (KHTML, like Gecko; compatible; GPTBot/1.3; +https://openai.com/gptbot)"
74.7.227.142 - - [17/Mar/2026:02:04:03 +0000] "GET /vendor/laravel/framework/src/Illuminate/Support/Traits/CapsuleManagerTrait.php HTTP/1.1" 200 0 "http://www.mianjeepos.bms69.com/vendor/laravel/framework/src/Illuminate/Support/Traits/" "Mozilla/5.0 AppleWebKit/537.36 (KHTML, like Gecko; compatible; GPTBot/1.3; +https://openai.com/gptbot)"
74.7.227.166 - - [17/Mar/2026:02:04:30 +0000] "GET /vendor/phpoffice/phpspreadsheet/src/PhpSpreadsheet/Calculation/DateTimeExcel/DateParts.php HTTP/1.1" 500 0 "http://mianjeepos.bms69.com/vendor/phpoffice/phpspreadsheet/src/PhpSpreadsheet/Calculation/DateTimeExcel/" "Mozilla/5.0 AppleWebKit/537.36 (KHTML, like Gecko; compatible; GPTBot/1.3; +https://openai.com/gptbot)"
74.7.227.142 - - [17/Mar/2026:02:05:09 +0000] "GET /vendor/laravel/framework/src/Illuminate/Routing/Matching/MethodValidator.php HTTP/1.1" 500 0 "http://www.mianjeepos.bms69.com/vendor/laravel/framework/src/Illuminate/Routing/Matching/" "Mozilla/5.0 AppleWebKit/537.36 (KHTML, like Gecko; compatible; GPTBot/1.3; +https://openai.com/gptbot)"
74.7.227.142 - - [17/Mar/2026:02:06:05 +0000] "GET /vendor/laravel/framework/src/Illuminate/Contracts/Redis/Factory.php HTTP/1.1" 200 0 "http://www.mianjeepos.bms69.com/vendor/laravel/framework/src/Illuminate/Contracts/Redis/" "Mozilla/5.0 AppleWebKit/537.36 (KHTML, like Gecko; compatible; GPTBot/1.3; +https://openai.com/gptbot)"
74.7.227.166 - - [17/Mar/2026:02:06:09 +0000] "GET /vendor/league/commonmark/src/Extension/Attributes/Parser/AttributesBlockContinueParser.php HTTP/1.1" 500 0 "http://mianjeepos.bms69.com/vendor/league/commonmark/src/Extension/Attributes/Parser/" "Mozilla/5.0 AppleWebKit/537.36 (KHTML, like Gecko; compatible; GPTBot/1.3; +https://openai.com/gptbot)"
74.7.227.142 - - [17/Mar/2026:02:08:02 +0000] "GET /vendor/laravel/framework/src/Illuminate/Support/Traits/Tappable.php HTTP/1.1" 200 0 "http://www.mianjeepos.bms69.com/vendor/laravel/framework/src/Illuminate/Support/Traits/" "Mozilla/5.0 AppleWebKit/537.36 (KHTML, like Gecko; compatible; GPTBot/1.3; +https://openai.com/gptbot)"
74.7.227.142 - - [17/Mar/2026:02:09:10 +0000] "GET /vendor/laravel/framework/src/Illuminate/View/Compilers/Compiler.php HTTP/1.1" 200 0 "http://www.mianjeepos.bms69.com/vendor/laravel/framework/src/Illuminate/View/Compilers/" "Mozilla/5.0 AppleWebKit/537.36 (KHTML, like Gecko; compatible; GPTBot/1.3; +https://openai.com/gptbot)"
74.7.244.31 - - [17/Mar/2026:02:09:10 +0000] "GET /robots.txt HTTP/1.1" 404 1251 "-" "Mozilla/5.0 (Macintosh; Intel Mac OS X 10_15_7) AppleWebKit/537.36 (KHTML, like Gecko) Chrome/131.0.0.0 Safari/537.36; compatible; OAI-SearchBot/1.3; robots.txt; +https://openai.com/searchbot"
74.7.227.166 - - [17/Mar/2026:02:09:18 +0000] "GET /vendor/phpoffice/phpspreadsheet/src/PhpSpreadsheet/Calculation/DateTimeExcel/TimeValue.php HTTP/1.1" 500 0 "http://mianjeepos.bms69.com/vendor/phpoffice/phpspreadsheet/src/PhpSpreadsheet/Calculation/DateTimeExcel/" "Mozilla/5.0 AppleWebKit/537.36 (KHTML, like Gecko; compatible; GPTBot/1.3; +https://openai.com/gptbot)"
74.7.227.142 - - [17/Mar/2026:02:10:05 +0000] "GET /vendor/laravel/framework/src/Illuminate/Auth/Middleware/ HTTP/1.1" 200 1134 "http://www.mianjeepos.bms69.com/vendor/laravel/framework/src/Illuminate/Auth/" "Mozilla/5.0 AppleWebKit/537.36 (KHTML, like Gecko; compatible; GPTBot/1.3; +https://openai.com/gptbot)"
74.7.227.166 - - [17/Mar/2026:02:10:14 +0000] "GET /vendor/pragmarx/ia-collection/src/Support/?MD HTTP/1.1" 200 1319 "http://mianjeepos.bms69.com/vendor/pragmarx/ia-collection/src/Support/?MA" "Mozilla/5.0 AppleWebKit/537.36 (KHTML, like Gecko; compatible; GPTBot/1.3; +https://openai.com/gptbot)"
74.7.227.142 - - [17/Mar/2026:02:10:54 +0000] "GET /vendor/laravel/framework/src/Illuminate/Http/Middleware/ HTTP/1.1" 200 1167 "http://www.mianjeepos.bms69.com/vendor/laravel/framework/src/Illuminate/Http/" "Mozilla/5.0 AppleWebKit/537.36 (KHTML, like Gecko; compatible; GPTBot/1.3; +https://openai.com/gptbot)"
74.7.227.166 - - [17/Mar/2026:02:11:20 +0000] "GET /vendor/phpoffice/phpspreadsheet/src/PhpSpreadsheet/Calculation/DateTimeExcel/Constants.php HTTP/1.1" 200 0 "http://mianjeepos.bms69.com/vendor/phpoffice/phpspreadsheet/src/PhpSpreadsheet/Calculation/DateTimeExcel/" "Mozilla/5.0 AppleWebKit/537.36 (KHTML, like Gecko; compatible; GPTBot/1.3; +https://openai.com/gptbot)"
74.7.227.166 - - [17/Mar/2026:02:05:08 +0000] "GET /vendor/phpoffice/phpspreadsheet/src/PhpSpreadsheet/Calculation/DateTimeExcel/TimeParts.php HTTP/1.1" 500 0 "http://mianjeepos.bms69.com/vendor/phpoffice/phpspreadsheet/src/PhpSpreadsheet/Calculation/DateTimeExcel/" "Mozilla/5.0 AppleWebKit/537.36 (KHTML, like Gecko; compatible; GPTBot/1.3; +https://openai.com/gptbot)"
74.7.227.142 - - [17/Mar/2026:02:07:04 +0000] "GET /vendor/maximebf/debugbar/src/DebugBar/Bridge/SwiftMailer/SwiftMailCollector.php HTTP/1.1" 500 0 "http://www.mianjeepos.bms69.com/vendor/maximebf/debugbar/src/DebugBar/Bridge/SwiftMailer/" "Mozilla/5.0 AppleWebKit/537.36 (KHTML, like Gecko; compatible; GPTBot/1.3; +https://openai.com/gptbot)"
74.7.227.166 - - [17/Mar/2026:02:07:11 +0000] "GET /vendor/phpoffice/phpspreadsheet/src/PhpSpreadsheet/Calculation/DateTimeExcel/DateValue.php HTTP/1.1" 500 0 "http://mianjeepos.bms69.com/vendor/phpoffice/phpspreadsheet/src/PhpSpreadsheet/Calculation/DateTimeExcel/" "Mozilla/5.0 AppleWebKit/537.36 (KHTML, like Gecko; compatible; GPTBot/1.3; +https://openai.com/gptbot)"
74.7.227.166 - - [17/Mar/2026:02:08:16 +0000] "GET /vendor/pragmarx/ia-collection/stubs/tests/?MD HTTP/1.1" 200 730 "http://mianjeepos.bms69.com/vendor/pragmarx/ia-collection/stubs/tests/?MA" "Mozilla/5.0 AppleWebKit/537.36 (KHTML, like Gecko; compatible; GPTBot/1.3; +https://openai.com/gptbot)"
74.7.227.142 - - [17/Mar/2026:02:11:37 +0000] "GET /vendor/laravel/framework/src/Illuminate/Http/Exceptions/ HTTP/1.1" 200 792 "http://www.mianjeepos.bms69.com/vendor/laravel/framework/src/Illuminate/Http/" "Mozilla/5.0 AppleWebKit/537.36 (KHTML, like Gecko; compatible; GPTBot/1.3; +https://openai.com/gptbot)"
74.7.227.166 - - [17/Mar/2026:02:12:13 +0000] "GET /vendor/barryvdh/laravel-dompdf/src/Facade/?SD HTTP/1.1" 200 701 "http://mianjeepos.bms69.com/vendor/barryvdh/laravel-dompdf/src/Facade/?SA" "Mozilla/5.0 AppleWebKit/537.36 (KHTML, like Gecko; compatible; GPTBot/1.3; +https://openai.com/gptbot)"
