74.7.227.142 - - [17/Mar/2026:02:12:20 +0000] "GET /vendor/laravel/framework/src/Illuminate/Routing/Console/ HTTP/1.1" 200 806 "http://www.mianjeepos.bms69.com/vendor/laravel/framework/src/Illuminate/Routing/" "Mozilla/5.0 AppleWebKit/537.36 (KHTML, like Gecko; compatible; GPTBot/1.3; +https://openai.com/gptbot)"
74.7.227.142 - - [17/Mar/2026:02:12:54 +0000] "GET /vendor/laravel/framework/src/Illuminate/Auth/Listeners/ HTTP/1.1" 200 680 "http://www.mianjeepos.bms69.com/vendor/laravel/framework/src/Illuminate/Auth/" "Mozilla/5.0 AppleWebKit/537.36 (KHTML, like Gecko; compatible; GPTBot/1.3; +https://openai.com/gptbot)"
74.7.227.166 - - [17/Mar/2026:02:13:03 +0000] "GET /vendor/laravel/framework/src/Illuminate/Mail/LICENSE.md HTTP/1.1" 200 1075 "http://mianjeepos.bms69.com/vendor/laravel/framework/src/Illuminate/Mail/" "Mozilla/5.0 AppleWebKit/537.36 (KHTML, like Gecko; compatible; GPTBot/1.3; +https://openai.com/gptbot)"
74.7.227.142 - - [17/Mar/2026:02:14:24 +0000] "GET /vendor/laravel/framework/src/Illuminate/Contracts/Debug/ HTTP/1.1" 200 672 "http://www.mianjeepos.bms69.com/vendor/laravel/framework/src/Illuminate/Contracts/" "Mozilla/5.0 AppleWebKit/537.36 (KHTML, like Gecko; compatible; GPTBot/1.3; +https://openai.com/gptbot)"
74.7.244.31 - - [17/Mar/2026:02:14:24 +0000] "GET /robots.txt HTTP/1.1" 404 1251 "-" "Mozilla/5.0 (Macintosh; Intel Mac OS X 10_15_7) AppleWebKit/537.36 (KHTML, like Gecko) Chrome/131.0.0.0 Safari/537.36; compatible; OAI-SearchBot/1.3; robots.txt; +https://openai.com/searchbot"
74.7.227.166 - - [17/Mar/2026:02:15:07 +0000] "GET /vendor/egulias/email-validator/?SA HTTP/1.1" 200 794 "http://mianjeepos.bms69.com/vendor/egulias/email-validator/" "Mozilla/5.0 AppleWebKit/537.36 (KHTML, like Gecko; compatible; GPTBot/1.3; +https://openai.com/gptbot)"
74.7.227.142 - - [17/Mar/2026:02:15:49 +0000] "GET /vendor/laravel/framework/src/Illuminate/Auth/Middleware/error_log HTTP/1.1" 403 1242 "http://www.mianjeepos.bms69.com/vendor/laravel/framework/src/Illuminate/Auth/Middleware/" "Mozilla/5.0 AppleWebKit/537.36 (KHTML, like Gecko; compatible; GPTBot/1.3; +https://openai.com/gptbot)"
74.7.227.142 - - [17/Mar/2026:02:16:02 +0000] "GET /vendor/laravel/framework/src/Illuminate/Auth/Middleware/EnsureEmailIsVerified.php HTTP/1.1" 200 0 "http://www.mianjeepos.bms69.com/vendor/laravel/framework/src/Illuminate/Auth/Middleware/" "Mozilla/5.0 AppleWebKit/537.36 (KHTML, like Gecko; compatible; GPTBot/1.3; +https://openai.com/gptbot)"
74.7.227.166 - - [17/Mar/2026:02:17:09 +0000] "GET /vendor/egulias/email-validator/?MA HTTP/1.1" 200 791 "http://mianjeepos.bms69.com/vendor/egulias/email-validator/" "Mozilla/5.0 AppleWebKit/537.36 (KHTML, like Gecko; compatible; GPTBot/1.3; +https://openai.com/gptbot)"
74.7.175.187 - - [17/Mar/2026:02:17:09 +0000] "GET /robots.txt HTTP/1.1" 404 1251 "-" "Mozilla/5.0 (Macintosh; Intel Mac OS X 10_15_7) AppleWebKit/537.36 (KHTML, like Gecko) Chrome/131.0.0.0 Safari/537.36; compatible; OAI-SearchBot/1.3; robots.txt; +https://openai.com/searchbot"
74.7.227.166 - - [17/Mar/2026:02:17:56 +0000] "GET /vendor/phpoffice/phpspreadsheet/src/PhpSpreadsheet/Style/ConditionalFormatting/CellStyleAssessor.php HTTP/1.1" 200 0 "http://mianjeepos.bms69.com/vendor/phpoffice/phpspreadsheet/src/PhpSpreadsheet/Style/ConditionalFormatting/" "Mozilla/5.0 AppleWebKit/537.36 (KHTML, like Gecko; compatible; GPTBot/1.3; +https://openai.com/gptbot)"
74.7.227.142 - - [17/Mar/2026:02:17:59 +0000] "GET /vendor/laravel/framework/src/Illuminate/Support/Facades/error_log HTTP/1.1" 403 1242 "http://www.mianjeepos.bms69.com/vendor/laravel/framework/src/Illuminate/Support/Facades/" "Mozilla/5.0 AppleWebKit/537.36 (KHTML, like Gecko; compatible; GPTBot/1.3; +https://openai.com/gptbot)"
74.7.227.142 - - [17/Mar/2026:02:13:27 +0000] "GET /vendor/laravel/framework/src/Illuminate/Support/Facades/ HTTP/1.1" 200 1848 "http://www.mianjeepos.bms69.com/vendor/laravel/framework/src/Illuminate/Support/" "Mozilla/5.0 AppleWebKit/537.36 (KHTML, like Gecko; compatible; GPTBot/1.3; +https://openai.com/gptbot)"
74.7.227.166 - - [17/Mar/2026:02:13:47 +0000] "GET /vendor/laravel/framework/src/Illuminate/View/LICENSE.md HTTP/1.1" 200 1075 "http://mianjeepos.bms69.com/vendor/laravel/framework/src/Illuminate/View/" "Mozilla/5.0 AppleWebKit/537.36 (KHTML, like Gecko; compatible; GPTBot/1.3; +https://openai.com/gptbot)"
74.7.227.142 - - [17/Mar/2026:02:13:57 +0000] "GET /vendor/laravel/framework/src/Illuminate/Support/Testing/ HTTP/1.1" 200 653 "http://www.mianjeepos.bms69.com/vendor/laravel/framework/src/Illuminate/Support/" "Mozilla/5.0 AppleWebKit/537.36 (KHTML, like Gecko; compatible; GPTBot/1.3; +https://openai.com/gptbot)"
74.7.227.166 - - [17/Mar/2026:02:14:27 +0000] "GET /vendor/laravel/framework/src/Illuminate/Contracts/Pagination/LengthAwarePaginator.php HTTP/1.1" 500 0 "http://mianjeepos.bms69.com/vendor/laravel/framework/src/Illuminate/Contracts/Pagination/" "Mozilla/5.0 AppleWebKit/537.36 (KHTML, like Gecko; compatible; GPTBot/1.3; +https://openai.com/gptbot)"
74.7.227.142 - - [17/Mar/2026:02:14:47 +0000] "GET /vendor/laravel/framework/src/Illuminate/Foundation/Http/ HTTP/1.1" 200 1193 "http://www.mianjeepos.bms69.com/vendor/laravel/framework/src/Illuminate/Foundation/" "Mozilla/5.0 AppleWebKit/537.36 (KHTML, like Gecko; compatible; GPTBot/1.3; +https://openai.com/gptbot)"
74.7.227.142 - - [17/Mar/2026:02:15:10 +0000] "GET /vendor/laravel/framework/src/Illuminate/Database/Query/ HTTP/1.1" 200 1212 "http://www.mianjeepos.bms69.com/vendor/laravel/framework/src/Illuminate/Database/" "Mozilla/5.0 AppleWebKit/537.36 (KHTML, like Gecko; compatible; GPTBot/1.3; +https://openai.com/gptbot)"
74.7.227.142 - - [17/Mar/2026:02:15:30 +0000] "GET /vendor/laravel/framework/src/Illuminate/Contracts/View/ HTTP/1.1" 200 803 "http://www.mianjeepos.bms69.com/vendor/laravel/framework/src/Illuminate/Contracts/" "Mozilla/5.0 AppleWebKit/537.36 (KHTML, like Gecko; compatible; GPTBot/1.3; +https://openai.com/gptbot)"
74.7.227.166 - - [17/Mar/2026:02:16:08 +0000] "GET /vendor/egulias/email-validator/?ND HTTP/1.1" 200 787 "http://mianjeepos.bms69.com/vendor/egulias/email-validator/" "Mozilla/5.0 AppleWebKit/537.36 (KHTML, like Gecko; compatible; GPTBot/1.3; +https://openai.com/gptbot)"
74.7.227.142 - - [17/Mar/2026:02:16:21 +0000] "GET /vendor/laravel/framework/src/Illuminate/Http/Exceptions/PostTooLargeException.php HTTP/1.1" 500 0 "http://www.mianjeepos.bms69.com/vendor/laravel/framework/src/Illuminate/Http/Exceptions/" "Mozilla/5.0 AppleWebKit/537.36 (KHTML, like Gecko; compatible; GPTBot/1.3; +https://openai.com/gptbot)"
74.7.227.142 - - [17/Mar/2026:02:16:34 +0000] "GET /vendor/laravel/framework/src/Illuminate/Routing/Console/error_log HTTP/1.1" 403 1242 "http://www.mianjeepos.bms69.com/vendor/laravel/framework/src/Illuminate/Routing/Console/" "Mozilla/5.0 AppleWebKit/537.36 (KHTML, like Gecko; compatible; GPTBot/1.3; +https://openai.com/gptbot)"
74.7.227.142 - - [17/Mar/2026:02:17:16 +0000] "GET /vendor/laravel/framework/src/Illuminate/Routing/Console/stubs/ HTTP/1.1" 200 1175 "http://www.mianjeepos.bms69.com/vendor/laravel/framework/src/Illuminate/Routing/Console/" "Mozilla/5.0 AppleWebKit/537.36 (KHTML, like Gecko; compatible; GPTBot/1.3; +https://openai.com/gptbot)"
74.7.227.142 - - [17/Mar/2026:02:18:37 +0000] "GET /vendor/laravel/framework/src/Illuminate/Http/Exceptions/HttpResponseException.php HTTP/1.1" 200 0 "http://www.mianjeepos.bms69.com/vendor/laravel/framework/src/Illuminate/Http/Exceptions/" "Mozilla/5.0 AppleWebKit/537.36 (KHTML, like Gecko; compatible; GPTBot/1.3; +https://openai.com/gptbot)"
74.7.227.142 - - [17/Mar/2026:02:19:48 +0000] "GET /vendor/laravel/framework/src/Illuminate/Foundation/Http/Middleware/ HTTP/1.1" 200 1279 "http://www.mianjeepos.bms69.com/vendor/laravel/framework/src/Illuminate/Foundation/Http/" "Mozilla/5.0 AppleWebKit/537.36 (KHTML, like Gecko; compatible; GPTBot/1.3; +https://openai.com/gptbot)"
74.7.227.142 - - [17/Mar/2026:02:20:18 +0000] "GET /vendor/laravel/framework/src/Illuminate/Database/Query/Processors/ HTTP/1.1" 200 1125 "http://www.mianjeepos.bms69.com/vendor/laravel/framework/src/Illuminate/Database/Query/" "Mozilla/5.0 AppleWebKit/537.36 (KHTML, like Gecko; compatible; GPTBot/1.3; +https://openai.com/gptbot)"
74.7.227.166 - - [17/Mar/2026:02:20:34 +0000] "GET /resources/js/components/?MA HTTP/1.1" 200 728 "http://mianjeepos.bms69.com/resources/js/components/" "Mozilla/5.0 AppleWebKit/537.36 (KHTML, like Gecko; compatible; GPTBot/1.3; +https://openai.com/gptbot)"
74.7.227.166 - - [17/Mar/2026:02:21:32 +0000] "GET /resources/views/emails/?MA HTTP/1.1" 200 705 "http://mianjeepos.bms69.com/resources/views/emails/" "Mozilla/5.0 AppleWebKit/537.36 (KHTML, like Gecko; compatible; GPTBot/1.3; +https://openai.com/gptbot)"
74.7.227.142 - - [17/Mar/2026:02:21:40 +0000] "GET /vendor/laravel/framework/src/Illuminate/Foundation/Http/Events/ HTTP/1.1" 200 674 "http://www.mianjeepos.bms69.com/vendor/laravel/framework/src/Illuminate/Foundation/Http/" "Mozilla/5.0 AppleWebKit/537.36 (KHTML, like Gecko; compatible; GPTBot/1.3; +https://openai.com/gptbot)"
74.7.227.166 - - [17/Mar/2026:02:21:53 +0000] "GET /resources/views/emails/?SA HTTP/1.1" 200 703 "http://mianjeepos.bms69.com/resources/views/emails/" "Mozilla/5.0 AppleWebKit/537.36 (KHTML, like Gecko; compatible; GPTBot/1.3; +https://openai.com/gptbot)"
74.7.227.142 - - [17/Mar/2026:02:22:00 +0000] "GET /vendor/laravel/framework/src/Illuminate/Database/Query/error_log HTTP/1.1" 403 1242 "http://www.mianjeepos.bms69.com/vendor/laravel/framework/src/Illuminate/Database/Query/" "Mozilla/5.0 AppleWebKit/537.36 (KHTML, like Gecko; compatible; GPTBot/1.3; +https://openai.com/gptbot)"
74.7.227.166 - - [17/Mar/2026:02:22:17 +0000] "GET /vendor/egulias/email-validator/?NA HTTP/1.1" 200 786 "http://mianjeepos.bms69.com/vendor/egulias/email-validator/?SA" "Mozilla/5.0 AppleWebKit/537.36 (KHTML, like Gecko; compatible; GPTBot/1.3; +https://openai.com/gptbot)"
74.7.175.187 - - [17/Mar/2026:02:22:17 +0000] "GET /robots.txt HTTP/1.1" 404 1251 "-" "Mozilla/5.0 (Macintosh; Intel Mac OS X 10_15_7) AppleWebKit/537.36 (KHTML, like Gecko) Chrome/131.0.0.0 Safari/537.36; compatible; OAI-SearchBot/1.3; robots.txt; +https://openai.com/searchbot"
74.7.227.142 - - [17/Mar/2026:02:22:22 +0000] "GET /vendor/laravel/framework/src/Illuminate/Foundation/Http/error_log HTTP/1.1" 403 1242 "http://www.mianjeepos.bms69.com/vendor/laravel/framework/src/Illuminate/Foundation/Http/" "Mozilla/5.0 AppleWebKit/537.36 (KHTML, like Gecko; compatible; GPTBot/1.3; +https://openai.com/gptbot)"
74.7.227.142 - - [17/Mar/2026:02:22:42 +0000] "GET /vendor/laravel/framework/src/Illuminate/Database/Query/Grammars/ HTTP/1.1" 200 1123 "http://www.mianjeepos.bms69.com/vendor/laravel/framework/src/Illuminate/Database/Query/" "Mozilla/5.0 AppleWebKit/537.36 (KHTML, like Gecko; compatible; GPTBot/1.3; +https://openai.com/gptbot)"
74.7.227.142 - - [17/Mar/2026:02:23:02 +0000] "GET /vendor/laravel/framework/src/Illuminate/Http/Exceptions/ThrottleRequestsException.php HTTP/1.1" 500 0 "http://www.mianjeepos.bms69.com/vendor/laravel/framework/src/Illuminate/Http/Exceptions/" "Mozilla/5.0 AppleWebKit/537.36 (KHTML, like Gecko; compatible; GPTBot/1.3; +https://openai.com/gptbot)"
74.7.227.166 - - [17/Mar/2026:02:23:25 +0000] "GET /vendor/spatie/laravel-medialibrary/src/MediaCollections/Exceptions/FunctionalityNotAvailable.php HTTP/1.1" 200 0 "http://mianjeepos.bms69.com/vendor/spatie/laravel-medialibrary/src/MediaCollections/Exceptions/" "Mozilla/5.0 AppleWebKit/537.36 (KHTML, like Gecko; compatible; GPTBot/1.3; +https://openai.com/gptbot)"
74.7.227.142 - - [17/Mar/2026:02:23:25 +0000] "GET /vendor/laravel/framework/src/Illuminate/Auth/Listeners/SendEmailVerificationNotification.php HTTP/1.1" 200 0 "http://www.mianjeepos.bms69.com/vendor/laravel/framework/src/Illuminate/Auth/Listeners/" "Mozilla/5.0 AppleWebKit/537.36 (KHTML, like Gecko; compatible; GPTBot/1.3; +https://openai.com/gptbot)"
74.7.227.166 - - [17/Mar/2026:02:23:40 +0000] "GET /resources/views/emails/?NA HTTP/1.1" 200 697 "http://mianjeepos.bms69.com/resources/views/emails/?ND" "Mozilla/5.0 AppleWebKit/537.36 (KHTML, like Gecko; compatible; GPTBot/1.3; +https://openai.com/gptbot)"
74.7.227.166 - - [17/Mar/2026:02:23:52 +0000] "GET /resources/js/components/?NA HTTP/1.1" 200 718 "http://mianjeepos.bms69.com/resources/js/components/?ND" "Mozilla/5.0 AppleWebKit/537.36 (KHTML, like Gecko; compatible; GPTBot/1.3; +https://openai.com/gptbot)"
74.7.227.166 - - [17/Mar/2026:02:23:57 +0000] "GET /resources/js/components/?MA HTTP/1.1" 200 728 "http://mianjeepos.bms69.com/resources/js/components/?ND" "Mozilla/5.0 AppleWebKit/537.36 (KHTML, like Gecko; compatible; GPTBot/1.3; +https://openai.com/gptbot)"
74.7.227.166 - - [17/Mar/2026:02:24:05 +0000] "GET /resources/views/emails/?MA HTTP/1.1" 200 705 "http://mianjeepos.bms69.com/resources/views/emails/?ND" "Mozilla/5.0 AppleWebKit/537.36 (KHTML, like Gecko; compatible; GPTBot/1.3; +https://openai.com/gptbot)"
74.7.227.166 - - [17/Mar/2026:02:24:16 +0000] "GET /resources/views/emails/?SA HTTP/1.1" 200 703 "http://mianjeepos.bms69.com/resources/views/emails/?ND" "Mozilla/5.0 AppleWebKit/537.36 (KHTML, like Gecko; compatible; GPTBot/1.3; +https://openai.com/gptbot)"
74.7.227.166 - - [17/Mar/2026:02:24:26 +0000] "GET /resources/views/emails/?SD HTTP/1.1" 200 703 "http://mianjeepos.bms69.com/resources/views/emails/?SA" "Mozilla/5.0 AppleWebKit/537.36 (KHTML, like Gecko; compatible; GPTBot/1.3; +https://openai.com/gptbot)"
74.7.227.166 - - [17/Mar/2026:02:24:31 +0000] "GET /resources/js/components/?SD HTTP/1.1" 200 725 "http://mianjeepos.bms69.com/resources/js/components/?SA" "Mozilla/5.0 AppleWebKit/537.36 (KHTML, like Gecko; compatible; GPTBot/1.3; +https://openai.com/gptbot)"
74.7.227.166 - - [17/Mar/2026:02:24:36 +0000] "GET /resources/js/components/?MD HTTP/1.1" 200 725 "http://mianjeepos.bms69.com/resources/js/components/?MA" "Mozilla/5.0 AppleWebKit/537.36 (KHTML, like Gecko; compatible; GPTBot/1.3; +https://openai.com/gptbot)"
74.7.227.166 - - [17/Mar/2026:02:24:40 +0000] "GET /resources/views/emails/?MD HTTP/1.1" 200 703 "http://mianjeepos.bms69.com/resources/views/emails/?MA" "Mozilla/5.0 AppleWebKit/537.36 (KHTML, like Gecko; compatible; GPTBot/1.3; +https://openai.com/gptbot)"
74.7.227.166 - - [17/Mar/2026:02:24:45 +0000] "GET /vendor/ezyang/htmlpurifier/library/HTMLPurifier/AttrDef/CSS/?SA HTTP/1.1" 200 1461 "http://mianjeepos.bms69.com/vendor/ezyang/htmlpurifier/library/HTMLPurifier/AttrDef/CSS/" "Mozilla/5.0 AppleWebKit/537.36 (KHTML, like Gecko; compatible; GPTBot/1.3; +https://openai.com/gptbot)"
74.7.227.166 - - [17/Mar/2026:02:24:49 +0000] "GET /vendor/ezyang/htmlpurifier/library/HTMLPurifier/AttrDef/CSS/?MA HTTP/1.1" 200 1477 "http://mianjeepos.bms69.com/vendor/ezyang/htmlpurifier/library/HTMLPurifier/AttrDef/CSS/" "Mozilla/5.0 AppleWebKit/537.36 (KHTML, like Gecko; compatible; GPTBot/1.3; +https://openai.com/gptbot)"
74.7.227.166 - - [17/Mar/2026:02:24:53 +0000] "GET /vendor/phpoffice/phpspreadsheet/?ND HTTP/1.1" 200 1195 "http://mianjeepos.bms69.com/vendor/phpoffice/phpspreadsheet/" "Mozilla/5.0 AppleWebKit/537.36 (KHTML, like Gecko; compatible; GPTBot/1.3; +https://openai.com/gptbot)"
74.7.227.166 - - [17/Mar/2026:02:24:57 +0000] "GET /vendor/phpoffice/phpspreadsheet/?MA HTTP/1.1" 200 1207 "http://mianjeepos.bms69.com/vendor/phpoffice/phpspreadsheet/" "Mozilla/5.0 AppleWebKit/537.36 (KHTML, like Gecko; compatible; GPTBot/1.3; +https://openai.com/gptbot)"
74.7.227.166 - - [17/Mar/2026:02:25:00 +0000] "GET /vendor/phpoffice/phpspreadsheet/?SA HTTP/1.1" 200 1201 "http://mianjeepos.bms69.com/vendor/phpoffice/phpspreadsheet/" "Mozilla/5.0 AppleWebKit/537.36 (KHTML, like Gecko; compatible; GPTBot/1.3; +https://openai.com/gptbot)"
74.7.227.166 - - [17/Mar/2026:02:25:03 +0000] "GET /vendor/mockery/mockery/library/Mockery/CountValidator/Exception.php HTTP/1.1" 500 0 "http://mianjeepos.bms69.com/vendor/mockery/mockery/library/Mockery/CountValidator/" "Mozilla/5.0 AppleWebKit/537.36 (KHTML, like Gecko; compatible; GPTBot/1.3; +https://openai.com/gptbot)"
74.7.227.166 - - [17/Mar/2026:02:25:06 +0000] "GET /vendor/phar-io/manifest/src/values/Manifest.php HTTP/1.1" 200 0 "http://mianjeepos.bms69.com/vendor/phar-io/manifest/src/values/" "Mozilla/5.0 AppleWebKit/537.36 (KHTML, like Gecko; compatible; GPTBot/1.3; +https://openai.com/gptbot)"
74.7.227.166 - - [17/Mar/2026:02:25:15 +0000] "GET /vendor/laravel/framework/src/Illuminate/Queue/LICENSE.md HTTP/1.1" 200 1075 "http://mianjeepos.bms69.com/vendor/laravel/framework/src/Illuminate/Queue/" "Mozilla/5.0 AppleWebKit/537.36 (KHTML, like Gecko; compatible; GPTBot/1.3; +https://openai.com/gptbot)"
74.7.227.166 - - [17/Mar/2026:02:25:22 +0000] "GET /vendor/laravel/framework/src/Illuminate/Redis/LICENSE.md HTTP/1.1" 200 1075 "http://mianjeepos.bms69.com/vendor/laravel/framework/src/Illuminate/Redis/" "Mozilla/5.0 AppleWebKit/537.36 (KHTML, like Gecko; compatible; GPTBot/1.3; +https://openai.com/gptbot)"
74.7.227.166 - - [17/Mar/2026:02:25:29 +0000] "GET /vendor/laravel/framework/src/Illuminate/Cache/LICENSE.md HTTP/1.1" 200 1075 "http://mianjeepos.bms69.com/vendor/laravel/framework/src/Illuminate/Cache/" "Mozilla/5.0 AppleWebKit/537.36 (KHTML, like Gecko; compatible; GPTBot/1.3; +https://openai.com/gptbot)"
74.7.227.166 - - [17/Mar/2026:02:25:34 +0000] "GET /vendor/doctrine/dbal/src/Platforms/MySQL/CollationMetadataProvider/?MA HTTP/1.1" 200 773 "http://mianjeepos.bms69.com/vendor/doctrine/dbal/src/Platforms/MySQL/CollationMetadataProvider/" "Mozilla/5.0 AppleWebKit/537.36 (KHTML, like Gecko; compatible; GPTBot/1.3; +https://openai.com/gptbot)"
74.7.227.166 - - [17/Mar/2026:02:25:40 +0000] "GET /vendor/ezyang/htmlpurifier/library/HTMLPurifier/AttrDef/CSS/?SD HTTP/1.1" 200 1450 "http://mianjeepos.bms69.com/vendor/ezyang/htmlpurifier/library/HTMLPurifier/AttrDef/CSS/?SA" "Mozilla/5.0 AppleWebKit/537.36 (KHTML, like Gecko; compatible; GPTBot/1.3; +https://openai.com/gptbot)"
74.7.227.166 - - [17/Mar/2026:02:25:45 +0000] "GET /vendor/ezyang/htmlpurifier/library/HTMLPurifier/AttrDef/CSS/?MD HTTP/1.1" 200 1478 "http://mianjeepos.bms69.com/vendor/ezyang/htmlpurifier/library/HTMLPurifier/AttrDef/CSS/?MA" "Mozilla/5.0 AppleWebKit/537.36 (KHTML, like Gecko; compatible; GPTBot/1.3; +https://openai.com/gptbot)"
74.7.227.166 - - [17/Mar/2026:02:25:49 +0000] "GET /vendor/phpoffice/phpspreadsheet/?NA HTTP/1.1" 200 1196 "http://mianjeepos.bms69.com/vendor/phpoffice/phpspreadsheet/?ND" "Mozilla/5.0 AppleWebKit/537.36 (KHTML, like Gecko; compatible; GPTBot/1.3; +https://openai.com/gptbot)"
74.7.227.166 - - [17/Mar/2026:02:25:53 +0000] "GET /vendor/phpoffice/phpspreadsheet/?MA HTTP/1.1" 200 1207 "http://mianjeepos.bms69.com/vendor/phpoffice/phpspreadsheet/?ND" "Mozilla/5.0 AppleWebKit/537.36 (KHTML, like Gecko; compatible; GPTBot/1.3; +https://openai.com/gptbot)"
74.7.227.166 - - [17/Mar/2026:02:25:56 +0000] "GET /vendor/phpoffice/phpspreadsheet/?SD HTTP/1.1" 200 1201 "http://mianjeepos.bms69.com/vendor/phpoffice/phpspreadsheet/?SA" "Mozilla/5.0 AppleWebKit/537.36 (KHTML, like Gecko; compatible; GPTBot/1.3; +https://openai.com/gptbot)"
74.7.227.166 - - [17/Mar/2026:02:25:59 +0000] "GET /vendor/phpoffice/phpspreadsheet/?MD HTTP/1.1" 200 1210 "http://mianjeepos.bms69.com/vendor/phpoffice/phpspreadsheet/?MA" "Mozilla/5.0 AppleWebKit/537.36 (KHTML, like Gecko; compatible; GPTBot/1.3; +https://openai.com/gptbot)"
74.7.227.166 - - [17/Mar/2026:02:18:43 +0000] "GET /vendor/nunomaduro/collision/src/Adapters/Phpunit/Subscribers/EnsurePrinterIsRegisteredSubscriber.php HTTP/1.1" 200 0 "http://mianjeepos.bms69.com/vendor/nunomaduro/collision/src/Adapters/Phpunit/Subscribers/" "Mozilla/5.0 AppleWebKit/537.36 (KHTML, like Gecko; compatible; GPTBot/1.3; +https://openai.com/gptbot)"
74.7.227.142 - - [17/Mar/2026:02:19:14 +0000] "GET /vendor/laravel/framework/src/Illuminate/Contracts/Debug/ExceptionHandler.php HTTP/1.1" 200 0 "http://www.mianjeepos.bms69.com/vendor/laravel/framework/src/Illuminate/Contracts/Debug/" "Mozilla/5.0 AppleWebKit/537.36 (KHTML, like Gecko; compatible; GPTBot/1.3; +https://openai.com/gptbot)"
74.7.227.166 - - [17/Mar/2026:02:19:25 +0000] "GET /resources/views/emails/?ND HTTP/1.1" 200 702 "http://mianjeepos.bms69.com/resources/views/emails/" "Mozilla/5.0 AppleWebKit/537.36 (KHTML, like Gecko; compatible; GPTBot/1.3; +https://openai.com/gptbot)"
74.7.227.166 - - [17/Mar/2026:02:20:01 +0000] "GET /resources/js/components/?ND HTTP/1.1" 200 722 "http://mianjeepos.bms69.com/resources/js/components/" "Mozilla/5.0 AppleWebKit/537.36 (KHTML, like Gecko; compatible; GPTBot/1.3; +https://openai.com/gptbot)"
74.7.227.142 - - [17/Mar/2026:02:20:47 +0000] "GET /vendor/laravel/framework/src/Illuminate/Contracts/View/Engine.php HTTP/1.1" 200 0 "http://www.mianjeepos.bms69.com/vendor/laravel/framework/src/Illuminate/Contracts/View/" "Mozilla/5.0 AppleWebKit/537.36 (KHTML, like Gecko; compatible; GPTBot/1.3; +https://openai.com/gptbot)"
74.7.227.166 - - [17/Mar/2026:02:21:01 +0000] "GET /resources/js/components/?SA HTTP/1.1" 200 722 "http://mianjeepos.bms69.com/resources/js/components/" "Mozilla/5.0 AppleWebKit/537.36 (KHTML, like Gecko; compatible; GPTBot/1.3; +https://openai.com/gptbot)"
74.7.227.142 - - [17/Mar/2026:02:21:14 +0000] "GET /vendor/laravel/framework/src/Illuminate/Contracts/View/error_log HTTP/1.1" 403 1242 "http://www.mianjeepos.bms69.com/vendor/laravel/framework/src/Illuminate/Contracts/View/" "Mozilla/5.0 AppleWebKit/537.36 (KHTML, like Gecko; compatible; GPTBot/1.3; +https://openai.com/gptbot)"
74.7.227.166 - - [17/Mar/2026:02:22:33 +0000] "GET /vendor/egulias/email-validator/?MA HTTP/1.1" 200 791 "http://mianjeepos.bms69.com/vendor/egulias/email-validator/?SA" "Mozilla/5.0 AppleWebKit/537.36 (KHTML, like Gecko; compatible; GPTBot/1.3; +https://openai.com/gptbot)"
74.7.227.166 - - [17/Mar/2026:02:22:51 +0000] "GET /vendor/egulias/email-validator/?MD HTTP/1.1" 200 792 "http://mianjeepos.bms69.com/vendor/egulias/email-validator/?MA" "Mozilla/5.0 AppleWebKit/537.36 (KHTML, like Gecko; compatible; GPTBot/1.3; +https://openai.com/gptbot)"
74.7.227.166 - - [17/Mar/2026:02:23:07 +0000] "GET /vendor/egulias/email-validator/?SD HTTP/1.1" 200 795 "http://mianjeepos.bms69.com/vendor/egulias/email-validator/?SA" "Mozilla/5.0 AppleWebKit/537.36 (KHTML, like Gecko; compatible; GPTBot/1.3; +https://openai.com/gptbot)"
74.7.227.142 - - [17/Mar/2026:02:24:19 +0000] "GET /vendor/laravel/framework/src/Illuminate/Routing/Console/ControllerMakeCommand.php HTTP/1.1" 500 0 "http://www.mianjeepos.bms69.com/vendor/laravel/framework/src/Illuminate/Routing/Console/" "Mozilla/5.0 AppleWebKit/537.36 (KHTML, like Gecko; compatible; GPTBot/1.3; +https://openai.com/gptbot)"
74.7.227.142 - - [17/Mar/2026:02:25:08 +0000] "GET /vendor/laravel/framework/src/Illuminate/Database/Query/JoinLateralClause.php HTTP/1.1" 500 0 "http://www.mianjeepos.bms69.com/vendor/laravel/framework/src/Illuminate/Database/Query/" "Mozilla/5.0 AppleWebKit/537.36 (KHTML, like Gecko; compatible; GPTBot/1.3; +https://openai.com/gptbot)"
74.7.244.31 - - [17/Mar/2026:02:25:08 +0000] "GET /robots.txt HTTP/1.1" 404 1251 "-" "Mozilla/5.0 (Macintosh; Intel Mac OS X 10_15_7) AppleWebKit/537.36 (KHTML, like Gecko) Chrome/131.0.0.0 Safari/537.36; compatible; OAI-SearchBot/1.3; robots.txt; +https://openai.com/searchbot"
74.7.227.166 - - [17/Mar/2026:02:26:01 +0000] "GET /vendor/doctrine/dbal/src/Platforms/MySQL/CollationMetadataProvider/?SA HTTP/1.1" 200 770 "http://mianjeepos.bms69.com/vendor/doctrine/dbal/src/Platforms/MySQL/CollationMetadataProvider/" "Mozilla/5.0 AppleWebKit/537.36 (KHTML, like Gecko; compatible; GPTBot/1.3; +https://openai.com/gptbot)"
74.7.227.166 - - [17/Mar/2026:02:26:04 +0000] "GET /vendor/doctrine/dbal/src/Platforms/MySQL/CollationMetadataProvider/?ND HTTP/1.1" 200 761 "http://mianjeepos.bms69.com/vendor/doctrine/dbal/src/Platforms/MySQL/CollationMetadataProvider/" "Mozilla/5.0 AppleWebKit/537.36 (KHTML, like Gecko; compatible; GPTBot/1.3; +https://openai.com/gptbot)"
74.7.227.166 - - [17/Mar/2026:02:26:05 +0000] "GET /vendor/laravel/framework/src/Illuminate/Notifications/?ND HTTP/1.1" 200 1485 "http://mianjeepos.bms69.com/vendor/laravel/framework/src/Illuminate/Notifications/" "Mozilla/5.0 AppleWebKit/537.36 (KHTML, like Gecko; compatible; GPTBot/1.3; +https://openai.com/gptbot)"
74.7.227.166 - - [17/Mar/2026:02:26:08 +0000] "GET /vendor/laravel/framework/src/Illuminate/Notifications/composer.json HTTP/1.1" 200 400 "http://mianjeepos.bms69.com/vendor/laravel/framework/src/Illuminate/Notifications/" "Mozilla/5.0 AppleWebKit/537.36 (KHTML, like Gecko; compatible; GPTBot/1.3; +https://openai.com/gptbot)"
74.7.227.166 - - [17/Mar/2026:02:26:10 +0000] "GET /vendor/doctrine/dbal/src/Platforms/MySQL/CollationMetadataProvider/CachingCollationMetadataProvider.php HTTP/1.1" 500 0 "http://mianjeepos.bms69.com/vendor/doctrine/dbal/src/Platforms/MySQL/CollationMetadataProvider/?MA" "Mozilla/5.0 AppleWebKit/537.36 (KHTML, like Gecko; compatible; GPTBot/1.3; +https://openai.com/gptbot)"
74.7.227.166 - - [17/Mar/2026:02:26:12 +0000] "GET /vendor/doctrine/dbal/src/Platforms/MySQL/CollationMetadataProvider/ConnectionCollationMetadataProvider.php HTTP/1.1" 500 0 "http://mianjeepos.bms69.com/vendor/doctrine/dbal/src/Platforms/MySQL/CollationMetadataProvider/?MA" "Mozilla/5.0 AppleWebKit/537.36 (KHTML, like Gecko; compatible; GPTBot/1.3; +https://openai.com/gptbot)"
74.7.227.166 - - [17/Mar/2026:02:26:16 +0000] "GET /vendor/doctrine/dbal/src/Platforms/MySQL/CollationMetadataProvider/?NA HTTP/1.1" 200 768 "http://mianjeepos.bms69.com/vendor/doctrine/dbal/src/Platforms/MySQL/CollationMetadataProvider/?MA" "Mozilla/5.0 AppleWebKit/537.36 (KHTML, like Gecko; compatible; GPTBot/1.3; +https://openai.com/gptbot)"
74.7.227.166 - - [17/Mar/2026:02:27:08 +0000] "GET /vendor/spatie/laravel-medialibrary/src/ResponsiveImages/Events/?MA HTTP/1.1" 200 742 "http://mianjeepos.bms69.com/vendor/spatie/laravel-medialibrary/src/ResponsiveImages/Events/" "Mozilla/5.0 AppleWebKit/537.36 (KHTML, like Gecko; compatible; GPTBot/1.3; +https://openai.com/gptbot)"
74.7.227.166 - - [17/Mar/2026:02:27:18 +0000] "GET /vendor/doctrine/dbal/src/Platforms/MySQL/CollationMetadataProvider/?SD HTTP/1.1" 200 765 "http://mianjeepos.bms69.com/vendor/doctrine/dbal/src/Platforms/MySQL/CollationMetadataProvider/?SA" "Mozilla/5.0 AppleWebKit/537.36 (KHTML, like Gecko; compatible; GPTBot/1.3; +https://openai.com/gptbot)"
74.7.175.187 - - [17/Mar/2026:02:27:18 +0000] "GET /robots.txt HTTP/1.1" 404 1251 "-" "Mozilla/5.0 (Macintosh; Intel Mac OS X 10_15_7) AppleWebKit/537.36 (KHTML, like Gecko) Chrome/131.0.0.0 Safari/537.36; compatible; OAI-SearchBot/1.3; robots.txt; +https://openai.com/searchbot"
74.7.227.166 - - [17/Mar/2026:02:27:28 +0000] "GET /vendor/spatie/laravel-medialibrary/src/ResponsiveImages/Events/?ND HTTP/1.1" 200 737 "http://mianjeepos.bms69.com/vendor/spatie/laravel-medialibrary/src/ResponsiveImages/Events/" "Mozilla/5.0 AppleWebKit/537.36 (KHTML, like Gecko; compatible; GPTBot/1.3; +https://openai.com/gptbot)"
74.7.227.166 - - [17/Mar/2026:02:27:37 +0000] "GET /vendor/laravel/framework/src/Illuminate/Notifications/Notifiable.php HTTP/1.1" 500 0 "http://mianjeepos.bms69.com/vendor/laravel/framework/src/Illuminate/Notifications/?ND" "Mozilla/5.0 AppleWebKit/537.36 (KHTML, like Gecko; compatible; GPTBot/1.3; +https://openai.com/gptbot)"
74.7.227.142 - - [17/Mar/2026:02:26:10 +0000] "GET /vendor/laravel/framework/src/Illuminate/Routing/Console/MiddlewareMakeCommand.php HTTP/1.1" 500 0 "http://www.mianjeepos.bms69.com/vendor/laravel/framework/src/Illuminate/Routing/Console/" "Mozilla/5.0 AppleWebKit/537.36 (KHTML, like Gecko; compatible; GPTBot/1.3; +https://openai.com/gptbot)"
74.7.227.166 - - [17/Mar/2026:02:26:32 +0000] "GET /vendor/doctrine/dbal/src/Platforms/MySQL/CollationMetadataProvider/?MD HTTP/1.1" 200 766 "http://mianjeepos.bms69.com/vendor/doctrine/dbal/src/Platforms/MySQL/CollationMetadataProvider/?MA" "Mozilla/5.0 AppleWebKit/537.36 (KHTML, like Gecko; compatible; GPTBot/1.3; +https://openai.com/gptbot)"
74.7.227.166 - - [17/Mar/2026:02:26:45 +0000] "GET /vendor/laravel/framework/src/Illuminate/Conditionable/composer.json HTTP/1.1" 200 308 "http://mianjeepos.bms69.com/vendor/laravel/framework/src/Illuminate/Conditionable/" "Mozilla/5.0 AppleWebKit/537.36 (KHTML, like Gecko; compatible; GPTBot/1.3; +https://openai.com/gptbot)"
74.7.227.166 - - [17/Mar/2026:02:26:56 +0000] "GET /vendor/spatie/laravel-medialibrary/src/ResponsiveImages/Events/?SA HTTP/1.1" 200 739 "http://mianjeepos.bms69.com/vendor/spatie/laravel-medialibrary/src/ResponsiveImages/Events/" "Mozilla/5.0 AppleWebKit/537.36 (KHTML, like Gecko; compatible; GPTBot/1.3; +https://openai.com/gptbot)"
74.7.227.142 - - [17/Mar/2026:02:27:14 +0000] "GET /vendor/laravel/framework/src/Illuminate/Support/Testing/Fakes/ HTTP/1.1" 200 1298 "http://www.mianjeepos.bms69.com/vendor/laravel/framework/src/Illuminate/Support/Testing/" "Mozilla/5.0 AppleWebKit/537.36 (KHTML, like Gecko; compatible; GPTBot/1.3; +https://openai.com/gptbot)"
74.7.227.166 - - [17/Mar/2026:02:28:06 +0000] "GET /vendor/laravel/framework/src/Illuminate/Notifications/Notification.php HTTP/1.1" 500 0 "http://mianjeepos.bms69.com/vendor/laravel/framework/src/Illuminate/Notifications/?ND" "Mozilla/5.0 AppleWebKit/537.36 (KHTML, like Gecko; compatible; GPTBot/1.3; +https://openai.com/gptbot)"
74.7.227.142 - - [17/Mar/2026:02:28:17 +0000] "GET /vendor/laravel/framework/src/Illuminate/Http/Exceptions/error_log HTTP/1.1" 403 1242 "http://www.mianjeepos.bms69.com/vendor/laravel/framework/src/Illuminate/Http/Exceptions/" "Mozilla/5.0 AppleWebKit/537.36 (KHTML, like Gecko; compatible; GPTBot/1.3; +https://openai.com/gptbot)"
74.7.227.142 - - [17/Mar/2026:02:29:13 +0000] "GET /vendor/laravel/framework/src/Illuminate/Http/Middleware/FrameGuard.php HTTP/1.1" 200 0 "http://www.mianjeepos.bms69.com/vendor/laravel/framework/src/Illuminate/Http/Middleware/" "Mozilla/5.0 AppleWebKit/537.36 (KHTML, like Gecko; compatible; GPTBot/1.3; +https://openai.com/gptbot)"
74.7.227.166 - - [17/Mar/2026:02:27:43 +0000] "GET /vendor/laravel/framework/src/Illuminate/Notifications/DatabaseNotification.php HTTP/1.1" 500 0 "http://mianjeepos.bms69.com/vendor/laravel/framework/src/Illuminate/Notifications/?ND" "Mozilla/5.0 AppleWebKit/537.36 (KHTML, like Gecko; compatible; GPTBot/1.3; +https://openai.com/gptbot)"
74.7.227.166 - - [17/Mar/2026:02:29:05 +0000] "GET /vendor/laravel/framework/src/Illuminate/Notifications/NotificationSender.php HTTP/1.1" 500 0 "http://mianjeepos.bms69.com/vendor/laravel/framework/src/Illuminate/Notifications/?ND" "Mozilla/5.0 AppleWebKit/537.36 (KHTML, like Gecko; compatible; GPTBot/1.3; +https://openai.com/gptbot)"
74.7.227.166 - - [17/Mar/2026:02:30:11 +0000] "GET /vendor/laravel/framework/src/Illuminate/Notifications/NotificationServiceProvider.php HTTP/1.1" 500 0 "http://mianjeepos.bms69.com/vendor/laravel/framework/src/Illuminate/Notifications/?ND" "Mozilla/5.0 AppleWebKit/537.36 (KHTML, like Gecko; compatible; GPTBot/1.3; +https://openai.com/gptbot)"
74.7.227.142 - - [17/Mar/2026:02:31:00 +0000] "GET /vendor/laravel/framework/src/Illuminate/Foundation/Http/MaintenanceModeBypassCookie.php HTTP/1.1" 200 0 "http://www.mianjeepos.bms69.com/vendor/laravel/framework/src/Illuminate/Foundation/Http/" "Mozilla/5.0 AppleWebKit/537.36 (KHTML, like Gecko; compatible; GPTBot/1.3; +https://openai.com/gptbot)"
74.7.227.142 - - [17/Mar/2026:02:31:49 +0000] "GET /vendor/laravel/framework/src/Illuminate/Foundation/Http/HtmlDumper.php HTTP/1.1" 500 0 "http://www.mianjeepos.bms69.com/vendor/laravel/framework/src/Illuminate/Foundation/Http/" "Mozilla/5.0 AppleWebKit/537.36 (KHTML, like Gecko; compatible; GPTBot/1.3; +https://openai.com/gptbot)"
74.7.175.187 - - [17/Mar/2026:02:32:26 +0000] "GET /robots.txt HTTP/1.1" 404 1251 "-" "Mozilla/5.0 (Macintosh; Intel Mac OS X 10_15_7) AppleWebKit/537.36 (KHTML, like Gecko) Chrome/131.0.0.0 Safari/537.36; compatible; OAI-SearchBot/1.3; robots.txt; +https://openai.com/searchbot"
74.7.227.166 - - [17/Mar/2026:02:33:21 +0000] "GET /vendor/laravel/framework/src/Illuminate/Notifications/?NA HTTP/1.1" 200 1510 "http://mianjeepos.bms69.com/vendor/laravel/framework/src/Illuminate/Notifications/?ND" "Mozilla/5.0 AppleWebKit/537.36 (KHTML, like Gecko; compatible; GPTBot/1.3; +https://openai.com/gptbot)"
74.7.227.142 - - [17/Mar/2026:02:34:32 +0000] "GET /vendor/laravel/framework/src/Illuminate/Support/Facades/Validator.php HTTP/1.1" 500 0 "http://www.mianjeepos.bms69.com/vendor/laravel/framework/src/Illuminate/Support/Facades/" "Mozilla/5.0 AppleWebKit/537.36 (KHTML, like Gecko; compatible; GPTBot/1.3; +https://openai.com/gptbot)"
74.7.227.166 - - [17/Mar/2026:02:36:08 +0000] "GET /vendor/spatie/laravel-medialibrary/src/ResponsiveImages/Events/?SD HTTP/1.1" 200 738 "http://mianjeepos.bms69.com/vendor/spatie/laravel-medialibrary/src/ResponsiveImages/Events/?SA" "Mozilla/5.0 AppleWebKit/537.36 (KHTML, like Gecko; compatible; GPTBot/1.3; +https://openai.com/gptbot)"
74.7.227.142 - - [17/Mar/2026:02:36:34 +0000] "GET /vendor/laravel/framework/src/Illuminate/Support/Facades/RateLimiter.php HTTP/1.1" 500 0 "http://www.mianjeepos.bms69.com/vendor/laravel/framework/src/Illuminate/Support/Facades/" "Mozilla/5.0 AppleWebKit/537.36 (KHTML, like Gecko; compatible; GPTBot/1.3; +https://openai.com/gptbot)"
74.7.227.166 - - [17/Mar/2026:02:36:56 +0000] "GET /vendor/ezyang/htmlpurifier/library/HTMLPurifier/Lexer/error_log HTTP/1.1" 403 1242 "http://mianjeepos.bms69.com/vendor/ezyang/htmlpurifier/library/HTMLPurifier/Lexer/" "Mozilla/5.0 AppleWebKit/537.36 (KHTML, like Gecko; compatible; GPTBot/1.3; +https://openai.com/gptbot)"
74.7.227.166 - - [17/Mar/2026:02:38:22 +0000] "GET /vendor/phpoffice/phpspreadsheet/src/PhpSpreadsheet/Calculation/BinaryComparison.php HTTP/1.1" 200 0 "http://mianjeepos.bms69.com/vendor/phpoffice/phpspreadsheet/src/PhpSpreadsheet/Calculation/" "Mozilla/5.0 AppleWebKit/537.36 (KHTML, like Gecko; compatible; GPTBot/1.3; +https://openai.com/gptbot)"
74.7.227.142 - - [17/Mar/2026:02:30:11 +0000] "GET /vendor/laravel/framework/src/Illuminate/Http/Middleware/AddLinkHeadersForPreloadedAssets.php HTTP/1.1" 200 0 "http://www.mianjeepos.bms69.com/vendor/laravel/framework/src/Illuminate/Http/Middleware/" "Mozilla/5.0 AppleWebKit/537.36 (KHTML, like Gecko; compatible; GPTBot/1.3; +https://openai.com/gptbot)"
74.7.244.31 - - [17/Mar/2026:02:30:11 +0000] "GET /robots.txt HTTP/1.1" 404 1251 "-" "Mozilla/5.0 (Macintosh; Intel Mac OS X 10_15_7) AppleWebKit/537.36 (KHTML, like Gecko) Chrome/131.0.0.0 Safari/537.36; compatible; OAI-SearchBot/1.3; robots.txt; +https://openai.com/searchbot"
74.7.227.166 - - [17/Mar/2026:02:31:13 +0000] "GET /vendor/laravel/framework/src/Illuminate/Notifications/DatabaseNotificationCollection.php HTTP/1.1" 500 0 "http://mianjeepos.bms69.com/vendor/laravel/framework/src/Illuminate/Notifications/?ND" "Mozilla/5.0 AppleWebKit/537.36 (KHTML, like Gecko; compatible; GPTBot/1.3; +https://openai.com/gptbot)"
74.7.227.166 - - [17/Mar/2026:02:32:26 +0000] "GET /vendor/laravel/framework/src/Illuminate/Notifications/ChannelManager.php HTTP/1.1" 500 0 "http://mianjeepos.bms69.com/vendor/laravel/framework/src/Illuminate/Notifications/?ND" "Mozilla/5.0 AppleWebKit/537.36 (KHTML, like Gecko; compatible; GPTBot/1.3; +https://openai.com/gptbot)"
74.7.227.142 - - [17/Mar/2026:02:32:32 +0000] "GET /vendor/laravel/framework/src/Illuminate/Http/Middleware/SetCacheHeaders.php HTTP/1.1" 200 0 "http://www.mianjeepos.bms69.com/vendor/laravel/framework/src/Illuminate/Http/Middleware/" "Mozilla/5.0 AppleWebKit/537.36 (KHTML, like Gecko; compatible; GPTBot/1.3; +https://openai.com/gptbot)"
74.7.227.142 - - [17/Mar/2026:02:33:35 +0000] "GET /vendor/laravel/framework/src/Illuminate/Support/Facades/Broadcast.php HTTP/1.1" 500 0 "http://www.mianjeepos.bms69.com/vendor/laravel/framework/src/Illuminate/Support/Facades/" "Mozilla/5.0 AppleWebKit/537.36 (KHTML, like Gecko; compatible; GPTBot/1.3; +https://openai.com/gptbot)"
74.7.227.166 - - [17/Mar/2026:02:34:26 +0000] "GET /vendor/spatie/laravel-medialibrary/src/ResponsiveImages/Events/?MD HTTP/1.1" 200 739 "http://mianjeepos.bms69.com/vendor/spatie/laravel-medialibrary/src/ResponsiveImages/Events/?MA" "Mozilla/5.0 AppleWebKit/537.36 (KHTML, like Gecko; compatible; GPTBot/1.3; +https://openai.com/gptbot)"
74.7.227.166 - - [17/Mar/2026:02:35:17 +0000] "GET /vendor/spatie/laravel-medialibrary/src/ResponsiveImages/Events/?NA HTTP/1.1" 200 734 "http://mianjeepos.bms69.com/vendor/spatie/laravel-medialibrary/src/ResponsiveImages/Events/?SA" "Mozilla/5.0 AppleWebKit/537.36 (KHTML, like Gecko; compatible; GPTBot/1.3; +https://openai.com/gptbot)"
74.7.227.142 - - [17/Mar/2026:02:35:28 +0000] "GET /vendor/laravel/framework/src/Illuminate/Support/Facades/ParallelTesting.php HTTP/1.1" 500 0 "http://www.mianjeepos.bms69.com/vendor/laravel/framework/src/Illuminate/Support/Facades/" "Mozilla/5.0 AppleWebKit/537.36 (KHTML, like Gecko; compatible; GPTBot/1.3; +https://openai.com/gptbot)"
74.7.227.142 - - [17/Mar/2026:02:37:36 +0000] "GET /vendor/laravel/framework/src/Illuminate/Http/Middleware/HandleCors.php HTTP/1.1" 200 0 "http://www.mianjeepos.bms69.com/vendor/laravel/framework/src/Illuminate/Http/Middleware/" "Mozilla/5.0 AppleWebKit/537.36 (KHTML, like Gecko; compatible; GPTBot/1.3; +https://openai.com/gptbot)"
74.7.227.166 - - [17/Mar/2026:02:37:38 +0000] "GET /vendor/doctrine/dbal/src/Driver/AbstractSQLServerDriver/Exception/PortWithoutHost.php HTTP/1.1" 500 0 "http://mianjeepos.bms69.com/vendor/doctrine/dbal/src/Driver/AbstractSQLServerDriver/Exception/" "Mozilla/5.0 AppleWebKit/537.36 (KHTML, like Gecko; compatible; GPTBot/1.3; +https://openai.com/gptbot)"
74.7.175.187 - - [17/Mar/2026:02:37:38 +0000] "GET /robots.txt HTTP/1.1" 404 1251 "-" "Mozilla/5.0 (Macintosh; Intel Mac OS X 10_15_7) AppleWebKit/537.36 (KHTML, like Gecko) Chrome/131.0.0.0 Safari/537.36; compatible; OAI-SearchBot/1.3; robots.txt; +https://openai.com/searchbot"
74.7.227.142 - - [17/Mar/2026:02:38:38 +0000] "GET /vendor/laravel/framework/src/Illuminate/Http/Middleware/TrustHosts.php HTTP/1.1" 200 0 "http://www.mianjeepos.bms69.com/vendor/laravel/framework/src/Illuminate/Http/Middleware/" "Mozilla/5.0 AppleWebKit/537.36 (KHTML, like Gecko; compatible; GPTBot/1.3; +https://openai.com/gptbot)"
74.7.227.166 - - [17/Mar/2026:02:39:25 +0000] "GET /vendor/fakerphp/faker/src/Faker/Provider/ HTTP/1.1" 200 3282 "http://mianjeepos.bms69.com/vendor/fakerphp/faker/src/Faker/" "Mozilla/5.0 AppleWebKit/537.36 (KHTML, like Gecko; compatible; GPTBot/1.3; +https://openai.com/gptbot)"
74.7.227.142 - - [17/Mar/2026:02:39:34 +0000] "GET /vendor/laravel/framework/src/Illuminate/Support/Facades/Notification.php HTTP/1.1" 500 0 "http://www.mianjeepos.bms69.com/vendor/laravel/framework/src/Illuminate/Support/Facades/" "Mozilla/5.0 AppleWebKit/537.36 (KHTML, like Gecko; compatible; GPTBot/1.3; +https://openai.com/gptbot)"
74.7.175.187 - - [17/Mar/2026:02:42:45 +0000] "GET /robots.txt HTTP/1.1" 404 1251 "-" "Mozilla/5.0 (Macintosh; Intel Mac OS X 10_15_7) AppleWebKit/537.36 (KHTML, like Gecko) Chrome/131.0.0.0 Safari/537.36; compatible; OAI-SearchBot/1.3; robots.txt; +https://openai.com/searchbot"
74.7.227.166 - - [17/Mar/2026:02:43:18 +0000] "GET /vendor/symfony/routing/Loader/Configurator/Traits/PrefixTrait.php HTTP/1.1" 200 0 "http://mianjeepos.bms69.com/vendor/symfony/routing/Loader/Configurator/Traits/" "Mozilla/5.0 AppleWebKit/537.36 (KHTML, like Gecko; compatible; GPTBot/1.3; +https://openai.com/gptbot)"
74.7.227.166 - - [17/Mar/2026:02:45:25 +0000] "GET /vendor/psy/psysh/src/Input/ShellInput.php HTTP/1.1" 500 0 "http://mianjeepos.bms69.com/vendor/psy/psysh/src/Input/" "Mozilla/5.0 AppleWebKit/537.36 (KHTML, like Gecko; compatible; GPTBot/1.3; +https://openai.com/gptbot)"
74.7.227.142 - - [17/Mar/2026:02:45:30 +0000] "GET /vendor/laravel/framework/src/Illuminate/Database/Query/IndexHint.php HTTP/1.1" 200 0 "http://www.mianjeepos.bms69.com/vendor/laravel/framework/src/Illuminate/Database/Query/" "Mozilla/5.0 AppleWebKit/537.36 (KHTML, like Gecko; compatible; GPTBot/1.3; +https://openai.com/gptbot)"
74.7.227.166 - - [17/Mar/2026:02:46:28 +0000] "GET /vendor/nette/utils/src/Utils/Callback.php HTTP/1.1" 500 0 "http://mianjeepos.bms69.com/vendor/nette/utils/src/Utils/" "Mozilla/5.0 AppleWebKit/537.36 (KHTML, like Gecko; compatible; GPTBot/1.3; +https://openai.com/gptbot)"
74.7.227.142 - - [17/Mar/2026:02:46:29 +0000] "GET /vendor/laravel/framework/src/Illuminate/Http/Middleware/CheckResponseForModifications.php HTTP/1.1" 200 0 "http://www.mianjeepos.bms69.com/vendor/laravel/framework/src/Illuminate/Http/Middleware/" "Mozilla/5.0 AppleWebKit/537.36 (KHTML, like Gecko; compatible; GPTBot/1.3; +https://openai.com/gptbot)"
74.7.244.31 - - [17/Mar/2026:02:46:29 +0000] "GET /robots.txt HTTP/1.1" 404 1251 "-" "Mozilla/5.0 (Macintosh; Intel Mac OS X 10_15_7) AppleWebKit/537.36 (KHTML, like Gecko) Chrome/131.0.0.0 Safari/537.36; compatible; OAI-SearchBot/1.3; robots.txt; +https://openai.com/searchbot"
74.7.227.166 - - [17/Mar/2026:02:40:22 +0000] "GET /vendor/markbaker/matrix/?SA HTTP/1.1" 200 1113 "http://mianjeepos.bms69.com/vendor/markbaker/matrix/" "Mozilla/5.0 AppleWebKit/537.36 (KHTML, like Gecko; compatible; GPTBot/1.3; +https://openai.com/gptbot)"
74.7.227.142 - - [17/Mar/2026:02:40:25 +0000] "GET /vendor/laravel/framework/src/Illuminate/Database/Query/JoinClause.php HTTP/1.1" 500 0 "http://www.mianjeepos.bms69.com/vendor/laravel/framework/src/Illuminate/Database/Query/" "Mozilla/5.0 AppleWebKit/537.36 (KHTML, like Gecko; compatible; GPTBot/1.3; +https://openai.com/gptbot)"
74.7.227.166 - - [17/Mar/2026:02:41:13 +0000] "GET /vendor/markbaker/matrix/?MA HTTP/1.1" 200 1112 "http://mianjeepos.bms69.com/vendor/markbaker/matrix/" "Mozilla/5.0 AppleWebKit/537.36 (KHTML, like Gecko; compatible; GPTBot/1.3; +https://openai.com/gptbot)"
74.7.227.142 - - [17/Mar/2026:02:41:27 +0000] "GET /vendor/laravel/framework/src/Illuminate/Auth/Middleware/RequirePassword.php HTTP/1.1" 200 0 "http://www.mianjeepos.bms69.com/vendor/laravel/framework/src/Illuminate/Auth/Middleware/" "Mozilla/5.0 AppleWebKit/537.36 (KHTML, like Gecko; compatible; GPTBot/1.3; +https://openai.com/gptbot)"
74.7.244.31 - - [17/Mar/2026:02:41:27 +0000] "GET /robots.txt HTTP/1.1" 404 1251 "-" "Mozilla/5.0 (Macintosh; Intel Mac OS X 10_15_7) AppleWebKit/537.36 (KHTML, like Gecko) Chrome/131.0.0.0 Safari/537.36; compatible; OAI-SearchBot/1.3; robots.txt; +https://openai.com/searchbot"
74.7.227.166 - - [17/Mar/2026:02:41:58 +0000] "GET /vendor/markbaker/matrix/?ND HTTP/1.1" 200 1106 "http://mianjeepos.bms69.com/vendor/markbaker/matrix/" "Mozilla/5.0 AppleWebKit/537.36 (KHTML, like Gecko; compatible; GPTBot/1.3; +https://openai.com/gptbot)"
74.7.227.142 - - [17/Mar/2026:02:42:27 +0000] "GET /vendor/laravel/framework/src/Illuminate/Foundation/Http/FormRequest.php HTTP/1.1" 500 0 "http://www.mianjeepos.bms69.com/vendor/laravel/framework/src/Illuminate/Foundation/Http/" "Mozilla/5.0 AppleWebKit/537.36 (KHTML, like Gecko; compatible; GPTBot/1.3; +https://openai.com/gptbot)"
74.7.227.166 - - [17/Mar/2026:02:42:45 +0000] "GET /vendor/nesbot/carbon/lazy/Carbon/PHPStan/ HTTP/1.1" 200 798 "http://mianjeepos.bms69.com/vendor/nesbot/carbon/lazy/Carbon/" "Mozilla/5.0 AppleWebKit/537.36 (KHTML, like Gecko; compatible; GPTBot/1.3; +https://openai.com/gptbot)"
74.7.227.142 - - [17/Mar/2026:02:43:25 +0000] "GET /vendor/laravel/framework/src/Illuminate/Database/Query/Expression.php HTTP/1.1" 500 0 "http://www.mianjeepos.bms69.com/vendor/laravel/framework/src/Illuminate/Database/Query/" "Mozilla/5.0 AppleWebKit/537.36 (KHTML, like Gecko; compatible; GPTBot/1.3; +https://openai.com/gptbot)"
74.7.227.166 - - [17/Mar/2026:02:43:50 +0000] "GET /vendor/laravel/framework/src/Illuminate/Foundation/MaintenanceModeManager.php HTTP/1.1" 500 0 "http://mianjeepos.bms69.com/vendor/laravel/framework/src/Illuminate/Foundation/" "Mozilla/5.0 AppleWebKit/537.36 (KHTML, like Gecko; compatible; GPTBot/1.3; +https://openai.com/gptbot)"
74.7.227.166 - - [17/Mar/2026:02:44:21 +0000] "GET /vendor/psy/psysh/src/Sudo/SudoVisitor.php HTTP/1.1" 500 0 "http://mianjeepos.bms69.com/vendor/psy/psysh/src/Sudo/" "Mozilla/5.0 AppleWebKit/537.36 (KHTML, like Gecko; compatible; GPTBot/1.3; +https://openai.com/gptbot)"
74.7.227.142 - - [17/Mar/2026:02:44:28 +0000] "GET /vendor/laravel/framework/src/Illuminate/Http/Middleware/TrustProxies.php HTTP/1.1" 200 0 "http://www.mianjeepos.bms69.com/vendor/laravel/framework/src/Illuminate/Http/Middleware/" "Mozilla/5.0 AppleWebKit/537.36 (KHTML, like Gecko; compatible; GPTBot/1.3; +https://openai.com/gptbot)"
74.7.227.166 - - [17/Mar/2026:02:47:27 +0000] "GET /vendor/nette/utils/src/Utils/DateTime.php HTTP/1.1" 500 0 "http://mianjeepos.bms69.com/vendor/nette/utils/src/Utils/" "Mozilla/5.0 AppleWebKit/537.36 (KHTML, like Gecko; compatible; GPTBot/1.3; +https://openai.com/gptbot)"
74.7.227.142 - - [17/Mar/2026:02:48:02 +0000] "GET /vendor/laravel/framework/src/Illuminate/Auth/Middleware/Authorize.php HTTP/1.1" 200 0 "http://www.mianjeepos.bms69.com/vendor/laravel/framework/src/Illuminate/Auth/Middleware/" "Mozilla/5.0 AppleWebKit/537.36 (KHTML, like Gecko; compatible; GPTBot/1.3; +https://openai.com/gptbot)"
74.7.227.142 - - [17/Mar/2026:02:50:26 +0000] "GET /vendor/laravel/framework/src/Illuminate/Support/Facades/Session.php HTTP/1.1" 500 0 "http://www.mianjeepos.bms69.com/vendor/laravel/framework/src/Illuminate/Support/Facades/" "Mozilla/5.0 AppleWebKit/537.36 (KHTML, like Gecko; compatible; GPTBot/1.3; +https://openai.com/gptbot)"
74.7.227.142 - - [17/Mar/2026:02:51:30 +0000] "GET /vendor/laravel/framework/src/Illuminate/Support/Facades/Artisan.php HTTP/1.1" 500 0 "http://www.mianjeepos.bms69.com/vendor/laravel/framework/src/Illuminate/Support/Facades/" "Mozilla/5.0 AppleWebKit/537.36 (KHTML, like Gecko; compatible; GPTBot/1.3; +https://openai.com/gptbot)"
74.7.244.31 - - [17/Mar/2026:02:51:30 +0000] "GET /robots.txt HTTP/1.1" 404 1251 "-" "Mozilla/5.0 (Macintosh; Intel Mac OS X 10_15_7) AppleWebKit/537.36 (KHTML, like Gecko) Chrome/131.0.0.0 Safari/537.36; compatible; OAI-SearchBot/1.3; robots.txt; +https://openai.com/searchbot"
74.7.227.166 - - [17/Mar/2026:02:51:37 +0000] "GET /vendor/markbaker/matrix/?SD HTTP/1.1" 200 1101 "http://mianjeepos.bms69.com/vendor/markbaker/matrix/?SA" "Mozilla/5.0 AppleWebKit/537.36 (KHTML, like Gecko; compatible; GPTBot/1.3; +https://openai.com/gptbot)"
74.7.227.166 - - [17/Mar/2026:02:52:26 +0000] "GET /vendor/nesbot/carbon/lazy/Carbon/PHPStan/AbstractMacroStatic.php HTTP/1.1" 500 0 "http://mianjeepos.bms69.com/vendor/nesbot/carbon/lazy/Carbon/PHPStan/" "Mozilla/5.0 AppleWebKit/537.36 (KHTML, like Gecko; compatible; GPTBot/1.3; +https://openai.com/gptbot)"
74.7.227.166 - - [17/Mar/2026:02:53:14 +0000] "GET /vendor/markbaker/matrix/?NA HTTP/1.1" 200 1100 "http://mianjeepos.bms69.com/vendor/markbaker/matrix/?SA" "Mozilla/5.0 AppleWebKit/537.36 (KHTML, like Gecko; compatible; GPTBot/1.3; +https://openai.com/gptbot)"
74.7.227.142 - - [17/Mar/2026:02:53:37 +0000] "GET /vendor/laravel/framework/src/Illuminate/Support/Facades/Pipeline.php HTTP/1.1" 500 0 "http://www.mianjeepos.bms69.com/vendor/laravel/framework/src/Illuminate/Support/Facades/" "Mozilla/5.0 AppleWebKit/537.36 (KHTML, like Gecko; compatible; GPTBot/1.3; +https://openai.com/gptbot)"
74.7.227.166 - - [17/Mar/2026:02:54:20 +0000] "GET /vendor/league/commonmark/src/Renderer/Block/DocumentRenderer.php HTTP/1.1" 500 0 "http://mianjeepos.bms69.com/vendor/league/commonmark/src/Renderer/Block/" "Mozilla/5.0 AppleWebKit/537.36 (KHTML, like Gecko; compatible; GPTBot/1.3; +https://openai.com/gptbot)"
74.7.227.142 - - [17/Mar/2026:02:54:39 +0000] "GET /vendor/laravel/framework/src/Illuminate/Support/Facades/Process.php HTTP/1.1" 500 0 "http://www.mianjeepos.bms69.com/vendor/laravel/framework/src/Illuminate/Support/Facades/" "Mozilla/5.0 AppleWebKit/537.36 (KHTML, like Gecko; compatible; GPTBot/1.3; +https://openai.com/gptbot)"
74.7.227.142 - - [17/Mar/2026:02:55:43 +0000] "GET /vendor/laravel/framework/src/Illuminate/Support/Facades/Request.php HTTP/1.1" 500 0 "http://www.mianjeepos.bms69.com/vendor/laravel/framework/src/Illuminate/Support/Facades/" "Mozilla/5.0 AppleWebKit/537.36 (KHTML, like Gecko; compatible; GPTBot/1.3; +https://openai.com/gptbot)"
74.7.227.142 - - [17/Mar/2026:02:47:19 +0000] "GET /vendor/laravel/framework/src/Illuminate/Contracts/View/ViewCompilationException.php HTTP/1.1" 200 0 "http://www.mianjeepos.bms69.com/vendor/laravel/framework/src/Illuminate/Contracts/View/" "Mozilla/5.0 AppleWebKit/537.36 (KHTML, like Gecko; compatible; GPTBot/1.3; +https://openai.com/gptbot)"
74.7.227.166 - - [17/Mar/2026:02:48:34 +0000] "GET /vendor/fakerphp/faker/src/Faker/Provider/Barcode.php HTTP/1.1" 500 0 "http://mianjeepos.bms69.com/vendor/fakerphp/faker/src/Faker/Provider/" "Mozilla/5.0 AppleWebKit/537.36 (KHTML, like Gecko; compatible; GPTBot/1.3; +https://openai.com/gptbot)"
74.7.175.187 - - [17/Mar/2026:02:48:34 +0000] "GET /robots.txt HTTP/1.1" 404 1251 "-" "Mozilla/5.0 (Macintosh; Intel Mac OS X 10_15_7) AppleWebKit/537.36 (KHTML, like Gecko) Chrome/131.0.0.0 Safari/537.36; compatible; OAI-SearchBot/1.3; robots.txt; +https://openai.com/searchbot"
74.7.227.142 - - [17/Mar/2026:02:48:48 +0000] "GET /vendor/laravel/framework/src/Illuminate/Auth/Middleware/Authenticate.php HTTP/1.1" 500 0 "http://www.mianjeepos.bms69.com/vendor/laravel/framework/src/Illuminate/Auth/Middleware/" "Mozilla/5.0 AppleWebKit/537.36 (KHTML, like Gecko; compatible; GPTBot/1.3; +https://openai.com/gptbot)"
