74.7.227.142 - - [17/Mar/2026:02:49:21 +0000] "GET /vendor/laravel/framework/src/Illuminate/Support/Facades/Redirect.php HTTP/1.1" 500 0 "http://www.mianjeepos.bms69.com/vendor/laravel/framework/src/Illuminate/Support/Facades/" "Mozilla/5.0 AppleWebKit/537.36 (KHTML, like Gecko; compatible; GPTBot/1.3; +https://openai.com/gptbot)"
74.7.227.166 - - [17/Mar/2026:02:49:36 +0000] "GET /vendor/nette/utils/src/Utils/FileInfo.php HTTP/1.1" 200 0 "http://mianjeepos.bms69.com/vendor/nette/utils/src/Utils/" "Mozilla/5.0 AppleWebKit/537.36 (KHTML, like Gecko; compatible; GPTBot/1.3; +https://openai.com/gptbot)"
74.7.227.166 - - [17/Mar/2026:02:50:42 +0000] "GET /vendor/markbaker/matrix/?MD HTTP/1.1" 200 1109 "http://mianjeepos.bms69.com/vendor/markbaker/matrix/?MA" "Mozilla/5.0 AppleWebKit/537.36 (KHTML, like Gecko; compatible; GPTBot/1.3; +https://openai.com/gptbot)"
74.7.227.142 - - [17/Mar/2026:02:52:27 +0000] "GET /vendor/laravel/framework/src/Illuminate/Support/Facades/Password.php HTTP/1.1" 500 0 "http://www.mianjeepos.bms69.com/vendor/laravel/framework/src/Illuminate/Support/Facades/" "Mozilla/5.0 AppleWebKit/537.36 (KHTML, like Gecko; compatible; GPTBot/1.3; +https://openai.com/gptbot)"
74.7.175.187 - - [17/Mar/2026:02:54:20 +0000] "GET /robots.txt HTTP/1.1" 404 1251 "-" "Mozilla/5.0 (Macintosh; Intel Mac OS X 10_15_7) AppleWebKit/537.36 (KHTML, like Gecko) Chrome/131.0.0.0 Safari/537.36; compatible; OAI-SearchBot/1.3; robots.txt; +https://openai.com/searchbot"
74.7.227.166 - - [17/Mar/2026:02:55:16 +0000] "GET /vendor/ramsey/uuid/src/Provider/Dce/error_log HTTP/1.1" 403 1242 "http://mianjeepos.bms69.com/vendor/ramsey/uuid/src/Provider/Dce/" "Mozilla/5.0 AppleWebKit/537.36 (KHTML, like Gecko; compatible; GPTBot/1.3; +https://openai.com/gptbot)"
74.7.244.31 - - [17/Mar/2026:02:56:47 +0000] "GET /robots.txt HTTP/1.1" 404 1251 "-" "Mozilla/5.0 (Macintosh; Intel Mac OS X 10_15_7) AppleWebKit/537.36 (KHTML, like Gecko) Chrome/131.0.0.0 Safari/537.36; compatible; OAI-SearchBot/1.3; robots.txt; +https://openai.com/searchbot"
74.7.227.166 - - [17/Mar/2026:02:58:18 +0000] "GET /vendor/league/commonmark/src/Extension/TableOfContents/Normalizer/?NA HTTP/1.1" 200 822 "http://mianjeepos.bms69.com/vendor/league/commonmark/src/Extension/TableOfContents/Normalizer/?SA" "Mozilla/5.0 AppleWebKit/537.36 (KHTML, like Gecko; compatible; GPTBot/1.3; +https://openai.com/gptbot)"
74.7.227.142 - - [17/Mar/2026:02:58:54 +0000] "GET /vendor/laravel/framework/src/Illuminate/Support/Facades/Bus.php HTTP/1.1" 500 0 "http://www.mianjeepos.bms69.com/vendor/laravel/framework/src/Illuminate/Support/Facades/" "Mozilla/5.0 AppleWebKit/537.36 (KHTML, like Gecko; compatible; GPTBot/1.3; +https://openai.com/gptbot)"
74.7.227.142 - - [17/Mar/2026:02:59:59 +0000] "GET /vendor/laravel/framework/src/Illuminate/Support/Facades/DB.php HTTP/1.1" 500 0 "http://www.mianjeepos.bms69.com/vendor/laravel/framework/src/Illuminate/Support/Facades/" "Mozilla/5.0 AppleWebKit/537.36 (KHTML, like Gecko; compatible; GPTBot/1.3; +https://openai.com/gptbot)"
74.7.175.187 - - [17/Mar/2026:03:00:05 +0000] "GET /robots.txt HTTP/1.1" 404 1251 "-" "Mozilla/5.0 (Macintosh; Intel Mac OS X 10_15_7) AppleWebKit/537.36 (KHTML, like Gecko) Chrome/131.0.0.0 Safari/537.36; compatible; OAI-SearchBot/1.3; robots.txt; +https://openai.com/searchbot"
74.7.227.166 - - [17/Mar/2026:03:00:47 +0000] "GET /vendor/maximebf/debugbar/src/DebugBar/Bridge/SwiftMailer/ HTTP/1.1" 200 754 "http://mianjeepos.bms69.com/vendor/maximebf/debugbar/src/DebugBar/Bridge/" "Mozilla/5.0 AppleWebKit/537.36 (KHTML, like Gecko; compatible; GPTBot/1.3; +https://openai.com/gptbot)"
74.7.244.31 - - [17/Mar/2026:03:02:07 +0000] "GET /robots.txt HTTP/1.1" 404 1251 "-" "Mozilla/5.0 (Macintosh; Intel Mac OS X 10_15_7) AppleWebKit/537.36 (KHTML, like Gecko) Chrome/131.0.0.0 Safari/537.36; compatible; OAI-SearchBot/1.3; robots.txt; +https://openai.com/searchbot"
74.7.227.166 - - [17/Mar/2026:03:03:13 +0000] "GET /vendor/laravel/framework/src/Illuminate/Auth/Middleware/ HTTP/1.1" 200 1132 "http://mianjeepos.bms69.com/vendor/laravel/framework/src/Illuminate/Auth/" "Mozilla/5.0 AppleWebKit/537.36 (KHTML, like Gecko; compatible; GPTBot/1.3; +https://openai.com/gptbot)"
74.7.227.166 - - [17/Mar/2026:02:56:13 +0000] "GET /vendor/doctrine/dbal/src/Driver/PDO/error_log HTTP/1.1" 403 1242 "http://mianjeepos.bms69.com/vendor/doctrine/dbal/src/Driver/PDO/" "Mozilla/5.0 AppleWebKit/537.36 (KHTML, like Gecko; compatible; GPTBot/1.3; +https://openai.com/gptbot)"
74.7.227.142 - - [17/Mar/2026:02:56:47 +0000] "GET /vendor/laravel/framework/src/Illuminate/Support/Facades/Storage.php HTTP/1.1" 500 0 "http://www.mianjeepos.bms69.com/vendor/laravel/framework/src/Illuminate/Support/Facades/" "Mozilla/5.0 AppleWebKit/537.36 (KHTML, like Gecko; compatible; GPTBot/1.3; +https://openai.com/gptbot)"
74.7.227.166 - - [17/Mar/2026:02:57:18 +0000] "GET /vendor/league/commonmark/src/Extension/TableOfContents/Normalizer/?ND HTTP/1.1" 200 818 "http://mianjeepos.bms69.com/vendor/league/commonmark/src/Extension/TableOfContents/Normalizer/" "Mozilla/5.0 AppleWebKit/537.36 (KHTML, like Gecko; compatible; GPTBot/1.3; +https://openai.com/gptbot)"
74.7.227.142 - - [17/Mar/2026:02:58:00 +0000] "GET /vendor/laravel/framework/src/Illuminate/Support/Facades/Response.php HTTP/1.1" 500 0 "http://www.mianjeepos.bms69.com/vendor/laravel/framework/src/Illuminate/Support/Facades/" "Mozilla/5.0 AppleWebKit/537.36 (KHTML, like Gecko; compatible; GPTBot/1.3; +https://openai.com/gptbot)"
74.7.227.166 - - [17/Mar/2026:02:59:14 +0000] "GET /vendor/laravel/framework/src/Illuminate/Routing/Matching/ HTTP/1.1" 200 1099 "http://mianjeepos.bms69.com/vendor/laravel/framework/src/Illuminate/Routing/" "Mozilla/5.0 AppleWebKit/537.36 (KHTML, like Gecko; compatible; GPTBot/1.3; +https://openai.com/gptbot)"
74.7.227.166 - - [17/Mar/2026:03:00:05 +0000] "GET /vendor/maximebf/debugbar/src/DebugBar/Resources/widgets.js HTTP/1.1" 200 6330 "http://mianjeepos.bms69.com/vendor/maximebf/debugbar/src/DebugBar/Resources/" "Mozilla/5.0 AppleWebKit/537.36 (KHTML, like Gecko; compatible; GPTBot/1.3; +https://openai.com/gptbot)"
74.7.227.142 - - [17/Mar/2026:03:01:00 +0000] "GET /vendor/laravel/framework/src/Illuminate/Support/Facades/Log.php HTTP/1.1" 500 0 "http://www.mianjeepos.bms69.com/vendor/laravel/framework/src/Illuminate/Support/Facades/" "Mozilla/5.0 AppleWebKit/537.36 (KHTML, like Gecko; compatible; GPTBot/1.3; +https://openai.com/gptbot)"
74.7.227.166 - - [17/Mar/2026:03:01:33 +0000] "GET /vendor/doctrine/dbal/src/Driver/PDO/Connection.php HTTP/1.1" 500 0 "http://mianjeepos.bms69.com/vendor/doctrine/dbal/src/Driver/PDO/" "Mozilla/5.0 AppleWebKit/537.36 (KHTML, like Gecko; compatible; GPTBot/1.3; +https://openai.com/gptbot)"
74.7.227.142 - - [17/Mar/2026:03:02:07 +0000] "GET /vendor/laravel/framework/src/Illuminate/Support/Facades/App.php HTTP/1.1" 500 0 "http://www.mianjeepos.bms69.com/vendor/laravel/framework/src/Illuminate/Support/Facades/" "Mozilla/5.0 AppleWebKit/537.36 (KHTML, like Gecko; compatible; GPTBot/1.3; +https://openai.com/gptbot)"
74.7.227.166 - - [17/Mar/2026:03:02:11 +0000] "GET /vendor/league/commonmark/src/Node/Query/OrExpr.php HTTP/1.1" 500 0 "http://mianjeepos.bms69.com/vendor/league/commonmark/src/Node/Query/" "Mozilla/5.0 AppleWebKit/537.36 (KHTML, like Gecko; compatible; GPTBot/1.3; +https://openai.com/gptbot)"
74.7.227.142 - - [17/Mar/2026:03:03:00 +0000] "GET /vendor/laravel/framework/src/Illuminate/Support/Facades/URL.php HTTP/1.1" 500 0 "http://www.mianjeepos.bms69.com/vendor/laravel/framework/src/Illuminate/Support/Facades/" "Mozilla/5.0 AppleWebKit/537.36 (KHTML, like Gecko; compatible; GPTBot/1.3; +https://openai.com/gptbot)"
74.7.227.142 - - [17/Mar/2026:03:04:06 +0000] "GET /vendor/laravel/framework/src/Illuminate/Support/Facades/Schema.php HTTP/1.1" 500 0 "http://www.mianjeepos.bms69.com/vendor/laravel/framework/src/Illuminate/Support/Facades/" "Mozilla/5.0 AppleWebKit/537.36 (KHTML, like Gecko; compatible; GPTBot/1.3; +https://openai.com/gptbot)"
74.7.227.166 - - [17/Mar/2026:03:04:19 +0000] "GET /vendor/laravel/framework/src/Illuminate/Foundation/Auth/ HTTP/1.1" 200 793 "http://mianjeepos.bms69.com/vendor/laravel/framework/src/Illuminate/Foundation/" "Mozilla/5.0 AppleWebKit/537.36 (KHTML, like Gecko; compatible; GPTBot/1.3; +https://openai.com/gptbot)"
74.7.227.142 - - [17/Mar/2026:03:05:11 +0000] "GET /vendor/laravel/framework/src/Illuminate/Support/Facades/Auth.php HTTP/1.1" 500 0 "http://www.mianjeepos.bms69.com/vendor/laravel/framework/src/Illuminate/Support/Facades/" "Mozilla/5.0 AppleWebKit/537.36 (KHTML, like Gecko; compatible; GPTBot/1.3; +https://openai.com/gptbot)"
74.7.227.166 - - [17/Mar/2026:03:05:17 +0000] "GET /vendor/laravel/framework/src/Illuminate/Foundation/Bus/ HTTP/1.1" 200 1106 "http://mianjeepos.bms69.com/vendor/laravel/framework/src/Illuminate/Foundation/" "Mozilla/5.0 AppleWebKit/537.36 (KHTML, like Gecko; compatible; GPTBot/1.3; +https://openai.com/gptbot)"
74.7.227.142 - - [17/Mar/2026:03:06:10 +0000] "GET /vendor/laravel/framework/src/Illuminate/Support/Facades/Cache.php HTTP/1.1" 500 0 "http://www.mianjeepos.bms69.com/vendor/laravel/framework/src/Illuminate/Support/Facades/" "Mozilla/5.0 AppleWebKit/537.36 (KHTML, like Gecko; compatible; GPTBot/1.3; +https://openai.com/gptbot)"
74.7.227.166 - - [17/Mar/2026:03:06:51 +0000] "GET /vendor/laravel/framework/src/Illuminate/View/Compilers/ HTTP/1.1" 200 1129 "http://mianjeepos.bms69.com/vendor/laravel/framework/src/Illuminate/View/" "Mozilla/5.0 AppleWebKit/537.36 (KHTML, like Gecko; compatible; GPTBot/1.3; +https://openai.com/gptbot)"
74.7.244.31 - - [17/Mar/2026:03:07:15 +0000] "GET /robots.txt HTTP/1.1" 404 1251 "-" "Mozilla/5.0 (Macintosh; Intel Mac OS X 10_15_7) AppleWebKit/537.36 (KHTML, like Gecko) Chrome/131.0.0.0 Safari/537.36; compatible; OAI-SearchBot/1.3; robots.txt; +https://openai.com/searchbot"
74.7.227.142 - - [17/Mar/2026:03:08:21 +0000] "GET /vendor/laravel/framework/src/Illuminate/Support/Facades/Hash.php HTTP/1.1" 500 0 "http://www.mianjeepos.bms69.com/vendor/laravel/framework/src/Illuminate/Support/Facades/" "Mozilla/5.0 AppleWebKit/537.36 (KHTML, like Gecko; compatible; GPTBot/1.3; +https://openai.com/gptbot)"
74.7.227.142 - - [17/Mar/2026:03:10:31 +0000] "GET /vendor/laravel/framework/src/Illuminate/Support/Facades/Event.php HTTP/1.1" 500 0 "http://www.mianjeepos.bms69.com/vendor/laravel/framework/src/Illuminate/Support/Facades/" "Mozilla/5.0 AppleWebKit/537.36 (KHTML, like Gecko; compatible; GPTBot/1.3; +https://openai.com/gptbot)"
74.7.227.166 - - [17/Mar/2026:03:11:49 +0000] "GET /vendor/laravel/framework/src/Illuminate/Routing/Matching/error_log HTTP/1.1" 403 1242 "http://mianjeepos.bms69.com/vendor/laravel/framework/src/Illuminate/Routing/Matching/" "Mozilla/5.0 AppleWebKit/537.36 (KHTML, like Gecko; compatible; GPTBot/1.3; +https://openai.com/gptbot)"
74.7.244.31 - - [17/Mar/2026:03:12:31 +0000] "GET /robots.txt HTTP/1.1" 404 1251 "-" "Mozilla/5.0 (Macintosh; Intel Mac OS X 10_15_7) AppleWebKit/537.36 (KHTML, like Gecko) Chrome/131.0.0.0 Safari/537.36; compatible; OAI-SearchBot/1.3; robots.txt; +https://openai.com/searchbot"
74.7.227.166 - - [17/Mar/2026:03:12:48 +0000] "GET /vendor/laravel/framework/src/Illuminate/Auth/Middleware/error_log HTTP/1.1" 403 1242 "http://mianjeepos.bms69.com/vendor/laravel/framework/src/Illuminate/Auth/Middleware/" "Mozilla/5.0 AppleWebKit/537.36 (KHTML, like Gecko; compatible; GPTBot/1.3; +https://openai.com/gptbot)"
74.7.227.142 - - [17/Mar/2026:03:13:30 +0000] "GET /vendor/laravel/framework/src/Illuminate/Support/Facades/View.php HTTP/1.1" 500 0 "http://www.mianjeepos.bms69.com/vendor/laravel/framework/src/Illuminate/Support/Facades/" "Mozilla/5.0 AppleWebKit/537.36 (KHTML, like Gecko; compatible; GPTBot/1.3; +https://openai.com/gptbot)"
74.7.175.187 - - [17/Mar/2026:03:05:17 +0000] "GET /robots.txt HTTP/1.1" 404 1251 "-" "Mozilla/5.0 (Macintosh; Intel Mac OS X 10_15_7) AppleWebKit/537.36 (KHTML, like Gecko) Chrome/131.0.0.0 Safari/537.36; compatible; OAI-SearchBot/1.3; robots.txt; +https://openai.com/searchbot"
74.7.227.166 - - [17/Mar/2026:03:06:07 +0000] "GET /vendor/league/commonmark/src/Extension/Attributes/Node/ HTTP/1.1" 200 741 "http://mianjeepos.bms69.com/vendor/league/commonmark/src/Extension/Attributes/" "Mozilla/5.0 AppleWebKit/537.36 (KHTML, like Gecko; compatible; GPTBot/1.3; +https://openai.com/gptbot)"
74.7.227.142 - - [17/Mar/2026:03:07:15 +0000] "GET /vendor/laravel/framework/src/Illuminate/Support/Facades/Cookie.php HTTP/1.1" 500 0 "http://www.mianjeepos.bms69.com/vendor/laravel/framework/src/Illuminate/Support/Facades/" "Mozilla/5.0 AppleWebKit/537.36 (KHTML, like Gecko; compatible; GPTBot/1.3; +https://openai.com/gptbot)"
74.7.227.166 - - [17/Mar/2026:03:07:37 +0000] "GET /vendor/laravel/framework/src/Illuminate/Contracts/Auth/ HTTP/1.1" 200 1313 "http://mianjeepos.bms69.com/vendor/laravel/framework/src/Illuminate/Contracts/" "Mozilla/5.0 AppleWebKit/537.36 (KHTML, like Gecko; compatible; GPTBot/1.3; +https://openai.com/gptbot)"
74.7.227.166 - - [17/Mar/2026:03:08:15 +0000] "GET /vendor/laravel/framework/src/Illuminate/Routing/Matching/SchemeValidator.php HTTP/1.1" 500 0 "http://mianjeepos.bms69.com/vendor/laravel/framework/src/Illuminate/Routing/Matching/" "Mozilla/5.0 AppleWebKit/537.36 (KHTML, like Gecko; compatible; GPTBot/1.3; +https://openai.com/gptbot)"
74.7.227.166 - - [17/Mar/2026:03:08:46 +0000] "GET /vendor/maximebf/debugbar/src/DebugBar/Resources/'%20+%20e.xdebug_link.url%20+%20' HTTP/1.1" 404 1251 "http://mianjeepos.bms69.com/vendor/maximebf/debugbar/src/DebugBar/Resources/widgets.js" "Mozilla/5.0 AppleWebKit/537.36 (KHTML, like Gecko; compatible; GPTBot/1.3; +https://openai.com/gptbot)"
74.7.227.142 - - [17/Mar/2026:03:09:26 +0000] "GET /vendor/laravel/framework/src/Illuminate/Contracts/View/Factory.php HTTP/1.1" 200 0 "http://www.mianjeepos.bms69.com/vendor/laravel/framework/src/Illuminate/Contracts/View/" "Mozilla/5.0 AppleWebKit/537.36 (KHTML, like Gecko; compatible; GPTBot/1.3; +https://openai.com/gptbot)"
74.7.227.166 - - [17/Mar/2026:03:09:51 +0000] "GET /vendor/maximebf/debugbar/src/DebugBar/Resources/'%20+%20value.xdebug_link.url%20+%20' HTTP/1.1" 404 1251 "http://mianjeepos.bms69.com/vendor/maximebf/debugbar/src/DebugBar/Resources/widgets.js" "Mozilla/5.0 AppleWebKit/537.36 (KHTML, like Gecko; compatible; GPTBot/1.3; +https://openai.com/gptbot)"
74.7.227.166 - - [17/Mar/2026:03:10:48 +0000] "GET /vendor/laravel/framework/src/Illuminate/Routing/Matching/ValidatorInterface.php HTTP/1.1" 200 0 "http://mianjeepos.bms69.com/vendor/laravel/framework/src/Illuminate/Routing/Matching/" "Mozilla/5.0 AppleWebKit/537.36 (KHTML, like Gecko; compatible; GPTBot/1.3; +https://openai.com/gptbot)"
74.7.227.142 - - [17/Mar/2026:03:11:25 +0000] "GET /vendor/laravel/framework/src/Illuminate/Support/Facades/Crypt.php HTTP/1.1" 500 0 "http://www.mianjeepos.bms69.com/vendor/laravel/framework/src/Illuminate/Support/Facades/" "Mozilla/5.0 AppleWebKit/537.36 (KHTML, like Gecko; compatible; GPTBot/1.3; +https://openai.com/gptbot)"
74.7.227.142 - - [17/Mar/2026:03:12:31 +0000] "GET /vendor/laravel/framework/src/Illuminate/Support/Facades/Http.php HTTP/1.1" 500 0 "http://www.mianjeepos.bms69.com/vendor/laravel/framework/src/Illuminate/Support/Facades/" "Mozilla/5.0 AppleWebKit/537.36 (KHTML, like Gecko; compatible; GPTBot/1.3; +https://openai.com/gptbot)"
74.7.227.142 - - [17/Mar/2026:03:14:31 +0000] "GET /vendor/laravel/framework/src/Illuminate/Support/Facades/Gate.php HTTP/1.1" 500 0 "http://www.mianjeepos.bms69.com/vendor/laravel/framework/src/Illuminate/Support/Facades/" "Mozilla/5.0 AppleWebKit/537.36 (KHTML, like Gecko; compatible; GPTBot/1.3; +https://openai.com/gptbot)"
74.7.227.166 - - [17/Mar/2026:03:15:36 +0000] "GET /vendor/league/commonmark/src/Extension/Attributes/Node/error_log HTTP/1.1" 403 1242 "http://mianjeepos.bms69.com/vendor/league/commonmark/src/Extension/Attributes/Node/" "Mozilla/5.0 AppleWebKit/537.36 (KHTML, like Gecko; compatible; GPTBot/1.3; +https://openai.com/gptbot)"
74.7.227.142 - - [17/Mar/2026:03:16:44 +0000] "GET /vendor/laravel/framework/src/Illuminate/Foundation/Http/Kernel.php HTTP/1.1" 500 0 "http://www.mianjeepos.bms69.com/vendor/laravel/framework/src/Illuminate/Foundation/Http/" "Mozilla/5.0 AppleWebKit/537.36 (KHTML, like Gecko; compatible; GPTBot/1.3; +https://openai.com/gptbot)"
74.7.227.166 - - [17/Mar/2026:03:18:04 +0000] "GET /vendor/laravel/framework/src/Illuminate/Contracts/Auth/Access/ HTTP/1.1" 200 694 "http://mianjeepos.bms69.com/vendor/laravel/framework/src/Illuminate/Contracts/Auth/" "Mozilla/5.0 AppleWebKit/537.36 (KHTML, like Gecko; compatible; GPTBot/1.3; +https://openai.com/gptbot)"
74.7.227.142 - - [17/Mar/2026:03:18:52 +0000] "GET /vendor/laravel/framework/src/Illuminate/Support/Facades/Blade.php HTTP/1.1" 500 0 "http://www.mianjeepos.bms69.com/vendor/laravel/framework/src/Illuminate/Support/Facades/" "Mozilla/5.0 AppleWebKit/537.36 (KHTML, like Gecko; compatible; GPTBot/1.3; +https://openai.com/gptbot)"
74.7.227.166 - - [17/Mar/2026:03:18:54 +0000] "GET /vendor/laravel/framework/src/Illuminate/Contracts/Auth/Middleware/ HTTP/1.1" 200 682 "http://mianjeepos.bms69.com/vendor/laravel/framework/src/Illuminate/Contracts/Auth/" "Mozilla/5.0 AppleWebKit/537.36 (KHTML, like Gecko; compatible; GPTBot/1.3; +https://openai.com/gptbot)"
74.7.227.166 - - [17/Mar/2026:03:19:30 +0000] "GET /vendor/laravel/framework/src/Illuminate/Contracts/Auth/error_log HTTP/1.1" 403 1242 "http://mianjeepos.bms69.com/vendor/laravel/framework/src/Illuminate/Contracts/Auth/" "Mozilla/5.0 AppleWebKit/537.36 (KHTML, like Gecko; compatible; GPTBot/1.3; +https://openai.com/gptbot)"
74.7.227.166 - - [17/Mar/2026:03:20:07 +0000] "GET /vendor/laravel/framework/src/Illuminate/Foundation/Bus/error_log HTTP/1.1" 403 1242 "http://mianjeepos.bms69.com/vendor/laravel/framework/src/Illuminate/Foundation/Bus/" "Mozilla/5.0 AppleWebKit/537.36 (KHTML, like Gecko; compatible; GPTBot/1.3; +https://openai.com/gptbot)"
74.7.227.142 - - [17/Mar/2026:03:20:56 +0000] "GET /vendor/laravel/framework/src/Illuminate/Support/Facades/Lang.php HTTP/1.1" 500 0 "http://www.mianjeepos.bms69.com/vendor/laravel/framework/src/Illuminate/Support/Facades/" "Mozilla/5.0 AppleWebKit/537.36 (KHTML, like Gecko; compatible; GPTBot/1.3; +https://openai.com/gptbot)"
74.7.227.166 - - [17/Mar/2026:03:21:22 +0000] "GET /vendor/laravel/framework/src/Illuminate/View/Compilers/CompilerInterface.php HTTP/1.1" 200 0 "http://mianjeepos.bms69.com/vendor/laravel/framework/src/Illuminate/View/Compilers/" "Mozilla/5.0 AppleWebKit/537.36 (KHTML, like Gecko; compatible; GPTBot/1.3; +https://openai.com/gptbot)"
74.7.227.166 - - [17/Mar/2026:03:13:43 +0000] "GET /vendor/laravel/framework/src/Illuminate/Foundation/Auth/Access/ HTTP/1.1" 200 694 "http://mianjeepos.bms69.com/vendor/laravel/framework/src/Illuminate/Foundation/Auth/" "Mozilla/5.0 AppleWebKit/537.36 (KHTML, like Gecko; compatible; GPTBot/1.3; +https://openai.com/gptbot)"
74.7.227.166 - - [17/Mar/2026:03:14:44 +0000] "GET /vendor/laravel/framework/src/Illuminate/Foundation/Auth/error_log HTTP/1.1" 403 1242 "http://mianjeepos.bms69.com/vendor/laravel/framework/src/Illuminate/Foundation/Auth/" "Mozilla/5.0 AppleWebKit/537.36 (KHTML, like Gecko; compatible; GPTBot/1.3; +https://openai.com/gptbot)"
74.7.227.142 - - [17/Mar/2026:03:15:37 +0000] "GET /vendor/laravel/framework/src/Illuminate/Support/Facades/Date.php HTTP/1.1" 500 0 "http://www.mianjeepos.bms69.com/vendor/laravel/framework/src/Illuminate/Support/Facades/" "Mozilla/5.0 AppleWebKit/537.36 (KHTML, like Gecko; compatible; GPTBot/1.3; +https://openai.com/gptbot)"
74.7.227.166 - - [17/Mar/2026:03:16:27 +0000] "GET /vendor/laravel/framework/src/Illuminate/View/Compilers/Concerns/ HTTP/1.1" 200 1443 "http://mianjeepos.bms69.com/vendor/laravel/framework/src/Illuminate/View/Compilers/" "Mozilla/5.0 AppleWebKit/537.36 (KHTML, like Gecko; compatible; GPTBot/1.3; +https://openai.com/gptbot)"
74.7.227.166 - - [17/Mar/2026:03:17:17 +0000] "GET /vendor/laravel/framework/src/Illuminate/View/Compilers/error_log HTTP/1.1" 403 1242 "http://mianjeepos.bms69.com/vendor/laravel/framework/src/Illuminate/View/Compilers/" "Mozilla/5.0 AppleWebKit/537.36 (KHTML, like Gecko; compatible; GPTBot/1.3; +https://openai.com/gptbot)"
74.7.227.142 - - [17/Mar/2026:03:17:45 +0000] "GET /vendor/laravel/framework/src/Illuminate/Support/Facades/Vite.php HTTP/1.1" 500 0 "http://www.mianjeepos.bms69.com/vendor/laravel/framework/src/Illuminate/Support/Facades/" "Mozilla/5.0 AppleWebKit/537.36 (KHTML, like Gecko; compatible; GPTBot/1.3; +https://openai.com/gptbot)"
74.7.244.31 - - [17/Mar/2026:03:17:45 +0000] "GET /robots.txt HTTP/1.1" 404 1251 "-" "Mozilla/5.0 (Macintosh; Intel Mac OS X 10_15_7) AppleWebKit/537.36 (KHTML, like Gecko) Chrome/131.0.0.0 Safari/537.36; compatible; OAI-SearchBot/1.3; robots.txt; +https://openai.com/searchbot"
74.7.227.142 - - [17/Mar/2026:03:19:51 +0000] "GET /vendor/laravel/framework/src/Illuminate/Database/Query/Builder.php HTTP/1.1" 500 0 "http://www.mianjeepos.bms69.com/vendor/laravel/framework/src/Illuminate/Database/Query/" "Mozilla/5.0 AppleWebKit/537.36 (KHTML, like Gecko; compatible; GPTBot/1.3; +https://openai.com/gptbot)"
74.7.227.166 - - [17/Mar/2026:03:20:55 +0000] "GET /vendor/laravel/framework/src/Illuminate/View/Compilers/ComponentTagCompiler.php HTTP/1.1" 200 0 "http://mianjeepos.bms69.com/vendor/laravel/framework/src/Illuminate/View/Compilers/" "Mozilla/5.0 AppleWebKit/537.36 (KHTML, like Gecko; compatible; GPTBot/1.3; +https://openai.com/gptbot)"
74.7.227.166 - - [17/Mar/2026:03:21:57 +0000] "GET /vendor/laravel/framework/src/Illuminate/Foundation/Bus/PendingClosureDispatch.php HTTP/1.1" 500 0 "http://mianjeepos.bms69.com/vendor/laravel/framework/src/Illuminate/Foundation/Bus/" "Mozilla/5.0 AppleWebKit/537.36 (KHTML, like Gecko; compatible; GPTBot/1.3; +https://openai.com/gptbot)"
74.7.175.187 - - [17/Mar/2026:03:21:57 +0000] "GET /robots.txt HTTP/1.1" 404 1251 "-" "Mozilla/5.0 (Macintosh; Intel Mac OS X 10_15_7) AppleWebKit/537.36 (KHTML, like Gecko) Chrome/131.0.0.0 Safari/537.36; compatible; OAI-SearchBot/1.3; robots.txt; +https://openai.com/searchbot"
74.7.227.142 - - [17/Mar/2026:03:24:04 +0000] "GET /vendor/laravel/framework/src/Illuminate/Support/Facades/Redis.php HTTP/1.1" 500 0 "http://www.mianjeepos.bms69.com/vendor/laravel/framework/src/Illuminate/Support/Facades/" "Mozilla/5.0 AppleWebKit/537.36 (KHTML, like Gecko; compatible; GPTBot/1.3; +https://openai.com/gptbot)"
74.7.227.142 - - [17/Mar/2026:03:25:08 +0000] "GET /vendor/laravel/framework/src/Illuminate/Support/Facades/Queue.php HTTP/1.1" 500 0 "http://www.mianjeepos.bms69.com/vendor/laravel/framework/src/Illuminate/Support/Facades/" "Mozilla/5.0 AppleWebKit/537.36 (KHTML, like Gecko; compatible; GPTBot/1.3; +https://openai.com/gptbot)"
74.7.227.142 - - [17/Mar/2026:03:26:09 +0000] "GET /vendor/laravel/framework/src/Illuminate/Support/Facades/Config.php HTTP/1.1" 500 0 "http://www.mianjeepos.bms69.com/vendor/laravel/framework/src/Illuminate/Support/Facades/" "Mozilla/5.0 AppleWebKit/537.36 (KHTML, like Gecko; compatible; GPTBot/1.3; +https://openai.com/gptbot)"
74.7.227.166 - - [17/Mar/2026:03:26:22 +0000] "GET /vendor/maximebf/debugbar/src/DebugBar/Bridge/SwiftMailer/error_log HTTP/1.1" 403 1242 "http://mianjeepos.bms69.com/vendor/maximebf/debugbar/src/DebugBar/Bridge/SwiftMailer/" "Mozilla/5.0 AppleWebKit/537.36 (KHTML, like Gecko; compatible; GPTBot/1.3; +https://openai.com/gptbot)"
74.7.227.166 - - [17/Mar/2026:03:27:16 +0000] "GET /vendor/laravel/framework/src/Illuminate/Routing/Matching/HostValidator.php HTTP/1.1" 500 0 "http://mianjeepos.bms69.com/vendor/laravel/framework/src/Illuminate/Routing/Matching/" "Mozilla/5.0 AppleWebKit/537.36 (KHTML, like Gecko; compatible; GPTBot/1.3; +https://openai.com/gptbot)"
74.7.175.187 - - [17/Mar/2026:03:27:16 +0000] "GET /robots.txt HTTP/1.1" 404 1251 "-" "Mozilla/5.0 (Macintosh; Intel Mac OS X 10_15_7) AppleWebKit/537.36 (KHTML, like Gecko) Chrome/131.0.0.0 Safari/537.36; compatible; OAI-SearchBot/1.3; robots.txt; +https://openai.com/searchbot"
74.7.227.142 - - [17/Mar/2026:03:27:17 +0000] "GET /vendor/laravel/framework/src/Illuminate/Support/Facades/File.php HTTP/1.1" 500 0 "http://www.mianjeepos.bms69.com/vendor/laravel/framework/src/Illuminate/Support/Facades/" "Mozilla/5.0 AppleWebKit/537.36 (KHTML, like Gecko; compatible; GPTBot/1.3; +https://openai.com/gptbot)"
74.7.227.166 - - [17/Mar/2026:03:28:06 +0000] "GET /vendor/laravel/framework/src/Illuminate/Contracts/Auth/MustVerifyEmail.php HTTP/1.1" 200 0 "http://mianjeepos.bms69.com/vendor/laravel/framework/src/Illuminate/Contracts/Auth/" "Mozilla/5.0 AppleWebKit/537.36 (KHTML, like Gecko; compatible; GPTBot/1.3; +https://openai.com/gptbot)"
74.7.244.31 - - [17/Mar/2026:03:28:17 +0000] "GET /robots.txt HTTP/1.1" 404 1251 "-" "Mozilla/5.0 (Macintosh; Intel Mac OS X 10_15_7) AppleWebKit/537.36 (KHTML, like Gecko) Chrome/131.0.0.0 Safari/537.36; compatible; OAI-SearchBot/1.3; robots.txt; +https://openai.com/searchbot"
74.7.227.166 - - [17/Mar/2026:03:29:05 +0000] "GET /vendor/laravel/framework/src/Illuminate/Foundation/Bus/DispatchesJobs.php HTTP/1.1" 200 0 "http://mianjeepos.bms69.com/vendor/laravel/framework/src/Illuminate/Foundation/Bus/" "Mozilla/5.0 AppleWebKit/537.36 (KHTML, like Gecko; compatible; GPTBot/1.3; +https://openai.com/gptbot)"
74.7.227.142 - - [17/Mar/2026:03:21:55 +0000] "GET /vendor/laravel/framework/src/Illuminate/Support/Facades/Mail.php HTTP/1.1" 500 0 "http://www.mianjeepos.bms69.com/vendor/laravel/framework/src/Illuminate/Support/Facades/" "Mozilla/5.0 AppleWebKit/537.36 (KHTML, like Gecko; compatible; GPTBot/1.3; +https://openai.com/gptbot)"
74.7.227.166 - - [17/Mar/2026:03:22:25 +0000] "GET /vendor/laravel/framework/src/Illuminate/Contracts/Auth/SupportsBasicAuth.php HTTP/1.1" 200 0 "http://mianjeepos.bms69.com/vendor/laravel/framework/src/Illuminate/Contracts/Auth/" "Mozilla/5.0 AppleWebKit/537.36 (KHTML, like Gecko; compatible; GPTBot/1.3; +https://openai.com/gptbot)"
74.7.227.142 - - [17/Mar/2026:03:23:01 +0000] "GET /vendor/laravel/framework/src/Illuminate/Support/Facades/Route.php HTTP/1.1" 500 0 "http://www.mianjeepos.bms69.com/vendor/laravel/framework/src/Illuminate/Support/Facades/" "Mozilla/5.0 AppleWebKit/537.36 (KHTML, like Gecko; compatible; GPTBot/1.3; +https://openai.com/gptbot)"
74.7.227.166 - - [17/Mar/2026:03:23:26 +0000] "GET /vendor/laravel/framework/src/Illuminate/View/Compilers/BladeCompiler.php HTTP/1.1" 500 0 "http://mianjeepos.bms69.com/vendor/laravel/framework/src/Illuminate/View/Compilers/" "Mozilla/5.0 AppleWebKit/537.36 (KHTML, like Gecko; compatible; GPTBot/1.3; +https://openai.com/gptbot)"
74.7.227.166 - - [17/Mar/2026:03:24:29 +0000] "GET /vendor/laravel/framework/src/Illuminate/Contracts/Auth/PasswordBrokerFactory.php HTTP/1.1" 200 0 "http://mianjeepos.bms69.com/vendor/laravel/framework/src/Illuminate/Contracts/Auth/" "Mozilla/5.0 AppleWebKit/537.36 (KHTML, like Gecko; compatible; GPTBot/1.3; +https://openai.com/gptbot)"
74.7.227.166 - - [17/Mar/2026:03:25:27 +0000] "GET /vendor/laravel/framework/src/Illuminate/Auth/Middleware/EnsureEmailIsVerified.php HTTP/1.1" 200 0 "http://mianjeepos.bms69.com/vendor/laravel/framework/src/Illuminate/Auth/Middleware/" "Mozilla/5.0 AppleWebKit/537.36 (KHTML, like Gecko; compatible; GPTBot/1.3; +https://openai.com/gptbot)"
74.7.227.142 - - [17/Mar/2026:03:28:16 +0000] "GET /vendor/laravel/framework/src/Illuminate/Auth/Middleware/AuthenticateWithBasicAuth.php HTTP/1.1" 200 0 "http://www.mianjeepos.bms69.com/vendor/laravel/framework/src/Illuminate/Auth/Middleware/" "Mozilla/5.0 AppleWebKit/537.36 (KHTML, like Gecko; compatible; GPTBot/1.3; +https://openai.com/gptbot)"
74.7.227.142 - - [17/Mar/2026:03:29:20 +0000] "GET /vendor/laravel/framework/src/Illuminate/Foundation/Auth/ HTTP/1.1" 200 797 "http://www.mianjeepos.bms69.com/vendor/laravel/framework/src/Illuminate/Foundation/" "Mozilla/5.0 AppleWebKit/537.36 (KHTML, like Gecko; compatible; GPTBot/1.3; +https://openai.com/gptbot)"
74.7.227.142 - - [17/Mar/2026:03:31:14 +0000] "GET /vendor/league/commonmark/src/Extension/Attributes/Util/ HTTP/1.1" 200 671 "http://www.mianjeepos.bms69.com/vendor/league/commonmark/src/Extension/Attributes/" "Mozilla/5.0 AppleWebKit/537.36 (KHTML, like Gecko; compatible; GPTBot/1.3; +https://openai.com/gptbot)"
74.7.227.166 - - [17/Mar/2026:03:32:35 +0000] "GET /vendor/laravel/framework/src/Illuminate/Contracts/Auth/StatefulGuard.php HTTP/1.1" 500 0 "http://mianjeepos.bms69.com/vendor/laravel/framework/src/Illuminate/Contracts/Auth/" "Mozilla/5.0 AppleWebKit/537.36 (KHTML, like Gecko; compatible; GPTBot/1.3; +https://openai.com/gptbot)"
74.7.175.187 - - [17/Mar/2026:03:32:35 +0000] "GET /robots.txt HTTP/1.1" 404 1251 "-" "Mozilla/5.0 (Macintosh; Intel Mac OS X 10_15_7) AppleWebKit/537.36 (KHTML, like Gecko) Chrome/131.0.0.0 Safari/537.36; compatible; OAI-SearchBot/1.3; robots.txt; +https://openai.com/searchbot"
74.7.244.31 - - [17/Mar/2026:03:33:18 +0000] "GET /robots.txt HTTP/1.1" 404 1251 "-" "Mozilla/5.0 (Macintosh; Intel Mac OS X 10_15_7) AppleWebKit/537.36 (KHTML, like Gecko) Chrome/131.0.0.0 Safari/537.36; compatible; OAI-SearchBot/1.3; robots.txt; +https://openai.com/searchbot"
74.7.227.142 - - [17/Mar/2026:03:34:17 +0000] "GET /vendor/spatie/laravel-medialibrary/src/Conversions/ImageGenerators/Svg.php HTTP/1.1" 500 0 "http://www.mianjeepos.bms69.com/vendor/spatie/laravel-medialibrary/src/Conversions/ImageGenerators/" "Mozilla/5.0 AppleWebKit/537.36 (KHTML, like Gecko; compatible; GPTBot/1.3; +https://openai.com/gptbot)"
74.7.227.166 - - [17/Mar/2026:03:34:33 +0000] "GET /vendor/laravel/framework/src/Illuminate/Auth/Middleware/RequirePassword.php HTTP/1.1" 200 0 "http://mianjeepos.bms69.com/vendor/laravel/framework/src/Illuminate/Auth/Middleware/" "Mozilla/5.0 AppleWebKit/537.36 (KHTML, like Gecko; compatible; GPTBot/1.3; +https://openai.com/gptbot)"
185.177.72.56 - - [17/Mar/2026:03:35:30 +0000] "GET / HTTP/1.1" 200 1832 "-" "curl/8.7.1"
185.177.72.56 - - [17/Mar/2026:03:35:30 +0000] "GET /.env HTTP/1.1" 406 779 "-" "curl/8.7.1"
185.177.72.56 - - [17/Mar/2026:03:35:30 +0000] "GET /.env.local HTTP/1.1" 404 1251 "-" "curl/8.7.1"
185.177.72.56 - - [17/Mar/2026:03:35:30 +0000] "GET /.env.development HTTP/1.1" 404 1251 "-" "curl/8.7.1"
185.177.72.56 - - [17/Mar/2026:03:35:30 +0000] "GET /.env.production HTTP/1.1" 404 1251 "-" "curl/8.7.1"
185.177.72.56 - - [17/Mar/2026:03:35:30 +0000] "GET /.env.staging HTTP/1.1" 404 1251 "-" "curl/8.7.1"
185.177.72.56 - - [17/Mar/2026:03:35:30 +0000] "GET /.env.test HTTP/1.1" 404 1251 "-" "curl/8.7.1"
185.177.72.56 - - [17/Mar/2026:03:35:30 +0000] "GET /.env.example HTTP/1.1" 406 779 "-" "curl/8.7.1"
185.177.72.56 - - [17/Mar/2026:03:35:30 +0000] "GET /.env.sample HTTP/1.1" 404 1251 "-" "curl/8.7.1"
185.177.72.56 - - [17/Mar/2026:03:35:30 +0000] "GET /.env.backup HTTP/1.1" 404 1251 "-" "curl/8.7.1"
185.177.72.56 - - [17/Mar/2026:03:35:31 +0000] "GET /.env.save HTTP/1.1" 404 1251 "-" "curl/8.7.1"
185.177.72.56 - - [17/Mar/2026:03:35:31 +0000] "GET /.env.old HTTP/1.1" 404 1251 "-" "curl/8.7.1"
185.177.72.56 - - [17/Mar/2026:03:35:31 +0000] "GET /.env.tmp HTTP/1.1" 404 1251 "-" "curl/8.7.1"
185.177.72.56 - - [17/Mar/2026:03:35:31 +0000] "GET /.env.dist HTTP/1.1" 404 1251 "-" "curl/8.7.1"
185.177.72.56 - - [17/Mar/2026:03:35:31 +0000] "GET /.env.default HTTP/1.1" 404 1251 "-" "curl/8.7.1"
185.177.72.56 - - [17/Mar/2026:03:35:31 +0000] "GET /.env.template HTTP/1.1" 404 1251 "-" "curl/8.7.1"
185.177.72.56 - - [17/Mar/2026:03:35:31 +0000] "GET /.env.working HTTP/1.1" 404 1251 "-" "curl/8.7.1"
185.177.72.56 - - [17/Mar/2026:03:35:31 +0000] "GET /.env.current HTTP/1.1" 404 1251 "-" "curl/8.7.1"
185.177.72.56 - - [17/Mar/2026:03:35:31 +0000] "GET /.env.previous HTTP/1.1" 404 1251 "-" "curl/8.7.1"
185.177.72.56 - - [17/Mar/2026:03:35:31 +0000] "GET /.env.original HTTP/1.1" 404 1251 "-" "curl/8.7.1"
185.177.72.56 - - [17/Mar/2026:03:35:32 +0000] "GET /.env.copy HTTP/1.1" 404 1251 "-" "curl/8.7.1"
185.177.72.56 - - [17/Mar/2026:03:35:32 +0000] "GET /.env.bak HTTP/1.1" 404 1251 "-" "curl/8.7.1"
185.177.72.56 - - [17/Mar/2026:03:35:32 +0000] "GET /.env.php HTTP/1.1" 404 1251 "-" "curl/8.7.1"
185.177.72.56 - - [17/Mar/2026:03:35:32 +0000] "GET /.env.py HTTP/1.1" 404 1251 "-" "curl/8.7.1"
185.177.72.56 - - [17/Mar/2026:03:35:32 +0000] "GET /.env.js HTTP/1.1" 404 1251 "-" "curl/8.7.1"
185.177.72.56 - - [17/Mar/2026:03:35:32 +0000] "GET /.env.sh HTTP/1.1" 404 1251 "-" "curl/8.7.1"
185.177.72.56 - - [17/Mar/2026:03:35:32 +0000] "GET /.env.json HTTP/1.1" 404 1251 "-" "curl/8.7.1"
185.177.72.56 - - [17/Mar/2026:03:35:32 +0000] "GET /.env.yml HTTP/1.1" 404 1251 "-" "curl/8.7.1"
185.177.72.56 - - [17/Mar/2026:03:35:32 +0000] "GET /.env.yaml HTTP/1.1" 404 1251 "-" "curl/8.7.1"
185.177.72.56 - - [17/Mar/2026:03:35:33 +0000] "GET /.env.xml HTTP/1.1" 404 1251 "-" "curl/8.7.1"
185.177.72.56 - - [17/Mar/2026:03:35:33 +0000] "GET /.env.ini HTTP/1.1" 404 1251 "-" "curl/8.7.1"
185.177.72.56 - - [17/Mar/2026:03:35:33 +0000] "GET /.env.cfg HTTP/1.1" 404 1251 "-" "curl/8.7.1"
185.177.72.56 - - [17/Mar/2026:03:35:33 +0000] "GET /.env.conf HTTP/1.1" 404 1251 "-" "curl/8.7.1"
185.177.72.56 - - [17/Mar/2026:03:35:33 +0000] "GET /.env.config HTTP/1.1" 404 1251 "-" "curl/8.7.1"
185.177.72.56 - - [17/Mar/2026:03:35:33 +0000] "GET /.env.settings HTTP/1.1" 404 1251 "-" "curl/8.7.1"
185.177.72.56 - - [17/Mar/2026:03:35:33 +0000] "GET /.env.local.php HTTP/1.1" 404 1251 "-" "curl/8.7.1"
185.177.72.56 - - [17/Mar/2026:03:35:33 +0000] "GET /.env.local.py HTTP/1.1" 404 1251 "-" "curl/8.7.1"
185.177.72.56 - - [17/Mar/2026:03:35:33 +0000] "GET /.env.local.js HTTP/1.1" 404 1251 "-" "curl/8.7.1"
185.177.72.56 - - [17/Mar/2026:03:35:33 +0000] "GET /.env.local.json HTTP/1.1" 404 1251 "-" "curl/8.7.1"
185.177.72.56 - - [17/Mar/2026:03:35:34 +0000] "GET /.env.local.yml HTTP/1.1" 404 1251 "-" "curl/8.7.1"
185.177.72.56 - - [17/Mar/2026:03:35:34 +0000] "GET /.env.local.yaml HTTP/1.1" 404 1251 "-" "curl/8.7.1"
185.177.72.56 - - [17/Mar/2026:03:35:34 +0000] "GET /.env.production.php HTTP/1.1" 404 1251 "-" "curl/8.7.1"
185.177.72.56 - - [17/Mar/2026:03:35:34 +0000] "GET /.env.production.py HTTP/1.1" 404 1251 "-" "curl/8.7.1"
185.177.72.56 - - [17/Mar/2026:03:35:34 +0000] "GET /.env.production.js HTTP/1.1" 404 1251 "-" "curl/8.7.1"
185.177.72.56 - - [17/Mar/2026:03:35:34 +0000] "GET /.env.production.json HTTP/1.1" 404 1251 "-" "curl/8.7.1"
185.177.72.56 - - [17/Mar/2026:03:35:34 +0000] "GET /.env.production.yml HTTP/1.1" 404 1251 "-" "curl/8.7.1"
185.177.72.56 - - [17/Mar/2026:03:35:34 +0000] "GET /.env.production.yaml HTTP/1.1" 404 1251 "-" "curl/8.7.1"
185.177.72.56 - - [17/Mar/2026:03:35:34 +0000] "GET /config/.env HTTP/1.1" 404 1251 "-" "curl/8.7.1"
185.177.72.56 - - [17/Mar/2026:03:35:34 +0000] "GET /config/.env.local HTTP/1.1" 404 1251 "-" "curl/8.7.1"
185.177.72.56 - - [17/Mar/2026:03:35:35 +0000] "GET /config/.env.production HTTP/1.1" 404 1251 "-" "curl/8.7.1"
185.177.72.56 - - [17/Mar/2026:03:35:35 +0000] "GET /config/.env.staging HTTP/1.1" 404 1251 "-" "curl/8.7.1"
185.177.72.56 - - [17/Mar/2026:03:35:35 +0000] "GET /config/.env.dev HTTP/1.1" 404 1251 "-" "curl/8.7.1"
185.177.72.56 - - [17/Mar/2026:03:35:35 +0000] "GET /config/.env.test HTTP/1.1" 404 1251 "-" "curl/8.7.1"
185.177.72.56 - - [17/Mar/2026:03:35:35 +0000] "GET /api/.env HTTP/1.1" 404 1251 "-" "curl/8.7.1"
185.177.72.56 - - [17/Mar/2026:03:35:35 +0000] "GET /api/.env.local HTTP/1.1" 404 1251 "-" "curl/8.7.1"
185.177.72.56 - - [17/Mar/2026:03:35:35 +0000] "GET /api/.env.production HTTP/1.1" 404 1251 "-" "curl/8.7.1"
185.177.72.56 - - [17/Mar/2026:03:35:35 +0000] "GET /api/.env.staging HTTP/1.1" 404 1251 "-" "curl/8.7.1"
185.177.72.56 - - [17/Mar/2026:03:35:35 +0000] "GET /api/.env.dev HTTP/1.1" 404 1251 "-" "curl/8.7.1"
185.177.72.56 - - [17/Mar/2026:03:35:36 +0000] "GET /app/.env HTTP/1.1" 404 1251 "-" "curl/8.7.1"
185.177.72.56 - - [17/Mar/2026:03:35:36 +0000] "GET /app/.env.local HTTP/1.1" 404 1251 "-" "curl/8.7.1"
185.177.72.56 - - [17/Mar/2026:03:35:36 +0000] "GET /app/.env.production HTTP/1.1" 404 1251 "-" "curl/8.7.1"
185.177.72.56 - - [17/Mar/2026:03:35:36 +0000] "GET /app/.env.staging HTTP/1.1" 404 1251 "-" "curl/8.7.1"
185.177.72.56 - - [17/Mar/2026:03:35:36 +0000] "GET /app/.env.dev HTTP/1.1" 404 1251 "-" "curl/8.7.1"
185.177.72.56 - - [17/Mar/2026:03:35:36 +0000] "GET /backend/.env HTTP/1.1" 404 1251 "-" "curl/8.7.1"
185.177.72.56 - - [17/Mar/2026:03:35:36 +0000] "GET /backend/.env.local HTTP/1.1" 404 1251 "-" "curl/8.7.1"
185.177.72.56 - - [17/Mar/2026:03:35:36 +0000] "GET /backend/.env.production HTTP/1.1" 404 1251 "-" "curl/8.7.1"
185.177.72.56 - - [17/Mar/2026:03:35:36 +0000] "GET /backend/.env.staging HTTP/1.1" 404 1251 "-" "curl/8.7.1"
185.177.72.56 - - [17/Mar/2026:03:35:36 +0000] "GET /backend/.env.dev HTTP/1.1" 404 1251 "-" "curl/8.7.1"
185.177.72.56 - - [17/Mar/2026:03:35:37 +0000] "GET /frontend/.env HTTP/1.1" 404 1251 "-" "curl/8.7.1"
185.177.72.56 - - [17/Mar/2026:03:35:37 +0000] "GET /frontend/.env.local HTTP/1.1" 404 1251 "-" "curl/8.7.1"
185.177.72.56 - - [17/Mar/2026:03:35:37 +0000] "GET /frontend/.env.production HTTP/1.1" 404 1251 "-" "curl/8.7.1"
185.177.72.56 - - [17/Mar/2026:03:35:37 +0000] "GET /frontend/.env.staging HTTP/1.1" 404 1251 "-" "curl/8.7.1"
185.177.72.56 - - [17/Mar/2026:03:35:37 +0000] "GET /frontend/.env.dev HTTP/1.1" 404 1251 "-" "curl/8.7.1"
185.177.72.56 - - [17/Mar/2026:03:35:37 +0000] "GET /src/.env HTTP/1.1" 404 1251 "-" "curl/8.7.1"
185.177.72.56 - - [17/Mar/2026:03:35:37 +0000] "GET /src/.env.local HTTP/1.1" 404 1251 "-" "curl/8.7.1"
185.177.72.56 - - [17/Mar/2026:03:35:37 +0000] "GET /src/.env.production HTTP/1.1" 404 1251 "-" "curl/8.7.1"
185.177.72.56 - - [17/Mar/2026:03:35:37 +0000] "GET /src/.env.staging HTTP/1.1" 404 1251 "-" "curl/8.7.1"
185.177.72.56 - - [17/Mar/2026:03:35:37 +0000] "GET /src/.env.dev HTTP/1.1" 404 1251 "-" "curl/8.7.1"
185.177.72.56 - - [17/Mar/2026:03:35:38 +0000] "GET /.aws/credentials HTTP/1.1" 404 1251 "-" "curl/8.7.1"
185.177.72.56 - - [17/Mar/2026:03:35:38 +0000] "GET /.aws/config HTTP/1.1" 404 1251 "-" "curl/8.7.1"
185.177.72.56 - - [17/Mar/2026:03:35:38 +0000] "GET /aws/credentials HTTP/1.1" 404 1251 "-" "curl/8.7.1"
185.177.72.56 - - [17/Mar/2026:03:35:38 +0000] "GET /aws/config HTTP/1.1" 404 1251 "-" "curl/8.7.1"
185.177.72.56 - - [17/Mar/2026:03:35:38 +0000] "GET /home/ec2-user/.aws/credentials HTTP/1.1" 404 1251 "-" "curl/8.7.1"
185.177.72.56 - - [17/Mar/2026:03:35:38 +0000] "GET /home/ubuntu/.aws/credentials HTTP/1.1" 404 1251 "-" "curl/8.7.1"
185.177.72.56 - - [17/Mar/2026:03:35:38 +0000] "GET /root/.aws/credentials HTTP/1.1" 404 1251 "-" "curl/8.7.1"
185.177.72.56 - - [17/Mar/2026:03:35:38 +0000] "GET /etc/aws/credentials HTTP/1.1" 404 1251 "-" "curl/8.7.1"
185.177.72.56 - - [17/Mar/2026:03:35:38 +0000] "GET /opt/aws/credentials HTTP/1.1" 404 1251 "-" "curl/8.7.1"
185.177.72.56 - - [17/Mar/2026:03:35:39 +0000] "GET /var/lib/aws/credentials HTTP/1.1" 404 1251 "-" "curl/8.7.1"
185.177.72.56 - - [17/Mar/2026:03:35:39 +0000] "GET /shared/aws/credentials HTTP/1.1" 404 1251 "-" "curl/8.7.1"
185.177.72.56 - - [17/Mar/2026:03:35:39 +0000] "GET /aws/credentials.txt HTTP/1.1" 404 1251 "-" "curl/8.7.1"
185.177.72.56 - - [17/Mar/2026:03:35:39 +0000] "GET /aws/access-keys.txt HTTP/1.1" 404 1251 "-" "curl/8.7.1"
185.177.72.56 - - [17/Mar/2026:03:35:39 +0000] "GET /aws/iam-credentials.json HTTP/1.1" 404 1251 "-" "curl/8.7.1"
185.177.72.56 - - [17/Mar/2026:03:35:39 +0000] "GET /config HTTP/1.1" 301 795 "-" "curl/8.7.1"
185.177.72.56 - - [17/Mar/2026:03:35:39 +0000] "GET /config/ HTTP/1.1" 200 1585 "-" "curl/8.7.1"
185.177.72.56 - - [17/Mar/2026:03:35:39 +0000] "GET /config.json HTTP/1.1" 404 1251 "-" "curl/8.7.1"
185.177.72.56 - - [17/Mar/2026:03:35:39 +0000] "GET /config.yml HTTP/1.1" 404 1251 "-" "curl/8.7.1"
185.177.72.56 - - [17/Mar/2026:03:35:39 +0000] "GET /config.yaml HTTP/1.1" 404 1251 "-" "curl/8.7.1"
185.177.72.56 - - [17/Mar/2026:03:35:40 +0000] "GET /config.ini HTTP/1.1" 404 1251 "-" "curl/8.7.1"
185.177.72.56 - - [17/Mar/2026:03:35:40 +0000] "GET /config.cfg HTTP/1.1" 404 1251 "-" "curl/8.7.1"
185.177.72.56 - - [17/Mar/2026:03:35:40 +0000] "GET /config.conf HTTP/1.1" 404 1251 "-" "curl/8.7.1"
185.177.72.56 - - [17/Mar/2026:03:35:40 +0000] "GET /settings.json HTTP/1.1" 404 1251 "-" "curl/8.7.1"
185.177.72.56 - - [17/Mar/2026:03:35:40 +0000] "GET /settings.yml HTTP/1.1" 404 1251 "-" "curl/8.7.1"
185.177.72.56 - - [17/Mar/2026:03:35:40 +0000] "GET /settings.yaml HTTP/1.1" 404 1251 "-" "curl/8.7.1"
185.177.72.56 - - [17/Mar/2026:03:35:40 +0000] "GET /settings.ini HTTP/1.1" 404 1251 "-" "curl/8.7.1"
185.177.72.56 - - [17/Mar/2026:03:35:40 +0000] "GET /settings.cfg HTTP/1.1" 404 1251 "-" "curl/8.7.1"
185.177.72.56 - - [17/Mar/2026:03:35:40 +0000] "GET /settings.conf HTTP/1.1" 404 1251 "-" "curl/8.7.1"
185.177.72.56 - - [17/Mar/2026:03:35:41 +0000] "GET /parameters.yml HTTP/1.1" 404 1251 "-" "curl/8.7.1"
185.177.72.56 - - [17/Mar/2026:03:35:41 +0000] "GET /parameters.yaml HTTP/1.1" 404 1251 "-" "curl/8.7.1"
185.177.72.56 - - [17/Mar/2026:03:35:41 +0000] "GET /parameters.ini HTTP/1.1" 404 1251 "-" "curl/8.7.1"
185.177.72.56 - - [17/Mar/2026:03:35:41 +0000] "GET /parameters.json HTTP/1.1" 404 1251 "-" "curl/8.7.1"
185.177.72.56 - - [17/Mar/2026:03:35:41 +0000] "GET /appsettings.json HTTP/1.1" 404 1251 "-" "curl/8.7.1"
185.177.72.56 - - [17/Mar/2026:03:35:41 +0000] "GET /appsettings.Development.json HTTP/1.1" 404 1251 "-" "curl/8.7.1"
185.177.72.56 - - [17/Mar/2026:03:35:41 +0000] "GET /appsettings.Production.json HTTP/1.1" 404 1251 "-" "curl/8.7.1"
185.177.72.56 - - [17/Mar/2026:03:35:41 +0000] "GET /appsettings.Staging.json HTTP/1.1" 404 1251 "-" "curl/8.7.1"
185.177.72.56 - - [17/Mar/2026:03:35:41 +0000] "GET /database.yml HTTP/1.1" 404 1251 "-" "curl/8.7.1"
185.177.72.56 - - [17/Mar/2026:03:35:41 +0000] "GET /database.yaml HTTP/1.1" 404 1251 "-" "curl/8.7.1"
185.177.72.56 - - [17/Mar/2026:03:35:42 +0000] "GET /database.ini HTTP/1.1" 404 1251 "-" "curl/8.7.1"
185.177.72.56 - - [17/Mar/2026:03:35:42 +0000] "GET /database.json HTTP/1.1" 404 1251 "-" "curl/8.7.1"
185.177.72.56 - - [17/Mar/2026:03:35:42 +0000] "GET /db/config HTTP/1.1" 404 1251 "-" "curl/8.7.1"
185.177.72.56 - - [17/Mar/2026:03:35:42 +0000] "GET /db/config.yml HTTP/1.1" 404 1251 "-" "curl/8.7.1"
185.177.72.56 - - [17/Mar/2026:03:35:42 +0000] "GET /db/config.yaml HTTP/1.1" 404 1251 "-" "curl/8.7.1"
185.177.72.56 - - [17/Mar/2026:03:35:42 +0000] "GET /db/config.ini HTTP/1.1" 404 1251 "-" "curl/8.7.1"
185.177.72.56 - - [17/Mar/2026:03:35:42 +0000] "GET /db/config.json HTTP/1.1" 404 1251 "-" "curl/8.7.1"
185.177.72.56 - - [17/Mar/2026:03:35:42 +0000] "GET /database/config HTTP/1.1" 404 1251 "-" "curl/8.7.1"
185.177.72.56 - - [17/Mar/2026:03:35:42 +0000] "GET /database/config.yml HTTP/1.1" 404 1251 "-" "curl/8.7.1"
185.177.72.56 - - [17/Mar/2026:03:35:42 +0000] "GET /database/config.yaml HTTP/1.1" 404 1251 "-" "curl/8.7.1"
185.177.72.56 - - [17/Mar/2026:03:35:43 +0000] "GET /database/config.ini HTTP/1.1" 404 1251 "-" "curl/8.7.1"
185.177.72.56 - - [17/Mar/2026:03:35:43 +0000] "GET /database/config.json HTTP/1.1" 404 1251 "-" "curl/8.7.1"
185.177.72.56 - - [17/Mar/2026:03:35:43 +0000] "GET /credentials HTTP/1.1" 404 1251 "-" "curl/8.7.1"
185.177.72.56 - - [17/Mar/2026:03:35:43 +0000] "GET /credentials.json HTTP/1.1" 404 1251 "-" "curl/8.7.1"
185.177.72.56 - - [17/Mar/2026:03:35:43 +0000] "GET /credentials.yml HTTP/1.1" 404 1251 "-" "curl/8.7.1"
185.177.72.56 - - [17/Mar/2026:03:35:43 +0000] "GET /credentials.yaml HTTP/1.1" 404 1251 "-" "curl/8.7.1"
185.177.72.56 - - [17/Mar/2026:03:35:43 +0000] "GET /credentials.ini HTTP/1.1" 404 1251 "-" "curl/8.7.1"
185.177.72.56 - - [17/Mar/2026:03:35:43 +0000] "GET /credentials.cfg HTTP/1.1" 404 1251 "-" "curl/8.7.1"
185.177.72.56 - - [17/Mar/2026:03:35:43 +0000] "GET /credentials.conf HTTP/1.1" 404 1251 "-" "curl/8.7.1"
185.177.72.56 - - [17/Mar/2026:03:35:44 +0000] "GET /secrets HTTP/1.1" 404 1251 "-" "curl/8.7.1"
185.177.72.56 - - [17/Mar/2026:03:35:44 +0000] "GET /secrets.json HTTP/1.1" 404 1251 "-" "curl/8.7.1"
185.177.72.56 - - [17/Mar/2026:03:35:44 +0000] "GET /secrets.yml HTTP/1.1" 404 1251 "-" "curl/8.7.1"
185.177.72.56 - - [17/Mar/2026:03:35:44 +0000] "GET /secrets.yaml HTTP/1.1" 404 1251 "-" "curl/8.7.1"
185.177.72.56 - - [17/Mar/2026:03:35:44 +0000] "GET /secrets.ini HTTP/1.1" 404 1251 "-" "curl/8.7.1"
185.177.72.56 - - [17/Mar/2026:03:35:44 +0000] "GET /secrets.cfg HTTP/1.1" 404 1251 "-" "curl/8.7.1"
185.177.72.56 - - [17/Mar/2026:03:35:44 +0000] "GET /secrets.conf HTTP/1.1" 404 1251 "-" "curl/8.7.1"
185.177.72.56 - - [17/Mar/2026:03:35:44 +0000] "GET /.credentials HTTP/1.1" 404 1251 "-" "curl/8.7.1"
185.177.72.56 - - [17/Mar/2026:03:35:44 +0000] "GET /.credentials.json HTTP/1.1" 404 1251 "-" "curl/8.7.1"
185.177.72.56 - - [17/Mar/2026:03:35:44 +0000] "GET /.credentials.yml HTTP/1.1" 404 1251 "-" "curl/8.7.1"
185.177.72.56 - - [17/Mar/2026:03:35:45 +0000] "GET /.credentials.yaml HTTP/1.1" 404 1251 "-" "curl/8.7.1"
185.177.72.56 - - [17/Mar/2026:03:35:45 +0000] "GET /.credentials.ini HTTP/1.1" 404 1251 "-" "curl/8.7.1"
185.177.72.56 - - [17/Mar/2026:03:35:45 +0000] "GET /.credentials.cfg HTTP/1.1" 404 1251 "-" "curl/8.7.1"
185.177.72.56 - - [17/Mar/2026:03:35:45 +0000] "GET /.credentials.conf HTTP/1.1" 404 1251 "-" "curl/8.7.1"
185.177.72.56 - - [17/Mar/2026:03:35:45 +0000] "GET /mail/config HTTP/1.1" 404 1251 "-" "curl/8.7.1"
185.177.72.56 - - [17/Mar/2026:03:35:45 +0000] "GET /mail/config.json HTTP/1.1" 404 1251 "-" "curl/8.7.1"
185.177.72.56 - - [17/Mar/2026:03:35:45 +0000] "GET /mail/config.yml HTTP/1.1" 404 1251 "-" "curl/8.7.1"
185.177.72.56 - - [17/Mar/2026:03:35:45 +0000] "GET /mail/config.yaml HTTP/1.1" 404 1251 "-" "curl/8.7.1"
185.177.72.56 - - [17/Mar/2026:03:35:45 +0000] "GET /mail/config.ini HTTP/1.1" 404 1251 "-" "curl/8.7.1"
185.177.72.56 - - [17/Mar/2026:03:35:45 +0000] "GET /mail/config.cfg HTTP/1.1" 404 1251 "-" "curl/8.7.1"
185.177.72.56 - - [17/Mar/2026:03:35:46 +0000] "GET /mail/config.conf HTTP/1.1" 404 1251 "-" "curl/8.7.1"
185.177.72.56 - - [17/Mar/2026:03:35:46 +0000] "GET /email/config HTTP/1.1" 404 1251 "-" "curl/8.7.1"
185.177.72.56 - - [17/Mar/2026:03:35:46 +0000] "GET /email/config.json HTTP/1.1" 404 1251 "-" "curl/8.7.1"
185.177.72.56 - - [17/Mar/2026:03:35:46 +0000] "GET /email/config.yml HTTP/1.1" 404 1251 "-" "curl/8.7.1"
185.177.72.56 - - [17/Mar/2026:03:35:46 +0000] "GET /email/config.yaml HTTP/1.1" 404 1251 "-" "curl/8.7.1"
185.177.72.56 - - [17/Mar/2026:03:35:46 +0000] "GET /email/config.ini HTTP/1.1" 404 1251 "-" "curl/8.7.1"
185.177.72.56 - - [17/Mar/2026:03:35:46 +0000] "GET /email/config.cfg HTTP/1.1" 404 1251 "-" "curl/8.7.1"
185.177.72.56 - - [17/Mar/2026:03:35:46 +0000] "GET /email/config.conf HTTP/1.1" 404 1251 "-" "curl/8.7.1"
185.177.72.56 - - [17/Mar/2026:03:35:46 +0000] "GET /smtp/config HTTP/1.1" 404 1251 "-" "curl/8.7.1"
185.177.72.56 - - [17/Mar/2026:03:35:47 +0000] "GET /smtp/config.json HTTP/1.1" 404 1251 "-" "curl/8.7.1"
185.177.72.56 - - [17/Mar/2026:03:35:47 +0000] "GET /smtp/config.yml HTTP/1.1" 404 1251 "-" "curl/8.7.1"
185.177.72.56 - - [17/Mar/2026:03:35:47 +0000] "GET /smtp/config.yaml HTTP/1.1" 404 1251 "-" "curl/8.7.1"
185.177.72.56 - - [17/Mar/2026:03:35:47 +0000] "GET /smtp/config.ini HTTP/1.1" 404 1251 "-" "curl/8.7.1"
185.177.72.56 - - [17/Mar/2026:03:35:47 +0000] "GET /smtp/config.cfg HTTP/1.1" 404 1251 "-" "curl/8.7.1"
185.177.72.56 - - [17/Mar/2026:03:35:47 +0000] "GET /smtp/config.conf HTTP/1.1" 404 1251 "-" "curl/8.7.1"
185.177.72.56 - - [17/Mar/2026:03:35:47 +0000] "GET /ses/config HTTP/1.1" 404 1251 "-" "curl/8.7.1"
185.177.72.56 - - [17/Mar/2026:03:35:47 +0000] "GET /ses/config.json HTTP/1.1" 404 1251 "-" "curl/8.7.1"
185.177.72.56 - - [17/Mar/2026:03:35:47 +0000] "GET /ses/config.yml HTTP/1.1" 404 1251 "-" "curl/8.7.1"
185.177.72.56 - - [17/Mar/2026:03:35:47 +0000] "GET /ses/config.yaml HTTP/1.1" 404 1251 "-" "curl/8.7.1"
185.177.72.56 - - [17/Mar/2026:03:35:48 +0000] "GET /ses/config.ini HTTP/1.1" 404 1251 "-" "curl/8.7.1"
185.177.72.56 - - [17/Mar/2026:03:35:48 +0000] "GET /ses/config.cfg HTTP/1.1" 404 1251 "-" "curl/8.7.1"
185.177.72.56 - - [17/Mar/2026:03:35:48 +0000] "GET /ses/config.conf HTTP/1.1" 404 1251 "-" "curl/8.7.1"
185.177.72.56 - - [17/Mar/2026:03:35:48 +0000] "GET /sendgrid/config HTTP/1.1" 404 1251 "-" "curl/8.7.1"
185.177.72.56 - - [17/Mar/2026:03:35:48 +0000] "GET /sendgrid/config.json HTTP/1.1" 404 1251 "-" "curl/8.7.1"
185.177.72.56 - - [17/Mar/2026:03:35:48 +0000] "GET /sendgrid/config.yml HTTP/1.1" 404 1251 "-" "curl/8.7.1"
185.177.72.56 - - [17/Mar/2026:03:35:48 +0000] "GET /sendgrid/config.yaml HTTP/1.1" 404 1251 "-" "curl/8.7.1"
185.177.72.56 - - [17/Mar/2026:03:35:48 +0000] "GET /sendgrid/config.ini HTTP/1.1" 404 1251 "-" "curl/8.7.1"
185.177.72.56 - - [17/Mar/2026:03:35:48 +0000] "GET /sendgrid/config.cfg HTTP/1.1" 404 1251 "-" "curl/8.7.1"
185.177.72.56 - - [17/Mar/2026:03:35:48 +0000] "GET /sendgrid/config.conf HTTP/1.1" 404 1251 "-" "curl/8.7.1"
185.177.72.56 - - [17/Mar/2026:03:35:49 +0000] "GET /mailgun/config HTTP/1.1" 404 1251 "-" "curl/8.7.1"
185.177.72.56 - - [17/Mar/2026:03:35:49 +0000] "GET /mailgun/config.json HTTP/1.1" 404 1251 "-" "curl/8.7.1"
185.177.72.56 - - [17/Mar/2026:03:35:49 +0000] "GET /mailgun/config.yml HTTP/1.1" 404 1251 "-" "curl/8.7.1"
185.177.72.56 - - [17/Mar/2026:03:35:49 +0000] "GET /mailgun/config.yaml HTTP/1.1" 404 1251 "-" "curl/8.7.1"
185.177.72.56 - - [17/Mar/2026:03:35:49 +0000] "GET /mailgun/config.ini HTTP/1.1" 404 1251 "-" "curl/8.7.1"
185.177.72.56 - - [17/Mar/2026:03:35:49 +0000] "GET /mailgun/config.cfg HTTP/1.1" 404 1251 "-" "curl/8.7.1"
