74.7.227.142 - - [17/Mar/2026:05:29:54 +0000] "GET /vendor/spatie/error-solutions/legacy/ignition/Solutions/OpenAi/ HTTP/1.1" 200 1117 "http://www.mianjeepos.bms69.com/vendor/spatie/error-solutions/legacy/ignition/Solutions/" "Mozilla/5.0 AppleWebKit/537.36 (KHTML, like Gecko; compatible; GPTBot/1.3; +https://openai.com/gptbot)"
74.7.227.142 - - [17/Mar/2026:05:30:36 +0000] "GET /vendor/dompdf/php-svg-lib/src/Svg/Document.php HTTP/1.1" 500 0 "http://www.mianjeepos.bms69.com/vendor/dompdf/php-svg-lib/src/Svg/" "Mozilla/5.0 AppleWebKit/537.36 (KHTML, like Gecko; compatible; GPTBot/1.3; +https://openai.com/gptbot)"
74.7.227.166 - - [17/Mar/2026:05:31:48 +0000] "GET /vendor/laravel/framework/src/Illuminate/Support/Facades/DB.php HTTP/1.1" 500 0 "http://mianjeepos.bms69.com/vendor/laravel/framework/src/Illuminate/Support/Facades/" "Mozilla/5.0 AppleWebKit/537.36 (KHTML, like Gecko; compatible; GPTBot/1.3; +https://openai.com/gptbot)"
74.7.227.142 - - [17/Mar/2026:05:32:14 +0000] "GET /vendor/doctrine/dbal/src/Driver/SQLite3/?ND HTTP/1.1" 200 1100 "http://www.mianjeepos.bms69.com/vendor/doctrine/dbal/src/Driver/SQLite3/" "Mozilla/5.0 AppleWebKit/537.36 (KHTML, like Gecko; compatible; GPTBot/1.3; +https://openai.com/gptbot)"
74.7.227.166 - - [17/Mar/2026:05:32:51 +0000] "GET /vendor/laravel/framework/src/Illuminate/Support/Facades/Log.php HTTP/1.1" 500 0 "http://mianjeepos.bms69.com/vendor/laravel/framework/src/Illuminate/Support/Facades/" "Mozilla/5.0 AppleWebKit/537.36 (KHTML, like Gecko; compatible; GPTBot/1.3; +https://openai.com/gptbot)"
74.7.227.166 - - [17/Mar/2026:05:33:55 +0000] "GET /vendor/laravel/framework/src/Illuminate/Support/Facades/URL.php HTTP/1.1" 500 0 "http://mianjeepos.bms69.com/vendor/laravel/framework/src/Illuminate/Support/Facades/" "Mozilla/5.0 AppleWebKit/537.36 (KHTML, like Gecko; compatible; GPTBot/1.3; +https://openai.com/gptbot)"
74.7.175.187 - - [17/Mar/2026:05:33:55 +0000] "GET /robots.txt HTTP/1.1" 404 1251 "-" "Mozilla/5.0 (Macintosh; Intel Mac OS X 10_15_7) AppleWebKit/537.36 (KHTML, like Gecko) Chrome/131.0.0.0 Safari/537.36; compatible; OAI-SearchBot/1.3; robots.txt; +https://openai.com/searchbot"
74.7.227.142 - - [17/Mar/2026:05:34:03 +0000] "GET /vendor/doctrine/dbal/src/Driver/SQLite3/?MA HTTP/1.1" 200 1099 "http://www.mianjeepos.bms69.com/vendor/doctrine/dbal/src/Driver/SQLite3/" "Mozilla/5.0 AppleWebKit/537.36 (KHTML, like Gecko; compatible; GPTBot/1.3; +https://openai.com/gptbot)"
74.7.227.166 - - [17/Mar/2026:05:34:59 +0000] "GET /vendor/laravel/framework/src/Illuminate/Support/Facades/Schema.php HTTP/1.1" 500 0 "http://mianjeepos.bms69.com/vendor/laravel/framework/src/Illuminate/Support/Facades/" "Mozilla/5.0 AppleWebKit/537.36 (KHTML, like Gecko; compatible; GPTBot/1.3; +https://openai.com/gptbot)"
74.7.227.166 - - [17/Mar/2026:05:37:08 +0000] "GET /vendor/laravel/framework/src/Illuminate/Support/Facades/Crypt.php HTTP/1.1" 500 0 "http://mianjeepos.bms69.com/vendor/laravel/framework/src/Illuminate/Support/Facades/" "Mozilla/5.0 AppleWebKit/537.36 (KHTML, like Gecko; compatible; GPTBot/1.3; +https://openai.com/gptbot)"
74.7.227.142 - - [17/Mar/2026:05:37:21 +0000] "GET /vendor/spatie/laravel-medialibrary/src/Conversions/Commands/?ND HTTP/1.1" 200 732 "http://www.mianjeepos.bms69.com/vendor/spatie/laravel-medialibrary/src/Conversions/Commands/" "Mozilla/5.0 AppleWebKit/537.36 (KHTML, like Gecko; compatible; GPTBot/1.3; +https://openai.com/gptbot)"
74.7.227.142 - - [17/Mar/2026:05:37:55 +0000] "GET /vendor/spatie/error-solutions/legacy/ignition/Solutions/OpenAi/OpenAiSolution.php HTTP/1.1" 500 0 "http://www.mianjeepos.bms69.com/vendor/spatie/error-solutions/legacy/ignition/Solutions/OpenAi/" "Mozilla/5.0 AppleWebKit/537.36 (KHTML, like Gecko; compatible; GPTBot/1.3; +https://openai.com/gptbot)"
74.7.227.166 - - [17/Mar/2026:05:38:13 +0000] "GET /vendor/laravel/framework/src/Illuminate/Support/Facades/Mail.php HTTP/1.1" 500 0 "http://mianjeepos.bms69.com/vendor/laravel/framework/src/Illuminate/Support/Facades/" "Mozilla/5.0 AppleWebKit/537.36 (KHTML, like Gecko; compatible; GPTBot/1.3; +https://openai.com/gptbot)"
74.7.175.187 - - [17/Mar/2026:05:39:18 +0000] "GET /robots.txt HTTP/1.1" 404 1251 "-" "Mozilla/5.0 (Macintosh; Intel Mac OS X 10_15_7) AppleWebKit/537.36 (KHTML, like Gecko) Chrome/131.0.0.0 Safari/537.36; compatible; OAI-SearchBot/1.3; robots.txt; +https://openai.com/searchbot"
74.7.227.142 - - [17/Mar/2026:05:39:21 +0000] "GET /vendor/spatie/error-solutions/legacy/ignition/Solutions/OpenAi/?MA HTTP/1.1" 200 1121 "http://www.mianjeepos.bms69.com/vendor/spatie/error-solutions/legacy/ignition/Solutions/OpenAi/" "Mozilla/5.0 AppleWebKit/537.36 (KHTML, like Gecko; compatible; GPTBot/1.3; +https://openai.com/gptbot)"
74.7.227.166 - - [17/Mar/2026:05:40:23 +0000] "GET /vendor/laravel/framework/src/Illuminate/Support/Facades/Lang.php HTTP/1.1" 500 0 "http://mianjeepos.bms69.com/vendor/laravel/framework/src/Illuminate/Support/Facades/" "Mozilla/5.0 AppleWebKit/537.36 (KHTML, like Gecko; compatible; GPTBot/1.3; +https://openai.com/gptbot)"
74.7.227.142 - - [17/Mar/2026:05:40:27 +0000] "GET /vendor/spatie/error-solutions/legacy/ignition/Solutions/OpenAi/?ND HTTP/1.1" 200 1107 "http://www.mianjeepos.bms69.com/vendor/spatie/error-solutions/legacy/ignition/Solutions/OpenAi/" "Mozilla/5.0 AppleWebKit/537.36 (KHTML, like Gecko; compatible; GPTBot/1.3; +https://openai.com/gptbot)"
74.7.227.166 - - [17/Mar/2026:05:41:27 +0000] "GET /vendor/laravel/framework/src/Illuminate/Support/Facades/Date.php HTTP/1.1" 500 0 "http://mianjeepos.bms69.com/vendor/laravel/framework/src/Illuminate/Support/Facades/" "Mozilla/5.0 AppleWebKit/537.36 (KHTML, like Gecko; compatible; GPTBot/1.3; +https://openai.com/gptbot)"
74.7.227.166 - - [17/Mar/2026:05:42:34 +0000] "GET /vendor/laravel/framework/src/Illuminate/Support/Facades/Auth.php HTTP/1.1" 500 0 "http://mianjeepos.bms69.com/vendor/laravel/framework/src/Illuminate/Support/Facades/" "Mozilla/5.0 AppleWebKit/537.36 (KHTML, like Gecko; compatible; GPTBot/1.3; +https://openai.com/gptbot)"
74.7.227.142 - - [17/Mar/2026:05:42:58 +0000] "GET /vendor/spatie/error-solutions/legacy/ignition/Solutions/OpenAi/OpenAiSolutionProvider.php HTTP/1.1" 500 0 "http://www.mianjeepos.bms69.com/vendor/spatie/error-solutions/legacy/ignition/Solutions/OpenAi/" "Mozilla/5.0 AppleWebKit/537.36 (KHTML, like Gecko; compatible; GPTBot/1.3; +https://openai.com/gptbot)"
74.7.227.166 - - [17/Mar/2026:05:44:41 +0000] "GET /vendor/laravel/framework/src/Illuminate/Support/Facades/Cache.php HTTP/1.1" 500 0 "http://mianjeepos.bms69.com/vendor/laravel/framework/src/Illuminate/Support/Facades/" "Mozilla/5.0 AppleWebKit/537.36 (KHTML, like Gecko; compatible; GPTBot/1.3; +https://openai.com/gptbot)"
74.7.244.31 - - [17/Mar/2026:05:45:08 +0000] "GET /robots.txt HTTP/1.1" 404 1251 "-" "Mozilla/5.0 (Macintosh; Intel Mac OS X 10_15_7) AppleWebKit/537.36 (KHTML, like Gecko) Chrome/131.0.0.0 Safari/537.36; compatible; OAI-SearchBot/1.3; robots.txt; +https://openai.com/searchbot"
74.7.227.142 - - [17/Mar/2026:05:38:18 +0000] "GET /vendor/spatie/error-solutions/legacy/ignition/Solutions/OpenAi/OpenAiSolutionResponse.php HTTP/1.1" 500 0 "http://www.mianjeepos.bms69.com/vendor/spatie/error-solutions/legacy/ignition/Solutions/OpenAi/" "Mozilla/5.0 AppleWebKit/537.36 (KHTML, like Gecko; compatible; GPTBot/1.3; +https://openai.com/gptbot)"
74.7.227.166 - - [17/Mar/2026:05:39:18 +0000] "GET /vendor/laravel/framework/src/Illuminate/Support/Facades/Hash.php HTTP/1.1" 500 0 "http://mianjeepos.bms69.com/vendor/laravel/framework/src/Illuminate/Support/Facades/" "Mozilla/5.0 AppleWebKit/537.36 (KHTML, like Gecko; compatible; GPTBot/1.3; +https://openai.com/gptbot)"
74.7.244.31 - - [17/Mar/2026:05:39:21 +0000] "GET /robots.txt HTTP/1.1" 404 1251 "-" "Mozilla/5.0 (Macintosh; Intel Mac OS X 10_15_7) AppleWebKit/537.36 (KHTML, like Gecko) Chrome/131.0.0.0 Safari/537.36; compatible; OAI-SearchBot/1.3; robots.txt; +https://openai.com/searchbot"
74.7.227.142 - - [17/Mar/2026:05:41:19 +0000] "GET /vendor/spatie/error-solutions/legacy/ignition/Solutions/OpenAi/?SA HTTP/1.1" 200 1112 "http://www.mianjeepos.bms69.com/vendor/spatie/error-solutions/legacy/ignition/Solutions/OpenAi/" "Mozilla/5.0 AppleWebKit/537.36 (KHTML, like Gecko; compatible; GPTBot/1.3; +https://openai.com/gptbot)"
74.7.227.142 - - [17/Mar/2026:05:42:10 +0000] "GET /vendor/spatie/error-solutions/legacy/ignition/Solutions/OpenAi/OpenAiPromptViewModel.php HTTP/1.1" 500 0 "http://www.mianjeepos.bms69.com/vendor/spatie/error-solutions/legacy/ignition/Solutions/OpenAi/" "Mozilla/5.0 AppleWebKit/537.36 (KHTML, like Gecko; compatible; GPTBot/1.3; +https://openai.com/gptbot)"
74.7.227.166 - - [17/Mar/2026:05:43:40 +0000] "GET /vendor/laravel/framework/src/Illuminate/Support/Facades/Http.php HTTP/1.1" 500 0 "http://mianjeepos.bms69.com/vendor/laravel/framework/src/Illuminate/Support/Facades/" "Mozilla/5.0 AppleWebKit/537.36 (KHTML, like Gecko; compatible; GPTBot/1.3; +https://openai.com/gptbot)"
74.7.227.142 - - [17/Mar/2026:05:44:03 +0000] "GET /vendor/spatie/error-solutions/legacy/ignition/Solutions/OpenAi/DummyCache.php HTTP/1.1" 500 0 "http://www.mianjeepos.bms69.com/vendor/spatie/error-solutions/legacy/ignition/Solutions/OpenAi/" "Mozilla/5.0 AppleWebKit/537.36 (KHTML, like Gecko; compatible; GPTBot/1.3; +https://openai.com/gptbot)"
74.7.227.142 - - [17/Mar/2026:05:45:08 +0000] "GET /vendor/spatie/error-solutions/legacy/ignition/Solutions/OpenAi/error_log HTTP/1.1" 403 1242 "http://www.mianjeepos.bms69.com/vendor/spatie/error-solutions/legacy/ignition/Solutions/OpenAi/" "Mozilla/5.0 AppleWebKit/537.36 (KHTML, like Gecko; compatible; GPTBot/1.3; +https://openai.com/gptbot)"
74.7.227.166 - - [17/Mar/2026:05:45:48 +0000] "GET /vendor/laravel/framework/src/Illuminate/Support/Facades/Redis.php HTTP/1.1" 500 0 "http://mianjeepos.bms69.com/vendor/laravel/framework/src/Illuminate/Support/Facades/" "Mozilla/5.0 AppleWebKit/537.36 (KHTML, like Gecko; compatible; GPTBot/1.3; +https://openai.com/gptbot)"
74.7.227.142 - - [17/Mar/2026:05:48:13 +0000] "GET /vendor/doctrine/dbal/src/Driver/SQLite3/?NA HTTP/1.1" 200 1097 "http://www.mianjeepos.bms69.com/vendor/doctrine/dbal/src/Driver/SQLite3/?ND" "Mozilla/5.0 AppleWebKit/537.36 (KHTML, like Gecko; compatible; GPTBot/1.3; +https://openai.com/gptbot)"
74.7.227.142 - - [17/Mar/2026:05:49:18 +0000] "GET /vendor/doctrine/dbal/src/Driver/SQLite3/?MD HTTP/1.1" 200 1094 "http://www.mianjeepos.bms69.com/vendor/doctrine/dbal/src/Driver/SQLite3/?MA" "Mozilla/5.0 AppleWebKit/537.36 (KHTML, like Gecko; compatible; GPTBot/1.3; +https://openai.com/gptbot)"
74.7.227.166 - - [17/Mar/2026:05:50:03 +0000] "GET /vendor/laravel/framework/src/Illuminate/Support/Facades/Cookie.php HTTP/1.1" 500 0 "http://mianjeepos.bms69.com/vendor/laravel/framework/src/Illuminate/Support/Facades/" "Mozilla/5.0 AppleWebKit/537.36 (KHTML, like Gecko; compatible; GPTBot/1.3; +https://openai.com/gptbot)"
74.7.227.142 - - [17/Mar/2026:05:50:14 +0000] "GET /vendor/spatie/error-solutions/legacy/ignition/Solutions/OpenAi/?NA HTTP/1.1" 200 1123 "http://www.mianjeepos.bms69.com/vendor/spatie/error-solutions/legacy/ignition/Solutions/OpenAi/?MA" "Mozilla/5.0 AppleWebKit/537.36 (KHTML, like Gecko; compatible; GPTBot/1.3; +https://openai.com/gptbot)"
74.7.227.166 - - [17/Mar/2026:05:51:00 +0000] "GET /vendor/laravel/framework/src/Illuminate/Support/Facades/View.php HTTP/1.1" 500 0 "http://mianjeepos.bms69.com/vendor/laravel/framework/src/Illuminate/Support/Facades/" "Mozilla/5.0 AppleWebKit/537.36 (KHTML, like Gecko; compatible; GPTBot/1.3; +https://openai.com/gptbot)"
74.7.227.142 - - [17/Mar/2026:05:51:53 +0000] "GET /vendor/spatie/error-solutions/legacy/ignition/Solutions/OpenAi/?SD HTTP/1.1" 200 1116 "http://www.mianjeepos.bms69.com/vendor/spatie/error-solutions/legacy/ignition/Solutions/OpenAi/?SA" "Mozilla/5.0 AppleWebKit/537.36 (KHTML, like Gecko; compatible; GPTBot/1.3; +https://openai.com/gptbot)"
74.7.227.166 - - [17/Mar/2026:05:52:05 +0000] "GET /vendor/laravel/framework/src/Illuminate/Support/Facades/Route.php HTTP/1.1" 500 0 "http://mianjeepos.bms69.com/vendor/laravel/framework/src/Illuminate/Support/Facades/" "Mozilla/5.0 AppleWebKit/537.36 (KHTML, like Gecko; compatible; GPTBot/1.3; +https://openai.com/gptbot)"
74.7.227.142 - - [17/Mar/2026:05:53:09 +0000] "GET /vendor/spatie/laravel-medialibrary/src/Conversions/Commands/?SD HTTP/1.1" 200 724 "http://www.mianjeepos.bms69.com/vendor/spatie/laravel-medialibrary/src/Conversions/Commands/?SA" "Mozilla/5.0 AppleWebKit/537.36 (KHTML, like Gecko; compatible; GPTBot/1.3; +https://openai.com/gptbot)"
74.7.227.142 - - [17/Mar/2026:05:46:06 +0000] "GET /vendor/spatie/laravel-medialibrary/src/Conversions/Commands/RegenerateCommand.php HTTP/1.1" 500 0 "http://www.mianjeepos.bms69.com/vendor/spatie/laravel-medialibrary/src/Conversions/Commands/?SA" "Mozilla/5.0 AppleWebKit/537.36 (KHTML, like Gecko; compatible; GPTBot/1.3; +https://openai.com/gptbot)"
74.7.227.166 - - [17/Mar/2026:05:46:47 +0000] "GET /vendor/laravel/framework/src/Illuminate/Support/Facades/Gate.php HTTP/1.1" 500 0 "http://mianjeepos.bms69.com/vendor/laravel/framework/src/Illuminate/Support/Facades/" "Mozilla/5.0 AppleWebKit/537.36 (KHTML, like Gecko; compatible; GPTBot/1.3; +https://openai.com/gptbot)"
74.7.227.142 - - [17/Mar/2026:05:47:11 +0000] "GET /vendor/doctrine/dbal/src/Driver/SQLite3/Result.php HTTP/1.1" 500 0 "http://www.mianjeepos.bms69.com/vendor/doctrine/dbal/src/Driver/SQLite3/?ND" "Mozilla/5.0 AppleWebKit/537.36 (KHTML, like Gecko; compatible; GPTBot/1.3; +https://openai.com/gptbot)"
74.7.227.166 - - [17/Mar/2026:05:47:52 +0000] "GET /vendor/laravel/framework/src/Illuminate/Support/Facades/Queue.php HTTP/1.1" 500 0 "http://mianjeepos.bms69.com/vendor/laravel/framework/src/Illuminate/Support/Facades/" "Mozilla/5.0 AppleWebKit/537.36 (KHTML, like Gecko; compatible; GPTBot/1.3; +https://openai.com/gptbot)"
74.7.227.166 - - [17/Mar/2026:05:48:54 +0000] "GET /vendor/laravel/framework/src/Illuminate/Support/Facades/Blade.php HTTP/1.1" 500 0 "http://mianjeepos.bms69.com/vendor/laravel/framework/src/Illuminate/Support/Facades/" "Mozilla/5.0 AppleWebKit/537.36 (KHTML, like Gecko; compatible; GPTBot/1.3; +https://openai.com/gptbot)"
74.7.175.187 - - [17/Mar/2026:05:50:03 +0000] "GET /robots.txt HTTP/1.1" 404 1251 "-" "Mozilla/5.0 (Macintosh; Intel Mac OS X 10_15_7) AppleWebKit/537.36 (KHTML, like Gecko) Chrome/131.0.0.0 Safari/537.36; compatible; OAI-SearchBot/1.3; robots.txt; +https://openai.com/searchbot"
74.7.227.142 - - [17/Mar/2026:05:51:03 +0000] "GET /vendor/spatie/error-solutions/legacy/ignition/Solutions/OpenAi/?MD HTTP/1.1" 200 1124 "http://www.mianjeepos.bms69.com/vendor/spatie/error-solutions/legacy/ignition/Solutions/OpenAi/?MA" "Mozilla/5.0 AppleWebKit/537.36 (KHTML, like Gecko; compatible; GPTBot/1.3; +https://openai.com/gptbot)"
74.7.227.142 - - [17/Mar/2026:05:52:31 +0000] "GET /vendor/doctrine/dbal/src/Driver/SQLite3/?SD HTTP/1.1" 200 1092 "http://www.mianjeepos.bms69.com/vendor/doctrine/dbal/src/Driver/SQLite3/?SA" "Mozilla/5.0 AppleWebKit/537.36 (KHTML, like Gecko; compatible; GPTBot/1.3; +https://openai.com/gptbot)"
74.7.227.166 - - [17/Mar/2026:05:53:08 +0000] "GET /vendor/laravel/framework/src/Illuminate/Support/Facades/Config.php HTTP/1.1" 500 0 "http://mianjeepos.bms69.com/vendor/laravel/framework/src/Illuminate/Support/Facades/" "Mozilla/5.0 AppleWebKit/537.36 (KHTML, like Gecko; compatible; GPTBot/1.3; +https://openai.com/gptbot)"
74.7.227.142 - - [17/Mar/2026:05:53:44 +0000] "GET /vendor/spatie/laravel-medialibrary/src/Conversions/Commands/?MD HTTP/1.1" 200 727 "http://www.mianjeepos.bms69.com/vendor/spatie/laravel-medialibrary/src/Conversions/Commands/?MA" "Mozilla/5.0 AppleWebKit/537.36 (KHTML, like Gecko; compatible; GPTBot/1.3; +https://openai.com/gptbot)"
74.7.227.142 - - [17/Mar/2026:05:54:14 +0000] "GET /vendor/spatie/laravel-medialibrary/src/Conversions/Commands/?NA HTTP/1.1" 200 727 "http://www.mianjeepos.bms69.com/vendor/spatie/laravel-medialibrary/src/Conversions/Commands/?SA" "Mozilla/5.0 AppleWebKit/537.36 (KHTML, like Gecko; compatible; GPTBot/1.3; +https://openai.com/gptbot)"
74.7.227.142 - - [17/Mar/2026:05:54:42 +0000] "GET /vendor/laravel/framework/src/Illuminate/Database/DBAL/ HTTP/1.1" 200 723 "http://www.mianjeepos.bms69.com/vendor/laravel/framework/src/Illuminate/Database/" "Mozilla/5.0 AppleWebKit/537.36 (KHTML, like Gecko; compatible; GPTBot/1.3; +https://openai.com/gptbot)"
74.7.175.187 - - [17/Mar/2026:05:55:09 +0000] "GET /robots.txt HTTP/1.1" 404 1251 "-" "Mozilla/5.0 (Macintosh; Intel Mac OS X 10_15_7) AppleWebKit/537.36 (KHTML, like Gecko) Chrome/131.0.0.0 Safari/537.36; compatible; OAI-SearchBot/1.3; robots.txt; +https://openai.com/searchbot"
74.7.227.142 - - [17/Mar/2026:05:55:28 +0000] "GET /vendor/laravel/framework/src/Illuminate/Foundation/Support/Providers/?MA HTTP/1.1" 200 794 "http://www.mianjeepos.bms69.com/vendor/laravel/framework/src/Illuminate/Foundation/Support/Providers/" "Mozilla/5.0 AppleWebKit/537.36 (KHTML, like Gecko; compatible; GPTBot/1.3; +https://openai.com/gptbot)"
74.7.244.31 - - [17/Mar/2026:05:55:28 +0000] "GET /robots.txt HTTP/1.1" 404 1251 "-" "Mozilla/5.0 (Macintosh; Intel Mac OS X 10_15_7) AppleWebKit/537.36 (KHTML, like Gecko) Chrome/131.0.0.0 Safari/537.36; compatible; OAI-SearchBot/1.3; robots.txt; +https://openai.com/searchbot"
74.7.227.142 - - [17/Mar/2026:05:55:47 +0000] "GET /vendor/laravel/framework/src/Illuminate/Foundation/Support/Providers/?SA HTTP/1.1" 200 792 "http://www.mianjeepos.bms69.com/vendor/laravel/framework/src/Illuminate/Foundation/Support/Providers/" "Mozilla/5.0 AppleWebKit/537.36 (KHTML, like Gecko; compatible; GPTBot/1.3; +https://openai.com/gptbot)"
74.7.227.142 - - [17/Mar/2026:05:56:23 +0000] "GET /vendor/laravel/framework/src/Illuminate/Database/Eloquent/Attributes/?ND HTTP/1.1" 200 696 "http://www.mianjeepos.bms69.com/vendor/laravel/framework/src/Illuminate/Database/Eloquent/Attributes/" "Mozilla/5.0 AppleWebKit/537.36 (KHTML, like Gecko; compatible; GPTBot/1.3; +https://openai.com/gptbot)"
74.7.227.142 - - [17/Mar/2026:05:56:36 +0000] "GET /vendor/laravel/framework/src/Illuminate/Foundation/Support/Providers/?ND HTTP/1.1" 200 790 "http://www.mianjeepos.bms69.com/vendor/laravel/framework/src/Illuminate/Foundation/Support/Providers/" "Mozilla/5.0 AppleWebKit/537.36 (KHTML, like Gecko; compatible; GPTBot/1.3; +https://openai.com/gptbot)"
74.7.227.142 - - [17/Mar/2026:05:56:50 +0000] "GET /vendor/laravel/framework/src/Illuminate/Foundation/Testing/Concerns/?MA HTTP/1.1" 200 1281 "http://www.mianjeepos.bms69.com/vendor/laravel/framework/src/Illuminate/Foundation/Testing/Concerns/" "Mozilla/5.0 AppleWebKit/537.36 (KHTML, like Gecko; compatible; GPTBot/1.3; +https://openai.com/gptbot)"
74.7.227.142 - - [17/Mar/2026:05:57:00 +0000] "GET /vendor/laravel/framework/src/Illuminate/Database/Eloquent/Attributes/?SA HTTP/1.1" 200 702 "http://www.mianjeepos.bms69.com/vendor/laravel/framework/src/Illuminate/Database/Eloquent/Attributes/" "Mozilla/5.0 AppleWebKit/537.36 (KHTML, like Gecko; compatible; GPTBot/1.3; +https://openai.com/gptbot)"
74.7.227.142 - - [17/Mar/2026:05:57:11 +0000] "GET /vendor/laravel/framework/src/Illuminate/Database/Eloquent/Relations/?SA HTTP/1.1" 200 1398 "http://www.mianjeepos.bms69.com/vendor/laravel/framework/src/Illuminate/Database/Eloquent/Relations/" "Mozilla/5.0 AppleWebKit/537.36 (KHTML, like Gecko; compatible; GPTBot/1.3; +https://openai.com/gptbot)"
74.7.227.142 - - [17/Mar/2026:05:57:21 +0000] "GET /vendor/laravel/framework/src/Illuminate/Database/Eloquent/Relations/?MA HTTP/1.1" 200 1392 "http://www.mianjeepos.bms69.com/vendor/laravel/framework/src/Illuminate/Database/Eloquent/Relations/" "Mozilla/5.0 AppleWebKit/537.36 (KHTML, like Gecko; compatible; GPTBot/1.3; +https://openai.com/gptbot)"
74.7.227.166 - - [17/Mar/2026:05:54:05 +0000] "GET /vendor/laravel/framework/src/Illuminate/Support/Facades/File.php HTTP/1.1" 500 0 "http://mianjeepos.bms69.com/vendor/laravel/framework/src/Illuminate/Support/Facades/" "Mozilla/5.0 AppleWebKit/537.36 (KHTML, like Gecko; compatible; GPTBot/1.3; +https://openai.com/gptbot)"
74.7.227.142 - - [17/Mar/2026:05:55:06 +0000] "GET /vendor/laravel/framework/src/Illuminate/Database/Eloquent/Factories/?MA HTTP/1.1" 200 1182 "http://www.mianjeepos.bms69.com/vendor/laravel/framework/src/Illuminate/Database/Eloquent/Factories/" "Mozilla/5.0 AppleWebKit/537.36 (KHTML, like Gecko; compatible; GPTBot/1.3; +https://openai.com/gptbot)"
74.7.227.166 - - [17/Mar/2026:05:55:09 +0000] "GET /vendor/laravel/framework/src/Illuminate/Routing/Controller.php HTTP/1.1" 200 0 "http://mianjeepos.bms69.com/vendor/laravel/framework/src/Illuminate/Routing/" "Mozilla/5.0 AppleWebKit/537.36 (KHTML, like Gecko; compatible; GPTBot/1.3; +https://openai.com/gptbot)"
74.7.227.142 - - [17/Mar/2026:05:56:05 +0000] "GET /vendor/laravel/framework/src/Illuminate/Foundation/Testing/Concerns/?ND HTTP/1.1" 200 1270 "http://www.mianjeepos.bms69.com/vendor/laravel/framework/src/Illuminate/Foundation/Testing/Concerns/" "Mozilla/5.0 AppleWebKit/537.36 (KHTML, like Gecko; compatible; GPTBot/1.3; +https://openai.com/gptbot)"
74.7.227.166 - - [17/Mar/2026:05:56:15 +0000] "GET /vendor/laravel/framework/src/Illuminate/Foundation/helpers.php HTTP/1.1" 200 0 "http://mianjeepos.bms69.com/vendor/laravel/framework/src/Illuminate/Foundation/" "Mozilla/5.0 AppleWebKit/537.36 (KHTML, like Gecko; compatible; GPTBot/1.3; +https://openai.com/gptbot)"
74.7.227.166 - - [17/Mar/2026:05:57:11 +0000] "GET /vendor/laravel/framework/src/Illuminate/Collections/helpers.php HTTP/1.1" 200 0 "http://mianjeepos.bms69.com/vendor/laravel/framework/src/Illuminate/Collections/" "Mozilla/5.0 AppleWebKit/537.36 (KHTML, like Gecko; compatible; GPTBot/1.3; +https://openai.com/gptbot)"
74.7.227.166 - - [17/Mar/2026:05:58:05 +0000] "GET /vendor/laravel/framework/src/Illuminate/Testing/ParallelRunner.php HTTP/1.1" 500 0 "http://mianjeepos.bms69.com/vendor/laravel/framework/src/Illuminate/Testing/" "Mozilla/5.0 AppleWebKit/537.36 (KHTML, like Gecko; compatible; GPTBot/1.3; +https://openai.com/gptbot)"
74.7.227.142 - - [17/Mar/2026:05:58:08 +0000] "GET /vendor/laravel/framework/src/Illuminate/Foundation/Support/Providers/?MD HTTP/1.1" 200 790 "http://www.mianjeepos.bms69.com/vendor/laravel/framework/src/Illuminate/Foundation/Support/Providers/?MA" "Mozilla/5.0 AppleWebKit/537.36 (KHTML, like Gecko; compatible; GPTBot/1.3; +https://openai.com/gptbot)"
74.7.227.142 - - [17/Mar/2026:05:58:29 +0000] "GET /vendor/laravel/framework/src/Illuminate/Foundation/Testing/Concerns/?NA HTTP/1.1" 200 1267 "http://www.mianjeepos.bms69.com/vendor/laravel/framework/src/Illuminate/Foundation/Testing/Concerns/?ND" "Mozilla/5.0 AppleWebKit/537.36 (KHTML, like Gecko; compatible; GPTBot/1.3; +https://openai.com/gptbot)"
74.7.227.166 - - [17/Mar/2026:05:58:48 +0000] "GET /vendor/vlucas/phpdotenv/src/Repository/Adapter/WriterInterface.php HTTP/1.1" 200 0 "http://mianjeepos.bms69.com/vendor/vlucas/phpdotenv/src/Repository/Adapter/" "Mozilla/5.0 AppleWebKit/537.36 (KHTML, like Gecko; compatible; GPTBot/1.3; +https://openai.com/gptbot)"
74.7.227.142 - - [17/Mar/2026:05:59:03 +0000] "GET /vendor/laravel/framework/src/Illuminate/Database/Eloquent/Factories/?NA HTTP/1.1" 200 1173 "http://www.mianjeepos.bms69.com/vendor/laravel/framework/src/Illuminate/Database/Eloquent/Factories/?MA" "Mozilla/5.0 AppleWebKit/537.36 (KHTML, like Gecko; compatible; GPTBot/1.3; +https://openai.com/gptbot)"
74.7.227.142 - - [17/Mar/2026:05:59:21 +0000] "GET /vendor/laravel/framework/src/Illuminate/Foundation/Testing/Concerns/?MD HTTP/1.1" 200 1271 "http://www.mianjeepos.bms69.com/vendor/laravel/framework/src/Illuminate/Foundation/Testing/Concerns/?MA" "Mozilla/5.0 AppleWebKit/537.36 (KHTML, like Gecko; compatible; GPTBot/1.3; +https://openai.com/gptbot)"
74.7.227.142 - - [17/Mar/2026:05:57:30 +0000] "GET /vendor/laravel/framework/src/Illuminate/Database/DBAL/error_log HTTP/1.1" 403 1242 "http://www.mianjeepos.bms69.com/vendor/laravel/framework/src/Illuminate/Database/DBAL/" "Mozilla/5.0 AppleWebKit/537.36 (KHTML, like Gecko; compatible; GPTBot/1.3; +https://openai.com/gptbot)"
74.7.227.142 - - [17/Mar/2026:05:57:37 +0000] "GET /vendor/laravel/framework/src/Illuminate/Database/DBAL/TimestampType.php HTTP/1.1" 500 0 "http://www.mianjeepos.bms69.com/vendor/laravel/framework/src/Illuminate/Database/DBAL/" "Mozilla/5.0 AppleWebKit/537.36 (KHTML, like Gecko; compatible; GPTBot/1.3; +https://openai.com/gptbot)"
74.7.227.142 - - [17/Mar/2026:05:57:46 +0000] "GET /vendor/laravel/framework/src/Illuminate/Foundation/Support/Providers/?NA HTTP/1.1" 200 794 "http://www.mianjeepos.bms69.com/vendor/laravel/framework/src/Illuminate/Foundation/Support/Providers/?MA" "Mozilla/5.0 AppleWebKit/537.36 (KHTML, like Gecko; compatible; GPTBot/1.3; +https://openai.com/gptbot)"
74.7.227.142 - - [17/Mar/2026:05:58:45 +0000] "GET /vendor/laravel/framework/src/Illuminate/Foundation/Support/Providers/?SD HTTP/1.1" 200 790 "http://www.mianjeepos.bms69.com/vendor/laravel/framework/src/Illuminate/Foundation/Support/Providers/?SA" "Mozilla/5.0 AppleWebKit/537.36 (KHTML, like Gecko; compatible; GPTBot/1.3; +https://openai.com/gptbot)"
74.7.227.142 - - [17/Mar/2026:05:59:43 +0000] "GET /vendor/laravel/framework/src/Illuminate/Database/Eloquent/Relations/?NA HTTP/1.1" 200 1382 "http://www.mianjeepos.bms69.com/vendor/laravel/framework/src/Illuminate/Database/Eloquent/Relations/?SA" "Mozilla/5.0 AppleWebKit/537.36 (KHTML, like Gecko; compatible; GPTBot/1.3; +https://openai.com/gptbot)"
74.7.227.142 - - [17/Mar/2026:05:59:53 +0000] "GET /vendor/laravel/framework/src/Illuminate/Database/Eloquent/Factories/?ND HTTP/1.1" 200 1181 "http://www.mianjeepos.bms69.com/vendor/laravel/framework/src/Illuminate/Database/Eloquent/Factories/" "Mozilla/5.0 AppleWebKit/537.36 (KHTML, like Gecko; compatible; GPTBot/1.3; +https://openai.com/gptbot)"
74.7.227.142 - - [17/Mar/2026:06:00:17 +0000] "GET /vendor/laravel/framework/src/Illuminate/Database/Eloquent/Attributes/?MA HTTP/1.1" 200 705 "http://www.mianjeepos.bms69.com/vendor/laravel/framework/src/Illuminate/Database/Eloquent/Attributes/" "Mozilla/5.0 AppleWebKit/537.36 (KHTML, like Gecko; compatible; GPTBot/1.3; +https://openai.com/gptbot)"
74.7.227.142 - - [17/Mar/2026:06:00:21 +0000] "GET /vendor/laravel/framework/src/Illuminate/Database/Eloquent/Factories/?MD HTTP/1.1" 200 1178 "http://www.mianjeepos.bms69.com/vendor/laravel/framework/src/Illuminate/Database/Eloquent/Factories/?MA" "Mozilla/5.0 AppleWebKit/537.36 (KHTML, like Gecko; compatible; GPTBot/1.3; +https://openai.com/gptbot)"
74.7.227.142 - - [17/Mar/2026:06:00:29 +0000] "GET /vendor/laravel/framework/src/Illuminate/Database/Eloquent/Attributes/?SD HTTP/1.1" 200 704 "http://www.mianjeepos.bms69.com/vendor/laravel/framework/src/Illuminate/Database/Eloquent/Attributes/?SA" "Mozilla/5.0 AppleWebKit/537.36 (KHTML, like Gecko; compatible; GPTBot/1.3; +https://openai.com/gptbot)"
74.7.244.31 - - [17/Mar/2026:06:00:29 +0000] "GET /robots.txt HTTP/1.1" 404 1251 "-" "Mozilla/5.0 (Macintosh; Intel Mac OS X 10_15_7) AppleWebKit/537.36 (KHTML, like Gecko) Chrome/131.0.0.0 Safari/537.36; compatible; OAI-SearchBot/1.3; robots.txt; +https://openai.com/searchbot"
74.7.227.142 - - [17/Mar/2026:06:00:36 +0000] "GET /vendor/laravel/framework/src/Illuminate/Foundation/Testing/Concerns/?SA HTTP/1.1" 200 1279 "http://www.mianjeepos.bms69.com/vendor/laravel/framework/src/Illuminate/Foundation/Testing/Concerns/" "Mozilla/5.0 AppleWebKit/537.36 (KHTML, like Gecko; compatible; GPTBot/1.3; +https://openai.com/gptbot)"
74.7.227.142 - - [17/Mar/2026:06:00:41 +0000] "GET /vendor/symfony/polyfill-php83/Resources/?SA HTTP/1.1" 200 641 "http://www.mianjeepos.bms69.com/vendor/symfony/polyfill-php83/Resources/" "Mozilla/5.0 AppleWebKit/537.36 (KHTML, like Gecko; compatible; GPTBot/1.3; +https://openai.com/gptbot)"
74.7.227.142 - - [17/Mar/2026:06:00:45 +0000] "GET /vendor/symfony/polyfill-php83/Resources/?MA HTTP/1.1" 200 638 "http://www.mianjeepos.bms69.com/vendor/symfony/polyfill-php83/Resources/" "Mozilla/5.0 AppleWebKit/537.36 (KHTML, like Gecko; compatible; GPTBot/1.3; +https://openai.com/gptbot)"
74.7.227.142 - - [17/Mar/2026:06:00:49 +0000] "GET /vendor/symfony/polyfill-php80/Resources/?SA HTTP/1.1" 200 641 "http://www.mianjeepos.bms69.com/vendor/symfony/polyfill-php80/Resources/" "Mozilla/5.0 AppleWebKit/537.36 (KHTML, like Gecko; compatible; GPTBot/1.3; +https://openai.com/gptbot)"
74.7.227.166 - - [17/Mar/2026:06:00:53 +0000] "GET /vendor/laravel/framework/src/Illuminate/Support/Pluralizer.php HTTP/1.1" 200 0 "http://mianjeepos.bms69.com/vendor/laravel/framework/src/Illuminate/Support/" "Mozilla/5.0 AppleWebKit/537.36 (KHTML, like Gecko; compatible; GPTBot/1.3; +https://openai.com/gptbot)"
74.7.227.142 - - [17/Mar/2026:06:00:53 +0000] "GET /vendor/symfony/polyfill-php80/Resources/?MA HTTP/1.1" 200 638 "http://www.mianjeepos.bms69.com/vendor/symfony/polyfill-php80/Resources/" "Mozilla/5.0 AppleWebKit/537.36 (KHTML, like Gecko; compatible; GPTBot/1.3; +https://openai.com/gptbot)"
74.7.227.142 - - [17/Mar/2026:06:00:58 +0000] "GET /vendor/symfony/polyfill-php80/Resources/?ND HTTP/1.1" 200 633 "http://www.mianjeepos.bms69.com/vendor/symfony/polyfill-php80/Resources/" "Mozilla/5.0 AppleWebKit/537.36 (KHTML, like Gecko; compatible; GPTBot/1.3; +https://openai.com/gptbot)"
74.7.227.142 - - [17/Mar/2026:06:01:01 +0000] "GET /vendor/symfony/polyfill-php83/Resources/?ND HTTP/1.1" 200 633 "http://www.mianjeepos.bms69.com/vendor/symfony/polyfill-php83/Resources/" "Mozilla/5.0 AppleWebKit/537.36 (KHTML, like Gecko; compatible; GPTBot/1.3; +https://openai.com/gptbot)"
74.7.227.142 - - [17/Mar/2026:06:01:05 +0000] "GET /vendor/laravel/framework/src/Illuminate/Database/Eloquent/Factories/?SD HTTP/1.1" 200 1179 "http://www.mianjeepos.bms69.com/vendor/laravel/framework/src/Illuminate/Database/Eloquent/Factories/?SA" "Mozilla/5.0 AppleWebKit/537.36 (KHTML, like Gecko; compatible; GPTBot/1.3; +https://openai.com/gptbot)"
74.7.227.142 - - [17/Mar/2026:06:01:11 +0000] "GET /vendor/laravel/framework/src/Illuminate/Database/Eloquent/Attributes/?MD HTTP/1.1" 200 703 "http://www.mianjeepos.bms69.com/vendor/laravel/framework/src/Illuminate/Database/Eloquent/Attributes/?MA" "Mozilla/5.0 AppleWebKit/537.36 (KHTML, like Gecko; compatible; GPTBot/1.3; +https://openai.com/gptbot)"
74.7.227.142 - - [17/Mar/2026:06:01:15 +0000] "GET /vendor/league/commonmark/src/Extension/FrontMatter/Exception/InvalidFrontMatterException.php HTTP/1.1" 500 0 "http://www.mianjeepos.bms69.com/vendor/league/commonmark/src/Extension/FrontMatter/Exception/" "Mozilla/5.0 AppleWebKit/537.36 (KHTML, like Gecko; compatible; GPTBot/1.3; +https://openai.com/gptbot)"
74.7.227.142 - - [17/Mar/2026:06:01:21 +0000] "GET /vendor/masterminds/html5/src/HTML5/Serializer/OutputRules.php HTTP/1.1" 500 0 "http://www.mianjeepos.bms69.com/vendor/masterminds/html5/src/HTML5/Serializer/" "Mozilla/5.0 AppleWebKit/537.36 (KHTML, like Gecko; compatible; GPTBot/1.3; +https://openai.com/gptbot)"
74.7.227.142 - - [17/Mar/2026:06:01:26 +0000] "GET /vendor/laravel/framework/src/Illuminate/Foundation/Testing/Concerns/?SD HTTP/1.1" 200 1283 "http://www.mianjeepos.bms69.com/vendor/laravel/framework/src/Illuminate/Foundation/Testing/Concerns/?SA" "Mozilla/5.0 AppleWebKit/537.36 (KHTML, like Gecko; compatible; GPTBot/1.3; +https://openai.com/gptbot)"
74.7.227.166 - - [17/Mar/2026:06:01:57 +0000] "GET /vendor/vlucas/phpdotenv/src/Repository/Adapter/GuardedWriter.php HTTP/1.1" 500 0 "http://mianjeepos.bms69.com/vendor/vlucas/phpdotenv/src/Repository/Adapter/" "Mozilla/5.0 AppleWebKit/537.36 (KHTML, like Gecko; compatible; GPTBot/1.3; +https://openai.com/gptbot)"
74.7.227.142 - - [17/Mar/2026:06:02:21 +0000] "GET /vendor/symfony/polyfill-php83/Resources/?SD HTTP/1.1" 200 639 "http://www.mianjeepos.bms69.com/vendor/symfony/polyfill-php83/Resources/?SA" "Mozilla/5.0 AppleWebKit/537.36 (KHTML, like Gecko; compatible; GPTBot/1.3; +https://openai.com/gptbot)"
74.7.227.142 - - [17/Mar/2026:06:02:35 +0000] "GET /vendor/symfony/polyfill-php80/Resources/?MD HTTP/1.1" 200 640 "http://www.mianjeepos.bms69.com/vendor/symfony/polyfill-php80/Resources/?MA" "Mozilla/5.0 AppleWebKit/537.36 (KHTML, like Gecko; compatible; GPTBot/1.3; +https://openai.com/gptbot)"
74.7.227.166 - - [17/Mar/2026:06:02:55 +0000] "GET /vendor/league/commonmark/src/Node/Inline/DelimitedInterface.php HTTP/1.1" 200 0 "http://mianjeepos.bms69.com/vendor/league/commonmark/src/Node/Inline/" "Mozilla/5.0 AppleWebKit/537.36 (KHTML, like Gecko; compatible; GPTBot/1.3; +https://openai.com/gptbot)"
74.7.227.142 - - [17/Mar/2026:06:02:59 +0000] "GET /vendor/symfony/polyfill-php80/Resources/?NA HTTP/1.1" 200 635 "http://www.mianjeepos.bms69.com/vendor/symfony/polyfill-php80/Resources/?SA" "Mozilla/5.0 AppleWebKit/537.36 (KHTML, like Gecko; compatible; GPTBot/1.3; +https://openai.com/gptbot)"
74.7.227.142 - - [17/Mar/2026:06:03:34 +0000] "GET /vendor/masterminds/html5/src/HTML5/Serializer/RulesInterface.php HTTP/1.1" 200 0 "http://www.mianjeepos.bms69.com/vendor/masterminds/html5/src/HTML5/Serializer/" "Mozilla/5.0 AppleWebKit/537.36 (KHTML, like Gecko; compatible; GPTBot/1.3; +https://openai.com/gptbot)"
74.7.227.142 - - [17/Mar/2026:06:03:42 +0000] "GET /vendor/spatie/flare-client-php/src/Http/Exceptions/error_log HTTP/1.1" 403 1242 "http://www.mianjeepos.bms69.com/vendor/spatie/flare-client-php/src/Http/Exceptions/" "Mozilla/5.0 AppleWebKit/537.36 (KHTML, like Gecko; compatible; GPTBot/1.3; +https://openai.com/gptbot)"
74.7.227.142 - - [17/Mar/2026:06:03:46 +0000] "GET /vendor/doctrine/dbal/src/Driver/OCI8/ExecutionMode.php HTTP/1.1" 200 0 "http://www.mianjeepos.bms69.com/vendor/doctrine/dbal/src/Driver/OCI8/" "Mozilla/5.0 AppleWebKit/537.36 (KHTML, like Gecko; compatible; GPTBot/1.3; +https://openai.com/gptbot)"
74.7.227.142 - - [17/Mar/2026:06:04:10 +0000] "GET /vendor/doctrine/dbal/src/Driver/IBMDB2/Statement.php HTTP/1.1" 500 0 "http://www.mianjeepos.bms69.com/vendor/doctrine/dbal/src/Driver/IBMDB2/" "Mozilla/5.0 AppleWebKit/537.36 (KHTML, like Gecko; compatible; GPTBot/1.3; +https://openai.com/gptbot)"
74.7.227.142 - - [17/Mar/2026:06:04:20 +0000] "GET /vendor/doctrine/dbal/src/Driver/IBMDB2/DataSourceName.php HTTP/1.1" 200 0 "http://www.mianjeepos.bms69.com/vendor/doctrine/dbal/src/Driver/IBMDB2/" "Mozilla/5.0 AppleWebKit/537.36 (KHTML, like Gecko; compatible; GPTBot/1.3; +https://openai.com/gptbot)"
74.7.227.166 - - [17/Mar/2026:06:04:57 +0000] "GET /vendor/laravel/framework/src/Illuminate/Console/QuestionHelper.php HTTP/1.1" 500 0 "http://mianjeepos.bms69.com/vendor/laravel/framework/src/Illuminate/Console/" "Mozilla/5.0 AppleWebKit/537.36 (KHTML, like Gecko; compatible; GPTBot/1.3; +https://openai.com/gptbot)"
74.7.227.142 - - [17/Mar/2026:06:05:07 +0000] "GET /vendor/doctrine/deprecations/lib/Doctrine/Deprecations/?MA HTTP/1.1" 200 707 "http://www.mianjeepos.bms69.com/vendor/doctrine/deprecations/lib/Doctrine/Deprecations/" "Mozilla/5.0 AppleWebKit/537.36 (KHTML, like Gecko; compatible; GPTBot/1.3; +https://openai.com/gptbot)"
74.7.227.142 - - [17/Mar/2026:06:05:24 +0000] "GET /vendor/ezyang/htmlpurifier/library/HTMLPurifier/VarParser/?MA HTTP/1.1" 200 750 "http://www.mianjeepos.bms69.com/vendor/ezyang/htmlpurifier/library/HTMLPurifier/VarParser/" "Mozilla/5.0 AppleWebKit/537.36 (KHTML, like Gecko; compatible; GPTBot/1.3; +https://openai.com/gptbot)"
74.7.227.142 - - [17/Mar/2026:06:05:32 +0000] "GET /vendor/league/mime-type-detection/src/ExtensionMimeTypeDetector.php HTTP/1.1" 500 0 "http://www.mianjeepos.bms69.com/vendor/league/mime-type-detection/src/" "Mozilla/5.0 AppleWebKit/537.36 (KHTML, like Gecko; compatible; GPTBot/1.3; +https://openai.com/gptbot)"
74.7.227.142 - - [17/Mar/2026:05:59:31 +0000] "GET /vendor/laravel/framework/src/Illuminate/Database/Eloquent/Attributes/?NA HTTP/1.1" 200 698 "http://www.mianjeepos.bms69.com/vendor/laravel/framework/src/Illuminate/Database/Eloquent/Attributes/?ND" "Mozilla/5.0 AppleWebKit/537.36 (KHTML, like Gecko; compatible; GPTBot/1.3; +https://openai.com/gptbot)"
74.7.227.166 - - [17/Mar/2026:05:59:53 +0000] "GET /vendor/laravel/prompts/src/Themes/Default/SpinnerRenderer.php HTTP/1.1" 500 0 "http://mianjeepos.bms69.com/vendor/laravel/prompts/src/Themes/Default/" "Mozilla/5.0 AppleWebKit/537.36 (KHTML, like Gecko; compatible; GPTBot/1.3; +https://openai.com/gptbot)"
74.7.227.142 - - [17/Mar/2026:06:00:05 +0000] "GET /vendor/laravel/framework/src/Illuminate/Database/Eloquent/Factories/?SA HTTP/1.1" 200 1179 "http://www.mianjeepos.bms69.com/vendor/laravel/framework/src/Illuminate/Database/Eloquent/Factories/" "Mozilla/5.0 AppleWebKit/537.36 (KHTML, like Gecko; compatible; GPTBot/1.3; +https://openai.com/gptbot)"
74.7.175.187 - - [17/Mar/2026:06:00:53 +0000] "GET /robots.txt HTTP/1.1" 404 1251 "-" "Mozilla/5.0 (Macintosh; Intel Mac OS X 10_15_7) AppleWebKit/537.36 (KHTML, like Gecko) Chrome/131.0.0.0 Safari/537.36; compatible; OAI-SearchBot/1.3; robots.txt; +https://openai.com/searchbot"
74.7.227.142 - - [17/Mar/2026:06:01:46 +0000] "GET /vendor/symfony/polyfill-php83/Resources/?NA HTTP/1.1" 200 635 "http://www.mianjeepos.bms69.com/vendor/symfony/polyfill-php83/Resources/?SA" "Mozilla/5.0 AppleWebKit/537.36 (KHTML, like Gecko; compatible; GPTBot/1.3; +https://openai.com/gptbot)"
74.7.227.142 - - [17/Mar/2026:06:02:04 +0000] "GET /vendor/symfony/polyfill-php80/ HTTP/1.1" 200 1083 "http://www.mianjeepos.bms69.com/vendor/symfony/polyfill-php80/Resources/?SA" "Mozilla/5.0 AppleWebKit/537.36 (KHTML, like Gecko; compatible; GPTBot/1.3; +https://openai.com/gptbot)"
74.7.227.142 - - [17/Mar/2026:06:02:47 +0000] "GET /vendor/symfony/polyfill-php80/Resources/?SD HTTP/1.1" 200 639 "http://www.mianjeepos.bms69.com/vendor/symfony/polyfill-php80/Resources/?SA" "Mozilla/5.0 AppleWebKit/537.36 (KHTML, like Gecko; compatible; GPTBot/1.3; +https://openai.com/gptbot)"
74.7.227.142 - - [17/Mar/2026:06:03:13 +0000] "GET /vendor/symfony/polyfill-php83/Resources/?MD HTTP/1.1" 200 640 "http://www.mianjeepos.bms69.com/vendor/symfony/polyfill-php83/Resources/?MA" "Mozilla/5.0 AppleWebKit/537.36 (KHTML, like Gecko; compatible; GPTBot/1.3; +https://openai.com/gptbot)"
74.7.227.142 - - [17/Mar/2026:06:03:22 +0000] "GET /vendor/masterminds/html5/src/HTML5/Parser/TreeBuildingRules.php HTTP/1.1" 200 0 "http://www.mianjeepos.bms69.com/vendor/masterminds/html5/src/HTML5/Parser/" "Mozilla/5.0 AppleWebKit/537.36 (KHTML, like Gecko; compatible; GPTBot/1.3; +https://openai.com/gptbot)"
74.7.227.166 - - [17/Mar/2026:06:04:18 +0000] "GET /vendor/vlucas/phpdotenv/src/Repository/Adapter/ReaderInterface.php HTTP/1.1" 200 0 "http://mianjeepos.bms69.com/vendor/vlucas/phpdotenv/src/Repository/Adapter/" "Mozilla/5.0 AppleWebKit/537.36 (KHTML, like Gecko; compatible; GPTBot/1.3; +https://openai.com/gptbot)"
74.7.227.142 - - [17/Mar/2026:06:04:45 +0000] "GET /vendor/doctrine/deprecations/lib/Doctrine/Deprecations/?ND HTTP/1.1" 200 699 "http://www.mianjeepos.bms69.com/vendor/doctrine/deprecations/lib/Doctrine/Deprecations/" "Mozilla/5.0 AppleWebKit/537.36 (KHTML, like Gecko; compatible; GPTBot/1.3; +https://openai.com/gptbot)"
74.7.227.142 - - [17/Mar/2026:06:04:54 +0000] "GET /vendor/doctrine/deprecations/lib/Doctrine/Deprecations/?SA HTTP/1.1" 200 704 "http://www.mianjeepos.bms69.com/vendor/doctrine/deprecations/lib/Doctrine/Deprecations/" "Mozilla/5.0 AppleWebKit/537.36 (KHTML, like Gecko; compatible; GPTBot/1.3; +https://openai.com/gptbot)"
74.7.244.31 - - [17/Mar/2026:06:05:32 +0000] "GET /robots.txt HTTP/1.1" 404 1251 "-" "Mozilla/5.0 (Macintosh; Intel Mac OS X 10_15_7) AppleWebKit/537.36 (KHTML, like Gecko) Chrome/131.0.0.0 Safari/537.36; compatible; OAI-SearchBot/1.3; robots.txt; +https://openai.com/searchbot"
74.7.227.166 - - [17/Mar/2026:06:05:47 +0000] "GET /vendor/nunomaduro/collision/src/Adapters/Phpunit/Autoload.php HTTP/1.1" 200 0 "http://mianjeepos.bms69.com/vendor/nunomaduro/collision/src/Adapters/Phpunit/" "Mozilla/5.0 AppleWebKit/537.36 (KHTML, like Gecko; compatible; GPTBot/1.3; +https://openai.com/gptbot)"
74.7.175.187 - - [17/Mar/2026:06:06:46 +0000] "GET /robots.txt HTTP/1.1" 404 1251 "-" "Mozilla/5.0 (Macintosh; Intel Mac OS X 10_15_7) AppleWebKit/537.36 (KHTML, like Gecko) Chrome/131.0.0.0 Safari/537.36; compatible; OAI-SearchBot/1.3; robots.txt; +https://openai.com/searchbot"
74.7.227.142 - - [17/Mar/2026:06:07:20 +0000] "GET /vendor/egulias/email-validator/src/Result/Reason/ExpectingDTEXT.php HTTP/1.1" 500 0 "http://www.mianjeepos.bms69.com/vendor/egulias/email-validator/src/Result/Reason/" "Mozilla/5.0 AppleWebKit/537.36 (KHTML, like Gecko; compatible; GPTBot/1.3; +https://openai.com/gptbot)"
74.7.227.142 - - [17/Mar/2026:06:08:25 +0000] "GET /vendor/egulias/email-validator/src/Result/Reason/ExpectingATEXT.php HTTP/1.1" 500 0 "http://www.mianjeepos.bms69.com/vendor/egulias/email-validator/src/Result/Reason/" "Mozilla/5.0 AppleWebKit/537.36 (KHTML, like Gecko; compatible; GPTBot/1.3; +https://openai.com/gptbot)"
74.7.227.166 - - [17/Mar/2026:06:08:43 +0000] "GET /vendor/nunomaduro/collision/src/Adapters/Phpunit/TestResult.php HTTP/1.1" 200 0 "http://mianjeepos.bms69.com/vendor/nunomaduro/collision/src/Adapters/Phpunit/" "Mozilla/5.0 AppleWebKit/537.36 (KHTML, like Gecko; compatible; GPTBot/1.3; +https://openai.com/gptbot)"
74.7.227.142 - - [17/Mar/2026:06:09:27 +0000] "GET /vendor/egulias/email-validator/src/Result/Reason/ExpectingCTEXT.php HTTP/1.1" 500 0 "http://www.mianjeepos.bms69.com/vendor/egulias/email-validator/src/Result/Reason/" "Mozilla/5.0 AppleWebKit/537.36 (KHTML, like Gecko; compatible; GPTBot/1.3; +https://openai.com/gptbot)"
74.7.227.142 - - [17/Mar/2026:06:05:46 +0000] "GET /vendor/league/commonmark/src/Extension/FrontMatter/Output/RenderedContentWithFrontMatter.php HTTP/1.1" 500 0 "http://www.mianjeepos.bms69.com/vendor/league/commonmark/src/Extension/FrontMatter/Output/" "Mozilla/5.0 AppleWebKit/537.36 (KHTML, like Gecko; compatible; GPTBot/1.3; +https://openai.com/gptbot)"
74.7.227.142 - - [17/Mar/2026:06:06:19 +0000] "GET /vendor/phpoffice/phpspreadsheet/src/PhpSpreadsheet/Calculation/Engineering/ConvertBinary.php HTTP/1.1" 500 0 "http://www.mianjeepos.bms69.com/vendor/phpoffice/phpspreadsheet/src/PhpSpreadsheet/Calculation/Engineering/" "Mozilla/5.0 AppleWebKit/537.36 (KHTML, like Gecko; compatible; GPTBot/1.3; +https://openai.com/gptbot)"
74.7.227.166 - - [17/Mar/2026:06:06:46 +0000] "GET /vendor/laravel/sanctum/src/Http/Middleware/AuthenticateSession.php HTTP/1.1" 200 0 "http://mianjeepos.bms69.com/vendor/laravel/sanctum/src/Http/Middleware/" "Mozilla/5.0 AppleWebKit/537.36 (KHTML, like Gecko; compatible; GPTBot/1.3; +https://openai.com/gptbot)"
74.7.227.166 - - [17/Mar/2026:06:07:44 +0000] "GET /vendor/laravel/framework/src/Illuminate/Support/Reflector.php HTTP/1.1" 200 0 "http://mianjeepos.bms69.com/vendor/laravel/framework/src/Illuminate/Support/" "Mozilla/5.0 AppleWebKit/537.36 (KHTML, like Gecko; compatible; GPTBot/1.3; +https://openai.com/gptbot)"
74.7.227.166 - - [17/Mar/2026:06:09:19 +0000] "GET /vendor/nunomaduro/collision/src/Adapters/Laravel/Inspector.php HTTP/1.1" 500 0 "http://mianjeepos.bms69.com/vendor/nunomaduro/collision/src/Adapters/Laravel/" "Mozilla/5.0 AppleWebKit/537.36 (KHTML, like Gecko; compatible; GPTBot/1.3; +https://openai.com/gptbot)"
74.7.227.166 - - [17/Mar/2026:06:10:00 +0000] "GET /vendor/laravel/framework/src/Illuminate/Contracts/Validation/ HTTP/1.1" 200 1255 "http://mianjeepos.bms69.com/vendor/laravel/framework/src/Illuminate/Contracts/" "Mozilla/5.0 AppleWebKit/537.36 (KHTML, like Gecko; compatible; GPTBot/1.3; +https://openai.com/gptbot)"
74.7.227.142 - - [17/Mar/2026:06:10:32 +0000] "GET /vendor/egulias/email-validator/src/Result/Reason/AtextAfterCFWS.php HTTP/1.1" 500 0 "http://www.mianjeepos.bms69.com/vendor/egulias/email-validator/src/Result/Reason/" "Mozilla/5.0 AppleWebKit/537.36 (KHTML, like Gecko; compatible; GPTBot/1.3; +https://openai.com/gptbot)"
74.7.227.166 - - [17/Mar/2026:06:11:06 +0000] "GET /vendor/spatie/laravel-medialibrary/src/MediaCollections/Models/Concerns/?ND HTTP/1.1" 200 729 "http://mianjeepos.bms69.com/vendor/spatie/laravel-medialibrary/src/MediaCollections/Models/Concerns/" "Mozilla/5.0 AppleWebKit/537.36 (KHTML, like Gecko; compatible; GPTBot/1.3; +https://openai.com/gptbot)"
74.7.227.142 - - [17/Mar/2026:06:13:11 +0000] "GET /vendor/doctrine/deprecations/lib/Doctrine/Deprecations/?NA HTTP/1.1" 200 700 "http://www.mianjeepos.bms69.com/vendor/doctrine/deprecations/lib/Doctrine/Deprecations/?ND" "Mozilla/5.0 AppleWebKit/537.36 (KHTML, like Gecko; compatible; GPTBot/1.3; +https://openai.com/gptbot)"
74.7.227.166 - - [17/Mar/2026:06:21:13 +0000] "GET /vendor/spatie/laravel-medialibrary/src/MediaCollections/Models/Concerns/?SA HTTP/1.1" 200 741 "http://mianjeepos.bms69.com/vendor/spatie/laravel-medialibrary/src/MediaCollections/Models/Concerns/" "Mozilla/5.0 AppleWebKit/537.36 (KHTML, like Gecko; compatible; GPTBot/1.3; +https://openai.com/gptbot)"
74.7.227.142 - - [17/Mar/2026:06:26:59 +0000] "GET /vendor/doctrine/deprecations/lib/Doctrine/Deprecations/?SD HTTP/1.1" 200 703 "http://www.mianjeepos.bms69.com/vendor/doctrine/deprecations/lib/Doctrine/Deprecations/?SA" "Mozilla/5.0 AppleWebKit/537.36 (KHTML, like Gecko; compatible; GPTBot/1.3; +https://openai.com/gptbot)"
74.7.244.31 - - [17/Mar/2026:06:26:59 +0000] "GET /robots.txt HTTP/1.1" 404 1251 "-" "Mozilla/5.0 (Macintosh; Intel Mac OS X 10_15_7) AppleWebKit/537.36 (KHTML, like Gecko) Chrome/131.0.0.0 Safari/537.36; compatible; OAI-SearchBot/1.3; robots.txt; +https://openai.com/searchbot"
74.7.244.31 - - [17/Mar/2026:06:13:11 +0000] "GET /robots.txt HTTP/1.1" 404 1251 "-" "Mozilla/5.0 (Macintosh; Intel Mac OS X 10_15_7) AppleWebKit/537.36 (KHTML, like Gecko) Chrome/131.0.0.0 Safari/537.36; compatible; OAI-SearchBot/1.3; robots.txt; +https://openai.com/searchbot"
74.7.175.187 - - [17/Mar/2026:06:30:42 +0000] "GET /robots.txt HTTP/1.1" 404 1251 "-" "Mozilla/5.0 (Macintosh; Intel Mac OS X 10_15_7) AppleWebKit/537.36 (KHTML, like Gecko) Chrome/131.0.0.0 Safari/537.36; compatible; OAI-SearchBot/1.3; robots.txt; +https://openai.com/searchbot"
74.7.244.31 - - [17/Mar/2026:06:42:31 +0000] "GET /robots.txt HTTP/1.1" 404 1251 "-" "Mozilla/5.0 (Macintosh; Intel Mac OS X 10_15_7) AppleWebKit/537.36 (KHTML, like Gecko) Chrome/131.0.0.0 Safari/537.36; compatible; OAI-SearchBot/1.3; robots.txt; +https://openai.com/searchbot"
74.7.227.166 - - [17/Mar/2026:06:49:40 +0000] "GET /vendor/spatie/laravel-medialibrary/src/MediaCollections/Models/Concerns/?MA HTTP/1.1" 200 744 "http://mianjeepos.bms69.com/vendor/spatie/laravel-medialibrary/src/MediaCollections/Models/Concerns/" "Mozilla/5.0 AppleWebKit/537.36 (KHTML, like Gecko; compatible; GPTBot/1.3; +https://openai.com/gptbot)"
74.7.227.142 - - [17/Mar/2026:06:51:10 +0000] "GET /vendor/ezyang/htmlpurifier/library/HTMLPurifier/VarParser/Flexible.php HTTP/1.1" 500 0 "http://www.mianjeepos.bms69.com/vendor/ezyang/htmlpurifier/library/HTMLPurifier/VarParser/?MA" "Mozilla/5.0 AppleWebKit/537.36 (KHTML, like Gecko; compatible; GPTBot/1.3; +https://openai.com/gptbot)"
74.7.227.166 - - [17/Mar/2026:06:51:13 +0000] "GET /vendor/laravel/framework/src/Illuminate/Database/MultipleColumnsSelectedException.php HTTP/1.1" 200 0 "http://mianjeepos.bms69.com/vendor/laravel/framework/src/Illuminate/Database/" "Mozilla/5.0 AppleWebKit/537.36 (KHTML, like Gecko; compatible; GPTBot/1.3; +https://openai.com/gptbot)"
74.7.227.142 - - [17/Mar/2026:06:51:21 +0000] "GET /vendor/ezyang/htmlpurifier/library/HTMLPurifier/VarParser/Native.php HTTP/1.1" 500 0 "http://www.mianjeepos.bms69.com/vendor/ezyang/htmlpurifier/library/HTMLPurifier/VarParser/?MA" "Mozilla/5.0 AppleWebKit/537.36 (KHTML, like Gecko; compatible; GPTBot/1.3; +https://openai.com/gptbot)"
74.7.227.166 - - [17/Mar/2026:06:51:29 +0000] "GET /vendor/nikic/php-parser/lib/PhpParser/NodeTraverserInterface.php HTTP/1.1" 200 0 "http://mianjeepos.bms69.com/vendor/nikic/php-parser/lib/PhpParser/" "Mozilla/5.0 AppleWebKit/537.36 (KHTML, like Gecko; compatible; GPTBot/1.3; +https://openai.com/gptbot)"
74.7.227.142 - - [17/Mar/2026:06:54:20 +0000] "GET /vendor/ezyang/htmlpurifier/library/HTMLPurifier/VarParser/?MD HTTP/1.1" 200 744 "http://www.mianjeepos.bms69.com/vendor/ezyang/htmlpurifier/library/HTMLPurifier/VarParser/?MA" "Mozilla/5.0 AppleWebKit/537.36 (KHTML, like Gecko; compatible; GPTBot/1.3; +https://openai.com/gptbot)"
74.7.175.187 - - [17/Mar/2026:06:50:48 +0000] "GET /robots.txt HTTP/1.1" 404 1251 "-" "Mozilla/5.0 (Macintosh; Intel Mac OS X 10_15_7) AppleWebKit/537.36 (KHTML, like Gecko) Chrome/131.0.0.0 Safari/537.36; compatible; OAI-SearchBot/1.3; robots.txt; +https://openai.com/searchbot"
74.7.244.31 - - [17/Mar/2026:06:51:11 +0000] "GET /robots.txt HTTP/1.1" 404 1251 "-" "Mozilla/5.0 (Macintosh; Intel Mac OS X 10_15_7) AppleWebKit/537.36 (KHTML, like Gecko) Chrome/131.0.0.0 Safari/537.36; compatible; OAI-SearchBot/1.3; robots.txt; +https://openai.com/searchbot"
74.7.227.166 - - [17/Mar/2026:06:51:58 +0000] "GET /vendor/nikic/php-parser/lib/PhpParser/PrettyPrinterAbstract.php HTTP/1.1" 500 0 "http://mianjeepos.bms69.com/vendor/nikic/php-parser/lib/PhpParser/" "Mozilla/5.0 AppleWebKit/537.36 (KHTML, like Gecko; compatible; GPTBot/1.3; +https://openai.com/gptbot)"
74.7.227.166 - - [17/Mar/2026:06:54:20 +0000] "GET /vendor/maennchen/zipstream-php/test/Zip64/EndOfCentralDirectoryTest.php HTTP/1.1" 500 0 "http://mianjeepos.bms69.com/vendor/maennchen/zipstream-php/test/Zip64/" "Mozilla/5.0 AppleWebKit/537.36 (KHTML, like Gecko; compatible; GPTBot/1.3; +https://openai.com/gptbot)"
