74.7.244.31 - - [16/Mar/2026:17:31:50 +0000] "GET /robots.txt HTTP/1.1" 404 1251 "-" "Mozilla/5.0 (Macintosh; Intel Mac OS X 10_15_7) AppleWebKit/537.36 (KHTML, like Gecko) Chrome/131.0.0.0 Safari/537.36; compatible; OAI-SearchBot/1.3; robots.txt; +https://openai.com/searchbot"
74.7.227.166 - - [16/Mar/2026:17:32:48 +0000] "GET /resources/js/components/admin/settings/Theme/ThemeComponent.vue HTTP/1.1" 200 6706 "http://mianjeepos.bms69.com/resources/js/components/admin/settings/Theme/" "Mozilla/5.0 AppleWebKit/537.36 (KHTML, like Gecko; compatible; GPTBot/1.3; +https://openai.com/gptbot)"
74.7.227.166 - - [16/Mar/2026:17:33:45 +0000] "GET /vendor/psy/psysh/src/CodeCleaner/?SA HTTP/1.1" 200 1811 "http://mianjeepos.bms69.com/vendor/psy/psysh/src/CodeCleaner/" "Mozilla/5.0 AppleWebKit/537.36 (KHTML, like Gecko; compatible; GPTBot/1.3; +https://openai.com/gptbot)"
74.7.227.142 - - [16/Mar/2026:17:34:59 +0000] "GET /vendor/ramsey/collection/src/Exception/CollectionMismatchException.php HTTP/1.1" 500 0 "http://www.mianjeepos.bms69.com/vendor/ramsey/collection/src/Exception/?MA" "Mozilla/5.0 AppleWebKit/537.36 (KHTML, like Gecko; compatible; GPTBot/1.3; +https://openai.com/gptbot)"
74.7.227.166 - - [16/Mar/2026:17:30:50 +0000] "GET /vendor/laravel/framework/src/Illuminate/Translation/TranslationServiceProvider.php HTTP/1.1" 500 0 "http://mianjeepos.bms69.com/vendor/laravel/framework/src/Illuminate/Translation/" "Mozilla/5.0 AppleWebKit/537.36 (KHTML, like Gecko; compatible; GPTBot/1.3; +https://openai.com/gptbot)"
74.7.227.142 - - [16/Mar/2026:17:31:08 +0000] "GET /vendor/laravel/framework/src/Illuminate/Routing/PendingResourceRegistration.php HTTP/1.1" 500 0 "http://www.mianjeepos.bms69.com/vendor/laravel/framework/src/Illuminate/Routing/" "Mozilla/5.0 AppleWebKit/537.36 (KHTML, like Gecko; compatible; GPTBot/1.3; +https://openai.com/gptbot)"
74.7.227.166 - - [16/Mar/2026:17:31:46 +0000] "GET /resources/js/components/admin/settings/cities/CityComponent.vue HTTP/1.1" 200 186 "http://mianjeepos.bms69.com/resources/js/components/admin/settings/cities/" "Mozilla/5.0 AppleWebKit/537.36 (KHTML, like Gecko; compatible; GPTBot/1.3; +https://openai.com/gptbot)"
74.7.227.142 - - [16/Mar/2026:17:32:56 +0000] "GET /vendor/ramsey/collection/src/Exception/OutOfBoundsException.php HTTP/1.1" 500 0 "http://www.mianjeepos.bms69.com/vendor/ramsey/collection/src/Exception/?MA" "Mozilla/5.0 AppleWebKit/537.36 (KHTML, like Gecko; compatible; GPTBot/1.3; +https://openai.com/gptbot)"
74.7.227.142 - - [16/Mar/2026:17:33:59 +0000] "GET /vendor/ramsey/collection/src/Exception/NoSuchElementException.php HTTP/1.1" 500 0 "http://www.mianjeepos.bms69.com/vendor/ramsey/collection/src/Exception/?MA" "Mozilla/5.0 AppleWebKit/537.36 (KHTML, like Gecko; compatible; GPTBot/1.3; +https://openai.com/gptbot)"
74.7.227.166 - - [16/Mar/2026:17:34:37 +0000] "GET /vendor/psy/psysh/src/CodeCleaner/?MD HTTP/1.1" 200 1829 "http://mianjeepos.bms69.com/vendor/psy/psysh/src/CodeCleaner/?MA" "Mozilla/5.0 AppleWebKit/537.36 (KHTML, like Gecko; compatible; GPTBot/1.3; +https://openai.com/gptbot)"
74.7.227.166 - - [16/Mar/2026:17:35:21 +0000] "GET /vendor/psy/psysh/src/CodeCleaner/?NA HTTP/1.1" 200 1803 "http://mianjeepos.bms69.com/vendor/psy/psysh/src/CodeCleaner/?MA" "Mozilla/5.0 AppleWebKit/537.36 (KHTML, like Gecko; compatible; GPTBot/1.3; +https://openai.com/gptbot)"
74.7.227.166 - - [16/Mar/2026:17:36:02 +0000] "GET /vendor/psy/psysh/src/CodeCleaner/?ND HTTP/1.1" 200 1801 "http://mianjeepos.bms69.com/vendor/psy/psysh/src/CodeCleaner/" "Mozilla/5.0 AppleWebKit/537.36 (KHTML, like Gecko; compatible; GPTBot/1.3; +https://openai.com/gptbot)"
74.7.227.142 - - [16/Mar/2026:17:36:03 +0000] "GET /vendor/ramsey/collection/src/Exception/UnsupportedOperationException.php HTTP/1.1" 500 0 "http://www.mianjeepos.bms69.com/vendor/ramsey/collection/src/Exception/?MA" "Mozilla/5.0 AppleWebKit/537.36 (KHTML, like Gecko; compatible; GPTBot/1.3; +https://openai.com/gptbot)"
74.7.227.166 - - [16/Mar/2026:17:36:38 +0000] "GET /vendor/league/mime-type-detection/src/OverridingExtensionToMimeTypeMap.php HTTP/1.1" 500 0 "http://mianjeepos.bms69.com/vendor/league/mime-type-detection/src/" "Mozilla/5.0 AppleWebKit/537.36 (KHTML, like Gecko; compatible; GPTBot/1.3; +https://openai.com/gptbot)"
74.7.227.142 - - [16/Mar/2026:17:37:06 +0000] "GET /vendor/ramsey/collection/src/Exception/InvalidArgumentException.php HTTP/1.1" 500 0 "http://www.mianjeepos.bms69.com/vendor/ramsey/collection/src/Exception/?MA" "Mozilla/5.0 AppleWebKit/537.36 (KHTML, like Gecko; compatible; GPTBot/1.3; +https://openai.com/gptbot)"
74.7.227.166 - - [16/Mar/2026:17:40:02 +0000] "GET /vendor/spatie/flare-client-php/src/Solutions/?ND HTTP/1.1" 200 658 "http://mianjeepos.bms69.com/vendor/spatie/flare-client-php/src/Solutions/" "Mozilla/5.0 AppleWebKit/537.36 (KHTML, like Gecko; compatible; GPTBot/1.3; +https://openai.com/gptbot)"
74.7.227.166 - - [16/Mar/2026:17:40:44 +0000] "GET /vendor/spatie/flare-client-php/src/Contracts/?MA HTTP/1.1" 200 668 "http://mianjeepos.bms69.com/vendor/spatie/flare-client-php/src/Contracts/" "Mozilla/5.0 AppleWebKit/537.36 (KHTML, like Gecko; compatible; GPTBot/1.3; +https://openai.com/gptbot)"
74.7.227.166 - - [16/Mar/2026:17:37:16 +0000] "GET /vendor/spatie/flare-client-php/src/Concerns/?MA HTTP/1.1" 200 687 "http://mianjeepos.bms69.com/vendor/spatie/flare-client-php/src/Concerns/" "Mozilla/5.0 AppleWebKit/537.36 (KHTML, like Gecko; compatible; GPTBot/1.3; +https://openai.com/gptbot)"
74.7.175.187 - - [16/Mar/2026:17:37:17 +0000] "GET /robots.txt HTTP/1.1" 404 1251 "-" "Mozilla/5.0 (Macintosh; Intel Mac OS X 10_15_7) AppleWebKit/537.36 (KHTML, like Gecko) Chrome/131.0.0.0 Safari/537.36; compatible; OAI-SearchBot/1.3; robots.txt; +https://openai.com/searchbot"
74.7.227.142 - - [16/Mar/2026:17:38:06 +0000] "GET /vendor/ramsey/collection/src/Exception/InvalidPropertyOrMethod.php HTTP/1.1" 500 0 "http://www.mianjeepos.bms69.com/vendor/ramsey/collection/src/Exception/?MA" "Mozilla/5.0 AppleWebKit/537.36 (KHTML, like Gecko; compatible; GPTBot/1.3; +https://openai.com/gptbot)"
74.7.227.166 - - [16/Mar/2026:17:38:15 +0000] "GET /vendor/spatie/flare-client-php/src/Contracts/?SA HTTP/1.1" 200 663 "http://mianjeepos.bms69.com/vendor/spatie/flare-client-php/src/Contracts/" "Mozilla/5.0 AppleWebKit/537.36 (KHTML, like Gecko; compatible; GPTBot/1.3; +https://openai.com/gptbot)"
74.7.227.142 - - [16/Mar/2026:17:39:13 +0000] "GET /vendor/ramsey/collection/src/Exception/?NA HTTP/1.1" 200 1171 "http://www.mianjeepos.bms69.com/vendor/ramsey/collection/src/Exception/?MA" "Mozilla/5.0 AppleWebKit/537.36 (KHTML, like Gecko; compatible; GPTBot/1.3; +https://openai.com/gptbot)"
74.7.227.166 - - [16/Mar/2026:17:39:14 +0000] "GET /vendor/spatie/flare-client-php/src/Solutions/?MA HTTP/1.1" 200 660 "http://mianjeepos.bms69.com/vendor/spatie/flare-client-php/src/Solutions/" "Mozilla/5.0 AppleWebKit/537.36 (KHTML, like Gecko; compatible; GPTBot/1.3; +https://openai.com/gptbot)"
74.7.227.142 - - [16/Mar/2026:17:40:12 +0000] "GET /vendor/ramsey/collection/src/Exception/?SD HTTP/1.1" 200 1171 "http://www.mianjeepos.bms69.com/vendor/ramsey/collection/src/Exception/?SA" "Mozilla/5.0 AppleWebKit/537.36 (KHTML, like Gecko; compatible; GPTBot/1.3; +https://openai.com/gptbot)"
74.7.227.142 - - [16/Mar/2026:17:41:08 +0000] "GET /vendor/ramsey/collection/src/Exception/?MD HTTP/1.1" 200 1173 "http://www.mianjeepos.bms69.com/vendor/ramsey/collection/src/Exception/?MA" "Mozilla/5.0 AppleWebKit/537.36 (KHTML, like Gecko; compatible; GPTBot/1.3; +https://openai.com/gptbot)"
74.7.227.142 - - [16/Mar/2026:17:42:02 +0000] "GET /vendor/laravel/framework/src/Illuminate/Routing/FiltersControllerMiddleware.php HTTP/1.1" 200 0 "http://www.mianjeepos.bms69.com/vendor/laravel/framework/src/Illuminate/Routing/" "Mozilla/5.0 AppleWebKit/537.36 (KHTML, like Gecko; compatible; GPTBot/1.3; +https://openai.com/gptbot)"
74.7.227.166 - - [16/Mar/2026:17:42:05 +0000] "GET /vendor/psy/psysh/src/CodeCleaner/?SD HTTP/1.1" 200 1802 "http://mianjeepos.bms69.com/vendor/psy/psysh/src/CodeCleaner/?SA" "Mozilla/5.0 AppleWebKit/537.36 (KHTML, like Gecko; compatible; GPTBot/1.3; +https://openai.com/gptbot)"
74.7.227.166 - - [16/Mar/2026:17:42:40 +0000] "GET /vendor/psy/psysh/src/CodeCleaner/FunctionReturnInWriteContextPass.php HTTP/1.1" 500 0 "http://mianjeepos.bms69.com/vendor/psy/psysh/src/CodeCleaner/?SA" "Mozilla/5.0 AppleWebKit/537.36 (KHTML, like Gecko; compatible; GPTBot/1.3; +https://openai.com/gptbot)"
74.7.227.142 - - [16/Mar/2026:17:42:45 +0000] "GET /vendor/laravel/framework/src/Illuminate/Console/MigrationGeneratorCommand.php HTTP/1.1" 500 0 "http://www.mianjeepos.bms69.com/vendor/laravel/framework/src/Illuminate/Console/" "Mozilla/5.0 AppleWebKit/537.36 (KHTML, like Gecko; compatible; GPTBot/1.3; +https://openai.com/gptbot)"
74.7.227.166 - - [16/Mar/2026:17:43:06 +0000] "GET /vendor/psy/psysh/src/CodeCleaner/CallTimePassByReferencePass.php HTTP/1.1" 500 0 "http://mianjeepos.bms69.com/vendor/psy/psysh/src/CodeCleaner/?SA" "Mozilla/5.0 AppleWebKit/537.36 (KHTML, like Gecko; compatible; GPTBot/1.3; +https://openai.com/gptbot)"
74.7.227.166 - - [16/Mar/2026:17:41:24 +0000] "GET /vendor/spatie/flare-client-php/src/Solutions/?SA HTTP/1.1" 200 658 "http://mianjeepos.bms69.com/vendor/spatie/flare-client-php/src/Solutions/" "Mozilla/5.0 AppleWebKit/537.36 (KHTML, like Gecko; compatible; GPTBot/1.3; +https://openai.com/gptbot)"
74.7.175.187 - - [16/Mar/2026:17:42:40 +0000] "GET /robots.txt HTTP/1.1" 404 1251 "-" "Mozilla/5.0 (Macintosh; Intel Mac OS X 10_15_7) AppleWebKit/537.36 (KHTML, like Gecko) Chrome/131.0.0.0 Safari/537.36; compatible; OAI-SearchBot/1.3; robots.txt; +https://openai.com/searchbot"
74.7.244.31 - - [16/Mar/2026:17:42:45 +0000] "GET /robots.txt HTTP/1.1" 404 1251 "-" "Mozilla/5.0 (Macintosh; Intel Mac OS X 10_15_7) AppleWebKit/537.36 (KHTML, like Gecko) Chrome/131.0.0.0 Safari/537.36; compatible; OAI-SearchBot/1.3; robots.txt; +https://openai.com/searchbot"
74.7.227.166 - - [16/Mar/2026:17:44:10 +0000] "GET /vendor/psy/psysh/src/CodeCleaner/PassableByReferencePass.php HTTP/1.1" 500 0 "http://mianjeepos.bms69.com/vendor/psy/psysh/src/CodeCleaner/?SA" "Mozilla/5.0 AppleWebKit/537.36 (KHTML, like Gecko; compatible; GPTBot/1.3; +https://openai.com/gptbot)"
74.7.227.142 - - [16/Mar/2026:17:44:33 +0000] "GET /vendor/laravel/framework/src/Illuminate/Validation/DatabasePresenceVerifier.php HTTP/1.1" 500 0 "http://www.mianjeepos.bms69.com/vendor/laravel/framework/src/Illuminate/Validation/" "Mozilla/5.0 AppleWebKit/537.36 (KHTML, like Gecko; compatible; GPTBot/1.3; +https://openai.com/gptbot)"
74.7.227.166 - - [16/Mar/2026:17:45:12 +0000] "GET /vendor/psy/psysh/src/CodeCleaner/EmptyArrayDimFetchPass.php HTTP/1.1" 500 0 "http://mianjeepos.bms69.com/vendor/psy/psysh/src/CodeCleaner/?SA" "Mozilla/5.0 AppleWebKit/537.36 (KHTML, like Gecko; compatible; GPTBot/1.3; +https://openai.com/gptbot)"
74.7.227.166 - - [16/Mar/2026:17:46:19 +0000] "GET /vendor/psy/psysh/src/CodeCleaner/AssignThisVariablePass.php HTTP/1.1" 500 0 "http://mianjeepos.bms69.com/vendor/psy/psysh/src/CodeCleaner/?SA" "Mozilla/5.0 AppleWebKit/537.36 (KHTML, like Gecko; compatible; GPTBot/1.3; +https://openai.com/gptbot)"
74.7.227.142 - - [16/Mar/2026:17:47:24 +0000] "GET /vendor/laravel/framework/src/Illuminate/Support/MultipleInstanceManager.php HTTP/1.1" 200 0 "http://www.mianjeepos.bms69.com/vendor/laravel/framework/src/Illuminate/Support/" "Mozilla/5.0 AppleWebKit/537.36 (KHTML, like Gecko; compatible; GPTBot/1.3; +https://openai.com/gptbot)"
74.7.227.142 - - [16/Mar/2026:17:48:26 +0000] "GET /vendor/laravel/framework/src/Illuminate/Database/DetectsLostConnections.php HTTP/1.1" 200 0 "http://www.mianjeepos.bms69.com/vendor/laravel/framework/src/Illuminate/Database/" "Mozilla/5.0 AppleWebKit/537.36 (KHTML, like Gecko; compatible; GPTBot/1.3; +https://openai.com/gptbot)"
74.7.244.31 - - [16/Mar/2026:17:48:26 +0000] "GET /robots.txt HTTP/1.1" 404 1251 "-" "Mozilla/5.0 (Macintosh; Intel Mac OS X 10_15_7) AppleWebKit/537.36 (KHTML, like Gecko) Chrome/131.0.0.0 Safari/537.36; compatible; OAI-SearchBot/1.3; robots.txt; +https://openai.com/searchbot"
74.7.227.166 - - [16/Mar/2026:17:49:20 +0000] "GET /vendor/psy/psysh/src/CodeCleaner/CalledClassPass.php HTTP/1.1" 500 0 "http://mianjeepos.bms69.com/vendor/psy/psysh/src/CodeCleaner/?SA" "Mozilla/5.0 AppleWebKit/537.36 (KHTML, like Gecko; compatible; GPTBot/1.3; +https://openai.com/gptbot)"
74.7.227.142 - - [16/Mar/2026:17:50:15 +0000] "GET /vendor/laravel/framework/src/Illuminate/Database/PDO/ HTTP/1.1" 200 1176 "http://www.mianjeepos.bms69.com/vendor/laravel/framework/src/Illuminate/Database/" "Mozilla/5.0 AppleWebKit/537.36 (KHTML, like Gecko; compatible; GPTBot/1.3; +https://openai.com/gptbot)"
74.7.227.166 - - [16/Mar/2026:17:50:22 +0000] "GET /vendor/psy/psysh/src/CodeCleaner/StrictTypesPass.php HTTP/1.1" 500 0 "http://mianjeepos.bms69.com/vendor/psy/psysh/src/CodeCleaner/?SA" "Mozilla/5.0 AppleWebKit/537.36 (KHTML, like Gecko; compatible; GPTBot/1.3; +https://openai.com/gptbot)"
74.7.227.142 - - [16/Mar/2026:17:43:26 +0000] "GET /vendor/laravel/framework/src/Illuminate/Foundation/FileBasedMaintenanceMode.php HTTP/1.1" 500 0 "http://www.mianjeepos.bms69.com/vendor/laravel/framework/src/Illuminate/Foundation/" "Mozilla/5.0 AppleWebKit/537.36 (KHTML, like Gecko; compatible; GPTBot/1.3; +https://openai.com/gptbot)"
74.7.227.142 - - [16/Mar/2026:17:45:28 +0000] "GET /vendor/laravel/framework/src/Illuminate/Session/ExistenceAwareInterface.php HTTP/1.1" 200 0 "http://www.mianjeepos.bms69.com/vendor/laravel/framework/src/Illuminate/Session/" "Mozilla/5.0 AppleWebKit/537.36 (KHTML, like Gecko; compatible; GPTBot/1.3; +https://openai.com/gptbot)"
74.7.227.142 - - [16/Mar/2026:17:46:30 +0000] "GET /vendor/laravel/framework/src/Illuminate/Support/AggregateServiceProvider.php HTTP/1.1" 500 0 "http://www.mianjeepos.bms69.com/vendor/laravel/framework/src/Illuminate/Support/" "Mozilla/5.0 AppleWebKit/537.36 (KHTML, like Gecko; compatible; GPTBot/1.3; +https://openai.com/gptbot)"
74.7.227.166 - - [16/Mar/2026:17:47:19 +0000] "GET /vendor/psy/psysh/src/CodeCleaner/ValidFunctionNamePass.php HTTP/1.1" 500 0 "http://mianjeepos.bms69.com/vendor/psy/psysh/src/CodeCleaner/?SA" "Mozilla/5.0 AppleWebKit/537.36 (KHTML, like Gecko; compatible; GPTBot/1.3; +https://openai.com/gptbot)"
74.7.227.166 - - [16/Mar/2026:17:48:20 +0000] "GET /vendor/psy/psysh/src/CodeCleaner/ValidConstructorPass.php HTTP/1.1" 500 0 "http://mianjeepos.bms69.com/vendor/psy/psysh/src/CodeCleaner/?SA" "Mozilla/5.0 AppleWebKit/537.36 (KHTML, like Gecko; compatible; GPTBot/1.3; +https://openai.com/gptbot)"
74.7.227.142 - - [16/Mar/2026:17:49:24 +0000] "GET /vendor/doctrine/dbal/src/Schema/Exception/error_log HTTP/1.1" 403 1242 "http://www.mianjeepos.bms69.com/vendor/doctrine/dbal/src/Schema/Exception/" "Mozilla/5.0 AppleWebKit/537.36 (KHTML, like Gecko; compatible; GPTBot/1.3; +https://openai.com/gptbot)"
74.7.227.166 - - [16/Mar/2026:17:51:25 +0000] "GET /vendor/psy/psysh/src/CodeCleaner/LoopContextPass.php HTTP/1.1" 500 0 "http://mianjeepos.bms69.com/vendor/psy/psysh/src/CodeCleaner/?SA" "Mozilla/5.0 AppleWebKit/537.36 (KHTML, like Gecko; compatible; GPTBot/1.3; +https://openai.com/gptbot)"
74.7.227.166 - - [16/Mar/2026:17:52:31 +0000] "GET /vendor/psy/psysh/src/CodeCleaner/LeavePsyshAlonePass.php HTTP/1.1" 500 0 "http://mianjeepos.bms69.com/vendor/psy/psysh/src/CodeCleaner/?SA" "Mozilla/5.0 AppleWebKit/537.36 (KHTML, like Gecko; compatible; GPTBot/1.3; +https://openai.com/gptbot)"
74.7.227.142 - - [16/Mar/2026:17:53:10 +0000] "GET /vendor/laravel/framework/src/Illuminate/Queue/Jobs/ HTTP/1.1" 200 1169 "http://www.mianjeepos.bms69.com/vendor/laravel/framework/src/Illuminate/Queue/" "Mozilla/5.0 AppleWebKit/537.36 (KHTML, like Gecko; compatible; GPTBot/1.3; +https://openai.com/gptbot)"
74.7.227.166 - - [16/Mar/2026:17:53:36 +0000] "GET /vendor/psy/psysh/src/CodeCleaner/FunctionContextPass.php HTTP/1.1" 500 0 "http://mianjeepos.bms69.com/vendor/psy/psysh/src/CodeCleaner/?SA" "Mozilla/5.0 AppleWebKit/537.36 (KHTML, like Gecko; compatible; GPTBot/1.3; +https://openai.com/gptbot)"
74.7.175.187 - - [16/Mar/2026:17:53:36 +0000] "GET /robots.txt HTTP/1.1" 404 1251 "-" "Mozilla/5.0 (Macintosh; Intel Mac OS X 10_15_7) AppleWebKit/537.36 (KHTML, like Gecko) Chrome/131.0.0.0 Safari/537.36; compatible; OAI-SearchBot/1.3; robots.txt; +https://openai.com/searchbot"
74.7.227.142 - - [16/Mar/2026:17:53:45 +0000] "GET /vendor/laravel/framework/src/Illuminate/Auth/Console/ HTTP/1.1" 200 769 "http://www.mianjeepos.bms69.com/vendor/laravel/framework/src/Illuminate/Auth/" "Mozilla/5.0 AppleWebKit/537.36 (KHTML, like Gecko; compatible; GPTBot/1.3; +https://openai.com/gptbot)"
74.7.244.31 - - [16/Mar/2026:17:53:45 +0000] "GET /robots.txt HTTP/1.1" 404 1251 "-" "Mozilla/5.0 (Macintosh; Intel Mac OS X 10_15_7) AppleWebKit/537.36 (KHTML, like Gecko) Chrome/131.0.0.0 Safari/537.36; compatible; OAI-SearchBot/1.3; robots.txt; +https://openai.com/searchbot"
74.7.227.142 - - [16/Mar/2026:17:51:08 +0000] "GET /vendor/laravel/framework/src/Illuminate/View/Engines/ HTTP/1.1" 200 1101 "http://www.mianjeepos.bms69.com/vendor/laravel/framework/src/Illuminate/View/" "Mozilla/5.0 AppleWebKit/537.36 (KHTML, like Gecko; compatible; GPTBot/1.3; +https://openai.com/gptbot)"
74.7.227.142 - - [16/Mar/2026:17:51:52 +0000] "GET /vendor/laravel/framework/src/Illuminate/Http/Testing/ HTTP/1.1" 200 764 "http://www.mianjeepos.bms69.com/vendor/laravel/framework/src/Illuminate/Http/" "Mozilla/5.0 AppleWebKit/537.36 (KHTML, like Gecko; compatible; GPTBot/1.3; +https://openai.com/gptbot)"
74.7.227.142 - - [16/Mar/2026:17:52:32 +0000] "GET /vendor/laravel/framework/src/Illuminate/Http/Client/ HTTP/1.1" 200 1249 "http://www.mianjeepos.bms69.com/vendor/laravel/framework/src/Illuminate/Http/" "Mozilla/5.0 AppleWebKit/537.36 (KHTML, like Gecko; compatible; GPTBot/1.3; +https://openai.com/gptbot)"
74.7.227.142 - - [16/Mar/2026:17:54:41 +0000] "GET /vendor/symfony/translation/Resources/schemas/xml.xsd HTTP/1.1" 200 2261 "http://www.mianjeepos.bms69.com/vendor/symfony/translation/Resources/schemas/" "Mozilla/5.0 AppleWebKit/537.36 (KHTML, like Gecko; compatible; GPTBot/1.3; +https://openai.com/gptbot)"
74.7.227.142 - - [16/Mar/2026:17:55:04 +0000] "GET /vendor/sebastian/object-reflector/src/?SA HTTP/1.1" 200 658 "http://www.mianjeepos.bms69.com/vendor/sebastian/object-reflector/src/" "Mozilla/5.0 AppleWebKit/537.36 (KHTML, like Gecko; compatible; GPTBot/1.3; +https://openai.com/gptbot)"
74.7.227.142 - - [16/Mar/2026:17:56:33 +0000] "GET /vendor/laravel/framework/src/Illuminate/Http/Testing/error_log HTTP/1.1" 403 1242 "http://www.mianjeepos.bms69.com/vendor/laravel/framework/src/Illuminate/Http/Testing/" "Mozilla/5.0 AppleWebKit/537.36 (KHTML, like Gecko; compatible; GPTBot/1.3; +https://openai.com/gptbot)"
74.7.227.166 - - [16/Mar/2026:17:56:42 +0000] "GET /vendor/psy/psysh/src/CodeCleaner/CodeCleanerPass.php HTTP/1.1" 500 0 "http://mianjeepos.bms69.com/vendor/psy/psysh/src/CodeCleaner/?SA" "Mozilla/5.0 AppleWebKit/537.36 (KHTML, like Gecko; compatible; GPTBot/1.3; +https://openai.com/gptbot)"
74.7.227.142 - - [16/Mar/2026:17:56:48 +0000] "GET /vendor/laravel/framework/src/Illuminate/Http/Client/Request.php HTTP/1.1" 500 0 "http://www.mianjeepos.bms69.com/vendor/laravel/framework/src/Illuminate/Http/Client/" "Mozilla/5.0 AppleWebKit/537.36 (KHTML, like Gecko; compatible; GPTBot/1.3; +https://openai.com/gptbot)"
74.7.227.142 - - [16/Mar/2026:17:57:44 +0000] "GET /vendor/laravel/framework/src/Illuminate/Queue/Jobs/error_log HTTP/1.1" 403 1242 "http://www.mianjeepos.bms69.com/vendor/laravel/framework/src/Illuminate/Queue/Jobs/" "Mozilla/5.0 AppleWebKit/537.36 (KHTML, like Gecko; compatible; GPTBot/1.3; +https://openai.com/gptbot)"
74.7.227.166 - - [16/Mar/2026:17:57:47 +0000] "GET /vendor/psy/psysh/src/CodeCleaner/RequirePass.php HTTP/1.1" 500 0 "http://mianjeepos.bms69.com/vendor/psy/psysh/src/CodeCleaner/?SA" "Mozilla/5.0 AppleWebKit/537.36 (KHTML, like Gecko; compatible; GPTBot/1.3; +https://openai.com/gptbot)"
74.7.227.142 - - [16/Mar/2026:17:58:24 +0000] "GET /vendor/laravel/framework/src/Illuminate/Http/Client/error_log HTTP/1.1" 403 1242 "http://www.mianjeepos.bms69.com/vendor/laravel/framework/src/Illuminate/Http/Client/" "Mozilla/5.0 AppleWebKit/537.36 (KHTML, like Gecko; compatible; GPTBot/1.3; +https://openai.com/gptbot)"
74.7.227.166 - - [16/Mar/2026:17:58:49 +0000] "GET /vendor/psy/psysh/src/CodeCleaner/NamespacePass.php HTTP/1.1" 500 0 "http://mianjeepos.bms69.com/vendor/psy/psysh/src/CodeCleaner/?SA" "Mozilla/5.0 AppleWebKit/537.36 (KHTML, like Gecko; compatible; GPTBot/1.3; +https://openai.com/gptbot)"
74.7.244.31 - - [16/Mar/2026:17:59:03 +0000] "GET /robots.txt HTTP/1.1" 404 1251 "-" "Mozilla/5.0 (Macintosh; Intel Mac OS X 10_15_7) AppleWebKit/537.36 (KHTML, like Gecko) Chrome/131.0.0.0 Safari/537.36; compatible; OAI-SearchBot/1.3; robots.txt; +https://openai.com/searchbot"
74.7.227.142 - - [16/Mar/2026:17:54:15 +0000] "GET /vendor/laravel/framework/src/Illuminate/Auth/Access/ HTTP/1.1" 200 1128 "http://www.mianjeepos.bms69.com/vendor/laravel/framework/src/Illuminate/Auth/" "Mozilla/5.0 AppleWebKit/537.36 (KHTML, like Gecko; compatible; GPTBot/1.3; +https://openai.com/gptbot)"
74.7.227.166 - - [16/Mar/2026:17:54:38 +0000] "GET /vendor/psy/psysh/src/CodeCleaner/ReturnTypePass.php HTTP/1.1" 500 0 "http://mianjeepos.bms69.com/vendor/psy/psysh/src/CodeCleaner/?SA" "Mozilla/5.0 AppleWebKit/537.36 (KHTML, like Gecko; compatible; GPTBot/1.3; +https://openai.com/gptbot)"
74.7.227.142 - - [16/Mar/2026:17:55:25 +0000] "GET /vendor/sebastian/object-reflector/src/?MA HTTP/1.1" 200 658 "http://www.mianjeepos.bms69.com/vendor/sebastian/object-reflector/src/" "Mozilla/5.0 AppleWebKit/537.36 (KHTML, like Gecko; compatible; GPTBot/1.3; +https://openai.com/gptbot)"
74.7.227.166 - - [16/Mar/2026:17:55:41 +0000] "GET /vendor/psy/psysh/src/CodeCleaner/FinalClassPass.php HTTP/1.1" 500 0 "http://mianjeepos.bms69.com/vendor/psy/psysh/src/CodeCleaner/?SA" "Mozilla/5.0 AppleWebKit/537.36 (KHTML, like Gecko; compatible; GPTBot/1.3; +https://openai.com/gptbot)"
74.7.227.142 - - [16/Mar/2026:17:55:44 +0000] "GET /vendor/sebastian/object-reflector/src/?ND HTTP/1.1" 200 652 "http://www.mianjeepos.bms69.com/vendor/sebastian/object-reflector/src/" "Mozilla/5.0 AppleWebKit/537.36 (KHTML, like Gecko; compatible; GPTBot/1.3; +https://openai.com/gptbot)"
74.7.227.142 - - [16/Mar/2026:17:56:02 +0000] "GET /vendor/laravel/framework/src/Illuminate/Database/PDO/Concerns/ HTTP/1.1" 200 682 "http://www.mianjeepos.bms69.com/vendor/laravel/framework/src/Illuminate/Database/PDO/" "Mozilla/5.0 AppleWebKit/537.36 (KHTML, like Gecko; compatible; GPTBot/1.3; +https://openai.com/gptbot)"
74.7.227.142 - - [16/Mar/2026:17:56:18 +0000] "GET /vendor/laravel/framework/src/Illuminate/View/Engines/error_log HTTP/1.1" 403 1242 "http://www.mianjeepos.bms69.com/vendor/laravel/framework/src/Illuminate/View/Engines/" "Mozilla/5.0 AppleWebKit/537.36 (KHTML, like Gecko; compatible; GPTBot/1.3; +https://openai.com/gptbot)"
74.7.227.142 - - [16/Mar/2026:17:57:01 +0000] "GET /vendor/laravel/framework/src/Illuminate/Http/Client/Events/ HTTP/1.1" 200 730 "http://www.mianjeepos.bms69.com/vendor/laravel/framework/src/Illuminate/Http/Client/" "Mozilla/5.0 AppleWebKit/537.36 (KHTML, like Gecko; compatible; GPTBot/1.3; +https://openai.com/gptbot)"
74.7.175.187 - - [16/Mar/2026:17:58:49 +0000] "GET /robots.txt HTTP/1.1" 404 1251 "-" "Mozilla/5.0 (Macintosh; Intel Mac OS X 10_15_7) AppleWebKit/537.36 (KHTML, like Gecko) Chrome/131.0.0.0 Safari/537.36; compatible; OAI-SearchBot/1.3; robots.txt; +https://openai.com/searchbot"
74.7.227.142 - - [16/Mar/2026:17:59:03 +0000] "GET /vendor/laravel/framework/src/Illuminate/Http/Client/Concerns/ HTTP/1.1" 200 683 "http://www.mianjeepos.bms69.com/vendor/laravel/framework/src/Illuminate/Http/Client/" "Mozilla/5.0 AppleWebKit/537.36 (KHTML, like Gecko; compatible; GPTBot/1.3; +https://openai.com/gptbot)"
74.7.227.142 - - [16/Mar/2026:17:59:43 +0000] "GET /vendor/laravel/framework/src/Illuminate/Auth/Console/error_log HTTP/1.1" 403 1242 "http://www.mianjeepos.bms69.com/vendor/laravel/framework/src/Illuminate/Auth/Console/" "Mozilla/5.0 AppleWebKit/537.36 (KHTML, like Gecko; compatible; GPTBot/1.3; +https://openai.com/gptbot)"
74.7.227.142 - - [16/Mar/2026:18:00:16 +0000] "GET /vendor/laravel/framework/src/Illuminate/Auth/Console/stubs/ HTTP/1.1" 200 659 "http://www.mianjeepos.bms69.com/vendor/laravel/framework/src/Illuminate/Auth/Console/" "Mozilla/5.0 AppleWebKit/537.36 (KHTML, like Gecko; compatible; GPTBot/1.3; +https://openai.com/gptbot)"
74.7.227.142 - - [16/Mar/2026:18:01:24 +0000] "GET /vendor/laravel/framework/src/Illuminate/Auth/Access/Events/ HTTP/1.1" 200 672 "http://www.mianjeepos.bms69.com/vendor/laravel/framework/src/Illuminate/Auth/Access/" "Mozilla/5.0 AppleWebKit/537.36 (KHTML, like Gecko; compatible; GPTBot/1.3; +https://openai.com/gptbot)"
74.7.227.166 - - [16/Mar/2026:17:59:49 +0000] "GET /vendor/psy/psysh/src/CodeCleaner/NamespaceAwarePass.php HTTP/1.1" 500 0 "http://mianjeepos.bms69.com/vendor/psy/psysh/src/CodeCleaner/?SA" "Mozilla/5.0 AppleWebKit/537.36 (KHTML, like Gecko; compatible; GPTBot/1.3; +https://openai.com/gptbot)"
74.7.227.166 - - [16/Mar/2026:18:00:49 +0000] "GET /vendor/psy/psysh/src/CodeCleaner/ValidClassNamePass.php HTTP/1.1" 500 0 "http://mianjeepos.bms69.com/vendor/psy/psysh/src/CodeCleaner/?SA" "Mozilla/5.0 AppleWebKit/537.36 (KHTML, like Gecko; compatible; GPTBot/1.3; +https://openai.com/gptbot)"
74.7.227.142 - - [16/Mar/2026:18:00:51 +0000] "GET /vendor/laravel/framework/src/Illuminate/Auth/Access/error_log HTTP/1.1" 403 1242 "http://www.mianjeepos.bms69.com/vendor/laravel/framework/src/Illuminate/Auth/Access/" "Mozilla/5.0 AppleWebKit/537.36 (KHTML, like Gecko; compatible; GPTBot/1.3; +https://openai.com/gptbot)"
74.7.227.166 - - [16/Mar/2026:18:01:53 +0000] "GET /vendor/psy/psysh/src/CodeCleaner/MagicConstantsPass.php HTTP/1.1" 500 0 "http://mianjeepos.bms69.com/vendor/psy/psysh/src/CodeCleaner/?SA" "Mozilla/5.0 AppleWebKit/537.36 (KHTML, like Gecko; compatible; GPTBot/1.3; +https://openai.com/gptbot)"
74.7.227.166 - - [16/Mar/2026:18:02:59 +0000] "GET /vendor/psy/psysh/src/CodeCleaner/ImplicitReturnPass.php HTTP/1.1" 500 0 "http://mianjeepos.bms69.com/vendor/psy/psysh/src/CodeCleaner/?SA" "Mozilla/5.0 AppleWebKit/537.36 (KHTML, like Gecko; compatible; GPTBot/1.3; +https://openai.com/gptbot)"
74.7.227.142 - - [16/Mar/2026:18:03:57 +0000] "GET /vendor/laravel/framework/src/Illuminate/Http/Client/PendingRequest.php HTTP/1.1" 500 0 "http://www.mianjeepos.bms69.com/vendor/laravel/framework/src/Illuminate/Http/Client/" "Mozilla/5.0 AppleWebKit/537.36 (KHTML, like Gecko; compatible; GPTBot/1.3; +https://openai.com/gptbot)"
74.7.244.31 - - [16/Mar/2026:18:04:54 +0000] "GET /robots.txt HTTP/1.1" 404 1251 "-" "Mozilla/5.0 (Macintosh; Intel Mac OS X 10_15_7) AppleWebKit/537.36 (KHTML, like Gecko) Chrome/131.0.0.0 Safari/537.36; compatible; OAI-SearchBot/1.3; robots.txt; +https://openai.com/searchbot"
74.7.227.166 - - [16/Mar/2026:18:05:00 +0000] "GET /vendor/psy/psysh/src/CodeCleaner/UseStatementPass.php HTTP/1.1" 500 0 "http://mianjeepos.bms69.com/vendor/psy/psysh/src/CodeCleaner/?SA" "Mozilla/5.0 AppleWebKit/537.36 (KHTML, like Gecko; compatible; GPTBot/1.3; +https://openai.com/gptbot)"
74.7.227.166 - - [16/Mar/2026:18:06:07 +0000] "GET /vendor/psy/psysh/src/CodeCleaner/LabelContextPass.php HTTP/1.1" 500 0 "http://mianjeepos.bms69.com/vendor/psy/psysh/src/CodeCleaner/?SA" "Mozilla/5.0 AppleWebKit/537.36 (KHTML, like Gecko; compatible; GPTBot/1.3; +https://openai.com/gptbot)"
74.7.227.142 - - [16/Mar/2026:18:09:06 +0000] "GET /vendor/laravel/framework/src/Illuminate/Auth/Console/ClearResetsCommand.php HTTP/1.1" 500 0 "http://www.mianjeepos.bms69.com/vendor/laravel/framework/src/Illuminate/Auth/Console/" "Mozilla/5.0 AppleWebKit/537.36 (KHTML, like Gecko; compatible; GPTBot/1.3; +https://openai.com/gptbot)"
74.7.227.166 - - [16/Mar/2026:18:09:23 +0000] "GET /vendor/psy/psysh/src/CodeCleaner/IssetPass.php HTTP/1.1" 500 0 "http://mianjeepos.bms69.com/vendor/psy/psysh/src/CodeCleaner/?SA" "Mozilla/5.0 AppleWebKit/537.36 (KHTML, like Gecko; compatible; GPTBot/1.3; +https://openai.com/gptbot)"
74.7.175.187 - - [16/Mar/2026:18:09:23 +0000] "GET /robots.txt HTTP/1.1" 404 1251 "-" "Mozilla/5.0 (Macintosh; Intel Mac OS X 10_15_7) AppleWebKit/537.36 (KHTML, like Gecko) Chrome/131.0.0.0 Safari/537.36; compatible; OAI-SearchBot/1.3; robots.txt; +https://openai.com/searchbot"
74.7.227.142 - - [16/Mar/2026:18:10:01 +0000] "GET /vendor/laravel/framework/src/Illuminate/Http/Client/ResponseSequence.php HTTP/1.1" 500 0 "http://www.mianjeepos.bms69.com/vendor/laravel/framework/src/Illuminate/Http/Client/" "Mozilla/5.0 AppleWebKit/537.36 (KHTML, like Gecko; compatible; GPTBot/1.3; +https://openai.com/gptbot)"
74.7.227.142 - - [16/Mar/2026:18:01:56 +0000] "GET /vendor/laravel/framework/src/Illuminate/Database/PDO/error_log HTTP/1.1" 403 1242 "http://www.mianjeepos.bms69.com/vendor/laravel/framework/src/Illuminate/Database/PDO/" "Mozilla/5.0 AppleWebKit/537.36 (KHTML, like Gecko; compatible; GPTBot/1.3; +https://openai.com/gptbot)"
74.7.227.142 - - [16/Mar/2026:18:02:24 +0000] "GET /vendor/laravel/framework/src/Illuminate/Database/PDO/SqlServerConnection.php HTTP/1.1" 500 0 "http://www.mianjeepos.bms69.com/vendor/laravel/framework/src/Illuminate/Database/PDO/" "Mozilla/5.0 AppleWebKit/537.36 (KHTML, like Gecko; compatible; GPTBot/1.3; +https://openai.com/gptbot)"
74.7.227.142 - - [16/Mar/2026:18:02:51 +0000] "GET /vendor/laravel/framework/src/Illuminate/Auth/Access/HandlesAuthorization.php HTTP/1.1" 200 0 "http://www.mianjeepos.bms69.com/vendor/laravel/framework/src/Illuminate/Auth/Access/" "Mozilla/5.0 AppleWebKit/537.36 (KHTML, like Gecko; compatible; GPTBot/1.3; +https://openai.com/gptbot)"
74.7.227.166 - - [16/Mar/2026:18:04:00 +0000] "GET /vendor/psy/psysh/src/CodeCleaner/AbstractClassPass.php HTTP/1.1" 500 0 "http://mianjeepos.bms69.com/vendor/psy/psysh/src/CodeCleaner/?SA" "Mozilla/5.0 AppleWebKit/537.36 (KHTML, like Gecko; compatible; GPTBot/1.3; +https://openai.com/gptbot)"
74.7.175.187 - - [16/Mar/2026:18:04:00 +0000] "GET /robots.txt HTTP/1.1" 404 1251 "-" "Mozilla/5.0 (Macintosh; Intel Mac OS X 10_15_7) AppleWebKit/537.36 (KHTML, like Gecko) Chrome/131.0.0.0 Safari/537.36; compatible; OAI-SearchBot/1.3; robots.txt; +https://openai.com/searchbot"
74.7.227.142 - - [16/Mar/2026:18:04:54 +0000] "GET /vendor/laravel/framework/src/Illuminate/Database/PDO/SQLiteDriver.php HTTP/1.1" 500 0 "http://www.mianjeepos.bms69.com/vendor/laravel/framework/src/Illuminate/Database/PDO/" "Mozilla/5.0 AppleWebKit/537.36 (KHTML, like Gecko; compatible; GPTBot/1.3; +https://openai.com/gptbot)"
74.7.227.142 - - [16/Mar/2026:18:05:59 +0000] "GET /vendor/laravel/framework/src/Illuminate/Http/Client/RequestException.php HTTP/1.1" 500 0 "http://www.mianjeepos.bms69.com/vendor/laravel/framework/src/Illuminate/Http/Client/" "Mozilla/5.0 AppleWebKit/537.36 (KHTML, like Gecko; compatible; GPTBot/1.3; +https://openai.com/gptbot)"
74.7.227.142 - - [16/Mar/2026:18:06:59 +0000] "GET /vendor/laravel/framework/src/Illuminate/Http/Client/ConnectionException.php HTTP/1.1" 500 0 "http://www.mianjeepos.bms69.com/vendor/laravel/framework/src/Illuminate/Http/Client/" "Mozilla/5.0 AppleWebKit/537.36 (KHTML, like Gecko; compatible; GPTBot/1.3; +https://openai.com/gptbot)"
74.7.227.166 - - [16/Mar/2026:18:07:12 +0000] "GET /vendor/psy/psysh/src/CodeCleaner/ListPass.php HTTP/1.1" 500 0 "http://mianjeepos.bms69.com/vendor/psy/psysh/src/CodeCleaner/?SA" "Mozilla/5.0 AppleWebKit/537.36 (KHTML, like Gecko; compatible; GPTBot/1.3; +https://openai.com/gptbot)"
74.7.227.142 - - [16/Mar/2026:18:08:02 +0000] "GET /vendor/laravel/framework/src/Illuminate/Auth/Access/AuthorizationException.php HTTP/1.1" 200 0 "http://www.mianjeepos.bms69.com/vendor/laravel/framework/src/Illuminate/Auth/Access/" "Mozilla/5.0 AppleWebKit/537.36 (KHTML, like Gecko; compatible; GPTBot/1.3; +https://openai.com/gptbot)"
74.7.227.166 - - [16/Mar/2026:18:08:17 +0000] "GET /vendor/psy/psysh/src/CodeCleaner/ExitPass.php HTTP/1.1" 500 0 "http://mianjeepos.bms69.com/vendor/psy/psysh/src/CodeCleaner/?SA" "Mozilla/5.0 AppleWebKit/537.36 (KHTML, like Gecko; compatible; GPTBot/1.3; +https://openai.com/gptbot)"
74.7.244.31 - - [16/Mar/2026:18:10:01 +0000] "GET /robots.txt HTTP/1.1" 404 1251 "-" "Mozilla/5.0 (Macintosh; Intel Mac OS X 10_15_7) AppleWebKit/537.36 (KHTML, like Gecko) Chrome/131.0.0.0 Safari/537.36; compatible; OAI-SearchBot/1.3; robots.txt; +https://openai.com/searchbot"
74.7.227.166 - - [16/Mar/2026:18:10:23 +0000] "GET /vendor/spatie/flare-client-php/src/Contracts/?MD HTTP/1.1" 200 667 "http://mianjeepos.bms69.com/vendor/spatie/flare-client-php/src/Contracts/?MA" "Mozilla/5.0 AppleWebKit/537.36 (KHTML, like Gecko; compatible; GPTBot/1.3; +https://openai.com/gptbot)"
74.7.227.142 - - [16/Mar/2026:18:11:03 +0000] "GET /vendor/laravel/framework/src/Illuminate/Database/PDO/SqlServerDriver.php HTTP/1.1" 500 0 "http://www.mianjeepos.bms69.com/vendor/laravel/framework/src/Illuminate/Database/PDO/" "Mozilla/5.0 AppleWebKit/537.36 (KHTML, like Gecko; compatible; GPTBot/1.3; +https://openai.com/gptbot)"
74.7.227.142 - - [16/Mar/2026:18:12:04 +0000] "GET /vendor/laravel/framework/src/Illuminate/Database/PDO/PostgresDriver.php HTTP/1.1" 500 0 "http://www.mianjeepos.bms69.com/vendor/laravel/framework/src/Illuminate/Database/PDO/" "Mozilla/5.0 AppleWebKit/537.36 (KHTML, like Gecko; compatible; GPTBot/1.3; +https://openai.com/gptbot)"
74.7.227.166 - - [16/Mar/2026:18:12:24 +0000] "GET /vendor/spatie/flare-client-php/src/Solutions/?NA HTTP/1.1" 200 656 "http://mianjeepos.bms69.com/vendor/spatie/flare-client-php/src/Solutions/?MA" "Mozilla/5.0 AppleWebKit/537.36 (KHTML, like Gecko; compatible; GPTBot/1.3; +https://openai.com/gptbot)"
74.7.227.142 - - [16/Mar/2026:18:13:08 +0000] "GET /vendor/laravel/framework/src/Illuminate/Queue/Jobs/DatabaseJobRecord.php HTTP/1.1" 500 0 "http://www.mianjeepos.bms69.com/vendor/laravel/framework/src/Illuminate/Queue/Jobs/" "Mozilla/5.0 AppleWebKit/537.36 (KHTML, like Gecko; compatible; GPTBot/1.3; +https://openai.com/gptbot)"
74.7.227.142 - - [16/Mar/2026:18:14:15 +0000] "GET /vendor/laravel/framework/src/Illuminate/Queue/Jobs/Job.php HTTP/1.1" 500 0 "http://www.mianjeepos.bms69.com/vendor/laravel/framework/src/Illuminate/Queue/Jobs/" "Mozilla/5.0 AppleWebKit/537.36 (KHTML, like Gecko; compatible; GPTBot/1.3; +https://openai.com/gptbot)"
74.7.175.187 - - [16/Mar/2026:18:14:45 +0000] "GET /robots.txt HTTP/1.1" 404 1251 "-" "Mozilla/5.0 (Macintosh; Intel Mac OS X 10_15_7) AppleWebKit/537.36 (KHTML, like Gecko) Chrome/131.0.0.0 Safari/537.36; compatible; OAI-SearchBot/1.3; robots.txt; +https://openai.com/searchbot"
74.7.227.142 - - [16/Mar/2026:18:15:18 +0000] "GET /vendor/laravel/framework/src/Illuminate/Database/PDO/MySqlDriver.php HTTP/1.1" 500 0 "http://www.mianjeepos.bms69.com/vendor/laravel/framework/src/Illuminate/Database/PDO/" "Mozilla/5.0 AppleWebKit/537.36 (KHTML, like Gecko; compatible; GPTBot/1.3; +https://openai.com/gptbot)"
74.7.227.166 - - [16/Mar/2026:18:15:57 +0000] "GET /vendor/spatie/flare-client-php/src/Contracts/?ND HTTP/1.1" 200 661 "http://mianjeepos.bms69.com/vendor/spatie/flare-client-php/src/Contracts/" "Mozilla/5.0 AppleWebKit/537.36 (KHTML, like Gecko; compatible; GPTBot/1.3; +https://openai.com/gptbot)"
74.7.227.166 - - [16/Mar/2026:18:16:27 +0000] "GET /vendor/spatie/flare-client-php/src/Concerns/?ND HTTP/1.1" 200 681 "http://mianjeepos.bms69.com/vendor/spatie/flare-client-php/src/Concerns/" "Mozilla/5.0 AppleWebKit/537.36 (KHTML, like Gecko; compatible; GPTBot/1.3; +https://openai.com/gptbot)"
74.7.227.166 - - [16/Mar/2026:18:16:54 +0000] "GET /vendor/spatie/flare-client-php/src/Concerns/?MD HTTP/1.1" 200 692 "http://mianjeepos.bms69.com/vendor/spatie/flare-client-php/src/Concerns/?MA" "Mozilla/5.0 AppleWebKit/537.36 (KHTML, like Gecko; compatible; GPTBot/1.3; +https://openai.com/gptbot)"
74.7.227.142 - - [16/Mar/2026:18:17:29 +0000] "GET /vendor/laravel/framework/src/Illuminate/Http/Testing/File.php HTTP/1.1" 500 0 "http://www.mianjeepos.bms69.com/vendor/laravel/framework/src/Illuminate/Http/Testing/" "Mozilla/5.0 AppleWebKit/537.36 (KHTML, like Gecko; compatible; GPTBot/1.3; +https://openai.com/gptbot)"
74.7.227.166 - - [16/Mar/2026:18:17:40 +0000] "GET /vendor/dompdf/php-font-lib/?SA HTTP/1.1" 200 753 "http://mianjeepos.bms69.com/vendor/dompdf/php-font-lib/" "Mozilla/5.0 AppleWebKit/537.36 (KHTML, like Gecko; compatible; GPTBot/1.3; +https://openai.com/gptbot)"
74.7.227.166 - - [16/Mar/2026:18:18:02 +0000] "GET /vendor/dompdf/php-font-lib/?ND HTTP/1.1" 200 749 "http://mianjeepos.bms69.com/vendor/dompdf/php-font-lib/" "Mozilla/5.0 AppleWebKit/537.36 (KHTML, like Gecko; compatible; GPTBot/1.3; +https://openai.com/gptbot)"
74.7.227.166 - - [16/Mar/2026:18:18:19 +0000] "GET /vendor/dompdf/php-font-lib/?MA HTTP/1.1" 200 760 "http://mianjeepos.bms69.com/vendor/dompdf/php-font-lib/" "Mozilla/5.0 AppleWebKit/537.36 (KHTML, like Gecko; compatible; GPTBot/1.3; +https://openai.com/gptbot)"
74.7.227.166 - - [16/Mar/2026:18:11:29 +0000] "GET /vendor/spatie/flare-client-php/src/Solutions/?MD HTTP/1.1" 200 662 "http://mianjeepos.bms69.com/vendor/spatie/flare-client-php/src/Solutions/?MA" "Mozilla/5.0 AppleWebKit/537.36 (KHTML, like Gecko; compatible; GPTBot/1.3; +https://openai.com/gptbot)"
74.7.227.166 - - [16/Mar/2026:18:13:16 +0000] "GET /vendor/spatie/flare-client-php/src/Solutions/?SD HTTP/1.1" 200 661 "http://mianjeepos.bms69.com/vendor/spatie/flare-client-php/src/Solutions/?SA" "Mozilla/5.0 AppleWebKit/537.36 (KHTML, like Gecko; compatible; GPTBot/1.3; +https://openai.com/gptbot)"
74.7.227.166 - - [16/Mar/2026:18:14:03 +0000] "GET /vendor/spatie/flare-client-php/src/Contracts/?SD HTTP/1.1" 200 663 "http://mianjeepos.bms69.com/vendor/spatie/flare-client-php/src/Contracts/?SA" "Mozilla/5.0 AppleWebKit/537.36 (KHTML, like Gecko; compatible; GPTBot/1.3; +https://openai.com/gptbot)"
74.7.227.166 - - [16/Mar/2026:18:14:45 +0000] "GET /vendor/spatie/flare-client-php/src/Concerns/?SA HTTP/1.1" 200 686 "http://mianjeepos.bms69.com/vendor/spatie/flare-client-php/src/Concerns/" "Mozilla/5.0 AppleWebKit/537.36 (KHTML, like Gecko; compatible; GPTBot/1.3; +https://openai.com/gptbot)"
74.7.227.166 - - [16/Mar/2026:18:15:24 +0000] "GET /vendor/spatie/flare-client-php/src/Concerns/?NA HTTP/1.1" 200 683 "http://mianjeepos.bms69.com/vendor/spatie/flare-client-php/src/Concerns/?MA" "Mozilla/5.0 AppleWebKit/537.36 (KHTML, like Gecko; compatible; GPTBot/1.3; +https://openai.com/gptbot)"
74.7.227.142 - - [16/Mar/2026:18:16:23 +0000] "GET /vendor/laravel/framework/src/Illuminate/Queue/Jobs/SyncJob.php HTTP/1.1" 500 0 "http://www.mianjeepos.bms69.com/vendor/laravel/framework/src/Illuminate/Queue/Jobs/" "Mozilla/5.0 AppleWebKit/537.36 (KHTML, like Gecko; compatible; GPTBot/1.3; +https://openai.com/gptbot)"
74.7.227.166 - - [16/Mar/2026:18:17:20 +0000] "GET /vendor/spatie/flare-client-php/src/Contracts/?NA HTTP/1.1" 200 660 "http://mianjeepos.bms69.com/vendor/spatie/flare-client-php/src/Contracts/?SA" "Mozilla/5.0 AppleWebKit/537.36 (KHTML, like Gecko; compatible; GPTBot/1.3; +https://openai.com/gptbot)"
74.7.227.142 - - [16/Mar/2026:18:18:30 +0000] "GET /vendor/laravel/framework/src/Illuminate/Queue/Jobs/SqsJob.php HTTP/1.1" 500 0 "http://www.mianjeepos.bms69.com/vendor/laravel/framework/src/Illuminate/Queue/Jobs/" "Mozilla/5.0 AppleWebKit/537.36 (KHTML, like Gecko; compatible; GPTBot/1.3; +https://openai.com/gptbot)"
74.7.227.166 - - [16/Mar/2026:18:18:47 +0000] "GET /vendor/ramsey/uuid/src/Provider/Node/NodeProviderCollection.php HTTP/1.1" 500 0 "http://mianjeepos.bms69.com/vendor/ramsey/uuid/src/Provider/Node/" "Mozilla/5.0 AppleWebKit/537.36 (KHTML, like Gecko; compatible; GPTBot/1.3; +https://openai.com/gptbot)"
74.7.227.166 - - [16/Mar/2026:18:19:31 +0000] "GET /vendor/spatie/flare-client-php/src/Concerns/?SD HTTP/1.1" 200 689 "http://mianjeepos.bms69.com/vendor/spatie/flare-client-php/src/Concerns/?SA" "Mozilla/5.0 AppleWebKit/537.36 (KHTML, like Gecko; compatible; GPTBot/1.3; +https://openai.com/gptbot)"
74.7.227.142 - - [16/Mar/2026:18:19:34 +0000] "GET /vendor/laravel/framework/src/Illuminate/Http/Client/Pool.php HTTP/1.1" 200 0 "http://www.mianjeepos.bms69.com/vendor/laravel/framework/src/Illuminate/Http/Client/" "Mozilla/5.0 AppleWebKit/537.36 (KHTML, like Gecko; compatible; GPTBot/1.3; +https://openai.com/gptbot)"
74.7.244.31 - - [16/Mar/2026:18:20:38 +0000] "GET /robots.txt HTTP/1.1" 404 1251 "-" "Mozilla/5.0 (Macintosh; Intel Mac OS X 10_15_7) AppleWebKit/537.36 (KHTML, like Gecko) Chrome/131.0.0.0 Safari/537.36; compatible; OAI-SearchBot/1.3; robots.txt; +https://openai.com/searchbot"
74.7.227.166 - - [16/Mar/2026:18:21:29 +0000] "GET /vendor/fakerphp/faker/src/Faker/Extension/DateTimeExtension.php HTTP/1.1" 200 0 "http://mianjeepos.bms69.com/vendor/fakerphp/faker/src/Faker/Extension/" "Mozilla/5.0 AppleWebKit/537.36 (KHTML, like Gecko; compatible; GPTBot/1.3; +https://openai.com/gptbot)"
74.7.227.166 - - [16/Mar/2026:18:18:34 +0000] "GET /vendor/psy/psysh/src/Command/ListCommand/FunctionEnumerator.php HTTP/1.1" 500 0 "http://mianjeepos.bms69.com/vendor/psy/psysh/src/Command/ListCommand/" "Mozilla/5.0 AppleWebKit/537.36 (KHTML, like Gecko; compatible; GPTBot/1.3; +https://openai.com/gptbot)"
74.7.227.166 - - [16/Mar/2026:18:20:33 +0000] "GET /vendor/psy/psysh/src/Command/ListCommand/PropertyEnumerator.php HTTP/1.1" 500 0 "http://mianjeepos.bms69.com/vendor/psy/psysh/src/Command/ListCommand/" "Mozilla/5.0 AppleWebKit/537.36 (KHTML, like Gecko; compatible; GPTBot/1.3; +https://openai.com/gptbot)"
74.7.175.187 - - [16/Mar/2026:18:20:33 +0000] "GET /robots.txt HTTP/1.1" 404 1251 "-" "Mozilla/5.0 (Macintosh; Intel Mac OS X 10_15_7) AppleWebKit/537.36 (KHTML, like Gecko) Chrome/131.0.0.0 Safari/537.36; compatible; OAI-SearchBot/1.3; robots.txt; +https://openai.com/searchbot"
74.7.227.142 - - [16/Mar/2026:18:20:38 +0000] "GET /vendor/laravel/framework/src/Illuminate/Auth/Access/Gate.php HTTP/1.1" 500 0 "http://www.mianjeepos.bms69.com/vendor/laravel/framework/src/Illuminate/Auth/Access/" "Mozilla/5.0 AppleWebKit/537.36 (KHTML, like Gecko; compatible; GPTBot/1.3; +https://openai.com/gptbot)"
74.7.227.142 - - [16/Mar/2026:18:21:38 +0000] "GET /vendor/laravel/framework/src/Illuminate/View/Engines/CompilerEngine.php HTTP/1.1" 500 0 "http://www.mianjeepos.bms69.com/vendor/laravel/framework/src/Illuminate/View/Engines/" "Mozilla/5.0 AppleWebKit/537.36 (KHTML, like Gecko; compatible; GPTBot/1.3; +https://openai.com/gptbot)"
74.7.227.166 - - [16/Mar/2026:18:23:34 +0000] "GET /vendor/psy/psysh/src/Command/ListCommand/ConstantEnumerator.php HTTP/1.1" 500 0 "http://mianjeepos.bms69.com/vendor/psy/psysh/src/Command/ListCommand/" "Mozilla/5.0 AppleWebKit/537.36 (KHTML, like Gecko; compatible; GPTBot/1.3; +https://openai.com/gptbot)"
74.7.227.166 - - [16/Mar/2026:18:24:34 +0000] "GET /vendor/spatie/laravel-ignition/src/Recorders/LogRecorder/LogMessage.php HTTP/1.1" 200 0 "http://mianjeepos.bms69.com/vendor/spatie/laravel-ignition/src/Recorders/LogRecorder/" "Mozilla/5.0 AppleWebKit/537.36 (KHTML, like Gecko; compatible; GPTBot/1.3; +https://openai.com/gptbot)"
74.7.227.166 - - [16/Mar/2026:18:25:41 +0000] "GET /vendor/league/commonmark/src/Extension/Embed/EmbedExtension.php HTTP/1.1" 500 0 "http://mianjeepos.bms69.com/vendor/league/commonmark/src/Extension/Embed/" "Mozilla/5.0 AppleWebKit/537.36 (KHTML, like Gecko; compatible; GPTBot/1.3; +https://openai.com/gptbot)"
74.7.244.31 - - [16/Mar/2026:18:25:50 +0000] "GET /robots.txt HTTP/1.1" 404 1251 "-" "Mozilla/5.0 (Macintosh; Intel Mac OS X 10_15_7) AppleWebKit/537.36 (KHTML, like Gecko) Chrome/131.0.0.0 Safari/537.36; compatible; OAI-SearchBot/1.3; robots.txt; +https://openai.com/searchbot"
74.7.227.142 - - [16/Mar/2026:18:26:54 +0000] "GET /vendor/laravel/framework/src/Illuminate/Queue/Jobs/JobName.php HTTP/1.1" 200 0 "http://www.mianjeepos.bms69.com/vendor/laravel/framework/src/Illuminate/Queue/Jobs/" "Mozilla/5.0 AppleWebKit/537.36 (KHTML, like Gecko; compatible; GPTBot/1.3; +https://openai.com/gptbot)"
74.7.227.166 - - [16/Mar/2026:18:28:37 +0000] "GET /vendor/dompdf/php-font-lib/?SD HTTP/1.1" 200 755 "http://mianjeepos.bms69.com/vendor/dompdf/php-font-lib/?SA" "Mozilla/5.0 AppleWebKit/537.36 (KHTML, like Gecko; compatible; GPTBot/1.3; +https://openai.com/gptbot)"
74.7.227.166 - - [16/Mar/2026:18:29:27 +0000] "GET /vendor/ramsey/uuid/src/Converter/Time/DegradedTimeConverter.php HTTP/1.1" 500 0 "http://mianjeepos.bms69.com/vendor/ramsey/uuid/src/Converter/Time/" "Mozilla/5.0 AppleWebKit/537.36 (KHTML, like Gecko; compatible; GPTBot/1.3; +https://openai.com/gptbot)"
74.7.227.142 - - [16/Mar/2026:18:29:43 +0000] "GET /vendor/laravel/framework/src/Illuminate/View/Engines/EngineResolver.php HTTP/1.1" 200 0 "http://www.mianjeepos.bms69.com/vendor/laravel/framework/src/Illuminate/View/Engines/" "Mozilla/5.0 AppleWebKit/537.36 (KHTML, like Gecko; compatible; GPTBot/1.3; +https://openai.com/gptbot)"
74.7.227.166 - - [16/Mar/2026:18:30:12 +0000] "GET /vendor/mockery/mockery/library/Mockery/Loader/RequireLoader.php HTTP/1.1" 500 0 "http://mianjeepos.bms69.com/vendor/mockery/mockery/library/Mockery/Loader/" "Mozilla/5.0 AppleWebKit/537.36 (KHTML, like Gecko; compatible; GPTBot/1.3; +https://openai.com/gptbot)"
74.7.227.142 - - [16/Mar/2026:18:30:49 +0000] "GET /vendor/laravel/framework/src/Illuminate/Queue/Jobs/DatabaseJob.php HTTP/1.1" 500 0 "http://www.mianjeepos.bms69.com/vendor/laravel/framework/src/Illuminate/Queue/Jobs/" "Mozilla/5.0 AppleWebKit/537.36 (KHTML, like Gecko; compatible; GPTBot/1.3; +https://openai.com/gptbot)"
74.7.175.187 - - [16/Mar/2026:18:31:14 +0000] "GET /robots.txt HTTP/1.1" 404 1251 "-" "Mozilla/5.0 (Macintosh; Intel Mac OS X 10_15_7) AppleWebKit/537.36 (KHTML, like Gecko) Chrome/131.0.0.0 Safari/537.36; compatible; OAI-SearchBot/1.3; robots.txt; +https://openai.com/searchbot"
74.7.227.142 - - [16/Mar/2026:18:31:44 +0000] "GET /vendor/laravel/framework/src/Illuminate/Http/Client/Response.php HTTP/1.1" 500 0 "http://www.mianjeepos.bms69.com/vendor/laravel/framework/src/Illuminate/Http/Client/" "Mozilla/5.0 AppleWebKit/537.36 (KHTML, like Gecko; compatible; GPTBot/1.3; +https://openai.com/gptbot)"
74.7.244.31 - - [16/Mar/2026:18:31:44 +0000] "GET /robots.txt HTTP/1.1" 404 1251 "-" "Mozilla/5.0 (Macintosh; Intel Mac OS X 10_15_7) AppleWebKit/537.36 (KHTML, like Gecko) Chrome/131.0.0.0 Safari/537.36; compatible; OAI-SearchBot/1.3; robots.txt; +https://openai.com/searchbot"
74.7.227.166 - - [16/Mar/2026:18:22:35 +0000] "GET /vendor/nesbot/carbon/src/Carbon/Exceptions/RuntimeException.php HTTP/1.1" 500 0 "http://mianjeepos.bms69.com/vendor/nesbot/carbon/src/Carbon/Exceptions/" "Mozilla/5.0 AppleWebKit/537.36 (KHTML, like Gecko; compatible; GPTBot/1.3; +https://openai.com/gptbot)"
74.7.227.142 - - [16/Mar/2026:18:22:40 +0000] "GET /vendor/laravel/framework/src/Illuminate/Http/Client/HttpClientException.php HTTP/1.1" 200 0 "http://www.mianjeepos.bms69.com/vendor/laravel/framework/src/Illuminate/Http/Client/" "Mozilla/5.0 AppleWebKit/537.36 (KHTML, like Gecko; compatible; GPTBot/1.3; +https://openai.com/gptbot)"
74.7.227.142 - - [16/Mar/2026:18:23:45 +0000] "GET /vendor/laravel/framework/src/Illuminate/Database/PDO/Connection.php HTTP/1.1" 500 0 "http://www.mianjeepos.bms69.com/vendor/laravel/framework/src/Illuminate/Database/PDO/" "Mozilla/5.0 AppleWebKit/537.36 (KHTML, like Gecko; compatible; GPTBot/1.3; +https://openai.com/gptbot)"
74.7.227.142 - - [16/Mar/2026:18:24:44 +0000] "GET /vendor/laravel/framework/src/Illuminate/Queue/Jobs/BeanstalkdJob.php HTTP/1.1" 500 0 "http://www.mianjeepos.bms69.com/vendor/laravel/framework/src/Illuminate/Queue/Jobs/" "Mozilla/5.0 AppleWebKit/537.36 (KHTML, like Gecko; compatible; GPTBot/1.3; +https://openai.com/gptbot)"
74.7.227.142 - - [16/Mar/2026:18:25:50 +0000] "GET /vendor/laravel/framework/src/Illuminate/Http/Testing/FileFactory.php HTTP/1.1" 200 0 "http://www.mianjeepos.bms69.com/vendor/laravel/framework/src/Illuminate/Http/Testing/" "Mozilla/5.0 AppleWebKit/537.36 (KHTML, like Gecko; compatible; GPTBot/1.3; +https://openai.com/gptbot)"
74.7.227.166 - - [16/Mar/2026:18:26:36 +0000] "GET /vendor/dompdf/php-font-lib/?NA HTTP/1.1" 200 750 "http://mianjeepos.bms69.com/vendor/dompdf/php-font-lib/?SA" "Mozilla/5.0 AppleWebKit/537.36 (KHTML, like Gecko; compatible; GPTBot/1.3; +https://openai.com/gptbot)"
74.7.227.166 - - [16/Mar/2026:18:27:42 +0000] "GET /vendor/dompdf/php-font-lib/?MD HTTP/1.1" 200 754 "http://mianjeepos.bms69.com/vendor/dompdf/php-font-lib/?MA" "Mozilla/5.0 AppleWebKit/537.36 (KHTML, like Gecko; compatible; GPTBot/1.3; +https://openai.com/gptbot)"
74.7.227.142 - - [16/Mar/2026:18:27:51 +0000] "GET /vendor/laravel/framework/src/Illuminate/Http/Client/Factory.php HTTP/1.1" 500 0 "http://www.mianjeepos.bms69.com/vendor/laravel/framework/src/Illuminate/Http/Client/" "Mozilla/5.0 AppleWebKit/537.36 (KHTML, like Gecko; compatible; GPTBot/1.3; +https://openai.com/gptbot)"
74.7.227.142 - - [16/Mar/2026:18:28:42 +0000] "GET /vendor/laravel/framework/src/Illuminate/Queue/Jobs/RedisJob.php HTTP/1.1" 500 0 "http://www.mianjeepos.bms69.com/vendor/laravel/framework/src/Illuminate/Queue/Jobs/" "Mozilla/5.0 AppleWebKit/537.36 (KHTML, like Gecko; compatible; GPTBot/1.3; +https://openai.com/gptbot)"
74.7.227.166 - - [16/Mar/2026:18:31:14 +0000] "GET /vendor/laravel/framework/src/Illuminate/Queue/SerializesAndRestoresModelIdentifiers.php HTTP/1.1" 200 0 "http://mianjeepos.bms69.com/vendor/laravel/framework/src/Illuminate/Queue/" "Mozilla/5.0 AppleWebKit/537.36 (KHTML, like Gecko; compatible; GPTBot/1.3; +https://openai.com/gptbot)"
