74.7.227.142 - - [17/Mar/2026:04:22:27 +0000] "GET /vendor/laravel/framework/src/Illuminate/Translation/FileLoader.php HTTP/1.1" 500 0 "http://www.mianjeepos.bms69.com/vendor/laravel/framework/src/Illuminate/Translation/" "Mozilla/5.0 AppleWebKit/537.36 (KHTML, like Gecko; compatible; GPTBot/1.3; +https://openai.com/gptbot)"
74.7.244.31 - - [17/Mar/2026:04:22:27 +0000] "GET /robots.txt HTTP/1.1" 404 1251 "-" "Mozilla/5.0 (Macintosh; Intel Mac OS X 10_15_7) AppleWebKit/537.36 (KHTML, like Gecko) Chrome/131.0.0.0 Safari/537.36; compatible; OAI-SearchBot/1.3; robots.txt; +https://openai.com/searchbot"
74.7.227.166 - - [17/Mar/2026:04:22:36 +0000] "GET /vendor/laravel/framework/src/Illuminate/Database/Schema/PostgresBuilder.php HTTP/1.1" 500 0 "http://mianjeepos.bms69.com/vendor/laravel/framework/src/Illuminate/Database/Schema/" "Mozilla/5.0 AppleWebKit/537.36 (KHTML, like Gecko; compatible; GPTBot/1.3; +https://openai.com/gptbot)"
74.7.227.142 - - [17/Mar/2026:04:24:52 +0000] "GET /vendor/vlucas/phpdotenv/src/Repository/Adapter/WriterInterface.php HTTP/1.1" 200 0 "http://www.mianjeepos.bms69.com/vendor/vlucas/phpdotenv/src/Repository/Adapter/" "Mozilla/5.0 AppleWebKit/537.36 (KHTML, like Gecko; compatible; GPTBot/1.3; +https://openai.com/gptbot)"
74.7.227.166 - - [17/Mar/2026:04:25:51 +0000] "GET /vendor/laravel/framework/src/Illuminate/Database/Query/Expression.php HTTP/1.1" 500 0 "http://mianjeepos.bms69.com/vendor/laravel/framework/src/Illuminate/Database/Query/" "Mozilla/5.0 AppleWebKit/537.36 (KHTML, like Gecko; compatible; GPTBot/1.3; +https://openai.com/gptbot)"
74.7.227.142 - - [17/Mar/2026:04:26:18 +0000] "GET /vendor/nunomaduro/collision/src/Adapters/Phpunit/TestResult.php HTTP/1.1" 200 0 "http://www.mianjeepos.bms69.com/vendor/nunomaduro/collision/src/Adapters/Phpunit/" "Mozilla/5.0 AppleWebKit/537.36 (KHTML, like Gecko; compatible; GPTBot/1.3; +https://openai.com/gptbot)"
74.7.227.166 - - [17/Mar/2026:04:28:09 +0000] "GET /vendor/laravel/framework/src/Illuminate/Database/Schema/MySqlSchemaState.php HTTP/1.1" 500 0 "http://mianjeepos.bms69.com/vendor/laravel/framework/src/Illuminate/Database/Schema/" "Mozilla/5.0 AppleWebKit/537.36 (KHTML, like Gecko; compatible; GPTBot/1.3; +https://openai.com/gptbot)"
74.7.244.31 - - [17/Mar/2026:04:28:25 +0000] "GET /robots.txt HTTP/1.1" 404 1251 "-" "Mozilla/5.0 (Macintosh; Intel Mac OS X 10_15_7) AppleWebKit/537.36 (KHTML, like Gecko) Chrome/131.0.0.0 Safari/537.36; compatible; OAI-SearchBot/1.3; robots.txt; +https://openai.com/searchbot"
74.7.227.166 - - [17/Mar/2026:04:30:09 +0000] "GET /vendor/laravel/framework/src/Illuminate/Database/Schema/PostgresSchemaState.php HTTP/1.1" 500 0 "http://mianjeepos.bms69.com/vendor/laravel/framework/src/Illuminate/Database/Schema/" "Mozilla/5.0 AppleWebKit/537.36 (KHTML, like Gecko; compatible; GPTBot/1.3; +https://openai.com/gptbot)"
74.7.227.166 - - [17/Mar/2026:04:31:19 +0000] "GET /vendor/laravel/framework/src/Illuminate/Contracts/Redis/Connector.php HTTP/1.1" 200 0 "http://mianjeepos.bms69.com/vendor/laravel/framework/src/Illuminate/Contracts/Redis/" "Mozilla/5.0 AppleWebKit/537.36 (KHTML, like Gecko; compatible; GPTBot/1.3; +https://openai.com/gptbot)"
74.7.175.187 - - [17/Mar/2026:04:31:19 +0000] "GET /robots.txt HTTP/1.1" 404 1251 "-" "Mozilla/5.0 (Macintosh; Intel Mac OS X 10_15_7) AppleWebKit/537.36 (KHTML, like Gecko) Chrome/131.0.0.0 Safari/537.36; compatible; OAI-SearchBot/1.3; robots.txt; +https://openai.com/searchbot"
74.7.227.142 - - [17/Mar/2026:04:31:54 +0000] "GET /vendor/laravel/framework/src/Illuminate/Contracts/Validation/ HTTP/1.1" 200 1256 "http://www.mianjeepos.bms69.com/vendor/laravel/framework/src/Illuminate/Contracts/" "Mozilla/5.0 AppleWebKit/537.36 (KHTML, like Gecko; compatible; GPTBot/1.3; +https://openai.com/gptbot)"
74.7.227.142 - - [17/Mar/2026:04:34:20 +0000] "GET /vendor/spatie/laravel-medialibrary/src/MediaCollections/Models/Concerns/?ND HTTP/1.1" 200 733 "http://www.mianjeepos.bms69.com/vendor/spatie/laravel-medialibrary/src/MediaCollections/Models/Concerns/" "Mozilla/5.0 AppleWebKit/537.36 (KHTML, like Gecko; compatible; GPTBot/1.3; +https://openai.com/gptbot)"
74.7.227.166 - - [17/Mar/2026:04:34:50 +0000] "GET /vendor/laravel/framework/src/Illuminate/Database/Schema/ForeignIdColumnDefinition.php HTTP/1.1" 500 0 "http://mianjeepos.bms69.com/vendor/laravel/framework/src/Illuminate/Database/Schema/" "Mozilla/5.0 AppleWebKit/537.36 (KHTML, like Gecko; compatible; GPTBot/1.3; +https://openai.com/gptbot)"
74.7.227.142 - - [17/Mar/2026:04:34:55 +0000] "GET /vendor/spatie/laravel-medialibrary/src/MediaCollections/Models/Concerns/?MA HTTP/1.1" 200 747 "http://www.mianjeepos.bms69.com/vendor/spatie/laravel-medialibrary/src/MediaCollections/Models/Concerns/" "Mozilla/5.0 AppleWebKit/537.36 (KHTML, like Gecko; compatible; GPTBot/1.3; +https://openai.com/gptbot)"
74.7.227.142 - - [17/Mar/2026:04:36:12 +0000] "GET /vendor/laravel/framework/src/Illuminate/Database/MultipleColumnsSelectedException.php HTTP/1.1" 200 0 "http://www.mianjeepos.bms69.com/vendor/laravel/framework/src/Illuminate/Database/" "Mozilla/5.0 AppleWebKit/537.36 (KHTML, like Gecko; compatible; GPTBot/1.3; +https://openai.com/gptbot)"
74.7.227.142 - - [17/Mar/2026:04:36:29 +0000] "GET /vendor/nikic/php-parser/lib/PhpParser/PrettyPrinterAbstract.php HTTP/1.1" 500 0 "http://www.mianjeepos.bms69.com/vendor/nikic/php-parser/lib/PhpParser/" "Mozilla/5.0 AppleWebKit/537.36 (KHTML, like Gecko; compatible; GPTBot/1.3; +https://openai.com/gptbot)"
74.7.227.142 - - [17/Mar/2026:04:37:19 +0000] "GET /vendor/nikic/php-parser/lib/PhpParser/NodeTraverserInterface.php HTTP/1.1" 200 0 "http://www.mianjeepos.bms69.com/vendor/nikic/php-parser/lib/PhpParser/" "Mozilla/5.0 AppleWebKit/537.36 (KHTML, like Gecko; compatible; GPTBot/1.3; +https://openai.com/gptbot)"
74.7.227.166 - - [17/Mar/2026:04:38:11 +0000] "GET /vendor/laravel/framework/src/Illuminate/Database/Query/Builder.php HTTP/1.1" 500 0 "http://mianjeepos.bms69.com/vendor/laravel/framework/src/Illuminate/Database/Query/" "Mozilla/5.0 AppleWebKit/537.36 (KHTML, like Gecko; compatible; GPTBot/1.3; +https://openai.com/gptbot)"
74.7.244.31 - - [17/Mar/2026:04:45:06 +0000] "GET /robots.txt HTTP/1.1" 404 1251 "-" "Mozilla/5.0 (Macintosh; Intel Mac OS X 10_15_7) AppleWebKit/537.36 (KHTML, like Gecko) Chrome/131.0.0.0 Safari/537.36; compatible; OAI-SearchBot/1.3; robots.txt; +https://openai.com/searchbot"
74.7.227.166 - - [17/Mar/2026:04:45:08 +0000] "GET /vendor/laravel/framework/src/Illuminate/Contracts/View/Engine.php HTTP/1.1" 200 0 "http://mianjeepos.bms69.com/vendor/laravel/framework/src/Illuminate/Contracts/View/" "Mozilla/5.0 AppleWebKit/537.36 (KHTML, like Gecko; compatible; GPTBot/1.3; +https://openai.com/gptbot)"
74.7.227.142 - - [17/Mar/2026:04:30:38 +0000] "GET /vendor/laravel/framework/src/Illuminate/Routing/Controller.php HTTP/1.1" 200 0 "http://www.mianjeepos.bms69.com/vendor/laravel/framework/src/Illuminate/Routing/" "Mozilla/5.0 AppleWebKit/537.36 (KHTML, like Gecko; compatible; GPTBot/1.3; +https://openai.com/gptbot)"
74.7.227.166 - - [17/Mar/2026:04:32:13 +0000] "GET /vendor/laravel/framework/src/Illuminate/Support/Traits/CapsuleManagerTrait.php HTTP/1.1" 200 0 "http://mianjeepos.bms69.com/vendor/laravel/framework/src/Illuminate/Support/Traits/" "Mozilla/5.0 AppleWebKit/537.36 (KHTML, like Gecko; compatible; GPTBot/1.3; +https://openai.com/gptbot)"
74.7.227.142 - - [17/Mar/2026:04:33:00 +0000] "GET /vendor/spatie/laravel-medialibrary/src/MediaCollections/Models/Concerns/?SA HTTP/1.1" 200 745 "http://www.mianjeepos.bms69.com/vendor/spatie/laravel-medialibrary/src/MediaCollections/Models/Concerns/" "Mozilla/5.0 AppleWebKit/537.36 (KHTML, like Gecko; compatible; GPTBot/1.3; +https://openai.com/gptbot)"
74.7.227.166 - - [17/Mar/2026:04:34:15 +0000] "GET /vendor/laravel/framework/src/Illuminate/Database/Query/IndexHint.php HTTP/1.1" 200 0 "http://mianjeepos.bms69.com/vendor/laravel/framework/src/Illuminate/Database/Query/" "Mozilla/5.0 AppleWebKit/537.36 (KHTML, like Gecko; compatible; GPTBot/1.3; +https://openai.com/gptbot)"
74.7.244.31 - - [17/Mar/2026:04:34:20 +0000] "GET /robots.txt HTTP/1.1" 404 1251 "-" "Mozilla/5.0 (Macintosh; Intel Mac OS X 10_15_7) AppleWebKit/537.36 (KHTML, like Gecko) Chrome/131.0.0.0 Safari/537.36; compatible; OAI-SearchBot/1.3; robots.txt; +https://openai.com/searchbot"
74.7.227.166 - - [17/Mar/2026:04:36:15 +0000] "GET /vendor/laravel/framework/src/Illuminate/Contracts/View/ViewCompilationException.php HTTP/1.1" 200 0 "http://mianjeepos.bms69.com/vendor/laravel/framework/src/Illuminate/Contracts/View/" "Mozilla/5.0 AppleWebKit/537.36 (KHTML, like Gecko; compatible; GPTBot/1.3; +https://openai.com/gptbot)"
74.7.227.166 - - [17/Mar/2026:04:36:43 +0000] "GET /vendor/laravel/framework/src/Illuminate/Contracts/Redis/Factory.php HTTP/1.1" 200 0 "http://mianjeepos.bms69.com/vendor/laravel/framework/src/Illuminate/Contracts/Redis/" "Mozilla/5.0 AppleWebKit/537.36 (KHTML, like Gecko; compatible; GPTBot/1.3; +https://openai.com/gptbot)"
74.7.175.187 - - [17/Mar/2026:04:36:43 +0000] "GET /robots.txt HTTP/1.1" 404 1251 "-" "Mozilla/5.0 (Macintosh; Intel Mac OS X 10_15_7) AppleWebKit/537.36 (KHTML, like Gecko) Chrome/131.0.0.0 Safari/537.36; compatible; OAI-SearchBot/1.3; robots.txt; +https://openai.com/searchbot"
74.7.227.166 - - [17/Mar/2026:04:37:38 +0000] "GET /vendor/laravel/framework/src/Illuminate/Database/Schema/Builder.php HTTP/1.1" 500 0 "http://mianjeepos.bms69.com/vendor/laravel/framework/src/Illuminate/Database/Schema/" "Mozilla/5.0 AppleWebKit/537.36 (KHTML, like Gecko; compatible; GPTBot/1.3; +https://openai.com/gptbot)"
74.7.227.142 - - [17/Mar/2026:04:37:50 +0000] "GET /vendor/maennchen/zipstream-php/test/Zip64/EndOfCentralDirectoryTest.php HTTP/1.1" 500 0 "http://www.mianjeepos.bms69.com/vendor/maennchen/zipstream-php/test/Zip64/" "Mozilla/5.0 AppleWebKit/537.36 (KHTML, like Gecko; compatible; GPTBot/1.3; +https://openai.com/gptbot)"
74.7.227.142 - - [17/Mar/2026:04:45:06 +0000] "GET /vendor/spatie/error-solutions/src/SolutionProviders/Laravel/SailNetworkSolutionProvider.php HTTP/1.1" 500 0 "http://www.mianjeepos.bms69.com/vendor/spatie/error-solutions/src/SolutionProviders/Laravel/" "Mozilla/5.0 AppleWebKit/537.36 (KHTML, like Gecko; compatible; GPTBot/1.3; +https://openai.com/gptbot)"
74.7.175.187 - - [17/Mar/2026:04:45:09 +0000] "GET /robots.txt HTTP/1.1" 404 1251 "-" "Mozilla/5.0 (Macintosh; Intel Mac OS X 10_15_7) AppleWebKit/537.36 (KHTML, like Gecko) Chrome/131.0.0.0 Safari/537.36; compatible; OAI-SearchBot/1.3; robots.txt; +https://openai.com/searchbot"
74.7.227.142 - - [17/Mar/2026:04:46:14 +0000] "GET /vendor/phpunit/php-file-iterator/src/ExcludeIterator.php HTTP/1.1" 200 0 "http://www.mianjeepos.bms69.com/vendor/phpunit/php-file-iterator/src/?ND" "Mozilla/5.0 AppleWebKit/537.36 (KHTML, like Gecko; compatible; GPTBot/1.3; +https://openai.com/gptbot)"
74.7.227.142 - - [17/Mar/2026:04:46:21 +0000] "GET /vendor/ezyang/htmlpurifier/library/HTMLPurifier/HTMLModule/Presentation.php HTTP/1.1" 500 0 "http://www.mianjeepos.bms69.com/vendor/ezyang/htmlpurifier/library/HTMLPurifier/HTMLModule/" "Mozilla/5.0 AppleWebKit/537.36 (KHTML, like Gecko; compatible; GPTBot/1.3; +https://openai.com/gptbot)"
74.7.227.166 - - [17/Mar/2026:04:46:14 +0000] "GET /vendor/laravel/framework/src/Illuminate/Foundation/Http/Kernel.php HTTP/1.1" 500 0 "http://mianjeepos.bms69.com/vendor/laravel/framework/src/Illuminate/Foundation/Http/" "Mozilla/5.0 AppleWebKit/537.36 (KHTML, like Gecko; compatible; GPTBot/1.3; +https://openai.com/gptbot)"
74.7.227.166 - - [17/Mar/2026:04:46:22 +0000] "GET /vendor/laravel/framework/src/Illuminate/Contracts/View/Factory.php HTTP/1.1" 200 0 "http://mianjeepos.bms69.com/vendor/laravel/framework/src/Illuminate/Contracts/View/" "Mozilla/5.0 AppleWebKit/537.36 (KHTML, like Gecko; compatible; GPTBot/1.3; +https://openai.com/gptbot)"
74.7.227.166 - - [17/Mar/2026:04:47:24 +0000] "GET /vendor/laravel/framework/src/Illuminate/Support/Traits/Tappable.php HTTP/1.1" 200 0 "http://mianjeepos.bms69.com/vendor/laravel/framework/src/Illuminate/Support/Traits/" "Mozilla/5.0 AppleWebKit/537.36 (KHTML, like Gecko; compatible; GPTBot/1.3; +https://openai.com/gptbot)"
74.7.227.166 - - [17/Mar/2026:04:48:19 +0000] "GET /vendor/laravel/framework/src/Illuminate/Contracts/Http/Kernel.php HTTP/1.1" 200 0 "http://mianjeepos.bms69.com/vendor/laravel/framework/src/Illuminate/Contracts/Http/" "Mozilla/5.0 AppleWebKit/537.36 (KHTML, like Gecko; compatible; GPTBot/1.3; +https://openai.com/gptbot)"
74.7.227.142 - - [17/Mar/2026:04:48:19 +0000] "GET /vendor/laravel/framework/src/Illuminate/Contracts/Validation/ValidatorAwareRule.php HTTP/1.1" 200 0 "http://www.mianjeepos.bms69.com/vendor/laravel/framework/src/Illuminate/Contracts/Validation/" "Mozilla/5.0 AppleWebKit/537.36 (KHTML, like Gecko; compatible; GPTBot/1.3; +https://openai.com/gptbot)"
74.7.227.166 - - [17/Mar/2026:04:49:11 +0000] "GET /vendor/laravel/framework/src/Illuminate/Database/Schema/SchemaState.php HTTP/1.1" 200 0 "http://mianjeepos.bms69.com/vendor/laravel/framework/src/Illuminate/Database/Schema/" "Mozilla/5.0 AppleWebKit/537.36 (KHTML, like Gecko; compatible; GPTBot/1.3; +https://openai.com/gptbot)"
74.7.227.142 - - [17/Mar/2026:04:49:23 +0000] "GET /vendor/laravel/framework/src/Illuminate/Contracts/Validation/Validator.php HTTP/1.1" 500 0 "http://www.mianjeepos.bms69.com/vendor/laravel/framework/src/Illuminate/Contracts/Validation/" "Mozilla/5.0 AppleWebKit/537.36 (KHTML, like Gecko; compatible; GPTBot/1.3; +https://openai.com/gptbot)"
74.7.227.166 - - [17/Mar/2026:04:49:57 +0000] "GET /vendor/laravel/framework/src/Illuminate/Contracts/Debug/ HTTP/1.1" 200 668 "http://mianjeepos.bms69.com/vendor/laravel/framework/src/Illuminate/Contracts/" "Mozilla/5.0 AppleWebKit/537.36 (KHTML, like Gecko; compatible; GPTBot/1.3; +https://openai.com/gptbot)"
74.7.227.166 - - [17/Mar/2026:04:50:38 +0000] "GET /vendor/laravel/framework/src/Illuminate/Testing/Fluent/ HTTP/1.1" 200 764 "http://mianjeepos.bms69.com/vendor/laravel/framework/src/Illuminate/Testing/" "Mozilla/5.0 AppleWebKit/537.36 (KHTML, like Gecko; compatible; GPTBot/1.3; +https://openai.com/gptbot)"
74.7.227.166 - - [17/Mar/2026:04:51:15 +0000] "GET /vendor/laravel/framework/src/Illuminate/Http/Middleware/ HTTP/1.1" 200 1165 "http://mianjeepos.bms69.com/vendor/laravel/framework/src/Illuminate/Http/" "Mozilla/5.0 AppleWebKit/537.36 (KHTML, like Gecko; compatible; GPTBot/1.3; +https://openai.com/gptbot)"
74.7.227.142 - - [17/Mar/2026:04:51:21 +0000] "GET /vendor/laravel/framework/src/Illuminate/Contracts/Validation/ImplicitRule.php HTTP/1.1" 500 0 "http://www.mianjeepos.bms69.com/vendor/laravel/framework/src/Illuminate/Contracts/Validation/" "Mozilla/5.0 AppleWebKit/537.36 (KHTML, like Gecko; compatible; GPTBot/1.3; +https://openai.com/gptbot)"
74.7.227.166 - - [17/Mar/2026:04:53:11 +0000] "GET /vendor/laravel/framework/src/Illuminate/Console/Application.php HTTP/1.1" 500 0 "http://mianjeepos.bms69.com/vendor/laravel/framework/src/Illuminate/Console/" "Mozilla/5.0 AppleWebKit/537.36 (KHTML, like Gecko; compatible; GPTBot/1.3; +https://openai.com/gptbot)"
74.7.227.166 - - [17/Mar/2026:04:54:16 +0000] "GET /vendor/doctrine/dbal/src/Schema/Visitor/RemoveNamespacedAssets.php HTTP/1.1" 500 0 "http://mianjeepos.bms69.com/vendor/doctrine/dbal/src/Schema/Visitor/" "Mozilla/5.0 AppleWebKit/537.36 (KHTML, like Gecko; compatible; GPTBot/1.3; +https://openai.com/gptbot)"
74.7.227.142 - - [17/Mar/2026:04:55:06 +0000] "GET /vendor/laravel/framework/src/Illuminate/Contracts/Validation/Factory.php HTTP/1.1" 200 0 "http://www.mianjeepos.bms69.com/vendor/laravel/framework/src/Illuminate/Contracts/Validation/" "Mozilla/5.0 AppleWebKit/537.36 (KHTML, like Gecko; compatible; GPTBot/1.3; +https://openai.com/gptbot)"
74.7.227.142 - - [17/Mar/2026:04:47:15 +0000] "GET /vendor/laravel/framework/src/Illuminate/Contracts/Validation/error_log HTTP/1.1" 403 1242 "http://www.mianjeepos.bms69.com/vendor/laravel/framework/src/Illuminate/Contracts/Validation/" "Mozilla/5.0 AppleWebKit/537.36 (KHTML, like Gecko; compatible; GPTBot/1.3; +https://openai.com/gptbot)"
74.7.227.142 - - [17/Mar/2026:04:50:19 +0000] "GET /vendor/laravel/framework/src/Illuminate/Contracts/Validation/ValidatesWhenResolved.php HTTP/1.1" 200 0 "http://www.mianjeepos.bms69.com/vendor/laravel/framework/src/Illuminate/Contracts/Validation/" "Mozilla/5.0 AppleWebKit/537.36 (KHTML, like Gecko; compatible; GPTBot/1.3; +https://openai.com/gptbot)"
74.7.244.31 - - [17/Mar/2026:04:50:20 +0000] "GET /robots.txt HTTP/1.1" 404 1251 "-" "Mozilla/5.0 (Macintosh; Intel Mac OS X 10_15_7) AppleWebKit/537.36 (KHTML, like Gecko) Chrome/131.0.0.0 Safari/537.36; compatible; OAI-SearchBot/1.3; robots.txt; +https://openai.com/searchbot"
74.7.175.187 - - [17/Mar/2026:04:50:38 +0000] "GET /robots.txt HTTP/1.1" 404 1251 "-" "Mozilla/5.0 (Macintosh; Intel Mac OS X 10_15_7) AppleWebKit/537.36 (KHTML, like Gecko) Chrome/131.0.0.0 Safari/537.36; compatible; OAI-SearchBot/1.3; robots.txt; +https://openai.com/searchbot"
74.7.227.166 - - [17/Mar/2026:04:51:48 +0000] "GET /vendor/laravel/framework/src/Illuminate/Http/Exceptions/ HTTP/1.1" 200 794 "http://mianjeepos.bms69.com/vendor/laravel/framework/src/Illuminate/Http/" "Mozilla/5.0 AppleWebKit/537.36 (KHTML, like Gecko; compatible; GPTBot/1.3; +https://openai.com/gptbot)"
74.7.227.142 - - [17/Mar/2026:04:52:17 +0000] "GET /vendor/laravel/framework/src/Illuminate/Contracts/Validation/DataAwareRule.php HTTP/1.1" 200 0 "http://www.mianjeepos.bms69.com/vendor/laravel/framework/src/Illuminate/Contracts/Validation/" "Mozilla/5.0 AppleWebKit/537.36 (KHTML, like Gecko; compatible; GPTBot/1.3; +https://openai.com/gptbot)"
74.7.227.166 - - [17/Mar/2026:04:52:18 +0000] "GET /vendor/laravel/framework/src/Illuminate/Support/Facades/ HTTP/1.1" 200 1886 "http://mianjeepos.bms69.com/vendor/laravel/framework/src/Illuminate/Support/" "Mozilla/5.0 AppleWebKit/537.36 (KHTML, like Gecko; compatible; GPTBot/1.3; +https://openai.com/gptbot)"
74.7.227.166 - - [17/Mar/2026:04:52:46 +0000] "GET /vendor/spatie/laravel-medialibrary/src/Conversions/ImageGenerators/Webp.php HTTP/1.1" 500 0 "http://mianjeepos.bms69.com/vendor/spatie/laravel-medialibrary/src/Conversions/ImageGenerators/" "Mozilla/5.0 AppleWebKit/537.36 (KHTML, like Gecko; compatible; GPTBot/1.3; +https://openai.com/gptbot)"
74.7.227.142 - - [17/Mar/2026:04:53:23 +0000] "GET /vendor/laravel/framework/src/Illuminate/Contracts/Validation/InvokableRule.php HTTP/1.1" 200 0 "http://www.mianjeepos.bms69.com/vendor/laravel/framework/src/Illuminate/Contracts/Validation/" "Mozilla/5.0 AppleWebKit/537.36 (KHTML, like Gecko; compatible; GPTBot/1.3; +https://openai.com/gptbot)"
74.7.227.142 - - [17/Mar/2026:04:54:18 +0000] "GET /vendor/laravel/framework/src/Illuminate/Contracts/Validation/Rule.php HTTP/1.1" 200 0 "http://www.mianjeepos.bms69.com/vendor/laravel/framework/src/Illuminate/Contracts/Validation/" "Mozilla/5.0 AppleWebKit/537.36 (KHTML, like Gecko; compatible; GPTBot/1.3; +https://openai.com/gptbot)"
74.7.175.187 - - [17/Mar/2026:04:56:16 +0000] "GET /robots.txt HTTP/1.1" 404 1251 "-" "Mozilla/5.0 (Macintosh; Intel Mac OS X 10_15_7) AppleWebKit/537.36 (KHTML, like Gecko) Chrome/131.0.0.0 Safari/537.36; compatible; OAI-SearchBot/1.3; robots.txt; +https://openai.com/searchbot"
74.7.227.142 - - [17/Mar/2026:04:57:16 +0000] "GET /vendor/spatie/laravel-medialibrary/src/MediaCollections/Models/Concerns/?MD HTTP/1.1" 200 747 "http://www.mianjeepos.bms69.com/vendor/spatie/laravel-medialibrary/src/MediaCollections/Models/Concerns/?MA" "Mozilla/5.0 AppleWebKit/537.36 (KHTML, like Gecko; compatible; GPTBot/1.3; +https://openai.com/gptbot)"
74.7.227.166 - - [17/Mar/2026:04:55:14 +0000] "GET /vendor/laravel/prompts/src/Themes/Default/ProgressRenderer.php HTTP/1.1" 500 0 "http://mianjeepos.bms69.com/vendor/laravel/prompts/src/Themes/Default/" "Mozilla/5.0 AppleWebKit/537.36 (KHTML, like Gecko; compatible; GPTBot/1.3; +https://openai.com/gptbot)"
74.7.227.142 - - [17/Mar/2026:04:55:53 +0000] "GET /vendor/laravel/framework/src/Illuminate/Contracts/Validation/UncompromisedVerifier.php HTTP/1.1" 200 0 "http://www.mianjeepos.bms69.com/vendor/laravel/framework/src/Illuminate/Contracts/Validation/" "Mozilla/5.0 AppleWebKit/537.36 (KHTML, like Gecko; compatible; GPTBot/1.3; +https://openai.com/gptbot)"
74.7.244.31 - - [17/Mar/2026:04:55:53 +0000] "GET /robots.txt HTTP/1.1" 404 1251 "-" "Mozilla/5.0 (Macintosh; Intel Mac OS X 10_15_7) AppleWebKit/537.36 (KHTML, like Gecko) Chrome/131.0.0.0 Safari/537.36; compatible; OAI-SearchBot/1.3; robots.txt; +https://openai.com/searchbot"
74.7.227.166 - - [17/Mar/2026:04:56:16 +0000] "GET /vendor/laravel/framework/src/Illuminate/Translation/FileLoader.php HTTP/1.1" 500 0 "http://mianjeepos.bms69.com/vendor/laravel/framework/src/Illuminate/Translation/" "Mozilla/5.0 AppleWebKit/537.36 (KHTML, like Gecko; compatible; GPTBot/1.3; +https://openai.com/gptbot)"
74.7.227.142 - - [17/Mar/2026:04:56:35 +0000] "GET /vendor/laravel/framework/src/Illuminate/Contracts/Validation/ValidationRule.php HTTP/1.1" 200 0 "http://www.mianjeepos.bms69.com/vendor/laravel/framework/src/Illuminate/Contracts/Validation/" "Mozilla/5.0 AppleWebKit/537.36 (KHTML, like Gecko; compatible; GPTBot/1.3; +https://openai.com/gptbot)"
74.7.227.166 - - [17/Mar/2026:04:57:18 +0000] "GET /vendor/spatie/laravel-medialibrary/src/Conversions/ImageGenerators/Svg.php HTTP/1.1" 500 0 "http://mianjeepos.bms69.com/vendor/spatie/laravel-medialibrary/src/Conversions/ImageGenerators/" "Mozilla/5.0 AppleWebKit/537.36 (KHTML, like Gecko; compatible; GPTBot/1.3; +https://openai.com/gptbot)"
74.7.227.142 - - [17/Mar/2026:04:57:52 +0000] "GET /vendor/spatie/laravel-medialibrary/src/MediaCollections/Models/Concerns/?NA HTTP/1.1" 200 739 "http://www.mianjeepos.bms69.com/vendor/spatie/laravel-medialibrary/src/MediaCollections/Models/Concerns/?SA" "Mozilla/5.0 AppleWebKit/537.36 (KHTML, like Gecko; compatible; GPTBot/1.3; +https://openai.com/gptbot)"
74.7.227.166 - - [17/Mar/2026:04:58:23 +0000] "GET /vendor/laravel/framework/src/Illuminate/Contracts/Debug/ExceptionHandler.php HTTP/1.1" 200 0 "http://mianjeepos.bms69.com/vendor/laravel/framework/src/Illuminate/Contracts/Debug/" "Mozilla/5.0 AppleWebKit/537.36 (KHTML, like Gecko; compatible; GPTBot/1.3; +https://openai.com/gptbot)"
74.7.227.142 - - [17/Mar/2026:04:59:10 +0000] "GET /vendor/ezyang/htmlpurifier/library/HTMLPurifier/AttrTransform/SafeParam.php HTTP/1.1" 500 0 "http://www.mianjeepos.bms69.com/vendor/ezyang/htmlpurifier/library/HTMLPurifier/AttrTransform/" "Mozilla/5.0 AppleWebKit/537.36 (KHTML, like Gecko; compatible; GPTBot/1.3; +https://openai.com/gptbot)"
74.7.227.166 - - [17/Mar/2026:05:01:18 +0000] "GET /vendor/laravel/framework/src/Illuminate/Http/Exceptions/?SA HTTP/1.1" 200 801 "http://mianjeepos.bms69.com/vendor/laravel/framework/src/Illuminate/Http/Exceptions/" "Mozilla/5.0 AppleWebKit/537.36 (KHTML, like Gecko; compatible; GPTBot/1.3; +https://openai.com/gptbot)"
74.7.227.166 - - [17/Mar/2026:05:02:12 +0000] "GET /vendor/laravel/framework/src/Illuminate/Support/Facades/Pipeline.php HTTP/1.1" 500 0 "http://mianjeepos.bms69.com/vendor/laravel/framework/src/Illuminate/Support/Facades/" "Mozilla/5.0 AppleWebKit/537.36 (KHTML, like Gecko; compatible; GPTBot/1.3; +https://openai.com/gptbot)"
74.7.227.142 - - [17/Mar/2026:04:58:19 +0000] "GET /vendor/spatie/laravel-medialibrary/src/MediaCollections/Models/Concerns/?SD HTTP/1.1" 200 739 "http://www.mianjeepos.bms69.com/vendor/spatie/laravel-medialibrary/src/MediaCollections/Models/Concerns/?SA" "Mozilla/5.0 AppleWebKit/537.36 (KHTML, like Gecko; compatible; GPTBot/1.3; +https://openai.com/gptbot)"
74.7.227.142 - - [17/Mar/2026:04:58:44 +0000] "GET /vendor/laravel/framework/src/Illuminate/Broadcasting/UniqueBroadcastEvent.php HTTP/1.1" 500 0 "http://www.mianjeepos.bms69.com/vendor/laravel/framework/src/Illuminate/Broadcasting/" "Mozilla/5.0 AppleWebKit/537.36 (KHTML, like Gecko; compatible; GPTBot/1.3; +https://openai.com/gptbot)"
74.7.227.166 - - [17/Mar/2026:04:59:24 +0000] "GET /vendor/laravel/framework/src/Illuminate/Testing/Fluent/error_log HTTP/1.1" 403 1242 "http://mianjeepos.bms69.com/vendor/laravel/framework/src/Illuminate/Testing/Fluent/" "Mozilla/5.0 AppleWebKit/537.36 (KHTML, like Gecko; compatible; GPTBot/1.3; +https://openai.com/gptbot)"
74.7.227.142 - - [17/Mar/2026:05:00:12 +0000] "GET /vendor/ezyang/htmlpurifier/library/HTMLPurifier/DefinitionCache/Decorator.php HTTP/1.1" 500 0 "http://www.mianjeepos.bms69.com/vendor/ezyang/htmlpurifier/library/HTMLPurifier/DefinitionCache/" "Mozilla/5.0 AppleWebKit/537.36 (KHTML, like Gecko; compatible; GPTBot/1.3; +https://openai.com/gptbot)"
74.7.227.166 - - [17/Mar/2026:05:00:21 +0000] "GET /vendor/laravel/framework/src/Illuminate/Testing/Fluent/Concerns/ HTTP/1.1" 200 747 "http://mianjeepos.bms69.com/vendor/laravel/framework/src/Illuminate/Testing/Fluent/" "Mozilla/5.0 AppleWebKit/537.36 (KHTML, like Gecko; compatible; GPTBot/1.3; +https://openai.com/gptbot)"
74.7.227.142 - - [17/Mar/2026:05:01:16 +0000] "GET /vendor/ezyang/htmlpurifier/library/HTMLPurifier/Injector/PurifierLinkify.php HTTP/1.1" 500 0 "http://www.mianjeepos.bms69.com/vendor/ezyang/htmlpurifier/library/HTMLPurifier/Injector/" "Mozilla/5.0 AppleWebKit/537.36 (KHTML, like Gecko; compatible; GPTBot/1.3; +https://openai.com/gptbot)"
74.7.244.31 - - [17/Mar/2026:05:01:16 +0000] "GET /robots.txt HTTP/1.1" 404 1251 "-" "Mozilla/5.0 (Macintosh; Intel Mac OS X 10_15_7) AppleWebKit/537.36 (KHTML, like Gecko) Chrome/131.0.0.0 Safari/537.36; compatible; OAI-SearchBot/1.3; robots.txt; +https://openai.com/searchbot"
74.7.175.187 - - [17/Mar/2026:05:01:18 +0000] "GET /robots.txt HTTP/1.1" 404 1251 "-" "Mozilla/5.0 (Macintosh; Intel Mac OS X 10_15_7) AppleWebKit/537.36 (KHTML, like Gecko) Chrome/131.0.0.0 Safari/537.36; compatible; OAI-SearchBot/1.3; robots.txt; +https://openai.com/searchbot"
74.7.227.142 - - [17/Mar/2026:05:02:19 +0000] "GET /vendor/ezyang/htmlpurifier/library/HTMLPurifier/AttrTransform/TargetBlank.php HTTP/1.1" 500 0 "http://www.mianjeepos.bms69.com/vendor/ezyang/htmlpurifier/library/HTMLPurifier/AttrTransform/" "Mozilla/5.0 AppleWebKit/537.36 (KHTML, like Gecko; compatible; GPTBot/1.3; +https://openai.com/gptbot)"
74.7.227.166 - - [17/Mar/2026:05:02:56 +0000] "GET /vendor/laravel/framework/src/Illuminate/Support/Facades/error_log HTTP/1.1" 403 1242 "http://mianjeepos.bms69.com/vendor/laravel/framework/src/Illuminate/Support/Facades/" "Mozilla/5.0 AppleWebKit/537.36 (KHTML, like Gecko; compatible; GPTBot/1.3; +https://openai.com/gptbot)"
74.7.227.142 - - [17/Mar/2026:05:03:21 +0000] "GET /vendor/ezyang/htmlpurifier/library/HTMLPurifier/Strategy/ValidateAttributes.php HTTP/1.1" 500 0 "http://www.mianjeepos.bms69.com/vendor/ezyang/htmlpurifier/library/HTMLPurifier/Strategy/" "Mozilla/5.0 AppleWebKit/537.36 (KHTML, like Gecko; compatible; GPTBot/1.3; +https://openai.com/gptbot)"
74.7.227.166 - - [17/Mar/2026:05:04:04 +0000] "GET /vendor/laravel/framework/src/Illuminate/Http/Exceptions/PostTooLargeException.php HTTP/1.1" 500 0 "http://mianjeepos.bms69.com/vendor/laravel/framework/src/Illuminate/Http/Exceptions/" "Mozilla/5.0 AppleWebKit/537.36 (KHTML, like Gecko; compatible; GPTBot/1.3; +https://openai.com/gptbot)"
74.7.227.142 - - [17/Mar/2026:05:05:23 +0000] "GET /vendor/ezyang/htmlpurifier/library/HTMLPurifier/HTMLModule/StyleAttribute.php HTTP/1.1" 500 0 "http://www.mianjeepos.bms69.com/vendor/ezyang/htmlpurifier/library/HTMLPurifier/HTMLModule/" "Mozilla/5.0 AppleWebKit/537.36 (KHTML, like Gecko; compatible; GPTBot/1.3; +https://openai.com/gptbot)"
74.7.227.166 - - [17/Mar/2026:05:06:08 +0000] "GET /vendor/laravel/framework/src/Illuminate/Support/Facades/Event.php HTTP/1.1" 500 0 "http://mianjeepos.bms69.com/vendor/laravel/framework/src/Illuminate/Support/Facades/" "Mozilla/5.0 AppleWebKit/537.36 (KHTML, like Gecko; compatible; GPTBot/1.3; +https://openai.com/gptbot)"
74.7.227.142 - - [17/Mar/2026:05:07:29 +0000] "GET /vendor/maximebf/debugbar/src/DebugBar/DataCollector/LocalizationCollector.php HTTP/1.1" 500 0 "http://www.mianjeepos.bms69.com/vendor/maximebf/debugbar/src/DebugBar/DataCollector/" "Mozilla/5.0 AppleWebKit/537.36 (KHTML, like Gecko; compatible; GPTBot/1.3; +https://openai.com/gptbot)"
74.7.227.166 - - [17/Mar/2026:05:08:11 +0000] "GET /vendor/laravel/framework/src/Illuminate/Http/Exceptions/error_log HTTP/1.1" 403 1242 "http://mianjeepos.bms69.com/vendor/laravel/framework/src/Illuminate/Http/Exceptions/" "Mozilla/5.0 AppleWebKit/537.36 (KHTML, like Gecko; compatible; GPTBot/1.3; +https://openai.com/gptbot)"
74.7.227.142 - - [17/Mar/2026:05:08:31 +0000] "GET /vendor/maximebf/debugbar/src/DebugBar/DataCollector/ExceptionsCollector.php HTTP/1.1" 500 0 "http://www.mianjeepos.bms69.com/vendor/maximebf/debugbar/src/DebugBar/DataCollector/" "Mozilla/5.0 AppleWebKit/537.36 (KHTML, like Gecko; compatible; GPTBot/1.3; +https://openai.com/gptbot)"
74.7.227.166 - - [17/Mar/2026:05:09:07 +0000] "GET /vendor/laravel/framework/src/Illuminate/Http/Middleware/FrameGuard.php HTTP/1.1" 200 0 "http://mianjeepos.bms69.com/vendor/laravel/framework/src/Illuminate/Http/Middleware/" "Mozilla/5.0 AppleWebKit/537.36 (KHTML, like Gecko; compatible; GPTBot/1.3; +https://openai.com/gptbot)"
74.7.227.166 - - [17/Mar/2026:05:10:17 +0000] "GET /vendor/laravel/framework/src/Illuminate/Http/Middleware/AddLinkHeadersForPreloadedAssets.php HTTP/1.1" 200 0 "http://mianjeepos.bms69.com/vendor/laravel/framework/src/Illuminate/Http/Middleware/" "Mozilla/5.0 AppleWebKit/537.36 (KHTML, like Gecko; compatible; GPTBot/1.3; +https://openai.com/gptbot)"
74.7.227.166 - - [17/Mar/2026:05:11:11 +0000] "GET /vendor/laravel/framework/src/Illuminate/Http/Middleware/HandleCors.php HTTP/1.1" 200 0 "http://mianjeepos.bms69.com/vendor/laravel/framework/src/Illuminate/Http/Middleware/" "Mozilla/5.0 AppleWebKit/537.36 (KHTML, like Gecko; compatible; GPTBot/1.3; +https://openai.com/gptbot)"
74.7.227.142 - - [17/Mar/2026:05:11:39 +0000] "GET /vendor/symfony/http-foundation/Session/?SA HTTP/1.1" 200 1292 "http://www.mianjeepos.bms69.com/vendor/symfony/http-foundation/Session/" "Mozilla/5.0 AppleWebKit/537.36 (KHTML, like Gecko; compatible; GPTBot/1.3; +https://openai.com/gptbot)"
74.7.244.31 - - [17/Mar/2026:05:11:39 +0000] "GET /robots.txt HTTP/1.1" 404 1251 "-" "Mozilla/5.0 (Macintosh; Intel Mac OS X 10_15_7) AppleWebKit/537.36 (KHTML, like Gecko) Chrome/131.0.0.0 Safari/537.36; compatible; OAI-SearchBot/1.3; robots.txt; +https://openai.com/searchbot"
74.7.227.142 - - [17/Mar/2026:05:12:36 +0000] "GET /vendor/symfony/http-foundation/Session/?MA HTTP/1.1" 200 1298 "http://www.mianjeepos.bms69.com/vendor/symfony/http-foundation/Session/" "Mozilla/5.0 AppleWebKit/537.36 (KHTML, like Gecko; compatible; GPTBot/1.3; +https://openai.com/gptbot)"
74.7.227.142 - - [17/Mar/2026:05:04:21 +0000] "GET /vendor/ezyang/htmlpurifier/library/HTMLPurifier/HTMLModule/TargetNoopener.php HTTP/1.1" 500 0 "http://www.mianjeepos.bms69.com/vendor/ezyang/htmlpurifier/library/HTMLPurifier/HTMLModule/" "Mozilla/5.0 AppleWebKit/537.36 (KHTML, like Gecko; compatible; GPTBot/1.3; +https://openai.com/gptbot)"
74.7.227.166 - - [17/Mar/2026:05:05:05 +0000] "GET /vendor/laravel/framework/src/Illuminate/Http/Exceptions/HttpResponseException.php HTTP/1.1" 200 0 "http://mianjeepos.bms69.com/vendor/laravel/framework/src/Illuminate/Http/Exceptions/" "Mozilla/5.0 AppleWebKit/537.36 (KHTML, like Gecko; compatible; GPTBot/1.3; +https://openai.com/gptbot)"
74.7.227.142 - - [17/Mar/2026:05:06:25 +0000] "GET /vendor/maximebf/debugbar/src/DebugBar/DataCollector/ObjectCountCollector.php HTTP/1.1" 500 0 "http://www.mianjeepos.bms69.com/vendor/maximebf/debugbar/src/DebugBar/DataCollector/" "Mozilla/5.0 AppleWebKit/537.36 (KHTML, like Gecko; compatible; GPTBot/1.3; +https://openai.com/gptbot)"
74.7.244.31 - - [17/Mar/2026:05:06:25 +0000] "GET /robots.txt HTTP/1.1" 404 1251 "-" "Mozilla/5.0 (Macintosh; Intel Mac OS X 10_15_7) AppleWebKit/537.36 (KHTML, like Gecko) Chrome/131.0.0.0 Safari/537.36; compatible; OAI-SearchBot/1.3; robots.txt; +https://openai.com/searchbot"
74.7.227.166 - - [17/Mar/2026:05:07:01 +0000] "GET /vendor/laravel/framework/src/Illuminate/Http/Exceptions/ThrottleRequestsException.php HTTP/1.1" 500 0 "http://mianjeepos.bms69.com/vendor/laravel/framework/src/Illuminate/Http/Exceptions/" "Mozilla/5.0 AppleWebKit/537.36 (KHTML, like Gecko; compatible; GPTBot/1.3; +https://openai.com/gptbot)"
74.7.175.187 - - [17/Mar/2026:05:07:01 +0000] "GET /robots.txt HTTP/1.1" 404 1251 "-" "Mozilla/5.0 (Macintosh; Intel Mac OS X 10_15_7) AppleWebKit/537.36 (KHTML, like Gecko) Chrome/131.0.0.0 Safari/537.36; compatible; OAI-SearchBot/1.3; robots.txt; +https://openai.com/searchbot"
74.7.227.142 - - [17/Mar/2026:05:09:35 +0000] "GET /vendor/barryvdh/laravel-debugbar/src/Twig/Extension/Dump.php HTTP/1.1" 500 0 "http://www.mianjeepos.bms69.com/vendor/barryvdh/laravel-debugbar/src/Twig/Extension/" "Mozilla/5.0 AppleWebKit/537.36 (KHTML, like Gecko; compatible; GPTBot/1.3; +https://openai.com/gptbot)"
74.7.227.142 - - [17/Mar/2026:05:10:36 +0000] "GET /vendor/symfony/http-foundation/Session/?ND HTTP/1.1" 200 1289 "http://www.mianjeepos.bms69.com/vendor/symfony/http-foundation/Session/" "Mozilla/5.0 AppleWebKit/537.36 (KHTML, like Gecko; compatible; GPTBot/1.3; +https://openai.com/gptbot)"
74.7.227.166 - - [17/Mar/2026:05:12:00 +0000] "GET /vendor/laravel/framework/src/Illuminate/Support/Facades/Broadcast.php HTTP/1.1" 500 0 "http://mianjeepos.bms69.com/vendor/laravel/framework/src/Illuminate/Support/Facades/" "Mozilla/5.0 AppleWebKit/537.36 (KHTML, like Gecko; compatible; GPTBot/1.3; +https://openai.com/gptbot)"
74.7.227.166 - - [17/Mar/2026:05:13:47 +0000] "GET /vendor/laravel/framework/src/Illuminate/Support/Facades/Notification.php HTTP/1.1" 500 0 "http://mianjeepos.bms69.com/vendor/laravel/framework/src/Illuminate/Support/Facades/" "Mozilla/5.0 AppleWebKit/537.36 (KHTML, like Gecko; compatible; GPTBot/1.3; +https://openai.com/gptbot)"
74.7.227.142 - - [17/Mar/2026:05:14:17 +0000] "GET /vendor/spatie/laravel-medialibrary/src/Support/PathGenerator/?ND HTTP/1.1" 200 778 "http://www.mianjeepos.bms69.com/vendor/spatie/laravel-medialibrary/src/Support/PathGenerator/" "Mozilla/5.0 AppleWebKit/537.36 (KHTML, like Gecko; compatible; GPTBot/1.3; +https://openai.com/gptbot)"
74.7.227.142 - - [17/Mar/2026:05:15:33 +0000] "GET /vendor/league/commonmark/src/Extension/Attributes/Node/AttributesInline.php HTTP/1.1" 500 0 "http://www.mianjeepos.bms69.com/vendor/league/commonmark/src/Extension/Attributes/Node/" "Mozilla/5.0 AppleWebKit/537.36 (KHTML, like Gecko; compatible; GPTBot/1.3; +https://openai.com/gptbot)"
74.7.227.166 - - [17/Mar/2026:05:12:46 +0000] "GET /vendor/laravel/framework/src/Illuminate/Support/Facades/Validator.php HTTP/1.1" 500 0 "http://mianjeepos.bms69.com/vendor/laravel/framework/src/Illuminate/Support/Facades/" "Mozilla/5.0 AppleWebKit/537.36 (KHTML, like Gecko; compatible; GPTBot/1.3; +https://openai.com/gptbot)"
74.7.175.187 - - [17/Mar/2026:05:12:46 +0000] "GET /robots.txt HTTP/1.1" 404 1251 "-" "Mozilla/5.0 (Macintosh; Intel Mac OS X 10_15_7) AppleWebKit/537.36 (KHTML, like Gecko) Chrome/131.0.0.0 Safari/537.36; compatible; OAI-SearchBot/1.3; robots.txt; +https://openai.com/searchbot"
74.7.227.142 - - [17/Mar/2026:05:13:27 +0000] "GET /vendor/spatie/laravel-medialibrary/src/Support/PathGenerator/?MA HTTP/1.1" 200 785 "http://www.mianjeepos.bms69.com/vendor/spatie/laravel-medialibrary/src/Support/PathGenerator/" "Mozilla/5.0 AppleWebKit/537.36 (KHTML, like Gecko; compatible; GPTBot/1.3; +https://openai.com/gptbot)"
74.7.227.166 - - [17/Mar/2026:05:14:48 +0000] "GET /vendor/laravel/framework/src/Illuminate/Support/Facades/ParallelTesting.php HTTP/1.1" 500 0 "http://mianjeepos.bms69.com/vendor/laravel/framework/src/Illuminate/Support/Facades/" "Mozilla/5.0 AppleWebKit/537.36 (KHTML, like Gecko; compatible; GPTBot/1.3; +https://openai.com/gptbot)"
74.7.227.142 - - [17/Mar/2026:05:14:54 +0000] "GET /vendor/league/commonmark/src/Extension/Attributes/Node/Attributes.php HTTP/1.1" 500 0 "http://www.mianjeepos.bms69.com/vendor/league/commonmark/src/Extension/Attributes/Node/" "Mozilla/5.0 AppleWebKit/537.36 (KHTML, like Gecko; compatible; GPTBot/1.3; +https://openai.com/gptbot)"
74.7.227.166 - - [17/Mar/2026:05:15:50 +0000] "GET /vendor/laravel/framework/src/Illuminate/Http/Middleware/SetCacheHeaders.php HTTP/1.1" 200 0 "http://mianjeepos.bms69.com/vendor/laravel/framework/src/Illuminate/Http/Middleware/" "Mozilla/5.0 AppleWebKit/537.36 (KHTML, like Gecko; compatible; GPTBot/1.3; +https://openai.com/gptbot)"
74.7.227.142 - - [17/Mar/2026:05:16:33 +0000] "GET /vendor/laravel/framework/src/Illuminate/Contracts/Filesystem/Filesystem.php HTTP/1.1" 200 0 "http://www.mianjeepos.bms69.com/vendor/laravel/framework/src/Illuminate/Contracts/Filesystem/" "Mozilla/5.0 AppleWebKit/537.36 (KHTML, like Gecko; compatible; GPTBot/1.3; +https://openai.com/gptbot)"
74.7.227.166 - - [17/Mar/2026:05:16:52 +0000] "GET /vendor/laravel/framework/src/Illuminate/Http/Middleware/TrustHosts.php HTTP/1.1" 200 0 "http://mianjeepos.bms69.com/vendor/laravel/framework/src/Illuminate/Http/Middleware/" "Mozilla/5.0 AppleWebKit/537.36 (KHTML, like Gecko; compatible; GPTBot/1.3; +https://openai.com/gptbot)"
74.7.227.142 - - [17/Mar/2026:05:17:34 +0000] "GET /vendor/laravel/framework/src/Illuminate/Database/Migrations/Migration.php HTTP/1.1" 200 0 "http://www.mianjeepos.bms69.com/vendor/laravel/framework/src/Illuminate/Database/Migrations/" "Mozilla/5.0 AppleWebKit/537.36 (KHTML, like Gecko; compatible; GPTBot/1.3; +https://openai.com/gptbot)"
74.7.244.31 - - [17/Mar/2026:05:17:34 +0000] "GET /robots.txt HTTP/1.1" 404 1251 "-" "Mozilla/5.0 (Macintosh; Intel Mac OS X 10_15_7) AppleWebKit/537.36 (KHTML, like Gecko) Chrome/131.0.0.0 Safari/537.36; compatible; OAI-SearchBot/1.3; robots.txt; +https://openai.com/searchbot"
74.7.227.166 - - [17/Mar/2026:05:17:51 +0000] "GET /vendor/laravel/framework/src/Illuminate/Support/Facades/RateLimiter.php HTTP/1.1" 500 0 "http://mianjeepos.bms69.com/vendor/laravel/framework/src/Illuminate/Support/Facades/" "Mozilla/5.0 AppleWebKit/537.36 (KHTML, like Gecko; compatible; GPTBot/1.3; +https://openai.com/gptbot)"
74.7.227.166 - - [17/Mar/2026:05:18:38 +0000] "GET /vendor/laravel/framework/src/Illuminate/Testing/Fluent/AssertableJson.php HTTP/1.1" 500 0 "http://mianjeepos.bms69.com/vendor/laravel/framework/src/Illuminate/Testing/Fluent/" "Mozilla/5.0 AppleWebKit/537.36 (KHTML, like Gecko; compatible; GPTBot/1.3; +https://openai.com/gptbot)"
74.7.227.142 - - [17/Mar/2026:05:19:22 +0000] "GET /vendor/league/commonmark/src/Extension/TableOfContents/Normalizer/RelativeNormalizerStrategy.php HTTP/1.1" 500 0 "http://www.mianjeepos.bms69.com/vendor/league/commonmark/src/Extension/TableOfContents/Normalizer/" "Mozilla/5.0 AppleWebKit/537.36 (KHTML, like Gecko; compatible; GPTBot/1.3; +https://openai.com/gptbot)"
74.7.227.142 - - [17/Mar/2026:05:20:07 +0000] "GET /vendor/symfony/http-foundation/Session/SessionFactory.php HTTP/1.1" 500 0 "http://www.mianjeepos.bms69.com/vendor/symfony/http-foundation/Session/?ND" "Mozilla/5.0 AppleWebKit/537.36 (KHTML, like Gecko; compatible; GPTBot/1.3; +https://openai.com/gptbot)"
74.7.175.187 - - [17/Mar/2026:05:17:51 +0000] "GET /robots.txt HTTP/1.1" 404 1251 "-" "Mozilla/5.0 (Macintosh; Intel Mac OS X 10_15_7) AppleWebKit/537.36 (KHTML, like Gecko) Chrome/131.0.0.0 Safari/537.36; compatible; OAI-SearchBot/1.3; robots.txt; +https://openai.com/searchbot"
74.7.227.142 - - [17/Mar/2026:05:18:30 +0000] "GET /vendor/league/commonmark/src/Extension/Attributes/Util/AttributesHelper.php HTTP/1.1" 200 0 "http://www.mianjeepos.bms69.com/vendor/league/commonmark/src/Extension/Attributes/Util/" "Mozilla/5.0 AppleWebKit/537.36 (KHTML, like Gecko; compatible; GPTBot/1.3; +https://openai.com/gptbot)"
74.7.227.166 - - [17/Mar/2026:05:19:40 +0000] "GET /vendor/laravel/framework/src/Illuminate/Http/Middleware/TrustProxies.php HTTP/1.1" 200 0 "http://mianjeepos.bms69.com/vendor/laravel/framework/src/Illuminate/Http/Middleware/" "Mozilla/5.0 AppleWebKit/537.36 (KHTML, like Gecko; compatible; GPTBot/1.3; +https://openai.com/gptbot)"
74.7.227.166 - - [17/Mar/2026:05:20:41 +0000] "GET /vendor/laravel/framework/src/Illuminate/Http/Middleware/CheckResponseForModifications.php HTTP/1.1" 200 0 "http://mianjeepos.bms69.com/vendor/laravel/framework/src/Illuminate/Http/Middleware/" "Mozilla/5.0 AppleWebKit/537.36 (KHTML, like Gecko; compatible; GPTBot/1.3; +https://openai.com/gptbot)"
74.7.227.166 - - [17/Mar/2026:05:21:38 +0000] "GET /vendor/laravel/framework/src/Illuminate/Support/Facades/Storage.php HTTP/1.1" 500 0 "http://mianjeepos.bms69.com/vendor/laravel/framework/src/Illuminate/Support/Facades/" "Mozilla/5.0 AppleWebKit/537.36 (KHTML, like Gecko; compatible; GPTBot/1.3; +https://openai.com/gptbot)"
74.7.227.166 - - [17/Mar/2026:05:22:28 +0000] "GET /vendor/laravel/framework/src/Illuminate/Support/Facades/Session.php HTTP/1.1" 500 0 "http://mianjeepos.bms69.com/vendor/laravel/framework/src/Illuminate/Support/Facades/" "Mozilla/5.0 AppleWebKit/537.36 (KHTML, like Gecko; compatible; GPTBot/1.3; +https://openai.com/gptbot)"
74.7.227.166 - - [17/Mar/2026:05:23:29 +0000] "GET /vendor/laravel/framework/src/Illuminate/Support/Facades/Redirect.php HTTP/1.1" 500 0 "http://mianjeepos.bms69.com/vendor/laravel/framework/src/Illuminate/Support/Facades/" "Mozilla/5.0 AppleWebKit/537.36 (KHTML, like Gecko; compatible; GPTBot/1.3; +https://openai.com/gptbot)"
74.7.227.142 - - [17/Mar/2026:05:24:24 +0000] "GET /vendor/symfony/http-foundation/Session/Session.php HTTP/1.1" 500 0 "http://www.mianjeepos.bms69.com/vendor/symfony/http-foundation/Session/?ND" "Mozilla/5.0 AppleWebKit/537.36 (KHTML, like Gecko; compatible; GPTBot/1.3; +https://openai.com/gptbot)"
74.7.227.166 - - [17/Mar/2026:05:24:33 +0000] "GET /vendor/laravel/framework/src/Illuminate/Support/Facades/Response.php HTTP/1.1" 500 0 "http://mianjeepos.bms69.com/vendor/laravel/framework/src/Illuminate/Support/Facades/" "Mozilla/5.0 AppleWebKit/537.36 (KHTML, like Gecko; compatible; GPTBot/1.3; +https://openai.com/gptbot)"
74.7.227.142 - - [17/Mar/2026:05:25:36 +0000] "GET /vendor/spatie/laravel-medialibrary/src/Support/PathGenerator/DefaultPathGenerator.php HTTP/1.1" 500 0 "http://www.mianjeepos.bms69.com/vendor/spatie/laravel-medialibrary/src/Support/PathGenerator/?MA" "Mozilla/5.0 AppleWebKit/537.36 (KHTML, like Gecko; compatible; GPTBot/1.3; +https://openai.com/gptbot)"
74.7.227.166 - - [17/Mar/2026:05:25:37 +0000] "GET /vendor/laravel/framework/src/Illuminate/Support/Facades/Process.php HTTP/1.1" 500 0 "http://mianjeepos.bms69.com/vendor/laravel/framework/src/Illuminate/Support/Facades/" "Mozilla/5.0 AppleWebKit/537.36 (KHTML, like Gecko; compatible; GPTBot/1.3; +https://openai.com/gptbot)"
74.7.227.142 - - [17/Mar/2026:05:26:25 +0000] "GET /vendor/symfony/http-foundation/Session/?MD HTTP/1.1" 200 1298 "http://www.mianjeepos.bms69.com/vendor/symfony/http-foundation/Session/?MA" "Mozilla/5.0 AppleWebKit/537.36 (KHTML, like Gecko; compatible; GPTBot/1.3; +https://openai.com/gptbot)"
74.7.227.166 - - [17/Mar/2026:05:27:37 +0000] "GET /vendor/laravel/framework/src/Illuminate/Support/Facades/Request.php HTTP/1.1" 500 0 "http://mianjeepos.bms69.com/vendor/laravel/framework/src/Illuminate/Support/Facades/" "Mozilla/5.0 AppleWebKit/537.36 (KHTML, like Gecko; compatible; GPTBot/1.3; +https://openai.com/gptbot)"
74.7.175.187 - - [17/Mar/2026:05:28:42 +0000] "GET /robots.txt HTTP/1.1" 404 1251 "-" "Mozilla/5.0 (Macintosh; Intel Mac OS X 10_15_7) AppleWebKit/537.36 (KHTML, like Gecko) Chrome/131.0.0.0 Safari/537.36; compatible; OAI-SearchBot/1.3; robots.txt; +https://openai.com/searchbot"
74.7.227.142 - - [17/Mar/2026:05:29:10 +0000] "GET /vendor/spatie/laravel-medialibrary/src/Support/PathGenerator/?MD HTTP/1.1" 200 784 "http://www.mianjeepos.bms69.com/vendor/spatie/laravel-medialibrary/src/Support/PathGenerator/?MA" "Mozilla/5.0 AppleWebKit/537.36 (KHTML, like Gecko; compatible; GPTBot/1.3; +https://openai.com/gptbot)"
74.7.227.142 - - [17/Mar/2026:05:21:11 +0000] "GET /vendor/symfony/http-foundation/Session/FlashBagAwareSessionInterface.php HTTP/1.1" 500 0 "http://www.mianjeepos.bms69.com/vendor/symfony/http-foundation/Session/?ND" "Mozilla/5.0 AppleWebKit/537.36 (KHTML, like Gecko; compatible; GPTBot/1.3; +https://openai.com/gptbot)"
74.7.227.142 - - [17/Mar/2026:05:22:13 +0000] "GET /vendor/symfony/http-foundation/Session/SessionBagProxy.php HTTP/1.1" 500 0 "http://www.mianjeepos.bms69.com/vendor/symfony/http-foundation/Session/?ND" "Mozilla/5.0 AppleWebKit/537.36 (KHTML, like Gecko; compatible; GPTBot/1.3; +https://openai.com/gptbot)"
74.7.227.142 - - [17/Mar/2026:05:23:15 +0000] "GET /vendor/spatie/laravel-medialibrary/src/Support/PathGenerator/?NA HTTP/1.1" 200 777 "http://www.mianjeepos.bms69.com/vendor/spatie/laravel-medialibrary/src/Support/PathGenerator/?MA" "Mozilla/5.0 AppleWebKit/537.36 (KHTML, like Gecko; compatible; GPTBot/1.3; +https://openai.com/gptbot)"
74.7.244.31 - - [17/Mar/2026:05:23:15 +0000] "GET /robots.txt HTTP/1.1" 404 1251 "-" "Mozilla/5.0 (Macintosh; Intel Mac OS X 10_15_7) AppleWebKit/537.36 (KHTML, like Gecko) Chrome/131.0.0.0 Safari/537.36; compatible; OAI-SearchBot/1.3; robots.txt; +https://openai.com/searchbot"
74.7.227.166 - - [17/Mar/2026:05:26:34 +0000] "GET /vendor/laravel/framework/src/Illuminate/Support/Facades/Password.php HTTP/1.1" 500 0 "http://mianjeepos.bms69.com/vendor/laravel/framework/src/Illuminate/Support/Facades/" "Mozilla/5.0 AppleWebKit/537.36 (KHTML, like Gecko; compatible; GPTBot/1.3; +https://openai.com/gptbot)"
74.7.227.142 - - [17/Mar/2026:05:27:24 +0000] "GET /vendor/symfony/http-foundation/Session/?SD HTTP/1.1" 200 1301 "http://www.mianjeepos.bms69.com/vendor/symfony/http-foundation/Session/?SA" "Mozilla/5.0 AppleWebKit/537.36 (KHTML, like Gecko; compatible; GPTBot/1.3; +https://openai.com/gptbot)"
74.7.227.142 - - [17/Mar/2026:05:28:20 +0000] "GET /vendor/symfony/http-foundation/Session/?NA HTTP/1.1" 200 1291 "http://www.mianjeepos.bms69.com/vendor/symfony/http-foundation/Session/?ND" "Mozilla/5.0 AppleWebKit/537.36 (KHTML, like Gecko; compatible; GPTBot/1.3; +https://openai.com/gptbot)"
74.7.227.166 - - [17/Mar/2026:05:28:42 +0000] "GET /vendor/laravel/framework/src/Illuminate/Support/Facades/Artisan.php HTTP/1.1" 500 0 "http://mianjeepos.bms69.com/vendor/laravel/framework/src/Illuminate/Support/Facades/" "Mozilla/5.0 AppleWebKit/537.36 (KHTML, like Gecko; compatible; GPTBot/1.3; +https://openai.com/gptbot)"
74.7.227.166 - - [17/Mar/2026:05:30:43 +0000] "GET /vendor/laravel/framework/src/Illuminate/Support/Facades/App.php HTTP/1.1" 500 0 "http://mianjeepos.bms69.com/vendor/laravel/framework/src/Illuminate/Support/Facades/" "Mozilla/5.0 AppleWebKit/537.36 (KHTML, like Gecko; compatible; GPTBot/1.3; +https://openai.com/gptbot)"
74.7.227.142 - - [17/Mar/2026:05:31:12 +0000] "GET /storage/framework/sessions/1ZLURpoAfF6XZpmKoY9XZcIKmk4TcsQY6U5GB06d HTTP/1.1" 200 193 "http://www.mianjeepos.bms69.com/storage/framework/sessions/" "Mozilla/5.0 AppleWebKit/537.36 (KHTML, like Gecko; compatible; GPTBot/1.3; +https://openai.com/gptbot)"
74.7.227.142 - - [17/Mar/2026:05:33:13 +0000] "GET /vendor/doctrine/dbal/src/Driver/SQLite3/?SA HTTP/1.1" 200 1088 "http://www.mianjeepos.bms69.com/vendor/doctrine/dbal/src/Driver/SQLite3/" "Mozilla/5.0 AppleWebKit/537.36 (KHTML, like Gecko; compatible; GPTBot/1.3; +https://openai.com/gptbot)"
74.7.244.31 - - [17/Mar/2026:05:34:03 +0000] "GET /robots.txt HTTP/1.1" 404 1251 "-" "Mozilla/5.0 (Macintosh; Intel Mac OS X 10_15_7) AppleWebKit/537.36 (KHTML, like Gecko) Chrome/131.0.0.0 Safari/537.36; compatible; OAI-SearchBot/1.3; robots.txt; +https://openai.com/searchbot"
74.7.227.142 - - [17/Mar/2026:05:34:52 +0000] "GET /vendor/league/commonmark/src/Extension/TableOfContents/Normalizer/NormalizerStrategyInterface.php HTTP/1.1" 200 0 "http://www.mianjeepos.bms69.com/vendor/league/commonmark/src/Extension/TableOfContents/Normalizer/" "Mozilla/5.0 AppleWebKit/537.36 (KHTML, like Gecko; compatible; GPTBot/1.3; +https://openai.com/gptbot)"
74.7.227.142 - - [17/Mar/2026:05:35:31 +0000] "GET /vendor/doctrine/dbal/src/Driver/SQLSrv/error_log HTTP/1.1" 403 1242 "http://www.mianjeepos.bms69.com/vendor/doctrine/dbal/src/Driver/SQLSrv/" "Mozilla/5.0 AppleWebKit/537.36 (KHTML, like Gecko; compatible; GPTBot/1.3; +https://openai.com/gptbot)"
74.7.227.166 - - [17/Mar/2026:05:36:04 +0000] "GET /vendor/laravel/framework/src/Illuminate/Support/Facades/Vite.php HTTP/1.1" 500 0 "http://mianjeepos.bms69.com/vendor/laravel/framework/src/Illuminate/Support/Facades/" "Mozilla/5.0 AppleWebKit/537.36 (KHTML, like Gecko; compatible; GPTBot/1.3; +https://openai.com/gptbot)"
74.7.227.142 - - [17/Mar/2026:05:36:07 +0000] "GET /vendor/spatie/laravel-medialibrary/src/Conversions/Commands/?SA HTTP/1.1" 200 729 "http://www.mianjeepos.bms69.com/vendor/spatie/laravel-medialibrary/src/Conversions/Commands/" "Mozilla/5.0 AppleWebKit/537.36 (KHTML, like Gecko; compatible; GPTBot/1.3; +https://openai.com/gptbot)"
74.7.227.142 - - [17/Mar/2026:05:36:49 +0000] "GET /vendor/spatie/laravel-medialibrary/src/Conversions/Commands/?MA HTTP/1.1" 200 732 "http://www.mianjeepos.bms69.com/vendor/spatie/laravel-medialibrary/src/Conversions/Commands/" "Mozilla/5.0 AppleWebKit/537.36 (KHTML, like Gecko; compatible; GPTBot/1.3; +https://openai.com/gptbot)"
74.7.227.166 - - [17/Mar/2026:05:29:39 +0000] "GET /vendor/laravel/framework/src/Illuminate/Support/Facades/Bus.php HTTP/1.1" 500 0 "http://mianjeepos.bms69.com/vendor/laravel/framework/src/Illuminate/Support/Facades/" "Mozilla/5.0 AppleWebKit/537.36 (KHTML, like Gecko; compatible; GPTBot/1.3; +https://openai.com/gptbot)"
