74.7.227.142 - - [16/Mar/2026:13:45:00 +0000] "GET /vendor/phpoffice/phpspreadsheet/src/PhpSpreadsheet/Calculation/Engine/?SD HTTP/1.1" 200 1189 "http://www.mianjeepos.bms69.com/vendor/phpoffice/phpspreadsheet/src/PhpSpreadsheet/Calculation/Engine/?SA" "Mozilla/5.0 AppleWebKit/537.36 (KHTML, like Gecko; compatible; GPTBot/1.3; +https://openai.com/gptbot)"
74.7.227.142 - - [16/Mar/2026:13:46:08 +0000] "GET /vendor/phpoffice/phpspreadsheet/src/PhpSpreadsheet/Calculation/Token/?SD HTTP/1.1" 200 676 "http://www.mianjeepos.bms69.com/vendor/phpoffice/phpspreadsheet/src/PhpSpreadsheet/Calculation/Token/?SA" "Mozilla/5.0 AppleWebKit/537.36 (KHTML, like Gecko; compatible; GPTBot/1.3; +https://openai.com/gptbot)"
74.7.227.166 - - [16/Mar/2026:13:46:08 +0000] "GET /vendor/laravel/framework/src/Illuminate/Contracts/Support/Arrayable.php HTTP/1.1" 200 0 "http://mianjeepos.bms69.com/vendor/laravel/framework/src/Illuminate/Contracts/Support/" "Mozilla/5.0 AppleWebKit/537.36 (KHTML, like Gecko; compatible; GPTBot/1.3; +https://openai.com/gptbot)"
74.7.227.166 - - [16/Mar/2026:13:47:19 +0000] "GET /vendor/laravel/framework/src/Illuminate/Contracts/Support/Htmlable.php HTTP/1.1" 200 0 "http://mianjeepos.bms69.com/vendor/laravel/framework/src/Illuminate/Contracts/Support/" "Mozilla/5.0 AppleWebKit/537.36 (KHTML, like Gecko; compatible; GPTBot/1.3; +https://openai.com/gptbot)"
74.7.227.166 - - [16/Mar/2026:13:48:09 +0000] "GET /vendor/laravel/framework/src/Illuminate/Foundation/Testing/Wormhole.php HTTP/1.1" 200 0 "http://mianjeepos.bms69.com/vendor/laravel/framework/src/Illuminate/Foundation/Testing/" "Mozilla/5.0 AppleWebKit/537.36 (KHTML, like Gecko; compatible; GPTBot/1.3; +https://openai.com/gptbot)"
74.7.175.187 - - [16/Mar/2026:13:49:08 +0000] "GET /robots.txt HTTP/1.1" 404 1251 "-" "Mozilla/5.0 (Macintosh; Intel Mac OS X 10_15_7) AppleWebKit/537.36 (KHTML, like Gecko) Chrome/131.0.0.0 Safari/537.36; compatible; OAI-SearchBot/1.3; robots.txt; +https://openai.com/searchbot"
74.7.227.142 - - [16/Mar/2026:13:50:33 +0000] "GET /vendor/nunomaduro/collision/src/Adapters/Laravel/ExceptionHandler.php HTTP/1.1" 500 0 "http://www.mianjeepos.bms69.com/vendor/nunomaduro/collision/src/Adapters/Laravel/" "Mozilla/5.0 AppleWebKit/537.36 (KHTML, like Gecko; compatible; GPTBot/1.3; +https://openai.com/gptbot)"
74.7.227.166 - - [16/Mar/2026:13:50:40 +0000] "GET /vendor/laravel/framework/src/Illuminate/Foundation/Testing/WithFaker.php HTTP/1.1" 200 0 "http://mianjeepos.bms69.com/vendor/laravel/framework/src/Illuminate/Foundation/Testing/" "Mozilla/5.0 AppleWebKit/537.36 (KHTML, like Gecko; compatible; GPTBot/1.3; +https://openai.com/gptbot)"
74.7.227.142 - - [16/Mar/2026:13:51:29 +0000] "GET /vendor/laravel/framework/src/Illuminate/Database/ConnectionInterface.php HTTP/1.1" 200 0 "http://www.mianjeepos.bms69.com/vendor/laravel/framework/src/Illuminate/Database/" "Mozilla/5.0 AppleWebKit/537.36 (KHTML, like Gecko; compatible; GPTBot/1.3; +https://openai.com/gptbot)"
74.7.227.142 - - [16/Mar/2026:13:52:34 +0000] "GET /vendor/spatie/laravel-medialibrary/src/Conversions/ImageGenerators/Video.php HTTP/1.1" 500 0 "http://www.mianjeepos.bms69.com/vendor/spatie/laravel-medialibrary/src/Conversions/ImageGenerators/" "Mozilla/5.0 AppleWebKit/537.36 (KHTML, like Gecko; compatible; GPTBot/1.3; +https://openai.com/gptbot)"
74.7.227.166 - - [16/Mar/2026:13:52:38 +0000] "GET /vendor/laravel/framework/src/Illuminate/Contracts/Support/MessageBag.php HTTP/1.1" 500 0 "http://mianjeepos.bms69.com/vendor/laravel/framework/src/Illuminate/Contracts/Support/" "Mozilla/5.0 AppleWebKit/537.36 (KHTML, like Gecko; compatible; GPTBot/1.3; +https://openai.com/gptbot)"
74.7.227.142 - - [16/Mar/2026:13:54:40 +0000] "GET /vendor/laravel/framework/src/Illuminate/Database/Eloquent/PendingHasThroughRelationship.php HTTP/1.1" 200 0 "http://www.mianjeepos.bms69.com/vendor/laravel/framework/src/Illuminate/Database/Eloquent/" "Mozilla/5.0 AppleWebKit/537.36 (KHTML, like Gecko; compatible; GPTBot/1.3; +https://openai.com/gptbot)"
74.7.227.166 - - [16/Mar/2026:13:55:29 +0000] "GET /vendor/laravel/framework/src/Illuminate/Foundation/Testing/DatabaseMigrations.php HTTP/1.1" 500 0 "http://mianjeepos.bms69.com/vendor/laravel/framework/src/Illuminate/Foundation/Testing/" "Mozilla/5.0 AppleWebKit/537.36 (KHTML, like Gecko; compatible; GPTBot/1.3; +https://openai.com/gptbot)"
74.7.227.142 - - [16/Mar/2026:13:55:33 +0000] "GET /vendor/laravel/framework/src/Illuminate/Database/Eloquent/HigherOrderBuilderProxy.php HTTP/1.1" 200 0 "http://www.mianjeepos.bms69.com/vendor/laravel/framework/src/Illuminate/Database/Eloquent/" "Mozilla/5.0 AppleWebKit/537.36 (KHTML, like Gecko; compatible; GPTBot/1.3; +https://openai.com/gptbot)"
74.7.227.142 - - [16/Mar/2026:13:56:22 +0000] "GET /vendor/doctrine/inflector/lib/Doctrine/Inflector/WordInflector.php HTTP/1.1" 200 0 "http://www.mianjeepos.bms69.com/vendor/doctrine/inflector/lib/Doctrine/Inflector/" "Mozilla/5.0 AppleWebKit/537.36 (KHTML, like Gecko; compatible; GPTBot/1.3; +https://openai.com/gptbot)"
74.7.227.142 - - [16/Mar/2026:13:47:38 +0000] "GET /vendor/doctrine/dbal/src/Schema/Exception/ColumnAlreadyExists.php HTTP/1.1" 500 0 "http://www.mianjeepos.bms69.com/vendor/doctrine/dbal/src/Schema/Exception/" "Mozilla/5.0 AppleWebKit/537.36 (KHTML, like Gecko; compatible; GPTBot/1.3; +https://openai.com/gptbot)"
74.7.227.142 - - [16/Mar/2026:13:48:30 +0000] "GET /vendor/laravel/framework/src/Illuminate/Console/GeneratorCommand.php HTTP/1.1" 500 0 "http://www.mianjeepos.bms69.com/vendor/laravel/framework/src/Illuminate/Console/" "Mozilla/5.0 AppleWebKit/537.36 (KHTML, like Gecko; compatible; GPTBot/1.3; +https://openai.com/gptbot)"
74.7.227.166 - - [16/Mar/2026:13:49:08 +0000] "GET /vendor/laravel/framework/src/Illuminate/Database/Eloquent/MassPrunable.php HTTP/1.1" 200 0 "http://mianjeepos.bms69.com/vendor/laravel/framework/src/Illuminate/Database/Eloquent/" "Mozilla/5.0 AppleWebKit/537.36 (KHTML, like Gecko; compatible; GPTBot/1.3; +https://openai.com/gptbot)"
74.7.227.142 - - [16/Mar/2026:13:49:34 +0000] "GET /vendor/laravel/framework/src/Illuminate/Container/RewindableGenerator.php HTTP/1.1" 200 0 "http://www.mianjeepos.bms69.com/vendor/laravel/framework/src/Illuminate/Container/" "Mozilla/5.0 AppleWebKit/537.36 (KHTML, like Gecko; compatible; GPTBot/1.3; +https://openai.com/gptbot)"
74.7.227.166 - - [16/Mar/2026:13:49:52 +0000] "GET /vendor/laravel/framework/src/Illuminate/Database/Eloquent/Collection.php HTTP/1.1" 500 0 "http://mianjeepos.bms69.com/vendor/laravel/framework/src/Illuminate/Database/Eloquent/" "Mozilla/5.0 AppleWebKit/537.36 (KHTML, like Gecko; compatible; GPTBot/1.3; +https://openai.com/gptbot)"
74.7.227.166 - - [16/Mar/2026:13:51:45 +0000] "GET /vendor/laravel/framework/src/Illuminate/Foundation/Events/Dispatchable.php HTTP/1.1" 200 0 "http://mianjeepos.bms69.com/vendor/laravel/framework/src/Illuminate/Foundation/Events/" "Mozilla/5.0 AppleWebKit/537.36 (KHTML, like Gecko; compatible; GPTBot/1.3; +https://openai.com/gptbot)"
74.7.227.166 - - [16/Mar/2026:13:53:27 +0000] "GET /vendor/laravel/framework/src/Illuminate/Foundation/Events/DiscoverEvents.php HTTP/1.1" 200 0 "http://mianjeepos.bms69.com/vendor/laravel/framework/src/Illuminate/Foundation/Events/" "Mozilla/5.0 AppleWebKit/537.36 (KHTML, like Gecko; compatible; GPTBot/1.3; +https://openai.com/gptbot)"
74.7.227.142 - - [16/Mar/2026:13:53:38 +0000] "GET /vendor/phpunit/php-code-coverage/src/Exception/Exception.php HTTP/1.1" 200 0 "http://www.mianjeepos.bms69.com/vendor/phpunit/php-code-coverage/src/Exception/" "Mozilla/5.0 AppleWebKit/537.36 (KHTML, like Gecko; compatible; GPTBot/1.3; +https://openai.com/gptbot)"
74.7.227.166 - - [16/Mar/2026:13:54:37 +0000] "GET /vendor/laravel/framework/src/Illuminate/Foundation/Testing/LazilyRefreshDatabase.php HTTP/1.1" 500 0 "http://mianjeepos.bms69.com/vendor/laravel/framework/src/Illuminate/Foundation/Testing/" "Mozilla/5.0 AppleWebKit/537.36 (KHTML, like Gecko; compatible; GPTBot/1.3; +https://openai.com/gptbot)"
74.7.227.142 - - [16/Mar/2026:13:57:15 +0000] "GET /vendor/spatie/laravel-medialibrary/src/MediaCollections/Exceptions/?MA HTTP/1.1" 200 1541 "http://www.mianjeepos.bms69.com/vendor/spatie/laravel-medialibrary/src/MediaCollections/Exceptions/" "Mozilla/5.0 AppleWebKit/537.36 (KHTML, like Gecko; compatible; GPTBot/1.3; +https://openai.com/gptbot)"
74.7.227.142 - - [16/Mar/2026:13:59:07 +0000] "GET /vendor/psr/container/?SA HTTP/1.1" 200 723 "http://www.mianjeepos.bms69.com/vendor/psr/container/" "Mozilla/5.0 AppleWebKit/537.36 (KHTML, like Gecko; compatible; GPTBot/1.3; +https://openai.com/gptbot)"
74.7.227.166 - - [16/Mar/2026:14:00:25 +0000] "GET /vendor/laravel/framework/src/Illuminate/Foundation/Testing/TestCase.php HTTP/1.1" 500 0 "http://mianjeepos.bms69.com/vendor/laravel/framework/src/Illuminate/Foundation/Testing/" "Mozilla/5.0 AppleWebKit/537.36 (KHTML, like Gecko; compatible; GPTBot/1.3; +https://openai.com/gptbot)"
74.7.227.142 - - [16/Mar/2026:14:02:01 +0000] "GET /vendor/psr/container/?MA HTTP/1.1" 200 723 "http://www.mianjeepos.bms69.com/vendor/psr/container/" "Mozilla/5.0 AppleWebKit/537.36 (KHTML, like Gecko; compatible; GPTBot/1.3; +https://openai.com/gptbot)"
74.7.227.142 - - [16/Mar/2026:14:02:18 +0000] "GET /vendor/spatie/laravel-medialibrary/src/MediaCollections/Exceptions/?MD HTTP/1.1" 200 1546 "http://www.mianjeepos.bms69.com/vendor/spatie/laravel-medialibrary/src/MediaCollections/Exceptions/?MA" "Mozilla/5.0 AppleWebKit/537.36 (KHTML, like Gecko; compatible; GPTBot/1.3; +https://openai.com/gptbot)"
74.7.227.166 - - [16/Mar/2026:14:02:29 +0000] "GET /vendor/laravel/framework/src/Illuminate/Contracts/Pipeline/Hub.php HTTP/1.1" 200 0 "http://mianjeepos.bms69.com/vendor/laravel/framework/src/Illuminate/Contracts/Pipeline/" "Mozilla/5.0 AppleWebKit/537.36 (KHTML, like Gecko; compatible; GPTBot/1.3; +https://openai.com/gptbot)"
74.7.227.142 - - [16/Mar/2026:14:02:32 +0000] "GET /vendor/maennchen/zipstream-php/src/File.php HTTP/1.1" 200 0 "http://www.mianjeepos.bms69.com/vendor/maennchen/zipstream-php/src/?MA" "Mozilla/5.0 AppleWebKit/537.36 (KHTML, like Gecko; compatible; GPTBot/1.3; +https://openai.com/gptbot)"
74.7.227.142 - - [16/Mar/2026:14:02:43 +0000] "GET /vendor/nette/caching/?SD HTTP/1.1" 200 742 "http://www.mianjeepos.bms69.com/vendor/nette/caching/?SA" "Mozilla/5.0 AppleWebKit/537.36 (KHTML, like Gecko; compatible; GPTBot/1.3; +https://openai.com/gptbot)"
74.7.227.142 - - [16/Mar/2026:14:03:17 +0000] "GET /vendor/doctrine/dbal/?NA HTTP/1.1" 200 785 "http://www.mianjeepos.bms69.com/vendor/doctrine/dbal/?SA" "Mozilla/5.0 AppleWebKit/537.36 (KHTML, like Gecko; compatible; GPTBot/1.3; +https://openai.com/gptbot)"
74.7.227.142 - - [16/Mar/2026:14:03:22 +0000] "GET /vendor/nette/caching/?MA HTTP/1.1" 200 743 "http://www.mianjeepos.bms69.com/vendor/nette/caching/?SA" "Mozilla/5.0 AppleWebKit/537.36 (KHTML, like Gecko; compatible; GPTBot/1.3; +https://openai.com/gptbot)"
74.7.227.166 - - [16/Mar/2026:14:03:25 +0000] "GET /vendor/laravel/framework/src/Illuminate/Hashing/error_log HTTP/1.1" 403 1242 "http://mianjeepos.bms69.com/vendor/laravel/framework/src/Illuminate/Hashing/" "Mozilla/5.0 AppleWebKit/537.36 (KHTML, like Gecko; compatible; GPTBot/1.3; +https://openai.com/gptbot)"
74.7.227.142 - - [16/Mar/2026:14:03:37 +0000] "GET /vendor/doctrine/dbal/?MA HTTP/1.1" 200 794 "http://www.mianjeepos.bms69.com/vendor/doctrine/dbal/?SA" "Mozilla/5.0 AppleWebKit/537.36 (KHTML, like Gecko; compatible; GPTBot/1.3; +https://openai.com/gptbot)"
74.7.227.142 - - [16/Mar/2026:14:03:44 +0000] "GET /vendor/nette/caching/?MD HTTP/1.1" 200 742 "http://www.mianjeepos.bms69.com/vendor/nette/caching/?MA" "Mozilla/5.0 AppleWebKit/537.36 (KHTML, like Gecko; compatible; GPTBot/1.3; +https://openai.com/gptbot)"
74.7.227.142 - - [16/Mar/2026:14:03:47 +0000] "GET /vendor/psr/container/?MA HTTP/1.1" 200 723 "http://www.mianjeepos.bms69.com/vendor/psr/container/?SA" "Mozilla/5.0 AppleWebKit/537.36 (KHTML, like Gecko; compatible; GPTBot/1.3; +https://openai.com/gptbot)"
74.7.227.142 - - [16/Mar/2026:14:03:55 +0000] "GET /vendor/psr/container/?MD HTTP/1.1" 200 723 "http://www.mianjeepos.bms69.com/vendor/psr/container/?MA" "Mozilla/5.0 AppleWebKit/537.36 (KHTML, like Gecko; compatible; GPTBot/1.3; +https://openai.com/gptbot)"
74.7.227.142 - - [16/Mar/2026:14:03:58 +0000] "GET /vendor/doctrine/dbal/?MD HTTP/1.1" 200 787 "http://www.mianjeepos.bms69.com/vendor/doctrine/dbal/?MA" "Mozilla/5.0 AppleWebKit/537.36 (KHTML, like Gecko; compatible; GPTBot/1.3; +https://openai.com/gptbot)"
74.7.227.142 - - [16/Mar/2026:14:04:03 +0000] "GET /vendor/doctrine/dbal/?SD HTTP/1.1" 200 788 "http://www.mianjeepos.bms69.com/vendor/doctrine/dbal/?SA" "Mozilla/5.0 AppleWebKit/537.36 (KHTML, like Gecko; compatible; GPTBot/1.3; +https://openai.com/gptbot)"
74.7.227.142 - - [16/Mar/2026:14:00:36 +0000] "GET /vendor/psr/container/?ND HTTP/1.1" 200 714 "http://www.mianjeepos.bms69.com/vendor/psr/container/" "Mozilla/5.0 AppleWebKit/537.36 (KHTML, like Gecko; compatible; GPTBot/1.3; +https://openai.com/gptbot)"
74.7.227.142 - - [16/Mar/2026:14:01:01 +0000] "GET /vendor/nette/caching/?MA HTTP/1.1" 200 743 "http://www.mianjeepos.bms69.com/vendor/nette/caching/" "Mozilla/5.0 AppleWebKit/537.36 (KHTML, like Gecko; compatible; GPTBot/1.3; +https://openai.com/gptbot)"
74.7.227.142 - - [16/Mar/2026:14:01:24 +0000] "GET /vendor/doctrine/dbal/?MA HTTP/1.1" 200 794 "http://www.mianjeepos.bms69.com/vendor/doctrine/dbal/" "Mozilla/5.0 AppleWebKit/537.36 (KHTML, like Gecko; compatible; GPTBot/1.3; +https://openai.com/gptbot)"
74.7.227.166 - - [16/Mar/2026:13:56:36 +0000] "GET /vendor/laravel/framework/src/Illuminate/Foundation/Testing/DatabaseTruncation.php HTTP/1.1" 500 0 "http://mianjeepos.bms69.com/vendor/laravel/framework/src/Illuminate/Foundation/Testing/" "Mozilla/5.0 AppleWebKit/537.36 (KHTML, like Gecko; compatible; GPTBot/1.3; +https://openai.com/gptbot)"
74.7.227.166 - - [16/Mar/2026:13:57:37 +0000] "GET /vendor/laravel/framework/src/Illuminate/Database/Eloquent/RelationNotFoundException.php HTTP/1.1" 200 0 "http://mianjeepos.bms69.com/vendor/laravel/framework/src/Illuminate/Database/Eloquent/" "Mozilla/5.0 AppleWebKit/537.36 (KHTML, like Gecko; compatible; GPTBot/1.3; +https://openai.com/gptbot)"
74.7.227.142 - - [16/Mar/2026:13:57:54 +0000] "GET /vendor/spatie/laravel-medialibrary/src/Conversions/ImageGenerators/error_log HTTP/1.1" 403 1242 "http://www.mianjeepos.bms69.com/vendor/spatie/laravel-medialibrary/src/Conversions/ImageGenerators/" "Mozilla/5.0 AppleWebKit/537.36 (KHTML, like Gecko; compatible; GPTBot/1.3; +https://openai.com/gptbot)"
74.7.244.31 - - [16/Mar/2026:13:57:54 +0000] "GET /robots.txt HTTP/1.1" 404 1251 "-" "Mozilla/5.0 (Macintosh; Intel Mac OS X 10_15_7) AppleWebKit/537.36 (KHTML, like Gecko) Chrome/131.0.0.0 Safari/537.36; compatible; OAI-SearchBot/1.3; robots.txt; +https://openai.com/searchbot"
74.7.227.142 - - [16/Mar/2026:13:58:37 +0000] "GET /vendor/nette/caching/?SA HTTP/1.1" 200 744 "http://www.mianjeepos.bms69.com/vendor/nette/caching/" "Mozilla/5.0 AppleWebKit/537.36 (KHTML, like Gecko; compatible; GPTBot/1.3; +https://openai.com/gptbot)"
74.7.227.166 - - [16/Mar/2026:13:58:42 +0000] "GET /vendor/laravel/framework/src/Illuminate/Database/Eloquent/Scope.php HTTP/1.1" 200 0 "http://mianjeepos.bms69.com/vendor/laravel/framework/src/Illuminate/Database/Eloquent/" "Mozilla/5.0 AppleWebKit/537.36 (KHTML, like Gecko; compatible; GPTBot/1.3; +https://openai.com/gptbot)"
74.7.227.166 - - [16/Mar/2026:13:59:38 +0000] "GET /vendor/laravel/framework/src/Illuminate/Database/Eloquent/Model.php HTTP/1.1" 500 0 "http://mianjeepos.bms69.com/vendor/laravel/framework/src/Illuminate/Database/Eloquent/" "Mozilla/5.0 AppleWebKit/537.36 (KHTML, like Gecko; compatible; GPTBot/1.3; +https://openai.com/gptbot)"
74.7.175.187 - - [16/Mar/2026:13:59:38 +0000] "GET /robots.txt HTTP/1.1" 404 1251 "-" "Mozilla/5.0 (Macintosh; Intel Mac OS X 10_15_7) AppleWebKit/537.36 (KHTML, like Gecko) Chrome/131.0.0.0 Safari/537.36; compatible; OAI-SearchBot/1.3; robots.txt; +https://openai.com/searchbot"
74.7.227.142 - - [16/Mar/2026:13:59:41 +0000] "GET /vendor/nette/caching/?ND HTTP/1.1" 200 735 "http://www.mianjeepos.bms69.com/vendor/nette/caching/" "Mozilla/5.0 AppleWebKit/537.36 (KHTML, like Gecko; compatible; GPTBot/1.3; +https://openai.com/gptbot)"
74.7.227.142 - - [16/Mar/2026:14:00:12 +0000] "GET /vendor/doctrine/dbal/?SA HTTP/1.1" 200 788 "http://www.mianjeepos.bms69.com/vendor/doctrine/dbal/" "Mozilla/5.0 AppleWebKit/537.36 (KHTML, like Gecko; compatible; GPTBot/1.3; +https://openai.com/gptbot)"
74.7.227.166 - - [16/Mar/2026:14:01:36 +0000] "GET /vendor/laravel/framework/src/Illuminate/Foundation/Events/MaintenanceModeDisabled.php HTTP/1.1" 200 0 "http://mianjeepos.bms69.com/vendor/laravel/framework/src/Illuminate/Foundation/Events/" "Mozilla/5.0 AppleWebKit/537.36 (KHTML, like Gecko; compatible; GPTBot/1.3; +https://openai.com/gptbot)"
74.7.227.142 - - [16/Mar/2026:14:01:43 +0000] "GET /vendor/doctrine/dbal/?ND HTTP/1.1" 200 781 "http://www.mianjeepos.bms69.com/vendor/doctrine/dbal/" "Mozilla/5.0 AppleWebKit/537.36 (KHTML, like Gecko; compatible; GPTBot/1.3; +https://openai.com/gptbot)"
74.7.227.142 - - [16/Mar/2026:14:02:56 +0000] "GET /vendor/psr/container/?NA HTTP/1.1" 200 718 "http://www.mianjeepos.bms69.com/vendor/psr/container/?SA" "Mozilla/5.0 AppleWebKit/537.36 (KHTML, like Gecko; compatible; GPTBot/1.3; +https://openai.com/gptbot)"
74.7.244.31 - - [16/Mar/2026:14:02:56 +0000] "GET /robots.txt HTTP/1.1" 404 1251 "-" "Mozilla/5.0 (Macintosh; Intel Mac OS X 10_15_7) AppleWebKit/537.36 (KHTML, like Gecko) Chrome/131.0.0.0 Safari/537.36; compatible; OAI-SearchBot/1.3; robots.txt; +https://openai.com/searchbot"
74.7.227.142 - - [16/Mar/2026:14:03:05 +0000] "GET /vendor/psr/container/?SD HTTP/1.1" 200 722 "http://www.mianjeepos.bms69.com/vendor/psr/container/?SA" "Mozilla/5.0 AppleWebKit/537.36 (KHTML, like Gecko; compatible; GPTBot/1.3; +https://openai.com/gptbot)"
74.7.227.166 - - [16/Mar/2026:14:04:17 +0000] "GET /vendor/laravel/framework/src/Illuminate/Foundation/Support/ HTTP/1.1" 200 646 "http://mianjeepos.bms69.com/vendor/laravel/framework/src/Illuminate/Foundation/" "Mozilla/5.0 AppleWebKit/537.36 (KHTML, like Gecko; compatible; GPTBot/1.3; +https://openai.com/gptbot)"
74.7.227.142 - - [16/Mar/2026:14:05:09 +0000] "GET /vendor/league/commonmark/src/Extension/DescriptionList/Node/DescriptionTerm.php HTTP/1.1" 500 0 "http://www.mianjeepos.bms69.com/vendor/league/commonmark/src/Extension/DescriptionList/Node/" "Mozilla/5.0 AppleWebKit/537.36 (KHTML, like Gecko; compatible; GPTBot/1.3; +https://openai.com/gptbot)"
74.7.227.166 - - [16/Mar/2026:14:05:09 +0000] "GET /vendor/league/commonmark/src/Extension/Attributes/Parser/ HTTP/1.1" 200 794 "http://mianjeepos.bms69.com/vendor/league/commonmark/src/Extension/Attributes/" "Mozilla/5.0 AppleWebKit/537.36 (KHTML, like Gecko; compatible; GPTBot/1.3; +https://openai.com/gptbot)"
74.7.175.187 - - [16/Mar/2026:14:05:09 +0000] "GET /robots.txt HTTP/1.1" 404 1251 "-" "Mozilla/5.0 (Macintosh; Intel Mac OS X 10_15_7) AppleWebKit/537.36 (KHTML, like Gecko) Chrome/131.0.0.0 Safari/537.36; compatible; OAI-SearchBot/1.3; robots.txt; +https://openai.com/searchbot"
74.7.227.142 - - [16/Mar/2026:14:06:10 +0000] "GET /vendor/laravel/framework/src/Illuminate/Redis/Connections/PredisConnection.php HTTP/1.1" 500 0 "http://www.mianjeepos.bms69.com/vendor/laravel/framework/src/Illuminate/Redis/Connections/" "Mozilla/5.0 AppleWebKit/537.36 (KHTML, like Gecko; compatible; GPTBot/1.3; +https://openai.com/gptbot)"
74.7.227.166 - - [16/Mar/2026:14:06:34 +0000] "GET /vendor/league/commonmark/src/Extension/FrontMatter/Output/ HTTP/1.1" 200 738 "http://mianjeepos.bms69.com/vendor/league/commonmark/src/Extension/FrontMatter/" "Mozilla/5.0 AppleWebKit/537.36 (KHTML, like Gecko; compatible; GPTBot/1.3; +https://openai.com/gptbot)"
74.7.227.142 - - [16/Mar/2026:14:07:11 +0000] "GET /vendor/phpoffice/phpspreadsheet/src/PhpSpreadsheet/Calculation/MathTrig/Sum.php HTTP/1.1" 200 0 "http://www.mianjeepos.bms69.com/vendor/phpoffice/phpspreadsheet/src/PhpSpreadsheet/Calculation/MathTrig/" "Mozilla/5.0 AppleWebKit/537.36 (KHTML, like Gecko; compatible; GPTBot/1.3; +https://openai.com/gptbot)"
74.7.227.166 - - [16/Mar/2026:14:07:13 +0000] "GET /vendor/laravel/framework/src/Illuminate/Testing/Concerns/ HTTP/1.1" 200 737 "http://mianjeepos.bms69.com/vendor/laravel/framework/src/Illuminate/Testing/" "Mozilla/5.0 AppleWebKit/537.36 (KHTML, like Gecko; compatible; GPTBot/1.3; +https://openai.com/gptbot)"
74.7.227.142 - - [16/Mar/2026:14:04:06 +0000] "GET /vendor/nette/caching/?NA HTTP/1.1" 200 737 "http://www.mianjeepos.bms69.com/vendor/nette/caching/?SA" "Mozilla/5.0 AppleWebKit/537.36 (KHTML, like Gecko; compatible; GPTBot/1.3; +https://openai.com/gptbot)"
74.7.227.142 - - [16/Mar/2026:14:04:15 +0000] "GET /vendor/maennchen/zipstream-php/src/Time.php HTTP/1.1" 200 0 "http://www.mianjeepos.bms69.com/vendor/maennchen/zipstream-php/src/?MA" "Mozilla/5.0 AppleWebKit/537.36 (KHTML, like Gecko; compatible; GPTBot/1.3; +https://openai.com/gptbot)"
74.7.227.142 - - [16/Mar/2026:14:04:20 +0000] "GET /vendor/phpoffice/phpspreadsheet/src/PhpSpreadsheet/Calculation/MathTrig/Exp.php HTTP/1.1" 500 0 "http://www.mianjeepos.bms69.com/vendor/phpoffice/phpspreadsheet/src/PhpSpreadsheet/Calculation/MathTrig/" "Mozilla/5.0 AppleWebKit/537.36 (KHTML, like Gecko; compatible; GPTBot/1.3; +https://openai.com/gptbot)"
74.7.227.142 - - [16/Mar/2026:14:04:24 +0000] "GET /vendor/phpoffice/phpspreadsheet/src/PhpSpreadsheet/Calculation/MathTrig/Lcm.php HTTP/1.1" 200 0 "http://www.mianjeepos.bms69.com/vendor/phpoffice/phpspreadsheet/src/PhpSpreadsheet/Calculation/MathTrig/" "Mozilla/5.0 AppleWebKit/537.36 (KHTML, like Gecko; compatible; GPTBot/1.3; +https://openai.com/gptbot)"
74.7.227.142 - - [16/Mar/2026:14:04:37 +0000] "GET /vendor/phpoffice/phpspreadsheet/src/PhpSpreadsheet/Calculation/MathTrig/Roman.php HTTP/1.1" 500 0 "http://www.mianjeepos.bms69.com/vendor/phpoffice/phpspreadsheet/src/PhpSpreadsheet/Calculation/MathTrig/" "Mozilla/5.0 AppleWebKit/537.36 (KHTML, like Gecko; compatible; GPTBot/1.3; +https://openai.com/gptbot)"
74.7.227.142 - - [16/Mar/2026:14:04:41 +0000] "GET /vendor/laravel/framework/src/Illuminate/Notifications/Events/NotificationSent.php HTTP/1.1" 500 0 "http://www.mianjeepos.bms69.com/vendor/laravel/framework/src/Illuminate/Notifications/Events/" "Mozilla/5.0 AppleWebKit/537.36 (KHTML, like Gecko; compatible; GPTBot/1.3; +https://openai.com/gptbot)"
74.7.227.166 - - [16/Mar/2026:14:05:50 +0000] "GET /vendor/laravel/framework/src/Illuminate/Testing/Exceptions/ HTTP/1.1" 200 733 "http://mianjeepos.bms69.com/vendor/laravel/framework/src/Illuminate/Testing/" "Mozilla/5.0 AppleWebKit/537.36 (KHTML, like Gecko; compatible; GPTBot/1.3; +https://openai.com/gptbot)"
74.7.227.166 - - [16/Mar/2026:14:07:50 +0000] "GET /vendor/laravel/framework/src/Illuminate/Support/error_log HTTP/1.1" 403 1242 "http://mianjeepos.bms69.com/vendor/laravel/framework/src/Illuminate/Support/" "Mozilla/5.0 AppleWebKit/537.36 (KHTML, like Gecko; compatible; GPTBot/1.3; +https://openai.com/gptbot)"
74.7.227.166 - - [16/Mar/2026:14:08:17 +0000] "GET /vendor/laravel/framework/src/Illuminate/Process/Exceptions/ HTTP/1.1" 200 761 "http://mianjeepos.bms69.com/vendor/laravel/framework/src/Illuminate/Process/" "Mozilla/5.0 AppleWebKit/537.36 (KHTML, like Gecko; compatible; GPTBot/1.3; +https://openai.com/gptbot)"
74.7.227.142 - - [16/Mar/2026:14:08:17 +0000] "GET /vendor/phpoffice/phpspreadsheet/src/PhpSpreadsheet/Calculation/MathTrig/Round.php HTTP/1.1" 500 0 "http://www.mianjeepos.bms69.com/vendor/phpoffice/phpspreadsheet/src/PhpSpreadsheet/Calculation/MathTrig/" "Mozilla/5.0 AppleWebKit/537.36 (KHTML, like Gecko; compatible; GPTBot/1.3; +https://openai.com/gptbot)"
74.7.227.142 - - [16/Mar/2026:14:09:19 +0000] "GET /vendor/laravel/framework/src/Illuminate/Redis/Connections/PhpRedisConnection.php HTTP/1.1" 500 0 "http://www.mianjeepos.bms69.com/vendor/laravel/framework/src/Illuminate/Redis/Connections/" "Mozilla/5.0 AppleWebKit/537.36 (KHTML, like Gecko; compatible; GPTBot/1.3; +https://openai.com/gptbot)"
74.7.227.166 - - [16/Mar/2026:14:09:35 +0000] "GET /vendor/league/commonmark/src/Extension/TaskList/error_log HTTP/1.1" 403 1242 "http://mianjeepos.bms69.com/vendor/league/commonmark/src/Extension/TaskList/" "Mozilla/5.0 AppleWebKit/537.36 (KHTML, like Gecko; compatible; GPTBot/1.3; +https://openai.com/gptbot)"
74.7.244.31 - - [16/Mar/2026:14:08:17 +0000] "GET /robots.txt HTTP/1.1" 404 1251 "-" "Mozilla/5.0 (Macintosh; Intel Mac OS X 10_15_7) AppleWebKit/537.36 (KHTML, like Gecko) Chrome/131.0.0.0 Safari/537.36; compatible; OAI-SearchBot/1.3; robots.txt; +https://openai.com/searchbot"
74.7.227.166 - - [16/Mar/2026:14:08:44 +0000] "GET /vendor/laravel/framework/src/Illuminate/Database/Capsule/ HTTP/1.1" 200 717 "http://mianjeepos.bms69.com/vendor/laravel/framework/src/Illuminate/Database/" "Mozilla/5.0 AppleWebKit/537.36 (KHTML, like Gecko; compatible; GPTBot/1.3; +https://openai.com/gptbot)"
74.7.227.166 - - [16/Mar/2026:14:09:18 +0000] "GET /vendor/laravel/framework/src/Illuminate/Foundation/stubs/ HTTP/1.1" 200 652 "http://mianjeepos.bms69.com/vendor/laravel/framework/src/Illuminate/Foundation/" "Mozilla/5.0 AppleWebKit/537.36 (KHTML, like Gecko; compatible; GPTBot/1.3; +https://openai.com/gptbot)"
74.7.227.166 - - [16/Mar/2026:14:10:20 +0000] "GET /vendor/laravel/framework/src/Illuminate/Foundation/Support/Providers/ HTTP/1.1" 200 789 "http://mianjeepos.bms69.com/vendor/laravel/framework/src/Illuminate/Foundation/Support/" "Mozilla/5.0 AppleWebKit/537.36 (KHTML, like Gecko; compatible; GPTBot/1.3; +https://openai.com/gptbot)"
74.7.227.166 - - [16/Mar/2026:14:11:17 +0000] "GET /vendor/league/commonmark/src/Extension/FrontMatter/Output/error_log HTTP/1.1" 403 1242 "http://mianjeepos.bms69.com/vendor/league/commonmark/src/Extension/FrontMatter/Output/" "Mozilla/5.0 AppleWebKit/537.36 (KHTML, like Gecko; compatible; GPTBot/1.3; +https://openai.com/gptbot)"
74.7.227.166 - - [16/Mar/2026:14:12:07 +0000] "GET /vendor/laravel/framework/src/Illuminate/Testing/Concerns/AssertsStatusCodes.php HTTP/1.1" 200 0 "http://mianjeepos.bms69.com/vendor/laravel/framework/src/Illuminate/Testing/Concerns/" "Mozilla/5.0 AppleWebKit/537.36 (KHTML, like Gecko; compatible; GPTBot/1.3; +https://openai.com/gptbot)"
74.7.227.142 - - [16/Mar/2026:14:12:22 +0000] "GET /vendor/symfony/service-contracts/Attribute/?ND HTTP/1.1" 200 682 "http://www.mianjeepos.bms69.com/vendor/symfony/service-contracts/Attribute/" "Mozilla/5.0 AppleWebKit/537.36 (KHTML, like Gecko; compatible; GPTBot/1.3; +https://openai.com/gptbot)"
74.7.227.142 - - [16/Mar/2026:14:13:23 +0000] "GET /vendor/symfony/service-contracts/Attribute/?MA HTTP/1.1" 200 685 "http://www.mianjeepos.bms69.com/vendor/symfony/service-contracts/Attribute/" "Mozilla/5.0 AppleWebKit/537.36 (KHTML, like Gecko; compatible; GPTBot/1.3; +https://openai.com/gptbot)"
74.7.244.31 - - [16/Mar/2026:14:13:23 +0000] "GET /robots.txt HTTP/1.1" 404 1251 "-" "Mozilla/5.0 (Macintosh; Intel Mac OS X 10_15_7) AppleWebKit/537.36 (KHTML, like Gecko) Chrome/131.0.0.0 Safari/537.36; compatible; OAI-SearchBot/1.3; robots.txt; +https://openai.com/searchbot"
74.7.227.166 - - [16/Mar/2026:14:14:41 +0000] "GET /vendor/laravel/framework/src/Illuminate/Database/Capsule/error_log HTTP/1.1" 403 1242 "http://mianjeepos.bms69.com/vendor/laravel/framework/src/Illuminate/Database/Capsule/" "Mozilla/5.0 AppleWebKit/537.36 (KHTML, like Gecko; compatible; GPTBot/1.3; +https://openai.com/gptbot)"
74.7.227.142 - - [16/Mar/2026:14:15:11 +0000] "GET /resources/js/components/admin/productsReport/?MA HTTP/1.1" 200 708 "http://www.mianjeepos.bms69.com/resources/js/components/admin/productsReport/" "Mozilla/5.0 AppleWebKit/537.36 (KHTML, like Gecko; compatible; GPTBot/1.3; +https://openai.com/gptbot)"
74.7.227.166 - - [16/Mar/2026:14:15:44 +0000] "GET /vendor/laravel/framework/src/Illuminate/Foundation/stubs/facade.stub HTTP/1.1" 200 304 "http://mianjeepos.bms69.com/vendor/laravel/framework/src/Illuminate/Foundation/stubs/" "Mozilla/5.0 AppleWebKit/537.36 (KHTML, like Gecko; compatible; GPTBot/1.3; +https://openai.com/gptbot)"
74.7.227.142 - - [16/Mar/2026:14:15:54 +0000] "GET /resources/js/components/admin/productsReport/?SA HTTP/1.1" 200 706 "http://www.mianjeepos.bms69.com/resources/js/components/admin/productsReport/" "Mozilla/5.0 AppleWebKit/537.36 (KHTML, like Gecko; compatible; GPTBot/1.3; +https://openai.com/gptbot)"
74.7.227.166 - - [16/Mar/2026:14:10:01 +0000] "GET /vendor/laravel/framework/src/Illuminate/Auth/Notifications/ HTTP/1.1" 200 756 "http://mianjeepos.bms69.com/vendor/laravel/framework/src/Illuminate/Auth/" "Mozilla/5.0 AppleWebKit/537.36 (KHTML, like Gecko; compatible; GPTBot/1.3; +https://openai.com/gptbot)"
74.7.227.142 - - [16/Mar/2026:14:10:16 +0000] "GET /vendor/ezyang/htmlpurifier/library/HTMLPurifier/AttrDef/CSS/URI.php HTTP/1.1" 500 0 "http://www.mianjeepos.bms69.com/vendor/ezyang/htmlpurifier/library/HTMLPurifier/AttrDef/CSS/" "Mozilla/5.0 AppleWebKit/537.36 (KHTML, like Gecko; compatible; GPTBot/1.3; +https://openai.com/gptbot)"
74.7.227.166 - - [16/Mar/2026:14:10:43 +0000] "GET /vendor/league/commonmark/src/Extension/Attributes/Parser/error_log HTTP/1.1" 403 1242 "http://mianjeepos.bms69.com/vendor/league/commonmark/src/Extension/Attributes/Parser/" "Mozilla/5.0 AppleWebKit/537.36 (KHTML, like Gecko; compatible; GPTBot/1.3; +https://openai.com/gptbot)"
74.7.227.166 - - [16/Mar/2026:14:10:56 +0000] "GET /vendor/laravel/framework/src/Illuminate/Testing/Exceptions/InvalidArgumentException.php HTTP/1.1" 500 0 "http://mianjeepos.bms69.com/vendor/laravel/framework/src/Illuminate/Testing/Exceptions/" "Mozilla/5.0 AppleWebKit/537.36 (KHTML, like Gecko; compatible; GPTBot/1.3; +https://openai.com/gptbot)"
74.7.227.142 - - [16/Mar/2026:14:11:22 +0000] "GET /vendor/ezyang/htmlpurifier/library/HTMLPurifier/AttrDef/URI/Host.php HTTP/1.1" 500 0 "http://www.mianjeepos.bms69.com/vendor/ezyang/htmlpurifier/library/HTMLPurifier/AttrDef/URI/" "Mozilla/5.0 AppleWebKit/537.36 (KHTML, like Gecko; compatible; GPTBot/1.3; +https://openai.com/gptbot)"
74.7.227.166 - - [16/Mar/2026:14:13:05 +0000] "GET /vendor/laravel/framework/src/Illuminate/Testing/Exceptions/error_log HTTP/1.1" 403 1242 "http://mianjeepos.bms69.com/vendor/laravel/framework/src/Illuminate/Testing/Exceptions/" "Mozilla/5.0 AppleWebKit/537.36 (KHTML, like Gecko; compatible; GPTBot/1.3; +https://openai.com/gptbot)"
74.7.227.166 - - [16/Mar/2026:14:14:08 +0000] "GET /vendor/laravel/framework/src/Illuminate/Process/Exceptions/ProcessTimedOutException.php HTTP/1.1" 500 0 "http://mianjeepos.bms69.com/vendor/laravel/framework/src/Illuminate/Process/Exceptions/" "Mozilla/5.0 AppleWebKit/537.36 (KHTML, like Gecko; compatible; GPTBot/1.3; +https://openai.com/gptbot)"
74.7.227.142 - - [16/Mar/2026:14:14:24 +0000] "GET /vendor/symfony/service-contracts/Attribute/?SA HTTP/1.1" 200 683 "http://www.mianjeepos.bms69.com/vendor/symfony/service-contracts/Attribute/" "Mozilla/5.0 AppleWebKit/537.36 (KHTML, like Gecko; compatible; GPTBot/1.3; +https://openai.com/gptbot)"
74.7.175.187 - - [16/Mar/2026:14:15:44 +0000] "GET /robots.txt HTTP/1.1" 404 1251 "-" "Mozilla/5.0 (Macintosh; Intel Mac OS X 10_15_7) AppleWebKit/537.36 (KHTML, like Gecko) Chrome/131.0.0.0 Safari/537.36; compatible; OAI-SearchBot/1.3; robots.txt; +https://openai.com/searchbot"
74.7.227.166 - - [16/Mar/2026:14:16:45 +0000] "GET /vendor/laravel/framework/src/Illuminate/Process/Exceptions/ProcessFailedException.php HTTP/1.1" 200 0 "http://mianjeepos.bms69.com/vendor/laravel/framework/src/Illuminate/Process/Exceptions/" "Mozilla/5.0 AppleWebKit/537.36 (KHTML, like Gecko; compatible; GPTBot/1.3; +https://openai.com/gptbot)"
74.7.227.142 - - [16/Mar/2026:14:17:44 +0000] "GET /vendor/ezyang/htmlpurifier/library/HTMLPurifier/Injector/Linkify.php HTTP/1.1" 500 0 "http://www.mianjeepos.bms69.com/vendor/ezyang/htmlpurifier/library/HTMLPurifier/Injector/" "Mozilla/5.0 AppleWebKit/537.36 (KHTML, like Gecko; compatible; GPTBot/1.3; +https://openai.com/gptbot)"
74.7.227.142 - - [16/Mar/2026:14:18:47 +0000] "GET /vendor/ezyang/htmlpurifier/library/HTMLPurifier/ChildDef/Chameleon.php HTTP/1.1" 500 0 "http://www.mianjeepos.bms69.com/vendor/ezyang/htmlpurifier/library/HTMLPurifier/ChildDef/" "Mozilla/5.0 AppleWebKit/537.36 (KHTML, like Gecko; compatible; GPTBot/1.3; +https://openai.com/gptbot)"
74.7.227.142 - - [16/Mar/2026:14:16:36 +0000] "GET /resources/js/components/admin/productsReport/?NA HTTP/1.1" 200 703 "http://www.mianjeepos.bms69.com/resources/js/components/admin/productsReport/?ND" "Mozilla/5.0 AppleWebKit/537.36 (KHTML, like Gecko; compatible; GPTBot/1.3; +https://openai.com/gptbot)"
74.7.227.142 - - [16/Mar/2026:14:17:10 +0000] "GET /vendor/ezyang/htmlpurifier/library/HTMLPurifier/ChildDef/Required.php HTTP/1.1" 500 0 "http://www.mianjeepos.bms69.com/vendor/ezyang/htmlpurifier/library/HTMLPurifier/ChildDef/" "Mozilla/5.0 AppleWebKit/537.36 (KHTML, like Gecko; compatible; GPTBot/1.3; +https://openai.com/gptbot)"
74.7.227.166 - - [16/Mar/2026:14:17:44 +0000] "GET /vendor/laravel/framework/src/Illuminate/Auth/Notifications/error_log HTTP/1.1" 403 1242 "http://mianjeepos.bms69.com/vendor/laravel/framework/src/Illuminate/Auth/Notifications/" "Mozilla/5.0 AppleWebKit/537.36 (KHTML, like Gecko; compatible; GPTBot/1.3; +https://openai.com/gptbot)"
74.7.227.166 - - [16/Mar/2026:14:18:36 +0000] "GET /vendor/laravel/framework/src/Illuminate/Process/Exceptions/error_log HTTP/1.1" 403 1242 "http://mianjeepos.bms69.com/vendor/laravel/framework/src/Illuminate/Process/Exceptions/" "Mozilla/5.0 AppleWebKit/537.36 (KHTML, like Gecko; compatible; GPTBot/1.3; +https://openai.com/gptbot)"
74.7.244.31 - - [16/Mar/2026:14:18:47 +0000] "GET /robots.txt HTTP/1.1" 404 1251 "-" "Mozilla/5.0 (Macintosh; Intel Mac OS X 10_15_7) AppleWebKit/537.36 (KHTML, like Gecko) Chrome/131.0.0.0 Safari/537.36; compatible; OAI-SearchBot/1.3; robots.txt; +https://openai.com/searchbot"
74.7.227.166 - - [16/Mar/2026:14:20:21 +0000] "GET /vendor/laravel/framework/src/Illuminate/Auth/Notifications/VerifyEmail.php HTTP/1.1" 500 0 "http://mianjeepos.bms69.com/vendor/laravel/framework/src/Illuminate/Auth/Notifications/" "Mozilla/5.0 AppleWebKit/537.36 (KHTML, like Gecko; compatible; GPTBot/1.3; +https://openai.com/gptbot)"
74.7.175.187 - - [16/Mar/2026:14:21:26 +0000] "GET /robots.txt HTTP/1.1" 404 1251 "-" "Mozilla/5.0 (Macintosh; Intel Mac OS X 10_15_7) AppleWebKit/537.36 (KHTML, like Gecko) Chrome/131.0.0.0 Safari/537.36; compatible; OAI-SearchBot/1.3; robots.txt; +https://openai.com/searchbot"
74.7.227.166 - - [16/Mar/2026:14:22:28 +0000] "GET /vendor/laravel/framework/src/Illuminate/Testing/Concerns/TestDatabases.php HTTP/1.1" 200 0 "http://mianjeepos.bms69.com/vendor/laravel/framework/src/Illuminate/Testing/Concerns/" "Mozilla/5.0 AppleWebKit/537.36 (KHTML, like Gecko; compatible; GPTBot/1.3; +https://openai.com/gptbot)"
74.7.227.142 - - [16/Mar/2026:14:23:00 +0000] "GET /vendor/symfony/service-contracts/Attribute/?MD HTTP/1.1" 200 685 "http://www.mianjeepos.bms69.com/vendor/symfony/service-contracts/Attribute/?MA" "Mozilla/5.0 AppleWebKit/537.36 (KHTML, like Gecko; compatible; GPTBot/1.3; +https://openai.com/gptbot)"
74.7.227.166 - - [16/Mar/2026:14:23:24 +0000] "GET /vendor/laravel/framework/src/Illuminate/Database/Capsule/Manager.php HTTP/1.1" 500 0 "http://mianjeepos.bms69.com/vendor/laravel/framework/src/Illuminate/Database/Capsule/" "Mozilla/5.0 AppleWebKit/537.36 (KHTML, like Gecko; compatible; GPTBot/1.3; +https://openai.com/gptbot)"
74.7.227.166 - - [16/Mar/2026:14:24:18 +0000] "GET /vendor/laravel/framework/src/Illuminate/Foundation/Routing/ HTTP/1.1" 200 769 "http://mianjeepos.bms69.com/vendor/laravel/framework/src/Illuminate/Foundation/" "Mozilla/5.0 AppleWebKit/537.36 (KHTML, like Gecko; compatible; GPTBot/1.3; +https://openai.com/gptbot)"
74.7.227.166 - - [16/Mar/2026:14:25:19 +0000] "GET /vendor/laravel/framework/src/Illuminate/Redis/Connectors/ HTTP/1.1" 200 746 "http://mianjeepos.bms69.com/vendor/laravel/framework/src/Illuminate/Redis/" "Mozilla/5.0 AppleWebKit/537.36 (KHTML, like Gecko; compatible; GPTBot/1.3; +https://openai.com/gptbot)"
74.7.227.142 - - [16/Mar/2026:14:25:31 +0000] "GET /resources/js/components/admin/productsReport/?SD HTTP/1.1" 200 704 "http://www.mianjeepos.bms69.com/resources/js/components/admin/productsReport/?SA" "Mozilla/5.0 AppleWebKit/537.36 (KHTML, like Gecko; compatible; GPTBot/1.3; +https://openai.com/gptbot)"
74.7.227.142 - - [16/Mar/2026:14:26:50 +0000] "GET /vendor/ezyang/htmlpurifier/library/HTMLPurifier/ChildDef/Optional.php HTTP/1.1" 500 0 "http://www.mianjeepos.bms69.com/vendor/ezyang/htmlpurifier/library/HTMLPurifier/ChildDef/" "Mozilla/5.0 AppleWebKit/537.36 (KHTML, like Gecko; compatible; GPTBot/1.3; +https://openai.com/gptbot)"
74.7.227.166 - - [16/Mar/2026:14:27:07 +0000] "GET /vendor/laravel/framework/src/Illuminate/Routing/Contracts/ControllerDispatcher.php HTTP/1.1" 200 0 "http://mianjeepos.bms69.com/vendor/laravel/framework/src/Illuminate/Routing/Contracts/" "Mozilla/5.0 AppleWebKit/537.36 (KHTML, like Gecko; compatible; GPTBot/1.3; +https://openai.com/gptbot)"
74.7.175.187 - - [16/Mar/2026:14:27:07 +0000] "GET /robots.txt HTTP/1.1" 404 1251 "-" "Mozilla/5.0 (Macintosh; Intel Mac OS X 10_15_7) AppleWebKit/537.36 (KHTML, like Gecko) Chrome/131.0.0.0 Safari/537.36; compatible; OAI-SearchBot/1.3; robots.txt; +https://openai.com/searchbot"
74.7.227.166 - - [16/Mar/2026:14:27:55 +0000] "GET /vendor/laravel/framework/src/Illuminate/Container/EntryNotFoundException.php HTTP/1.1" 500 0 "http://mianjeepos.bms69.com/vendor/laravel/framework/src/Illuminate/Container/" "Mozilla/5.0 AppleWebKit/537.36 (KHTML, like Gecko; compatible; GPTBot/1.3; +https://openai.com/gptbot)"
74.7.227.166 - - [16/Mar/2026:14:28:42 +0000] "GET /vendor/laravel/framework/src/Illuminate/Database/RecordsNotFoundException.php HTTP/1.1" 200 0 "http://mianjeepos.bms69.com/vendor/laravel/framework/src/Illuminate/Database/" "Mozilla/5.0 AppleWebKit/537.36 (KHTML, like Gecko; compatible; GPTBot/1.3; +https://openai.com/gptbot)"
74.7.227.142 - - [16/Mar/2026:14:28:56 +0000] "GET /vendor/ezyang/htmlpurifier/library/HTMLPurifier/TagTransform/Font.php HTTP/1.1" 500 0 "http://www.mianjeepos.bms69.com/vendor/ezyang/htmlpurifier/library/HTMLPurifier/TagTransform/" "Mozilla/5.0 AppleWebKit/537.36 (KHTML, like Gecko; compatible; GPTBot/1.3; +https://openai.com/gptbot)"
74.7.227.142 - - [16/Mar/2026:14:30:01 +0000] "GET /vendor/ezyang/htmlpurifier/library/HTMLPurifier/AttrTransform/Length.php HTTP/1.1" 500 0 "http://www.mianjeepos.bms69.com/vendor/ezyang/htmlpurifier/library/HTMLPurifier/AttrTransform/" "Mozilla/5.0 AppleWebKit/537.36 (KHTML, like Gecko; compatible; GPTBot/1.3; +https://openai.com/gptbot)"
74.7.244.31 - - [16/Mar/2026:14:30:01 +0000] "GET /robots.txt HTTP/1.1" 404 1251 "-" "Mozilla/5.0 (Macintosh; Intel Mac OS X 10_15_7) AppleWebKit/537.36 (KHTML, like Gecko) Chrome/131.0.0.0 Safari/537.36; compatible; OAI-SearchBot/1.3; robots.txt; +https://openai.com/searchbot"
74.7.227.166 - - [16/Mar/2026:14:30:41 +0000] "GET /vendor/spatie/laravel-medialibrary/src/Support/FileRemover/FileBaseFileRemover.php HTTP/1.1" 500 0 "http://mianjeepos.bms69.com/vendor/spatie/laravel-medialibrary/src/Support/FileRemover/" "Mozilla/5.0 AppleWebKit/537.36 (KHTML, like Gecko; compatible; GPTBot/1.3; +https://openai.com/gptbot)"
74.7.227.142 - - [16/Mar/2026:14:31:01 +0000] "GET /vendor/maximebf/debugbar/src/DebugBar/DataCollector/PhpInfoCollector.php HTTP/1.1" 500 0 "http://www.mianjeepos.bms69.com/vendor/maximebf/debugbar/src/DebugBar/DataCollector/" "Mozilla/5.0 AppleWebKit/537.36 (KHTML, like Gecko; compatible; GPTBot/1.3; +https://openai.com/gptbot)"
74.7.227.166 - - [16/Mar/2026:14:31:33 +0000] "GET /vendor/laravel/framework/src/Illuminate/Notifications/Events/NotificationSending.php HTTP/1.1" 500 0 "http://mianjeepos.bms69.com/vendor/laravel/framework/src/Illuminate/Notifications/Events/" "Mozilla/5.0 AppleWebKit/537.36 (KHTML, like Gecko; compatible; GPTBot/1.3; +https://openai.com/gptbot)"
74.7.227.166 - - [16/Mar/2026:14:19:28 +0000] "GET /vendor/laravel/framework/src/Illuminate/Auth/Notifications/ResetPassword.php HTTP/1.1" 500 0 "http://mianjeepos.bms69.com/vendor/laravel/framework/src/Illuminate/Auth/Notifications/" "Mozilla/5.0 AppleWebKit/537.36 (KHTML, like Gecko; compatible; GPTBot/1.3; +https://openai.com/gptbot)"
74.7.227.142 - - [16/Mar/2026:14:19:51 +0000] "GET /vendor/ezyang/htmlpurifier/library/HTMLPurifier/TagTransform/Simple.php HTTP/1.1" 500 0 "http://www.mianjeepos.bms69.com/vendor/ezyang/htmlpurifier/library/HTMLPurifier/TagTransform/" "Mozilla/5.0 AppleWebKit/537.36 (KHTML, like Gecko; compatible; GPTBot/1.3; +https://openai.com/gptbot)"
74.7.227.142 - - [16/Mar/2026:14:20:52 +0000] "GET /vendor/ezyang/htmlpurifier/library/HTMLPurifier/HTMLModule/Target.php HTTP/1.1" 500 0 "http://www.mianjeepos.bms69.com/vendor/ezyang/htmlpurifier/library/HTMLPurifier/HTMLModule/" "Mozilla/5.0 AppleWebKit/537.36 (KHTML, like Gecko; compatible; GPTBot/1.3; +https://openai.com/gptbot)"
74.7.227.166 - - [16/Mar/2026:14:21:26 +0000] "GET /vendor/laravel/framework/src/Illuminate/Testing/Concerns/RunsInParallel.php HTTP/1.1" 200 0 "http://mianjeepos.bms69.com/vendor/laravel/framework/src/Illuminate/Testing/Concerns/" "Mozilla/5.0 AppleWebKit/537.36 (KHTML, like Gecko; compatible; GPTBot/1.3; +https://openai.com/gptbot)"
74.7.227.142 - - [16/Mar/2026:14:21:57 +0000] "GET /vendor/symfony/service-contracts/Attribute/?NA HTTP/1.1" 200 680 "http://www.mianjeepos.bms69.com/vendor/symfony/service-contracts/Attribute/?ND" "Mozilla/5.0 AppleWebKit/537.36 (KHTML, like Gecko; compatible; GPTBot/1.3; +https://openai.com/gptbot)"
74.7.227.142 - - [16/Mar/2026:14:23:57 +0000] "GET /vendor/symfony/service-contracts/Attribute/?SD HTTP/1.1" 200 685 "http://www.mianjeepos.bms69.com/vendor/symfony/service-contracts/Attribute/?SA" "Mozilla/5.0 AppleWebKit/537.36 (KHTML, like Gecko; compatible; GPTBot/1.3; +https://openai.com/gptbot)"
74.7.244.31 - - [16/Mar/2026:14:23:57 +0000] "GET /robots.txt HTTP/1.1" 404 1251 "-" "Mozilla/5.0 (Macintosh; Intel Mac OS X 10_15_7) AppleWebKit/537.36 (KHTML, like Gecko) Chrome/131.0.0.0 Safari/537.36; compatible; OAI-SearchBot/1.3; robots.txt; +https://openai.com/searchbot"
74.7.227.142 - - [16/Mar/2026:14:24:45 +0000] "GET /resources/js/components/admin/productsReport/?MD HTTP/1.1" 200 705 "http://www.mianjeepos.bms69.com/resources/js/components/admin/productsReport/?MA" "Mozilla/5.0 AppleWebKit/537.36 (KHTML, like Gecko; compatible; GPTBot/1.3; +https://openai.com/gptbot)"
74.7.227.142 - - [16/Mar/2026:14:26:11 +0000] "GET /vendor/ezyang/htmlpurifier/library/HTMLPurifier/HTMLModule/Hypertext.php HTTP/1.1" 500 0 "http://www.mianjeepos.bms69.com/vendor/ezyang/htmlpurifier/library/HTMLPurifier/HTMLModule/" "Mozilla/5.0 AppleWebKit/537.36 (KHTML, like Gecko; compatible; GPTBot/1.3; +https://openai.com/gptbot)"
74.7.227.166 - - [16/Mar/2026:14:26:13 +0000] "GET /vendor/laravel/framework/src/Illuminate/Redis/Connections/ HTTP/1.1" 200 1142 "http://mianjeepos.bms69.com/vendor/laravel/framework/src/Illuminate/Redis/" "Mozilla/5.0 AppleWebKit/537.36 (KHTML, like Gecko; compatible; GPTBot/1.3; +https://openai.com/gptbot)"
74.7.227.142 - - [16/Mar/2026:14:27:52 +0000] "GET /vendor/ezyang/htmlpurifier/library/HTMLPurifier/AttrTransform/Input.php HTTP/1.1" 500 0 "http://www.mianjeepos.bms69.com/vendor/ezyang/htmlpurifier/library/HTMLPurifier/AttrTransform/" "Mozilla/5.0 AppleWebKit/537.36 (KHTML, like Gecko; compatible; GPTBot/1.3; +https://openai.com/gptbot)"
74.7.227.166 - - [16/Mar/2026:14:29:46 +0000] "GET /vendor/laravel/framework/src/Illuminate/Conditionable/HigherOrderWhenProxy.php HTTP/1.1" 200 0 "http://mianjeepos.bms69.com/vendor/laravel/framework/src/Illuminate/Conditionable/" "Mozilla/5.0 AppleWebKit/537.36 (KHTML, like Gecko; compatible; GPTBot/1.3; +https://openai.com/gptbot)"
74.7.175.187 - - [16/Mar/2026:14:32:37 +0000] "GET /robots.txt HTTP/1.1" 404 1251 "-" "Mozilla/5.0 (Macintosh; Intel Mac OS X 10_15_7) AppleWebKit/537.36 (KHTML, like Gecko) Chrome/131.0.0.0 Safari/537.36; compatible; OAI-SearchBot/1.3; robots.txt; +https://openai.com/searchbot"
74.7.227.166 - - [16/Mar/2026:14:34:41 +0000] "GET /vendor/laravel/framework/src/Illuminate/Foundation/Routing/error_log HTTP/1.1" 403 1242 "http://mianjeepos.bms69.com/vendor/laravel/framework/src/Illuminate/Foundation/Routing/" "Mozilla/5.0 AppleWebKit/537.36 (KHTML, like Gecko; compatible; GPTBot/1.3; +https://openai.com/gptbot)"
74.7.227.142 - - [16/Mar/2026:14:35:20 +0000] "GET /vendor/ezyang/htmlpurifier/library/HTMLPurifier/Strategy/Composite.php HTTP/1.1" 500 0 "http://www.mianjeepos.bms69.com/vendor/ezyang/htmlpurifier/library/HTMLPurifier/Strategy/" "Mozilla/5.0 AppleWebKit/537.36 (KHTML, like Gecko; compatible; GPTBot/1.3; +https://openai.com/gptbot)"
74.7.227.166 - - [16/Mar/2026:14:35:51 +0000] "GET /vendor/laravel/framework/src/Illuminate/Redis/Connectors/error_log HTTP/1.1" 403 1242 "http://mianjeepos.bms69.com/vendor/laravel/framework/src/Illuminate/Redis/Connectors/" "Mozilla/5.0 AppleWebKit/537.36 (KHTML, like Gecko; compatible; GPTBot/1.3; +https://openai.com/gptbot)"
74.7.227.142 - - [16/Mar/2026:14:36:22 +0000] "GET /vendor/ezyang/htmlpurifier/library/HTMLPurifier/HTMLModule/Tables.php HTTP/1.1" 500 0 "http://www.mianjeepos.bms69.com/vendor/ezyang/htmlpurifier/library/HTMLPurifier/HTMLModule/" "Mozilla/5.0 AppleWebKit/537.36 (KHTML, like Gecko; compatible; GPTBot/1.3; +https://openai.com/gptbot)"
74.7.227.166 - - [16/Mar/2026:14:37:54 +0000] "GET /vendor/laravel/framework/src/Illuminate/Redis/Connectors/PredisConnector.php HTTP/1.1" 500 0 "http://mianjeepos.bms69.com/vendor/laravel/framework/src/Illuminate/Redis/Connectors/" "Mozilla/5.0 AppleWebKit/537.36 (KHTML, like Gecko; compatible; GPTBot/1.3; +https://openai.com/gptbot)"
74.7.227.142 - - [16/Mar/2026:14:38:22 +0000] "GET /vendor/ezyang/htmlpurifier/library/HTMLPurifier/HTMLModule/Nofollow.php HTTP/1.1" 500 0 "http://www.mianjeepos.bms69.com/vendor/ezyang/htmlpurifier/library/HTMLPurifier/HTMLModule/" "Mozilla/5.0 AppleWebKit/537.36 (KHTML, like Gecko; compatible; GPTBot/1.3; +https://openai.com/gptbot)"
74.7.227.166 - - [16/Mar/2026:14:38:55 +0000] "GET /vendor/laravel/framework/src/Illuminate/Redis/Connectors/PhpRedisConnector.php HTTP/1.1" 500 0 "http://mianjeepos.bms69.com/vendor/laravel/framework/src/Illuminate/Redis/Connectors/" "Mozilla/5.0 AppleWebKit/537.36 (KHTML, like Gecko; compatible; GPTBot/1.3; +https://openai.com/gptbot)"
74.7.227.142 - - [16/Mar/2026:14:39:29 +0000] "GET /vendor/ezyang/htmlpurifier/library/HTMLPurifier/AttrTransform/BdoDir.php HTTP/1.1" 500 0 "http://www.mianjeepos.bms69.com/vendor/ezyang/htmlpurifier/library/HTMLPurifier/AttrTransform/" "Mozilla/5.0 AppleWebKit/537.36 (KHTML, like Gecko; compatible; GPTBot/1.3; +https://openai.com/gptbot)"
74.7.227.142 - - [16/Mar/2026:14:40:30 +0000] "GET /vendor/ezyang/htmlpurifier/library/HTMLPurifier/AttrTransform/Border.php HTTP/1.1" 500 0 "http://www.mianjeepos.bms69.com/vendor/ezyang/htmlpurifier/library/HTMLPurifier/AttrTransform/" "Mozilla/5.0 AppleWebKit/537.36 (KHTML, like Gecko; compatible; GPTBot/1.3; +https://openai.com/gptbot)"
74.7.244.31 - - [16/Mar/2026:14:40:31 +0000] "GET /robots.txt HTTP/1.1" 404 1251 "-" "Mozilla/5.0 (Macintosh; Intel Mac OS X 10_15_7) AppleWebKit/537.36 (KHTML, like Gecko) Chrome/131.0.0.0 Safari/537.36; compatible; OAI-SearchBot/1.3; robots.txt; +https://openai.com/searchbot"
74.7.227.142 - - [16/Mar/2026:14:41:34 +0000] "GET /vendor/ezyang/htmlpurifier/library/HTMLPurifier/AttrTransform/Lang.php HTTP/1.1" 500 0 "http://www.mianjeepos.bms69.com/vendor/ezyang/htmlpurifier/library/HTMLPurifier/AttrTransform/" "Mozilla/5.0 AppleWebKit/537.36 (KHTML, like Gecko; compatible; GPTBot/1.3; +https://openai.com/gptbot)"
74.7.227.142 - - [16/Mar/2026:14:32:06 +0000] "GET /vendor/ezyang/htmlpurifier/library/HTMLPurifier/AttrTransform/Name.php HTTP/1.1" 500 0 "http://www.mianjeepos.bms69.com/vendor/ezyang/htmlpurifier/library/HTMLPurifier/AttrTransform/" "Mozilla/5.0 AppleWebKit/537.36 (KHTML, like Gecko; compatible; GPTBot/1.3; +https://openai.com/gptbot)"
74.7.227.166 - - [16/Mar/2026:14:32:36 +0000] "GET /vendor/laravel/framework/src/Illuminate/Notifications/Events/NotificationFailed.php HTTP/1.1" 500 0 "http://mianjeepos.bms69.com/vendor/laravel/framework/src/Illuminate/Notifications/Events/" "Mozilla/5.0 AppleWebKit/537.36 (KHTML, like Gecko; compatible; GPTBot/1.3; +https://openai.com/gptbot)"
74.7.227.142 - - [16/Mar/2026:14:33:10 +0000] "GET /vendor/ezyang/htmlpurifier/library/HTMLPurifier/HTMLModule/Iframe.php HTTP/1.1" 500 0 "http://www.mianjeepos.bms69.com/vendor/ezyang/htmlpurifier/library/HTMLPurifier/HTMLModule/" "Mozilla/5.0 AppleWebKit/537.36 (KHTML, like Gecko; compatible; GPTBot/1.3; +https://openai.com/gptbot)"
74.7.227.166 - - [16/Mar/2026:14:33:37 +0000] "GET /vendor/league/commonmark/src/Extension/Attributes/Parser/AttributesInlineParser.php HTTP/1.1" 500 0 "http://mianjeepos.bms69.com/vendor/league/commonmark/src/Extension/Attributes/Parser/" "Mozilla/5.0 AppleWebKit/537.36 (KHTML, like Gecko; compatible; GPTBot/1.3; +https://openai.com/gptbot)"
74.7.227.142 - - [16/Mar/2026:14:34:18 +0000] "GET /vendor/ezyang/htmlpurifier/library/HTMLPurifier/DefinitionCache/Null.php HTTP/1.1" 500 0 "http://www.mianjeepos.bms69.com/vendor/ezyang/htmlpurifier/library/HTMLPurifier/DefinitionCache/" "Mozilla/5.0 AppleWebKit/537.36 (KHTML, like Gecko; compatible; GPTBot/1.3; +https://openai.com/gptbot)"
