74.7.227.142 - - [16/Mar/2026:23:23:29 +0000] "GET /vendor/laravel/framework/src/Illuminate/Log/Events/ HTTP/1.1" 200 668 "http://www.mianjeepos.bms69.com/vendor/laravel/framework/src/Illuminate/Log/" "Mozilla/5.0 AppleWebKit/537.36 (KHTML, like Gecko; compatible; GPTBot/1.3; +https://openai.com/gptbot)"
74.7.227.166 - - [16/Mar/2026:23:24:09 +0000] "GET /vendor/phpoffice/phpspreadsheet/src/PhpSpreadsheet/Calculation/LookupRef/Sort.php HTTP/1.1" 500 0 "http://mianjeepos.bms69.com/vendor/phpoffice/phpspreadsheet/src/PhpSpreadsheet/Calculation/LookupRef/" "Mozilla/5.0 AppleWebKit/537.36 (KHTML, like Gecko; compatible; GPTBot/1.3; +https://openai.com/gptbot)"
74.7.227.142 - - [16/Mar/2026:23:24:53 +0000] "GET /vendor/doctrine/dbal/src/Platforms/SQLite/error_log HTTP/1.1" 403 1242 "http://www.mianjeepos.bms69.com/vendor/doctrine/dbal/src/Platforms/SQLite/" "Mozilla/5.0 AppleWebKit/537.36 (KHTML, like Gecko; compatible; GPTBot/1.3; +https://openai.com/gptbot)"
74.7.227.166 - - [16/Mar/2026:23:25:12 +0000] "GET /vendor/phpoffice/phpspreadsheet/src/PhpSpreadsheet/Calculation/MathTrig/Floor.php HTTP/1.1" 500 0 "http://mianjeepos.bms69.com/vendor/phpoffice/phpspreadsheet/src/PhpSpreadsheet/Calculation/MathTrig/" "Mozilla/5.0 AppleWebKit/537.36 (KHTML, like Gecko; compatible; GPTBot/1.3; +https://openai.com/gptbot)"
74.7.227.142 - - [16/Mar/2026:23:25:15 +0000] "GET /vendor/symfony/mailer/Transport/Smtp/Auth/error_log HTTP/1.1" 403 1242 "http://www.mianjeepos.bms69.com/vendor/symfony/mailer/Transport/Smtp/Auth/" "Mozilla/5.0 AppleWebKit/537.36 (KHTML, like Gecko; compatible; GPTBot/1.3; +https://openai.com/gptbot)"
74.7.227.142 - - [16/Mar/2026:23:25:37 +0000] "GET /vendor/laravel/framework/src/Illuminate/Foundation/Providers/FoundationServiceProvider.php HTTP/1.1" 500 0 "http://www.mianjeepos.bms69.com/vendor/laravel/framework/src/Illuminate/Foundation/Providers/" "Mozilla/5.0 AppleWebKit/537.36 (KHTML, like Gecko; compatible; GPTBot/1.3; +https://openai.com/gptbot)"
74.7.227.166 - - [16/Mar/2026:23:26:17 +0000] "GET /vendor/phpoffice/phpspreadsheet/src/PhpSpreadsheet/Calculation/MathTrig/Sign.php HTTP/1.1" 500 0 "http://mianjeepos.bms69.com/vendor/phpoffice/phpspreadsheet/src/PhpSpreadsheet/Calculation/MathTrig/" "Mozilla/5.0 AppleWebKit/537.36 (KHTML, like Gecko; compatible; GPTBot/1.3; +https://openai.com/gptbot)"
74.7.227.166 - - [16/Mar/2026:23:27:22 +0000] "GET /vendor/phpoffice/phpspreadsheet/src/PhpSpreadsheet/Calculation/MathTrig/Sqrt.php HTTP/1.1" 500 0 "http://mianjeepos.bms69.com/vendor/phpoffice/phpspreadsheet/src/PhpSpreadsheet/Calculation/MathTrig/" "Mozilla/5.0 AppleWebKit/537.36 (KHTML, like Gecko; compatible; GPTBot/1.3; +https://openai.com/gptbot)"
74.7.175.187 - - [16/Mar/2026:23:27:22 +0000] "GET /robots.txt HTTP/1.1" 404 1251 "-" "Mozilla/5.0 (Macintosh; Intel Mac OS X 10_15_7) AppleWebKit/537.36 (KHTML, like Gecko) Chrome/131.0.0.0 Safari/537.36; compatible; OAI-SearchBot/1.3; robots.txt; +https://openai.com/searchbot"
74.7.227.142 - - [16/Mar/2026:23:28:00 +0000] "GET /vendor/doctrine/dbal/src/Driver/SQLSrv/Result.php HTTP/1.1" 500 0 "http://www.mianjeepos.bms69.com/vendor/doctrine/dbal/src/Driver/SQLSrv/" "Mozilla/5.0 AppleWebKit/537.36 (KHTML, like Gecko; compatible; GPTBot/1.3; +https://openai.com/gptbot)"
74.7.227.166 - - [16/Mar/2026:23:28:28 +0000] "GET /vendor/phpoffice/phpspreadsheet/src/PhpSpreadsheet/Calculation/LookupRef/Unique.php HTTP/1.1" 200 0 "http://mianjeepos.bms69.com/vendor/phpoffice/phpspreadsheet/src/PhpSpreadsheet/Calculation/LookupRef/" "Mozilla/5.0 AppleWebKit/537.36 (KHTML, like Gecko; compatible; GPTBot/1.3; +https://openai.com/gptbot)"
74.7.227.166 - - [16/Mar/2026:23:29:33 +0000] "GET /vendor/phpoffice/phpspreadsheet/src/PhpSpreadsheet/Calculation/MathTrig/Subtotal.php HTTP/1.1" 200 0 "http://mianjeepos.bms69.com/vendor/phpoffice/phpspreadsheet/src/PhpSpreadsheet/Calculation/MathTrig/" "Mozilla/5.0 AppleWebKit/537.36 (KHTML, like Gecko; compatible; GPTBot/1.3; +https://openai.com/gptbot)"
74.7.227.142 - - [16/Mar/2026:23:30:57 +0000] "GET /vendor/laravel/framework/src/Illuminate/Log/Events/MessageLogged.php HTTP/1.1" 200 0 "http://www.mianjeepos.bms69.com/vendor/laravel/framework/src/Illuminate/Log/Events/" "Mozilla/5.0 AppleWebKit/537.36 (KHTML, like Gecko; compatible; GPTBot/1.3; +https://openai.com/gptbot)"
74.7.227.142 - - [16/Mar/2026:23:24:01 +0000] "GET /vendor/laravel/framework/src/Illuminate/Cache/Events/ HTTP/1.1" 200 1104 "http://www.mianjeepos.bms69.com/vendor/laravel/framework/src/Illuminate/Cache/" "Mozilla/5.0 AppleWebKit/537.36 (KHTML, like Gecko; compatible; GPTBot/1.3; +https://openai.com/gptbot)"
74.7.227.142 - - [16/Mar/2026:23:24:29 +0000] "GET /vendor/laravel/framework/src/Illuminate/Auth/Events/ HTTP/1.1" 200 1247 "http://www.mianjeepos.bms69.com/vendor/laravel/framework/src/Illuminate/Auth/" "Mozilla/5.0 AppleWebKit/537.36 (KHTML, like Gecko; compatible; GPTBot/1.3; +https://openai.com/gptbot)"
74.7.227.142 - - [16/Mar/2026:23:25:59 +0000] "GET /vendor/league/commonmark/src/Node/Inline/Text.php HTTP/1.1" 500 0 "http://www.mianjeepos.bms69.com/vendor/league/commonmark/src/Node/Inline/" "Mozilla/5.0 AppleWebKit/537.36 (KHTML, like Gecko; compatible; GPTBot/1.3; +https://openai.com/gptbot)"
74.7.227.142 - - [16/Mar/2026:23:26:59 +0000] "GET /vendor/vlucas/phpdotenv/src/Store/File/Reader.php HTTP/1.1" 200 0 "http://www.mianjeepos.bms69.com/vendor/vlucas/phpdotenv/src/Store/File/" "Mozilla/5.0 AppleWebKit/537.36 (KHTML, like Gecko; compatible; GPTBot/1.3; +https://openai.com/gptbot)"
74.7.244.31 - - [16/Mar/2026:23:26:59 +0000] "GET /robots.txt HTTP/1.1" 404 1251 "-" "Mozilla/5.0 (Macintosh; Intel Mac OS X 10_15_7) AppleWebKit/537.36 (KHTML, like Gecko) Chrome/131.0.0.0 Safari/537.36; compatible; OAI-SearchBot/1.3; robots.txt; +https://openai.com/searchbot"
74.7.227.142 - - [16/Mar/2026:23:28:53 +0000] "GET /vendor/ezyang/htmlpurifier/library/HTMLPurifier/AttrDef/CSS/Number.php HTTP/1.1" 500 0 "http://www.mianjeepos.bms69.com/vendor/ezyang/htmlpurifier/library/HTMLPurifier/AttrDef/CSS/?NA" "Mozilla/5.0 AppleWebKit/537.36 (KHTML, like Gecko; compatible; GPTBot/1.3; +https://openai.com/gptbot)"
74.7.227.142 - - [16/Mar/2026:23:29:55 +0000] "GET /vendor/doctrine/dbal/src/Driver/Mysqli/Result.php HTTP/1.1" 500 0 "http://www.mianjeepos.bms69.com/vendor/doctrine/dbal/src/Driver/Mysqli/" "Mozilla/5.0 AppleWebKit/537.36 (KHTML, like Gecko; compatible; GPTBot/1.3; +https://openai.com/gptbot)"
74.7.227.166 - - [16/Mar/2026:23:30:32 +0000] "GET /vendor/phpoffice/phpspreadsheet/src/PhpSpreadsheet/Calculation/MathTrig/IntClass.php HTTP/1.1" 500 0 "http://mianjeepos.bms69.com/vendor/phpoffice/phpspreadsheet/src/PhpSpreadsheet/Calculation/MathTrig/" "Mozilla/5.0 AppleWebKit/537.36 (KHTML, like Gecko; compatible; GPTBot/1.3; +https://openai.com/gptbot)"
74.7.227.142 - - [16/Mar/2026:23:31:56 +0000] "GET /vendor/laravel/framework/src/Illuminate/Cache/Events/error_log HTTP/1.1" 403 1242 "http://www.mianjeepos.bms69.com/vendor/laravel/framework/src/Illuminate/Cache/Events/" "Mozilla/5.0 AppleWebKit/537.36 (KHTML, like Gecko; compatible; GPTBot/1.3; +https://openai.com/gptbot)"
74.7.227.142 - - [16/Mar/2026:23:32:56 +0000] "GET /vendor/laravel/framework/src/Illuminate/Auth/Events/error_log HTTP/1.1" 403 1242 "http://www.mianjeepos.bms69.com/vendor/laravel/framework/src/Illuminate/Auth/Events/" "Mozilla/5.0 AppleWebKit/537.36 (KHTML, like Gecko; compatible; GPTBot/1.3; +https://openai.com/gptbot)"
74.7.244.31 - - [16/Mar/2026:23:32:56 +0000] "GET /robots.txt HTTP/1.1" 404 1251 "-" "Mozilla/5.0 (Macintosh; Intel Mac OS X 10_15_7) AppleWebKit/537.36 (KHTML, like Gecko) Chrome/131.0.0.0 Safari/537.36; compatible; OAI-SearchBot/1.3; robots.txt; +https://openai.com/searchbot"
74.7.227.142 - - [16/Mar/2026:23:34:55 +0000] "GET /vendor/laravel/framework/src/Illuminate/Auth/Events/CurrentDeviceLogout.php HTTP/1.1" 500 0 "http://www.mianjeepos.bms69.com/vendor/laravel/framework/src/Illuminate/Auth/Events/" "Mozilla/5.0 AppleWebKit/537.36 (KHTML, like Gecko; compatible; GPTBot/1.3; +https://openai.com/gptbot)"
74.7.227.166 - - [16/Mar/2026:23:35:34 +0000] "GET /vendor/symfony/polyfill-intl-idn/?ND HTTP/1.1" 200 1098 "http://mianjeepos.bms69.com/vendor/symfony/polyfill-intl-idn/" "Mozilla/5.0 AppleWebKit/537.36 (KHTML, like Gecko; compatible; GPTBot/1.3; +https://openai.com/gptbot)"
74.7.227.166 - - [16/Mar/2026:23:31:23 +0000] "GET /vendor/phpoffice/phpspreadsheet/src/PhpSpreadsheet/Calculation/MathTrig/Absolute.php HTTP/1.1" 500 0 "http://mianjeepos.bms69.com/vendor/phpoffice/phpspreadsheet/src/PhpSpreadsheet/Calculation/MathTrig/" "Mozilla/5.0 AppleWebKit/537.36 (KHTML, like Gecko; compatible; GPTBot/1.3; +https://openai.com/gptbot)"
74.7.227.166 - - [16/Mar/2026:23:32:28 +0000] "GET /vendor/phpoffice/phpspreadsheet/src/PhpSpreadsheet/Calculation/LookupRef/Matrix.php HTTP/1.1" 500 0 "http://mianjeepos.bms69.com/vendor/phpoffice/phpspreadsheet/src/PhpSpreadsheet/Calculation/LookupRef/" "Mozilla/5.0 AppleWebKit/537.36 (KHTML, like Gecko; compatible; GPTBot/1.3; +https://openai.com/gptbot)"
74.7.175.187 - - [16/Mar/2026:23:32:28 +0000] "GET /robots.txt HTTP/1.1" 404 1251 "-" "Mozilla/5.0 (Macintosh; Intel Mac OS X 10_15_7) AppleWebKit/537.36 (KHTML, like Gecko) Chrome/131.0.0.0 Safari/537.36; compatible; OAI-SearchBot/1.3; robots.txt; +https://openai.com/searchbot"
74.7.227.166 - - [16/Mar/2026:23:33:35 +0000] "GET /vendor/phpoffice/phpspreadsheet/src/PhpSpreadsheet/Calculation/LookupRef/Formula.php HTTP/1.1" 200 0 "http://mianjeepos.bms69.com/vendor/phpoffice/phpspreadsheet/src/PhpSpreadsheet/Calculation/LookupRef/" "Mozilla/5.0 AppleWebKit/537.36 (KHTML, like Gecko; compatible; GPTBot/1.3; +https://openai.com/gptbot)"
74.7.227.142 - - [16/Mar/2026:23:33:56 +0000] "GET /vendor/laravel/framework/src/Illuminate/Auth/Events/OtherDeviceLogout.php HTTP/1.1" 500 0 "http://www.mianjeepos.bms69.com/vendor/laravel/framework/src/Illuminate/Auth/Events/" "Mozilla/5.0 AppleWebKit/537.36 (KHTML, like Gecko; compatible; GPTBot/1.3; +https://openai.com/gptbot)"
74.7.227.166 - - [16/Mar/2026:23:34:37 +0000] "GET /vendor/phpunit/php-code-coverage/src/TestStatus/TestStatus.php HTTP/1.1" 200 0 "http://mianjeepos.bms69.com/vendor/phpunit/php-code-coverage/src/TestStatus/" "Mozilla/5.0 AppleWebKit/537.36 (KHTML, like Gecko; compatible; GPTBot/1.3; +https://openai.com/gptbot)"
74.7.227.166 - - [16/Mar/2026:23:36:23 +0000] "GET /vendor/symfony/polyfill-intl-idn/?SA HTTP/1.1" 200 1105 "http://mianjeepos.bms69.com/vendor/symfony/polyfill-intl-idn/" "Mozilla/5.0 AppleWebKit/537.36 (KHTML, like Gecko; compatible; GPTBot/1.3; +https://openai.com/gptbot)"
74.7.227.142 - - [16/Mar/2026:23:36:59 +0000] "GET /vendor/laravel/framework/src/Illuminate/Cache/Events/KeyForgotten.php HTTP/1.1" 500 0 "http://www.mianjeepos.bms69.com/vendor/laravel/framework/src/Illuminate/Cache/Events/" "Mozilla/5.0 AppleWebKit/537.36 (KHTML, like Gecko; compatible; GPTBot/1.3; +https://openai.com/gptbot)"
74.7.227.166 - - [16/Mar/2026:23:37:50 +0000] "GET /vendor/laravel/framework/src/Illuminate/Translation/LICENSE.md HTTP/1.1" 200 1075 "http://mianjeepos.bms69.com/vendor/laravel/framework/src/Illuminate/Translation/" "Mozilla/5.0 AppleWebKit/537.36 (KHTML, like Gecko; compatible; GPTBot/1.3; +https://openai.com/gptbot)"
74.7.244.31 - - [16/Mar/2026:23:38:05 +0000] "GET /robots.txt HTTP/1.1" 404 1251 "-" "Mozilla/5.0 (Macintosh; Intel Mac OS X 10_15_7) AppleWebKit/537.36 (KHTML, like Gecko) Chrome/131.0.0.0 Safari/537.36; compatible; OAI-SearchBot/1.3; robots.txt; +https://openai.com/searchbot"
74.7.227.166 - - [16/Mar/2026:23:38:59 +0000] "GET /vendor/spatie/error-solutions/src/SolutionProviders/Laravel/MissingAppKeySolutionProvider.php HTTP/1.1" 500 0 "http://mianjeepos.bms69.com/vendor/spatie/error-solutions/src/SolutionProviders/Laravel/" "Mozilla/5.0 AppleWebKit/537.36 (KHTML, like Gecko; compatible; GPTBot/1.3; +https://openai.com/gptbot)"
74.7.227.166 - - [16/Mar/2026:23:39:28 +0000] "GET /vendor/ezyang/htmlpurifier/library/HTMLPurifier/AttrDef/CSS/Ident.php HTTP/1.1" 500 0 "http://mianjeepos.bms69.com/vendor/ezyang/htmlpurifier/library/HTMLPurifier/AttrDef/CSS/" "Mozilla/5.0 AppleWebKit/537.36 (KHTML, like Gecko; compatible; GPTBot/1.3; +https://openai.com/gptbot)"
74.7.227.142 - - [16/Mar/2026:23:36:02 +0000] "GET /vendor/laravel/framework/src/Illuminate/Auth/Events/PasswordReset.php HTTP/1.1" 500 0 "http://www.mianjeepos.bms69.com/vendor/laravel/framework/src/Illuminate/Auth/Events/" "Mozilla/5.0 AppleWebKit/537.36 (KHTML, like Gecko; compatible; GPTBot/1.3; +https://openai.com/gptbot)"
74.7.227.166 - - [16/Mar/2026:23:37:12 +0000] "GET /vendor/symfony/polyfill-intl-idn/?MA HTTP/1.1" 200 1113 "http://mianjeepos.bms69.com/vendor/symfony/polyfill-intl-idn/" "Mozilla/5.0 AppleWebKit/537.36 (KHTML, like Gecko; compatible; GPTBot/1.3; +https://openai.com/gptbot)"
74.7.227.142 - - [16/Mar/2026:23:38:05 +0000] "GET /vendor/laravel/framework/src/Illuminate/Auth/Events/Login.php HTTP/1.1" 500 0 "http://www.mianjeepos.bms69.com/vendor/laravel/framework/src/Illuminate/Auth/Events/" "Mozilla/5.0 AppleWebKit/537.36 (KHTML, like Gecko; compatible; GPTBot/1.3; +https://openai.com/gptbot)"
74.7.227.166 - - [16/Mar/2026:23:38:26 +0000] "GET /vendor/laravel/framework/src/Illuminate/Validation/LICENSE.md HTTP/1.1" 200 1075 "http://mianjeepos.bms69.com/vendor/laravel/framework/src/Illuminate/Validation/" "Mozilla/5.0 AppleWebKit/537.36 (KHTML, like Gecko; compatible; GPTBot/1.3; +https://openai.com/gptbot)"
74.7.227.142 - - [16/Mar/2026:23:39:07 +0000] "GET /vendor/laravel/framework/src/Illuminate/Cache/Events/KeyWritten.php HTTP/1.1" 500 0 "http://www.mianjeepos.bms69.com/vendor/laravel/framework/src/Illuminate/Cache/Events/" "Mozilla/5.0 AppleWebKit/537.36 (KHTML, like Gecko; compatible; GPTBot/1.3; +https://openai.com/gptbot)"
74.7.227.142 - - [16/Mar/2026:23:40:09 +0000] "GET /vendor/laravel/framework/src/Illuminate/Auth/Events/Authenticated.php HTTP/1.1" 500 0 "http://www.mianjeepos.bms69.com/vendor/laravel/framework/src/Illuminate/Auth/Events/" "Mozilla/5.0 AppleWebKit/537.36 (KHTML, like Gecko; compatible; GPTBot/1.3; +https://openai.com/gptbot)"
74.7.227.166 - - [16/Mar/2026:23:40:30 +0000] "GET /vendor/ezyang/htmlpurifier/library/HTMLPurifier/AttrDef/CSS/Length.php HTTP/1.1" 500 0 "http://mianjeepos.bms69.com/vendor/ezyang/htmlpurifier/library/HTMLPurifier/AttrDef/CSS/" "Mozilla/5.0 AppleWebKit/537.36 (KHTML, like Gecko; compatible; GPTBot/1.3; +https://openai.com/gptbot)"
74.7.227.142 - - [16/Mar/2026:23:41:14 +0000] "GET /vendor/laravel/framework/src/Illuminate/Auth/Events/Registered.php HTTP/1.1" 500 0 "http://www.mianjeepos.bms69.com/vendor/laravel/framework/src/Illuminate/Auth/Events/" "Mozilla/5.0 AppleWebKit/537.36 (KHTML, like Gecko; compatible; GPTBot/1.3; +https://openai.com/gptbot)"
74.7.227.166 - - [16/Mar/2026:23:41:32 +0000] "GET /vendor/ezyang/htmlpurifier/library/HTMLPurifier/AttrDef/CSS/Ratio.php HTTP/1.1" 500 0 "http://mianjeepos.bms69.com/vendor/ezyang/htmlpurifier/library/HTMLPurifier/AttrDef/CSS/" "Mozilla/5.0 AppleWebKit/537.36 (KHTML, like Gecko; compatible; GPTBot/1.3; +https://openai.com/gptbot)"
74.7.175.187 - - [16/Mar/2026:23:43:41 +0000] "GET /robots.txt HTTP/1.1" 404 1251 "-" "Mozilla/5.0 (Macintosh; Intel Mac OS X 10_15_7) AppleWebKit/537.36 (KHTML, like Gecko) Chrome/131.0.0.0 Safari/537.36; compatible; OAI-SearchBot/1.3; robots.txt; +https://openai.com/searchbot"
74.7.227.166 - - [16/Mar/2026:23:44:44 +0000] "GET /vendor/symfony/polyfill-intl-idn/?NA HTTP/1.1" 200 1104 "http://mianjeepos.bms69.com/vendor/symfony/polyfill-intl-idn/?ND" "Mozilla/5.0 AppleWebKit/537.36 (KHTML, like Gecko; compatible; GPTBot/1.3; +https://openai.com/gptbot)"
74.7.227.142 - - [16/Mar/2026:23:45:00 +0000] "GET /vendor/laravel/framework/src/Illuminate/Auth/Events/Lockout.php HTTP/1.1" 200 0 "http://www.mianjeepos.bms69.com/vendor/laravel/framework/src/Illuminate/Auth/Events/" "Mozilla/5.0 AppleWebKit/537.36 (KHTML, like Gecko; compatible; GPTBot/1.3; +https://openai.com/gptbot)"
74.7.227.142 - - [16/Mar/2026:23:46:01 +0000] "GET /vendor/laravel/framework/src/Illuminate/Auth/Events/Validated.php HTTP/1.1" 500 0 "http://www.mianjeepos.bms69.com/vendor/laravel/framework/src/Illuminate/Auth/Events/" "Mozilla/5.0 AppleWebKit/537.36 (KHTML, like Gecko; compatible; GPTBot/1.3; +https://openai.com/gptbot)"
74.7.227.166 - - [16/Mar/2026:23:46:47 +0000] "GET /vendor/symfony/polyfill-intl-idn/?SD HTTP/1.1" 200 1108 "http://mianjeepos.bms69.com/vendor/symfony/polyfill-intl-idn/?SA" "Mozilla/5.0 AppleWebKit/537.36 (KHTML, like Gecko; compatible; GPTBot/1.3; +https://openai.com/gptbot)"
74.7.227.142 - - [16/Mar/2026:23:47:00 +0000] "GET /vendor/laravel/framework/src/Illuminate/Auth/Events/Verified.php HTTP/1.1" 500 0 "http://www.mianjeepos.bms69.com/vendor/laravel/framework/src/Illuminate/Auth/Events/" "Mozilla/5.0 AppleWebKit/537.36 (KHTML, like Gecko; compatible; GPTBot/1.3; +https://openai.com/gptbot)"
74.7.227.166 - - [16/Mar/2026:23:47:42 +0000] "GET /vendor/symfony/polyfill-intl-idn/?MD HTTP/1.1" 200 1111 "http://mianjeepos.bms69.com/vendor/symfony/polyfill-intl-idn/?MA" "Mozilla/5.0 AppleWebKit/537.36 (KHTML, like Gecko; compatible; GPTBot/1.3; +https://openai.com/gptbot)"
74.7.227.142 - - [16/Mar/2026:23:48:00 +0000] "GET /vendor/laravel/framework/src/Illuminate/Cache/Events/CacheMissed.php HTTP/1.1" 500 0 "http://www.mianjeepos.bms69.com/vendor/laravel/framework/src/Illuminate/Cache/Events/" "Mozilla/5.0 AppleWebKit/537.36 (KHTML, like Gecko; compatible; GPTBot/1.3; +https://openai.com/gptbot)"
74.7.175.187 - - [16/Mar/2026:23:49:07 +0000] "GET /robots.txt HTTP/1.1" 404 1251 "-" "Mozilla/5.0 (Macintosh; Intel Mac OS X 10_15_7) AppleWebKit/537.36 (KHTML, like Gecko) Chrome/131.0.0.0 Safari/537.36; compatible; OAI-SearchBot/1.3; robots.txt; +https://openai.com/searchbot"
74.7.227.166 - - [16/Mar/2026:23:49:48 +0000] "GET /vendor/league/commonmark/src/Renderer/Inline/NewlineRenderer.php HTTP/1.1" 500 0 "http://mianjeepos.bms69.com/vendor/league/commonmark/src/Renderer/Inline/" "Mozilla/5.0 AppleWebKit/537.36 (KHTML, like Gecko; compatible; GPTBot/1.3; +https://openai.com/gptbot)"
74.7.227.142 - - [16/Mar/2026:23:51:07 +0000] "GET /vendor/doctrine/dbal/src/Driver/PDO/Exception.php HTTP/1.1" 500 0 "http://www.mianjeepos.bms69.com/vendor/doctrine/dbal/src/Driver/PDO/" "Mozilla/5.0 AppleWebKit/537.36 (KHTML, like Gecko; compatible; GPTBot/1.3; +https://openai.com/gptbot)"
74.7.227.142 - - [16/Mar/2026:23:42:23 +0000] "GET /vendor/laravel/framework/src/Illuminate/Auth/Events/Attempting.php HTTP/1.1" 200 0 "http://www.mianjeepos.bms69.com/vendor/laravel/framework/src/Illuminate/Auth/Events/" "Mozilla/5.0 AppleWebKit/537.36 (KHTML, like Gecko; compatible; GPTBot/1.3; +https://openai.com/gptbot)"
74.7.227.166 - - [16/Mar/2026:23:42:36 +0000] "GET /vendor/league/commonmark/src/Extension/ExternalLink/error_log HTTP/1.1" 403 1242 "http://mianjeepos.bms69.com/vendor/league/commonmark/src/Extension/ExternalLink/" "Mozilla/5.0 AppleWebKit/537.36 (KHTML, like Gecko; compatible; GPTBot/1.3; +https://openai.com/gptbot)"
74.7.227.142 - - [16/Mar/2026:23:43:16 +0000] "GET /vendor/laravel/framework/src/Illuminate/Auth/Events/Failed.php HTTP/1.1" 200 0 "http://www.mianjeepos.bms69.com/vendor/laravel/framework/src/Illuminate/Auth/Events/" "Mozilla/5.0 AppleWebKit/537.36 (KHTML, like Gecko; compatible; GPTBot/1.3; +https://openai.com/gptbot)"
74.7.244.31 - - [16/Mar/2026:23:43:16 +0000] "GET /robots.txt HTTP/1.1" 404 1251 "-" "Mozilla/5.0 (Macintosh; Intel Mac OS X 10_15_7) AppleWebKit/537.36 (KHTML, like Gecko) Chrome/131.0.0.0 Safari/537.36; compatible; OAI-SearchBot/1.3; robots.txt; +https://openai.com/searchbot"
74.7.227.166 - - [16/Mar/2026:23:43:41 +0000] "GET /vendor/doctrine/dbal/src/Driver/API/PostgreSQL/ExceptionConverter.php HTTP/1.1" 500 0 "http://mianjeepos.bms69.com/vendor/doctrine/dbal/src/Driver/API/PostgreSQL/" "Mozilla/5.0 AppleWebKit/537.36 (KHTML, like Gecko; compatible; GPTBot/1.3; +https://openai.com/gptbot)"
74.7.227.142 - - [16/Mar/2026:23:44:09 +0000] "GET /vendor/laravel/framework/src/Illuminate/Auth/Events/Logout.php HTTP/1.1" 500 0 "http://www.mianjeepos.bms69.com/vendor/laravel/framework/src/Illuminate/Auth/Events/" "Mozilla/5.0 AppleWebKit/537.36 (KHTML, like Gecko; compatible; GPTBot/1.3; +https://openai.com/gptbot)"
74.7.227.166 - - [16/Mar/2026:23:45:47 +0000] "GET /vendor/symfony/polyfill-intl-idn/?SA HTTP/1.1" 200 1105 "http://mianjeepos.bms69.com/vendor/symfony/polyfill-intl-idn/?ND" "Mozilla/5.0 AppleWebKit/537.36 (KHTML, like Gecko; compatible; GPTBot/1.3; +https://openai.com/gptbot)"
74.7.227.166 - - [16/Mar/2026:23:48:25 +0000] "GET /vendor/dompdf/php-svg-lib/src/Svg/CssLength.php HTTP/1.1" 200 0 "http://mianjeepos.bms69.com/vendor/dompdf/php-svg-lib/src/Svg/" "Mozilla/5.0 AppleWebKit/537.36 (KHTML, like Gecko; compatible; GPTBot/1.3; +https://openai.com/gptbot)"
74.7.227.142 - - [16/Mar/2026:23:49:05 +0000] "GET /vendor/laravel/framework/src/Illuminate/Cache/Events/CacheEvent.php HTTP/1.1" 200 0 "http://www.mianjeepos.bms69.com/vendor/laravel/framework/src/Illuminate/Cache/Events/" "Mozilla/5.0 AppleWebKit/537.36 (KHTML, like Gecko; compatible; GPTBot/1.3; +https://openai.com/gptbot)"
74.7.244.31 - - [16/Mar/2026:23:49:05 +0000] "GET /robots.txt HTTP/1.1" 404 1251 "-" "Mozilla/5.0 (Macintosh; Intel Mac OS X 10_15_7) AppleWebKit/537.36 (KHTML, like Gecko) Chrome/131.0.0.0 Safari/537.36; compatible; OAI-SearchBot/1.3; robots.txt; +https://openai.com/searchbot"
74.7.227.166 - - [16/Mar/2026:23:49:07 +0000] "GET /vendor/league/commonmark/src/Renderer/Block/ParagraphRenderer.php HTTP/1.1" 500 0 "http://mianjeepos.bms69.com/vendor/league/commonmark/src/Renderer/Block/" "Mozilla/5.0 AppleWebKit/537.36 (KHTML, like Gecko; compatible; GPTBot/1.3; +https://openai.com/gptbot)"
74.7.227.142 - - [16/Mar/2026:23:50:08 +0000] "GET /vendor/doctrine/dbal/src/SQL/Parser/Exception.php HTTP/1.1" 200 0 "http://www.mianjeepos.bms69.com/vendor/doctrine/dbal/src/SQL/Parser/" "Mozilla/5.0 AppleWebKit/537.36 (KHTML, like Gecko; compatible; GPTBot/1.3; +https://openai.com/gptbot)"
74.7.227.166 - - [16/Mar/2026:23:50:48 +0000] "GET /vendor/nesbot/carbon/src/Carbon/Exceptions/ParseErrorException.php HTTP/1.1" 500 0 "http://mianjeepos.bms69.com/vendor/nesbot/carbon/src/Carbon/Exceptions/" "Mozilla/5.0 AppleWebKit/537.36 (KHTML, like Gecko; compatible; GPTBot/1.3; +https://openai.com/gptbot)"
74.7.227.166 - - [16/Mar/2026:23:51:55 +0000] "GET /vendor/spatie/laravel-ignition/src/ContextProviders/LaravelContextProviderDetector.php HTTP/1.1" 500 0 "http://mianjeepos.bms69.com/vendor/spatie/laravel-ignition/src/ContextProviders/" "Mozilla/5.0 AppleWebKit/537.36 (KHTML, like Gecko; compatible; GPTBot/1.3; +https://openai.com/gptbot)"
74.7.227.166 - - [16/Mar/2026:23:52:57 +0000] "GET /vendor/doctrine/dbal/src/Driver/PDO/SQLite/ HTTP/1.1" 200 700 "http://mianjeepos.bms69.com/vendor/doctrine/dbal/src/Driver/PDO/" "Mozilla/5.0 AppleWebKit/537.36 (KHTML, like Gecko; compatible; GPTBot/1.3; +https://openai.com/gptbot)"
74.7.227.142 - - [16/Mar/2026:23:53:05 +0000] "GET /vendor/doctrine/dbal/src/Driver/Mysqli/Exception/InvalidOption.php HTTP/1.1" 500 0 "http://www.mianjeepos.bms69.com/vendor/doctrine/dbal/src/Driver/Mysqli/Exception/" "Mozilla/5.0 AppleWebKit/537.36 (KHTML, like Gecko; compatible; GPTBot/1.3; +https://openai.com/gptbot)"
74.7.227.142 - - [16/Mar/2026:23:54:07 +0000] "GET /vendor/masterminds/html5/src/HTML5/Parser/FileInputStream.php HTTP/1.1" 500 0 "http://www.mianjeepos.bms69.com/vendor/masterminds/html5/src/HTML5/Parser/" "Mozilla/5.0 AppleWebKit/537.36 (KHTML, like Gecko; compatible; GPTBot/1.3; +https://openai.com/gptbot)"
74.7.244.31 - - [16/Mar/2026:23:54:07 +0000] "GET /robots.txt HTTP/1.1" 404 1251 "-" "Mozilla/5.0 (Macintosh; Intel Mac OS X 10_15_7) AppleWebKit/537.36 (KHTML, like Gecko) Chrome/131.0.0.0 Safari/537.36; compatible; OAI-SearchBot/1.3; robots.txt; +https://openai.com/searchbot"
74.7.175.187 - - [16/Mar/2026:23:54:56 +0000] "GET /robots.txt HTTP/1.1" 404 1251 "-" "Mozilla/5.0 (Macintosh; Intel Mac OS X 10_15_7) AppleWebKit/537.36 (KHTML, like Gecko) Chrome/131.0.0.0 Safari/537.36; compatible; OAI-SearchBot/1.3; robots.txt; +https://openai.com/searchbot"
74.7.227.142 - - [16/Mar/2026:23:56:13 +0000] "GET /vendor/barryvdh/laravel-dompdf/src/Facade/?ND HTTP/1.1" 200 702 "http://www.mianjeepos.bms69.com/vendor/barryvdh/laravel-dompdf/src/Facade/" "Mozilla/5.0 AppleWebKit/537.36 (KHTML, like Gecko; compatible; GPTBot/1.3; +https://openai.com/gptbot)"
74.7.227.166 - - [16/Mar/2026:23:56:31 +0000] "GET /vendor/doctrine/dbal/src/Platforms/Keywords/MariaDb102Keywords.php HTTP/1.1" 500 0 "http://mianjeepos.bms69.com/vendor/doctrine/dbal/src/Platforms/Keywords/" "Mozilla/5.0 AppleWebKit/537.36 (KHTML, like Gecko; compatible; GPTBot/1.3; +https://openai.com/gptbot)"
74.7.227.142 - - [16/Mar/2026:23:57:12 +0000] "GET /vendor/barryvdh/laravel-dompdf/src/Facade/?MA HTTP/1.1" 200 707 "http://www.mianjeepos.bms69.com/vendor/barryvdh/laravel-dompdf/src/Facade/" "Mozilla/5.0 AppleWebKit/537.36 (KHTML, like Gecko; compatible; GPTBot/1.3; +https://openai.com/gptbot)"
74.7.227.142 - - [16/Mar/2026:23:52:01 +0000] "GET /vendor/doctrine/dbal/src/Driver/PDO/Statement.php HTTP/1.1" 500 0 "http://www.mianjeepos.bms69.com/vendor/doctrine/dbal/src/Driver/PDO/" "Mozilla/5.0 AppleWebKit/537.36 (KHTML, like Gecko; compatible; GPTBot/1.3; +https://openai.com/gptbot)"
74.7.227.166 - - [16/Mar/2026:23:53:58 +0000] "GET /vendor/doctrine/dbal/src/Driver/API/SQLite/ HTTP/1.1" 200 749 "http://mianjeepos.bms69.com/vendor/doctrine/dbal/src/Driver/API/" "Mozilla/5.0 AppleWebKit/537.36 (KHTML, like Gecko; compatible; GPTBot/1.3; +https://openai.com/gptbot)"
74.7.227.166 - - [16/Mar/2026:23:54:56 +0000] "GET /vendor/doctrine/dbal/src/Driver/PDO/SQLSrv/ HTTP/1.1" 200 767 "http://mianjeepos.bms69.com/vendor/doctrine/dbal/src/Driver/PDO/" "Mozilla/5.0 AppleWebKit/537.36 (KHTML, like Gecko; compatible; GPTBot/1.3; +https://openai.com/gptbot)"
74.7.227.142 - - [16/Mar/2026:23:55:11 +0000] "GET /vendor/sebastian/code-unit/src/exceptions/?MA HTTP/1.1" 200 794 "http://www.mianjeepos.bms69.com/vendor/sebastian/code-unit/src/exceptions/" "Mozilla/5.0 AppleWebKit/537.36 (KHTML, like Gecko; compatible; GPTBot/1.3; +https://openai.com/gptbot)"
74.7.227.166 - - [16/Mar/2026:23:55:46 +0000] "GET /vendor/doctrine/dbal/src/Driver/API/SQLSrv/ HTTP/1.1" 200 715 "http://mianjeepos.bms69.com/vendor/doctrine/dbal/src/Driver/API/" "Mozilla/5.0 AppleWebKit/537.36 (KHTML, like Gecko; compatible; GPTBot/1.3; +https://openai.com/gptbot)"
74.7.227.166 - - [16/Mar/2026:23:57:12 +0000] "GET /vendor/spatie/flare-client-php/src/Context/?MA HTTP/1.1" 200 1107 "http://mianjeepos.bms69.com/vendor/spatie/flare-client-php/src/Context/" "Mozilla/5.0 AppleWebKit/537.36 (KHTML, like Gecko; compatible; GPTBot/1.3; +https://openai.com/gptbot)"
74.7.227.142 - - [16/Mar/2026:23:58:02 +0000] "GET /vendor/pragmarx/ia-collection/stubs/tests/?ND HTTP/1.1" 200 733 "http://www.mianjeepos.bms69.com/vendor/pragmarx/ia-collection/stubs/tests/" "Mozilla/5.0 AppleWebKit/537.36 (KHTML, like Gecko; compatible; GPTBot/1.3; +https://openai.com/gptbot)"
74.7.227.166 - - [16/Mar/2026:23:58:11 +0000] "GET /vendor/spatie/flare-client-php/src/Support/?MA HTTP/1.1" 200 678 "http://mianjeepos.bms69.com/vendor/spatie/flare-client-php/src/Support/" "Mozilla/5.0 AppleWebKit/537.36 (KHTML, like Gecko; compatible; GPTBot/1.3; +https://openai.com/gptbot)"
74.7.227.142 - - [16/Mar/2026:23:58:47 +0000] "GET /vendor/pragmarx/ia-collection/src/Support/?MA HTTP/1.1" 200 1345 "http://www.mianjeepos.bms69.com/vendor/pragmarx/ia-collection/src/Support/" "Mozilla/5.0 AppleWebKit/537.36 (KHTML, like Gecko; compatible; GPTBot/1.3; +https://openai.com/gptbot)"
74.7.227.166 - - [17/Mar/2026:00:00:07 +0000] "GET /vendor/spatie/flare-client-php/src/Support/?SA HTTP/1.1" 200 676 "http://mianjeepos.bms69.com/vendor/spatie/flare-client-php/src/Support/" "Mozilla/5.0 AppleWebKit/537.36 (KHTML, like Gecko; compatible; GPTBot/1.3; +https://openai.com/gptbot)"
74.7.227.166 - - [17/Mar/2026:00:00:49 +0000] "GET /vendor/spatie/flare-client-php/src/Support/?ND HTTP/1.1" 200 670 "http://mianjeepos.bms69.com/vendor/spatie/flare-client-php/src/Support/" "Mozilla/5.0 AppleWebKit/537.36 (KHTML, like Gecko; compatible; GPTBot/1.3; +https://openai.com/gptbot)"
74.7.227.142 - - [17/Mar/2026:00:01:09 +0000] "GET /vendor/barryvdh/laravel-dompdf/src/Facade/?SA HTTP/1.1" 200 708 "http://www.mianjeepos.bms69.com/vendor/barryvdh/laravel-dompdf/src/Facade/" "Mozilla/5.0 AppleWebKit/537.36 (KHTML, like Gecko; compatible; GPTBot/1.3; +https://openai.com/gptbot)"
74.7.227.166 - - [17/Mar/2026:00:01:29 +0000] "GET /vendor/spatie/flare-client-php/src/Context/?SA HTTP/1.1" 200 1090 "http://mianjeepos.bms69.com/vendor/spatie/flare-client-php/src/Context/" "Mozilla/5.0 AppleWebKit/537.36 (KHTML, like Gecko; compatible; GPTBot/1.3; +https://openai.com/gptbot)"
74.7.227.142 - - [17/Mar/2026:00:01:37 +0000] "GET /vendor/sebastian/code-unit/src/exceptions/?ND HTTP/1.1" 200 784 "http://www.mianjeepos.bms69.com/vendor/sebastian/code-unit/src/exceptions/" "Mozilla/5.0 AppleWebKit/537.36 (KHTML, like Gecko; compatible; GPTBot/1.3; +https://openai.com/gptbot)"
74.7.227.142 - - [17/Mar/2026:00:02:01 +0000] "GET /vendor/pragmarx/ia-collection/stubs/tests/?MA HTTP/1.1" 200 742 "http://www.mianjeepos.bms69.com/vendor/pragmarx/ia-collection/stubs/tests/" "Mozilla/5.0 AppleWebKit/537.36 (KHTML, like Gecko; compatible; GPTBot/1.3; +https://openai.com/gptbot)"
74.7.227.166 - - [17/Mar/2026:00:02:11 +0000] "GET /vendor/doctrine/dbal/src/Driver/PDO/SQLite/error_log HTTP/1.1" 403 1242 "http://mianjeepos.bms69.com/vendor/doctrine/dbal/src/Driver/PDO/SQLite/" "Mozilla/5.0 AppleWebKit/537.36 (KHTML, like Gecko; compatible; GPTBot/1.3; +https://openai.com/gptbot)"
74.7.227.142 - - [17/Mar/2026:00:02:24 +0000] "GET /vendor/sebastian/code-unit/src/exceptions/InvalidCodeUnitException.php HTTP/1.1" 500 0 "http://www.mianjeepos.bms69.com/vendor/sebastian/code-unit/src/exceptions/?MA" "Mozilla/5.0 AppleWebKit/537.36 (KHTML, like Gecko; compatible; GPTBot/1.3; +https://openai.com/gptbot)"
74.7.227.166 - - [17/Mar/2026:00:04:27 +0000] "GET /vendor/doctrine/dbal/src/Driver/PDO/SQLSrv/Driver.php HTTP/1.1" 500 0 "http://mianjeepos.bms69.com/vendor/doctrine/dbal/src/Driver/PDO/SQLSrv/" "Mozilla/5.0 AppleWebKit/537.36 (KHTML, like Gecko; compatible; GPTBot/1.3; +https://openai.com/gptbot)"
74.7.227.142 - - [17/Mar/2026:00:04:43 +0000] "GET /vendor/pragmarx/ia-collection/stubs/tests/bootstrap.php HTTP/1.1" 500 0 "http://www.mianjeepos.bms69.com/vendor/pragmarx/ia-collection/stubs/tests/?ND" "Mozilla/5.0 AppleWebKit/537.36 (KHTML, like Gecko; compatible; GPTBot/1.3; +https://openai.com/gptbot)"
74.7.227.166 - - [16/Mar/2026:23:59:12 +0000] "GET /vendor/spatie/flare-client-php/src/Context/?ND HTTP/1.1" 200 1093 "http://mianjeepos.bms69.com/vendor/spatie/flare-client-php/src/Context/" "Mozilla/5.0 AppleWebKit/537.36 (KHTML, like Gecko; compatible; GPTBot/1.3; +https://openai.com/gptbot)"
74.7.227.142 - - [16/Mar/2026:23:59:28 +0000] "GET /vendor/pragmarx/ia-collection/src/Support/?SA HTTP/1.1" 200 1321 "http://www.mianjeepos.bms69.com/vendor/pragmarx/ia-collection/src/Support/" "Mozilla/5.0 AppleWebKit/537.36 (KHTML, like Gecko; compatible; GPTBot/1.3; +https://openai.com/gptbot)"
74.7.227.142 - - [17/Mar/2026:00:00:07 +0000] "GET /vendor/pragmarx/ia-collection/src/Support/?ND HTTP/1.1" 200 1318 "http://www.mianjeepos.bms69.com/vendor/pragmarx/ia-collection/src/Support/" "Mozilla/5.0 AppleWebKit/537.36 (KHTML, like Gecko; compatible; GPTBot/1.3; +https://openai.com/gptbot)"
74.7.227.142 - - [17/Mar/2026:00:00:37 +0000] "GET /vendor/pragmarx/ia-collection/stubs/tests/?SA HTTP/1.1" 200 744 "http://www.mianjeepos.bms69.com/vendor/pragmarx/ia-collection/stubs/tests/" "Mozilla/5.0 AppleWebKit/537.36 (KHTML, like Gecko; compatible; GPTBot/1.3; +https://openai.com/gptbot)"
74.7.227.166 - - [17/Mar/2026:00:02:40 +0000] "GET /vendor/doctrine/dbal/src/Driver/API/SQLite/error_log HTTP/1.1" 403 1242 "http://mianjeepos.bms69.com/vendor/doctrine/dbal/src/Driver/API/SQLite/" "Mozilla/5.0 AppleWebKit/537.36 (KHTML, like Gecko; compatible; GPTBot/1.3; +https://openai.com/gptbot)"
74.7.227.142 - - [17/Mar/2026:00:02:40 +0000] "GET /vendor/sebastian/code-unit/src/exceptions/ReflectionException.php HTTP/1.1" 500 0 "http://www.mianjeepos.bms69.com/vendor/sebastian/code-unit/src/exceptions/?MA" "Mozilla/5.0 AppleWebKit/537.36 (KHTML, like Gecko; compatible; GPTBot/1.3; +https://openai.com/gptbot)"
74.7.227.166 - - [17/Mar/2026:00:03:18 +0000] "GET /vendor/doctrine/dbal/src/Driver/PDO/SQLSrv/error_log HTTP/1.1" 403 1242 "http://mianjeepos.bms69.com/vendor/doctrine/dbal/src/Driver/PDO/SQLSrv/" "Mozilla/5.0 AppleWebKit/537.36 (KHTML, like Gecko; compatible; GPTBot/1.3; +https://openai.com/gptbot)"
74.7.227.142 - - [17/Mar/2026:00:03:41 +0000] "GET /vendor/sebastian/code-unit/src/exceptions/NoTraitException.php HTTP/1.1" 500 0 "http://www.mianjeepos.bms69.com/vendor/sebastian/code-unit/src/exceptions/?MA" "Mozilla/5.0 AppleWebKit/537.36 (KHTML, like Gecko; compatible; GPTBot/1.3; +https://openai.com/gptbot)"
74.7.227.166 - - [17/Mar/2026:00:03:45 +0000] "GET /vendor/doctrine/dbal/src/Driver/API/SQLSrv/error_log HTTP/1.1" 403 1242 "http://mianjeepos.bms69.com/vendor/doctrine/dbal/src/Driver/API/SQLSrv/" "Mozilla/5.0 AppleWebKit/537.36 (KHTML, like Gecko; compatible; GPTBot/1.3; +https://openai.com/gptbot)"
74.7.244.31 - - [17/Mar/2026:00:04:43 +0000] "GET /robots.txt HTTP/1.1" 404 1251 "-" "Mozilla/5.0 (Macintosh; Intel Mac OS X 10_15_7) AppleWebKit/537.36 (KHTML, like Gecko) Chrome/131.0.0.0 Safari/537.36; compatible; OAI-SearchBot/1.3; robots.txt; +https://openai.com/searchbot"
74.7.227.142 - - [17/Mar/2026:00:05:46 +0000] "GET /vendor/pragmarx/ia-collection/src/Support/LazyCollection.php HTTP/1.1" 500 0 "http://www.mianjeepos.bms69.com/vendor/pragmarx/ia-collection/src/Support/?MA" "Mozilla/5.0 AppleWebKit/537.36 (KHTML, like Gecko; compatible; GPTBot/1.3; +https://openai.com/gptbot)"
74.7.227.166 - - [17/Mar/2026:00:05:57 +0000] "GET /vendor/doctrine/dbal/src/Driver/API/SQLSrv/ExceptionConverter.php HTTP/1.1" 500 0 "http://mianjeepos.bms69.com/vendor/doctrine/dbal/src/Driver/API/SQLSrv/" "Mozilla/5.0 AppleWebKit/537.36 (KHTML, like Gecko; compatible; GPTBot/1.3; +https://openai.com/gptbot)"
74.7.175.187 - - [17/Mar/2026:00:05:57 +0000] "GET /robots.txt HTTP/1.1" 404 1251 "-" "Mozilla/5.0 (Macintosh; Intel Mac OS X 10_15_7) AppleWebKit/537.36 (KHTML, like Gecko) Chrome/131.0.0.0 Safari/537.36; compatible; OAI-SearchBot/1.3; robots.txt; +https://openai.com/searchbot"
74.7.227.166 - - [17/Mar/2026:00:12:09 +0000] "GET /vendor/spatie/flare-client-php/src/Context/?MD HTTP/1.1" 200 1097 "http://mianjeepos.bms69.com/vendor/spatie/flare-client-php/src/Context/?MA" "Mozilla/5.0 AppleWebKit/537.36 (KHTML, like Gecko; compatible; GPTBot/1.3; +https://openai.com/gptbot)"
74.7.227.142 - - [17/Mar/2026:00:12:57 +0000] "GET /vendor/barryvdh/laravel-dompdf/src/Facade/Pdf.php HTTP/1.1" 500 0 "http://www.mianjeepos.bms69.com/vendor/barryvdh/laravel-dompdf/src/Facade/?ND" "Mozilla/5.0 AppleWebKit/537.36 (KHTML, like Gecko; compatible; GPTBot/1.3; +https://openai.com/gptbot)"
74.7.227.166 - - [17/Mar/2026:00:13:08 +0000] "GET /vendor/spatie/flare-client-php/src/Context/?NA HTTP/1.1" 200 1093 "http://mianjeepos.bms69.com/vendor/spatie/flare-client-php/src/Context/?MA" "Mozilla/5.0 AppleWebKit/537.36 (KHTML, like Gecko; compatible; GPTBot/1.3; +https://openai.com/gptbot)"
74.7.227.166 - - [17/Mar/2026:00:13:59 +0000] "GET /vendor/spatie/flare-client-php/src/Support/?NA HTTP/1.1" 200 672 "http://mianjeepos.bms69.com/vendor/spatie/flare-client-php/src/Support/?MA" "Mozilla/5.0 AppleWebKit/537.36 (KHTML, like Gecko; compatible; GPTBot/1.3; +https://openai.com/gptbot)"
74.7.227.142 - - [17/Mar/2026:00:14:03 +0000] "GET /vendor/pragmarx/ia-collection/src/Support/Arr.php HTTP/1.1" 500 0 "http://www.mianjeepos.bms69.com/vendor/pragmarx/ia-collection/src/Support/?MA" "Mozilla/5.0 AppleWebKit/537.36 (KHTML, like Gecko; compatible; GPTBot/1.3; +https://openai.com/gptbot)"
74.7.227.166 - - [17/Mar/2026:00:04:50 +0000] "GET /vendor/doctrine/dbal/src/Driver/API/SQLite/UserDefinedFunctions.php HTTP/1.1" 200 0 "http://mianjeepos.bms69.com/vendor/doctrine/dbal/src/Driver/API/SQLite/" "Mozilla/5.0 AppleWebKit/537.36 (KHTML, like Gecko; compatible; GPTBot/1.3; +https://openai.com/gptbot)"
74.7.227.142 - - [17/Mar/2026:00:06:50 +0000] "GET /vendor/pragmarx/ia-collection/stubs/tests/CollectionTest.php HTTP/1.1" 500 0 "http://www.mianjeepos.bms69.com/vendor/pragmarx/ia-collection/stubs/tests/?ND" "Mozilla/5.0 AppleWebKit/537.36 (KHTML, like Gecko; compatible; GPTBot/1.3; +https://openai.com/gptbot)"
74.7.227.166 - - [17/Mar/2026:00:08:00 +0000] "GET /vendor/doctrine/dbal/src/Driver/PDO/SQLSrv/Connection.php HTTP/1.1" 500 0 "http://mianjeepos.bms69.com/vendor/doctrine/dbal/src/Driver/PDO/SQLSrv/" "Mozilla/5.0 AppleWebKit/537.36 (KHTML, like Gecko; compatible; GPTBot/1.3; +https://openai.com/gptbot)"
74.7.227.142 - - [17/Mar/2026:00:08:53 +0000] "GET /vendor/pragmarx/ia-collection/src/Support/Enumerable.php HTTP/1.1" 500 0 "http://www.mianjeepos.bms69.com/vendor/pragmarx/ia-collection/src/Support/?MA" "Mozilla/5.0 AppleWebKit/537.36 (KHTML, like Gecko; compatible; GPTBot/1.3; +https://openai.com/gptbot)"
74.7.227.166 - - [17/Mar/2026:00:10:05 +0000] "GET /vendor/doctrine/dbal/src/Driver/PDO/SQLite/Driver.php HTTP/1.1" 500 0 "http://mianjeepos.bms69.com/vendor/doctrine/dbal/src/Driver/PDO/SQLite/" "Mozilla/5.0 AppleWebKit/537.36 (KHTML, like Gecko; compatible; GPTBot/1.3; +https://openai.com/gptbot)"
74.7.227.166 - - [17/Mar/2026:00:11:04 +0000] "GET /vendor/spatie/flare-client-php/src/Context/?SD HTTP/1.1" 200 1096 "http://mianjeepos.bms69.com/vendor/spatie/flare-client-php/src/Context/?SA" "Mozilla/5.0 AppleWebKit/537.36 (KHTML, like Gecko; compatible; GPTBot/1.3; +https://openai.com/gptbot)"
74.7.227.166 - - [17/Mar/2026:00:06:56 +0000] "GET /vendor/doctrine/dbal/src/Driver/API/SQLite/ExceptionConverter.php HTTP/1.1" 500 0 "http://mianjeepos.bms69.com/vendor/doctrine/dbal/src/Driver/API/SQLite/" "Mozilla/5.0 AppleWebKit/537.36 (KHTML, like Gecko; compatible; GPTBot/1.3; +https://openai.com/gptbot)"
74.7.227.142 - - [17/Mar/2026:00:07:47 +0000] "GET /vendor/pragmarx/ia-collection/src/Support/Str.php HTTP/1.1" 500 0 "http://www.mianjeepos.bms69.com/vendor/pragmarx/ia-collection/src/Support/?MA" "Mozilla/5.0 AppleWebKit/537.36 (KHTML, like Gecko; compatible; GPTBot/1.3; +https://openai.com/gptbot)"
74.7.227.166 - - [17/Mar/2026:00:09:00 +0000] "GET /vendor/doctrine/dbal/src/Driver/PDO/SQLSrv/Statement.php HTTP/1.1" 500 0 "http://mianjeepos.bms69.com/vendor/doctrine/dbal/src/Driver/PDO/SQLSrv/" "Mozilla/5.0 AppleWebKit/537.36 (KHTML, like Gecko; compatible; GPTBot/1.3; +https://openai.com/gptbot)"
74.7.227.142 - - [17/Mar/2026:00:09:55 +0000] "GET /vendor/pragmarx/ia-collection/src/Support/Carbon.php HTTP/1.1" 500 0 "http://www.mianjeepos.bms69.com/vendor/pragmarx/ia-collection/src/Support/?MA" "Mozilla/5.0 AppleWebKit/537.36 (KHTML, like Gecko; compatible; GPTBot/1.3; +https://openai.com/gptbot)"
74.7.244.31 - - [17/Mar/2026:00:09:55 +0000] "GET /robots.txt HTTP/1.1" 404 1251 "-" "Mozilla/5.0 (Macintosh; Intel Mac OS X 10_15_7) AppleWebKit/537.36 (KHTML, like Gecko) Chrome/131.0.0.0 Safari/537.36; compatible; OAI-SearchBot/1.3; robots.txt; +https://openai.com/searchbot"
74.7.227.142 - - [17/Mar/2026:00:10:54 +0000] "GET /vendor/pragmarx/ia-collection/src/Support/HtmlString.php HTTP/1.1" 500 0 "http://www.mianjeepos.bms69.com/vendor/pragmarx/ia-collection/src/Support/?MA" "Mozilla/5.0 AppleWebKit/537.36 (KHTML, like Gecko; compatible; GPTBot/1.3; +https://openai.com/gptbot)"
74.7.175.187 - - [17/Mar/2026:00:11:04 +0000] "GET /robots.txt HTTP/1.1" 404 1251 "-" "Mozilla/5.0 (Macintosh; Intel Mac OS X 10_15_7) AppleWebKit/537.36 (KHTML, like Gecko) Chrome/131.0.0.0 Safari/537.36; compatible; OAI-SearchBot/1.3; robots.txt; +https://openai.com/searchbot"
74.7.227.142 - - [17/Mar/2026:00:11:55 +0000] "GET /vendor/pragmarx/ia-collection/src/Support/Optional.php HTTP/1.1" 500 0 "http://www.mianjeepos.bms69.com/vendor/pragmarx/ia-collection/src/Support/?MA" "Mozilla/5.0 AppleWebKit/537.36 (KHTML, like Gecko; compatible; GPTBot/1.3; +https://openai.com/gptbot)"
74.7.227.166 - - [17/Mar/2026:00:14:46 +0000] "GET /vendor/spatie/flare-client-php/src/Support/?MD HTTP/1.1" 200 676 "http://mianjeepos.bms69.com/vendor/spatie/flare-client-php/src/Support/?MA" "Mozilla/5.0 AppleWebKit/537.36 (KHTML, like Gecko; compatible; GPTBot/1.3; +https://openai.com/gptbot)"
74.7.175.187 - - [17/Mar/2026:00:16:07 +0000] "GET /robots.txt HTTP/1.1" 404 1251 "-" "Mozilla/5.0 (Macintosh; Intel Mac OS X 10_15_7) AppleWebKit/537.36 (KHTML, like Gecko) Chrome/131.0.0.0 Safari/537.36; compatible; OAI-SearchBot/1.3; robots.txt; +https://openai.com/searchbot"
74.7.227.142 - - [17/Mar/2026:00:16:15 +0000] "GET /vendor/pragmarx/ia-collection/stubs/tests/?SD HTTP/1.1" 200 733 "http://www.mianjeepos.bms69.com/vendor/pragmarx/ia-collection/stubs/tests/?SA" "Mozilla/5.0 AppleWebKit/537.36 (KHTML, like Gecko; compatible; GPTBot/1.3; +https://openai.com/gptbot)"
74.7.227.166 - - [17/Mar/2026:00:16:39 +0000] "GET /vendor/laravel/framework/src/Illuminate/Auth/error_log HTTP/1.1" 403 1242 "http://mianjeepos.bms69.com/vendor/laravel/framework/src/Illuminate/Auth/" "Mozilla/5.0 AppleWebKit/537.36 (KHTML, like Gecko; compatible; GPTBot/1.3; +https://openai.com/gptbot)"
74.7.227.142 - - [17/Mar/2026:00:17:21 +0000] "GET /vendor/pragmarx/ia-collection/src/Support/?SD HTTP/1.1" 200 1330 "http://www.mianjeepos.bms69.com/vendor/pragmarx/ia-collection/src/Support/?SA" "Mozilla/5.0 AppleWebKit/537.36 (KHTML, like Gecko; compatible; GPTBot/1.3; +https://openai.com/gptbot)"
74.7.227.142 - - [17/Mar/2026:00:19:05 +0000] "GET /vendor/pragmarx/ia-collection/src/Support/?MD HTTP/1.1" 200 1324 "http://www.mianjeepos.bms69.com/vendor/pragmarx/ia-collection/src/Support/?MA" "Mozilla/5.0 AppleWebKit/537.36 (KHTML, like Gecko; compatible; GPTBot/1.3; +https://openai.com/gptbot)"
74.7.227.166 - - [17/Mar/2026:00:19:53 +0000] "GET /vendor/laravel/framework/src/Illuminate/Http/Concerns/ HTTP/1.1" 200 787 "http://mianjeepos.bms69.com/vendor/laravel/framework/src/Illuminate/Http/" "Mozilla/5.0 AppleWebKit/537.36 (KHTML, like Gecko; compatible; GPTBot/1.3; +https://openai.com/gptbot)"
74.7.227.166 - - [17/Mar/2026:00:20:51 +0000] "GET /vendor/league/commonmark/src/Extension/TableOfContents/Node/TableOfContentsPlaceholder.php HTTP/1.1" 500 0 "http://mianjeepos.bms69.com/vendor/league/commonmark/src/Extension/TableOfContents/Node/" "Mozilla/5.0 AppleWebKit/537.36 (KHTML, like Gecko; compatible; GPTBot/1.3; +https://openai.com/gptbot)"
74.7.227.142 - - [17/Mar/2026:00:21:12 +0000] "GET /vendor/sebastian/code-unit/src/exceptions/?MD HTTP/1.1" 200 790 "http://www.mianjeepos.bms69.com/vendor/sebastian/code-unit/src/exceptions/?MA" "Mozilla/5.0 AppleWebKit/537.36 (KHTML, like Gecko; compatible; GPTBot/1.3; +https://openai.com/gptbot)"
74.7.227.166 - - [17/Mar/2026:00:21:41 +0000] "GET /vendor/phar-io/version/?ND HTTP/1.1" 200 734 "http://mianjeepos.bms69.com/vendor/phar-io/version/" "Mozilla/5.0 AppleWebKit/537.36 (KHTML, like Gecko; compatible; GPTBot/1.3; +https://openai.com/gptbot)"
74.7.227.142 - - [17/Mar/2026:00:22:13 +0000] "GET /vendor/sebastian/code-unit/src/exceptions/?NA HTTP/1.1" 200 788 "http://www.mianjeepos.bms69.com/vendor/sebastian/code-unit/src/exceptions/?MA" "Mozilla/5.0 AppleWebKit/537.36 (KHTML, like Gecko; compatible; GPTBot/1.3; +https://openai.com/gptbot)"
74.7.227.142 - - [17/Mar/2026:00:22:42 +0000] "GET /vendor/sebastian/code-unit/src/exceptions/?SA HTTP/1.1" 200 792 "http://www.mianjeepos.bms69.com/vendor/sebastian/code-unit/src/exceptions/" "Mozilla/5.0 AppleWebKit/537.36 (KHTML, like Gecko; compatible; GPTBot/1.3; +https://openai.com/gptbot)"
74.7.227.166 - - [17/Mar/2026:00:22:42 +0000] "GET /vendor/phar-io/version/?SA HTTP/1.1" 200 743 "http://mianjeepos.bms69.com/vendor/phar-io/version/" "Mozilla/5.0 AppleWebKit/537.36 (KHTML, like Gecko; compatible; GPTBot/1.3; +https://openai.com/gptbot)"
74.7.227.142 - - [17/Mar/2026:00:15:08 +0000] "GET /vendor/pragmarx/ia-collection/src/Support/Collection.php HTTP/1.1" 500 0 "http://www.mianjeepos.bms69.com/vendor/pragmarx/ia-collection/src/Support/?MA" "Mozilla/5.0 AppleWebKit/537.36 (KHTML, like Gecko; compatible; GPTBot/1.3; +https://openai.com/gptbot)"
74.7.227.166 - - [17/Mar/2026:00:15:29 +0000] "GET /vendor/spatie/flare-client-php/src/Support/?SD HTTP/1.1" 200 675 "http://mianjeepos.bms69.com/vendor/spatie/flare-client-php/src/Support/?SA" "Mozilla/5.0 AppleWebKit/537.36 (KHTML, like Gecko; compatible; GPTBot/1.3; +https://openai.com/gptbot)"
74.7.227.166 - - [17/Mar/2026:00:16:07 +0000] "GET /vendor/doctrine/dbal/src/Platforms/Keywords/PostgreSQL100Keywords.php HTTP/1.1" 500 0 "http://mianjeepos.bms69.com/vendor/doctrine/dbal/src/Platforms/Keywords/" "Mozilla/5.0 AppleWebKit/537.36 (KHTML, like Gecko; compatible; GPTBot/1.3; +https://openai.com/gptbot)"
74.7.227.166 - - [17/Mar/2026:00:17:40 +0000] "GET /vendor/laravel/framework/src/Illuminate/Http/error_log HTTP/1.1" 403 1242 "http://mianjeepos.bms69.com/vendor/laravel/framework/src/Illuminate/Http/" "Mozilla/5.0 AppleWebKit/537.36 (KHTML, like Gecko; compatible; GPTBot/1.3; +https://openai.com/gptbot)"
74.7.227.142 - - [17/Mar/2026:00:18:13 +0000] "GET /vendor/pragmarx/ia-collection/stubs/tests/?MD HTTP/1.1" 200 736 "http://www.mianjeepos.bms69.com/vendor/pragmarx/ia-collection/stubs/tests/?MA" "Mozilla/5.0 AppleWebKit/537.36 (KHTML, like Gecko; compatible; GPTBot/1.3; +https://openai.com/gptbot)"
74.7.227.166 - - [17/Mar/2026:00:18:47 +0000] "GET /vendor/laravel/framework/src/Illuminate/Contracts/Bus/ HTTP/1.1" 200 751 "http://mianjeepos.bms69.com/vendor/laravel/framework/src/Illuminate/Contracts/" "Mozilla/5.0 AppleWebKit/537.36 (KHTML, like Gecko; compatible; GPTBot/1.3; +https://openai.com/gptbot)"
74.7.227.142 - - [17/Mar/2026:00:19:51 +0000] "GET /vendor/barryvdh/laravel-dompdf/src/Facade/?SD HTTP/1.1" 200 705 "http://www.mianjeepos.bms69.com/vendor/barryvdh/laravel-dompdf/src/Facade/?SA" "Mozilla/5.0 AppleWebKit/537.36 (KHTML, like Gecko; compatible; GPTBot/1.3; +https://openai.com/gptbot)"
74.7.227.142 - - [17/Mar/2026:00:20:36 +0000] "GET /vendor/barryvdh/laravel-dompdf/src/Facade/?NA HTTP/1.1" 200 700 "http://www.mianjeepos.bms69.com/vendor/barryvdh/laravel-dompdf/src/Facade/?ND" "Mozilla/5.0 AppleWebKit/537.36 (KHTML, like Gecko; compatible; GPTBot/1.3; +https://openai.com/gptbot)"
74.7.244.31 - - [17/Mar/2026:00:20:36 +0000] "GET /robots.txt HTTP/1.1" 404 1251 "-" "Mozilla/5.0 (Macintosh; Intel Mac OS X 10_15_7) AppleWebKit/537.36 (KHTML, like Gecko) Chrome/131.0.0.0 Safari/537.36; compatible; OAI-SearchBot/1.3; robots.txt; +https://openai.com/searchbot"
74.7.175.187 - - [17/Mar/2026:00:21:41 +0000] "GET /robots.txt HTTP/1.1" 404 1251 "-" "Mozilla/5.0 (Macintosh; Intel Mac OS X 10_15_7) AppleWebKit/537.36 (KHTML, like Gecko) Chrome/131.0.0.0 Safari/537.36; compatible; OAI-SearchBot/1.3; robots.txt; +https://openai.com/searchbot"
74.7.227.142 - - [17/Mar/2026:00:21:45 +0000] "GET /vendor/pragmarx/ia-collection/src/Support/?NA HTTP/1.1" 200 1331 "http://www.mianjeepos.bms69.com/vendor/pragmarx/ia-collection/src/Support/?MA" "Mozilla/5.0 AppleWebKit/537.36 (KHTML, like Gecko; compatible; GPTBot/1.3; +https://openai.com/gptbot)"
74.7.227.166 - - [17/Mar/2026:00:24:31 +0000] "GET /vendor/ezyang/htmlpurifier/library/HTMLPurifier/AttrDef/URI/?MA HTTP/1.1" 200 1129 "http://mianjeepos.bms69.com/vendor/ezyang/htmlpurifier/library/HTMLPurifier/AttrDef/URI/" "Mozilla/5.0 AppleWebKit/537.36 (KHTML, like Gecko; compatible; GPTBot/1.3; +https://openai.com/gptbot)"
74.7.227.166 - - [17/Mar/2026:00:25:59 +0000] "GET /vendor/ezyang/htmlpurifier/library/HTMLPurifier/AttrDef/CSS/?ND HTTP/1.1" 200 1461 "http://mianjeepos.bms69.com/vendor/ezyang/htmlpurifier/library/HTMLPurifier/AttrDef/CSS/" "Mozilla/5.0 AppleWebKit/537.36 (KHTML, like Gecko; compatible; GPTBot/1.3; +https://openai.com/gptbot)"
74.7.227.142 - - [17/Mar/2026:00:23:03 +0000] "GET /vendor/barryvdh/laravel-dompdf/src/Facade/?MD HTTP/1.1" 200 706 "http://www.mianjeepos.bms69.com/vendor/barryvdh/laravel-dompdf/src/Facade/?MA" "Mozilla/5.0 AppleWebKit/537.36 (KHTML, like Gecko; compatible; GPTBot/1.3; +https://openai.com/gptbot)"
74.7.227.142 - - [17/Mar/2026:00:23:29 +0000] "GET /vendor/pragmarx/ia-collection/stubs/tests/?NA HTTP/1.1" 200 737 "http://www.mianjeepos.bms69.com/vendor/pragmarx/ia-collection/stubs/tests/?ND" "Mozilla/5.0 AppleWebKit/537.36 (KHTML, like Gecko; compatible; GPTBot/1.3; +https://openai.com/gptbot)"
74.7.227.166 - - [17/Mar/2026:00:23:39 +0000] "GET /vendor/phar-io/version/?MA HTTP/1.1" 200 741 "http://mianjeepos.bms69.com/vendor/phar-io/version/" "Mozilla/5.0 AppleWebKit/537.36 (KHTML, like Gecko; compatible; GPTBot/1.3; +https://openai.com/gptbot)"
74.7.227.142 - - [17/Mar/2026:00:23:46 +0000] "GET /vendor/spatie/flare-client-php/src/Context/RequestContextProvider.php HTTP/1.1" 500 0 "http://www.mianjeepos.bms69.com/vendor/spatie/flare-client-php/src/Context/" "Mozilla/5.0 AppleWebKit/537.36 (KHTML, like Gecko; compatible; GPTBot/1.3; +https://openai.com/gptbot)"
74.7.227.142 - - [17/Mar/2026:00:24:02 +0000] "GET /vendor/phpoffice/phpspreadsheet/src/PhpSpreadsheet/Calculation/DateTimeExcel/DateParts.php HTTP/1.1" 500 0 "http://www.mianjeepos.bms69.com/vendor/phpoffice/phpspreadsheet/src/PhpSpreadsheet/Calculation/DateTimeExcel/" "Mozilla/5.0 AppleWebKit/537.36 (KHTML, like Gecko; compatible; GPTBot/1.3; +https://openai.com/gptbot)"
