74.7.227.142 - - [17/Mar/2026:00:25:03 +0000] "GET /vendor/phpoffice/phpspreadsheet/src/PhpSpreadsheet/Calculation/DateTimeExcel/TimeParts.php HTTP/1.1" 500 0 "http://www.mianjeepos.bms69.com/vendor/phpoffice/phpspreadsheet/src/PhpSpreadsheet/Calculation/DateTimeExcel/" "Mozilla/5.0 AppleWebKit/537.36 (KHTML, like Gecko; compatible; GPTBot/1.3; +https://openai.com/gptbot)"
74.7.227.166 - - [17/Mar/2026:00:25:18 +0000] "GET /vendor/ezyang/htmlpurifier/library/HTMLPurifier/AttrDef/URI/?SA HTTP/1.1" 200 1129 "http://mianjeepos.bms69.com/vendor/ezyang/htmlpurifier/library/HTMLPurifier/AttrDef/URI/" "Mozilla/5.0 AppleWebKit/537.36 (KHTML, like Gecko; compatible; GPTBot/1.3; +https://openai.com/gptbot)"
74.7.227.142 - - [17/Mar/2026:00:27:03 +0000] "GET /vendor/phpoffice/phpspreadsheet/src/PhpSpreadsheet/Calculation/DateTimeExcel/DateValue.php HTTP/1.1" 500 0 "http://www.mianjeepos.bms69.com/vendor/phpoffice/phpspreadsheet/src/PhpSpreadsheet/Calculation/DateTimeExcel/" "Mozilla/5.0 AppleWebKit/537.36 (KHTML, like Gecko; compatible; GPTBot/1.3; +https://openai.com/gptbot)"
74.7.227.166 - - [17/Mar/2026:00:27:09 +0000] "GET /vendor/mockery/mockery/library/Mockery/Exception/BadMethodCallException.php HTTP/1.1" 500 0 "http://mianjeepos.bms69.com/vendor/mockery/mockery/library/Mockery/Exception/" "Mozilla/5.0 AppleWebKit/537.36 (KHTML, like Gecko; compatible; GPTBot/1.3; +https://openai.com/gptbot)"
74.7.227.166 - - [17/Mar/2026:00:27:45 +0000] "GET /vendor/laravel/framework/src/Illuminate/Contracts/Bus/error_log HTTP/1.1" 403 1242 "http://mianjeepos.bms69.com/vendor/laravel/framework/src/Illuminate/Contracts/Bus/" "Mozilla/5.0 AppleWebKit/537.36 (KHTML, like Gecko; compatible; GPTBot/1.3; +https://openai.com/gptbot)"
74.7.227.166 - - [17/Mar/2026:00:28:50 +0000] "GET /vendor/laravel/framework/src/Illuminate/Http/Concerns/InteractsWithInput.php HTTP/1.1" 200 0 "http://mianjeepos.bms69.com/vendor/laravel/framework/src/Illuminate/Http/Concerns/" "Mozilla/5.0 AppleWebKit/537.36 (KHTML, like Gecko; compatible; GPTBot/1.3; +https://openai.com/gptbot)"
74.7.227.166 - - [17/Mar/2026:00:29:50 +0000] "GET /vendor/laravel/framework/src/Illuminate/Http/Concerns/InteractsWithFlashData.php HTTP/1.1" 200 0 "http://mianjeepos.bms69.com/vendor/laravel/framework/src/Illuminate/Http/Concerns/" "Mozilla/5.0 AppleWebKit/537.36 (KHTML, like Gecko; compatible; GPTBot/1.3; +https://openai.com/gptbot)"
74.7.227.142 - - [17/Mar/2026:00:30:09 +0000] "GET /vendor/phpoffice/phpspreadsheet/src/PhpSpreadsheet/Calculation/DateTimeExcel/Constants.php HTTP/1.1" 200 0 "http://www.mianjeepos.bms69.com/vendor/phpoffice/phpspreadsheet/src/PhpSpreadsheet/Calculation/DateTimeExcel/" "Mozilla/5.0 AppleWebKit/537.36 (KHTML, like Gecko; compatible; GPTBot/1.3; +https://openai.com/gptbot)"
74.7.227.166 - - [17/Mar/2026:00:30:51 +0000] "GET /vendor/laravel/framework/src/Illuminate/Http/Concerns/InteractsWithContentTypes.php HTTP/1.1" 200 0 "http://mianjeepos.bms69.com/vendor/laravel/framework/src/Illuminate/Http/Concerns/" "Mozilla/5.0 AppleWebKit/537.36 (KHTML, like Gecko; compatible; GPTBot/1.3; +https://openai.com/gptbot)"
74.7.227.142 - - [17/Mar/2026:00:26:00 +0000] "GET /vendor/phpoffice/phpspreadsheet/src/PhpSpreadsheet/Calculation/MathTrig/MatrixFunctions.php HTTP/1.1" 200 0 "http://www.mianjeepos.bms69.com/vendor/phpoffice/phpspreadsheet/src/PhpSpreadsheet/Calculation/MathTrig/" "Mozilla/5.0 AppleWebKit/537.36 (KHTML, like Gecko; compatible; GPTBot/1.3; +https://openai.com/gptbot)"
74.7.244.31 - - [17/Mar/2026:00:26:00 +0000] "GET /robots.txt HTTP/1.1" 404 1251 "-" "Mozilla/5.0 (Macintosh; Intel Mac OS X 10_15_7) AppleWebKit/537.36 (KHTML, like Gecko) Chrome/131.0.0.0 Safari/537.36; compatible; OAI-SearchBot/1.3; robots.txt; +https://openai.com/searchbot"
74.7.227.166 - - [17/Mar/2026:00:26:38 +0000] "GET /vendor/ezyang/htmlpurifier/library/HTMLPurifier/AttrDef/URI/?ND HTTP/1.1" 200 1137 "http://mianjeepos.bms69.com/vendor/ezyang/htmlpurifier/library/HTMLPurifier/AttrDef/URI/" "Mozilla/5.0 AppleWebKit/537.36 (KHTML, like Gecko; compatible; GPTBot/1.3; +https://openai.com/gptbot)"
74.7.175.187 - - [17/Mar/2026:00:27:10 +0000] "GET /robots.txt HTTP/1.1" 404 1251 "-" "Mozilla/5.0 (Macintosh; Intel Mac OS X 10_15_7) AppleWebKit/537.36 (KHTML, like Gecko) Chrome/131.0.0.0 Safari/537.36; compatible; OAI-SearchBot/1.3; robots.txt; +https://openai.com/searchbot"
74.7.227.142 - - [17/Mar/2026:00:28:03 +0000] "GET /vendor/league/commonmark/src/Extension/Attributes/Parser/AttributesBlockContinueParser.php HTTP/1.1" 500 0 "http://www.mianjeepos.bms69.com/vendor/league/commonmark/src/Extension/Attributes/Parser/" "Mozilla/5.0 AppleWebKit/537.36 (KHTML, like Gecko; compatible; GPTBot/1.3; +https://openai.com/gptbot)"
74.7.227.142 - - [17/Mar/2026:00:29:05 +0000] "GET /vendor/phpoffice/phpspreadsheet/src/PhpSpreadsheet/Calculation/DateTimeExcel/TimeValue.php HTTP/1.1" 500 0 "http://www.mianjeepos.bms69.com/vendor/phpoffice/phpspreadsheet/src/PhpSpreadsheet/Calculation/DateTimeExcel/" "Mozilla/5.0 AppleWebKit/537.36 (KHTML, like Gecko; compatible; GPTBot/1.3; +https://openai.com/gptbot)"
74.7.244.31 - - [17/Mar/2026:00:31:10 +0000] "GET /robots.txt HTTP/1.1" 404 1251 "-" "Mozilla/5.0 (Macintosh; Intel Mac OS X 10_15_7) AppleWebKit/537.36 (KHTML, like Gecko) Chrome/131.0.0.0 Safari/537.36; compatible; OAI-SearchBot/1.3; robots.txt; +https://openai.com/searchbot"
74.7.227.166 - - [17/Mar/2026:00:31:42 +0000] "GET /vendor/laravel/framework/src/Illuminate/Contracts/Bus/QueueingDispatcher.php HTTP/1.1" 500 0 "http://mianjeepos.bms69.com/vendor/laravel/framework/src/Illuminate/Contracts/Bus/" "Mozilla/5.0 AppleWebKit/537.36 (KHTML, like Gecko; compatible; GPTBot/1.3; +https://openai.com/gptbot)"
74.7.227.166 - - [17/Mar/2026:00:32:23 +0000] "GET /vendor/laravel/framework/src/Illuminate/Http/Concerns/CanBePrecognitive.php HTTP/1.1" 200 0 "http://mianjeepos.bms69.com/vendor/laravel/framework/src/Illuminate/Http/Concerns/" "Mozilla/5.0 AppleWebKit/537.36 (KHTML, like Gecko; compatible; GPTBot/1.3; +https://openai.com/gptbot)"
74.7.227.166 - - [17/Mar/2026:00:33:31 +0000] "GET /vendor/laravel/framework/src/Illuminate/Contracts/Bus/Dispatcher.php HTTP/1.1" 200 0 "http://mianjeepos.bms69.com/vendor/laravel/framework/src/Illuminate/Contracts/Bus/" "Mozilla/5.0 AppleWebKit/537.36 (KHTML, like Gecko; compatible; GPTBot/1.3; +https://openai.com/gptbot)"
74.7.227.166 - - [17/Mar/2026:00:34:27 +0000] "GET /vendor/ezyang/htmlpurifier/library/HTMLPurifier/AttrDef/URI/Host.php HTTP/1.1" 500 0 "http://mianjeepos.bms69.com/vendor/ezyang/htmlpurifier/library/HTMLPurifier/AttrDef/URI/?MA" "Mozilla/5.0 AppleWebKit/537.36 (KHTML, like Gecko; compatible; GPTBot/1.3; +https://openai.com/gptbot)"
74.7.227.142 - - [17/Mar/2026:00:34:30 +0000] "GET /vendor/egulias/email-validator/?SA HTTP/1.1" 200 798 "http://www.mianjeepos.bms69.com/vendor/egulias/email-validator/" "Mozilla/5.0 AppleWebKit/537.36 (KHTML, like Gecko; compatible; GPTBot/1.3; +https://openai.com/gptbot)"
74.7.227.166 - - [17/Mar/2026:00:35:18 +0000] "GET /vendor/ezyang/htmlpurifier/library/HTMLPurifier/AttrDef/CSS/Multiple.php HTTP/1.1" 500 0 "http://mianjeepos.bms69.com/vendor/ezyang/htmlpurifier/library/HTMLPurifier/AttrDef/CSS/?ND" "Mozilla/5.0 AppleWebKit/537.36 (KHTML, like Gecko; compatible; GPTBot/1.3; +https://openai.com/gptbot)"
74.7.227.142 - - [17/Mar/2026:00:35:34 +0000] "GET /vendor/egulias/email-validator/?ND HTTP/1.1" 200 790 "http://www.mianjeepos.bms69.com/vendor/egulias/email-validator/" "Mozilla/5.0 AppleWebKit/537.36 (KHTML, like Gecko; compatible; GPTBot/1.3; +https://openai.com/gptbot)"
74.7.227.166 - - [17/Mar/2026:00:37:21 +0000] "GET /vendor/ezyang/htmlpurifier/library/HTMLPurifier/AttrDef/CSS/ListStyle.php HTTP/1.1" 500 0 "http://mianjeepos.bms69.com/vendor/ezyang/htmlpurifier/library/HTMLPurifier/AttrDef/CSS/?ND" "Mozilla/5.0 AppleWebKit/537.36 (KHTML, like Gecko; compatible; GPTBot/1.3; +https://openai.com/gptbot)"
74.7.175.187 - - [17/Mar/2026:00:38:24 +0000] "GET /robots.txt HTTP/1.1" 404 1251 "-" "Mozilla/5.0 (Macintosh; Intel Mac OS X 10_15_7) AppleWebKit/537.36 (KHTML, like Gecko) Chrome/131.0.0.0 Safari/537.36; compatible; OAI-SearchBot/1.3; robots.txt; +https://openai.com/searchbot"
74.7.227.142 - - [17/Mar/2026:00:38:47 +0000] "GET /resources/views/emails/?ND HTTP/1.1" 200 706 "http://www.mianjeepos.bms69.com/resources/views/emails/" "Mozilla/5.0 AppleWebKit/537.36 (KHTML, like Gecko; compatible; GPTBot/1.3; +https://openai.com/gptbot)"
74.7.227.142 - - [17/Mar/2026:00:39:20 +0000] "GET /resources/js/components/?MA HTTP/1.1" 200 731 "http://www.mianjeepos.bms69.com/resources/js/components/" "Mozilla/5.0 AppleWebKit/537.36 (KHTML, like Gecko; compatible; GPTBot/1.3; +https://openai.com/gptbot)"
74.7.227.166 - - [17/Mar/2026:00:39:25 +0000] "GET /vendor/ezyang/htmlpurifier/library/HTMLPurifier/AttrDef/CSS/Percentage.php HTTP/1.1" 500 0 "http://mianjeepos.bms69.com/vendor/ezyang/htmlpurifier/library/HTMLPurifier/AttrDef/CSS/?ND" "Mozilla/5.0 AppleWebKit/537.36 (KHTML, like Gecko; compatible; GPTBot/1.3; +https://openai.com/gptbot)"
74.7.227.142 - - [17/Mar/2026:00:31:10 +0000] "GET /vendor/sebastian/code-unit/src/exceptions/?SD HTTP/1.1" 200 789 "http://www.mianjeepos.bms69.com/vendor/sebastian/code-unit/src/exceptions/?SA" "Mozilla/5.0 AppleWebKit/537.36 (KHTML, like Gecko; compatible; GPTBot/1.3; +https://openai.com/gptbot)"
74.7.227.142 - - [17/Mar/2026:00:32:08 +0000] "GET /vendor/laravel/framework/src/Illuminate/View/LICENSE.md HTTP/1.1" 200 1075 "http://www.mianjeepos.bms69.com/vendor/laravel/framework/src/Illuminate/View/" "Mozilla/5.0 AppleWebKit/537.36 (KHTML, like Gecko; compatible; GPTBot/1.3; +https://openai.com/gptbot)"
74.7.175.187 - - [17/Mar/2026:00:32:23 +0000] "GET /robots.txt HTTP/1.1" 404 1251 "-" "Mozilla/5.0 (Macintosh; Intel Mac OS X 10_15_7) AppleWebKit/537.36 (KHTML, like Gecko) Chrome/131.0.0.0 Safari/537.36; compatible; OAI-SearchBot/1.3; robots.txt; +https://openai.com/searchbot"
74.7.227.142 - - [17/Mar/2026:00:33:05 +0000] "GET /vendor/laravel/framework/src/Illuminate/Mail/LICENSE.md HTTP/1.1" 200 1075 "http://www.mianjeepos.bms69.com/vendor/laravel/framework/src/Illuminate/Mail/" "Mozilla/5.0 AppleWebKit/537.36 (KHTML, like Gecko; compatible; GPTBot/1.3; +https://openai.com/gptbot)"
74.7.227.142 - - [17/Mar/2026:00:33:47 +0000] "GET /vendor/laravel/framework/src/Illuminate/Contracts/Pagination/LengthAwarePaginator.php HTTP/1.1" 500 0 "http://www.mianjeepos.bms69.com/vendor/laravel/framework/src/Illuminate/Contracts/Pagination/" "Mozilla/5.0 AppleWebKit/537.36 (KHTML, like Gecko; compatible; GPTBot/1.3; +https://openai.com/gptbot)"
74.7.227.166 - - [17/Mar/2026:00:36:21 +0000] "GET /vendor/ezyang/htmlpurifier/library/HTMLPurifier/AttrDef/CSS/Composite.php HTTP/1.1" 500 0 "http://mianjeepos.bms69.com/vendor/ezyang/htmlpurifier/library/HTMLPurifier/AttrDef/CSS/?ND" "Mozilla/5.0 AppleWebKit/537.36 (KHTML, like Gecko; compatible; GPTBot/1.3; +https://openai.com/gptbot)"
74.7.227.142 - - [17/Mar/2026:00:36:32 +0000] "GET /vendor/egulias/email-validator/?MA HTTP/1.1" 200 796 "http://www.mianjeepos.bms69.com/vendor/egulias/email-validator/" "Mozilla/5.0 AppleWebKit/537.36 (KHTML, like Gecko; compatible; GPTBot/1.3; +https://openai.com/gptbot)"
74.7.244.31 - - [17/Mar/2026:00:36:32 +0000] "GET /robots.txt HTTP/1.1" 404 1251 "-" "Mozilla/5.0 (Macintosh; Intel Mac OS X 10_15_7) AppleWebKit/537.36 (KHTML, like Gecko) Chrome/131.0.0.0 Safari/537.36; compatible; OAI-SearchBot/1.3; robots.txt; +https://openai.com/searchbot"
74.7.227.142 - - [17/Mar/2026:00:37:21 +0000] "GET /vendor/phpoffice/phpspreadsheet/src/PhpSpreadsheet/Style/ConditionalFormatting/CellStyleAssessor.php HTTP/1.1" 200 0 "http://www.mianjeepos.bms69.com/vendor/phpoffice/phpspreadsheet/src/PhpSpreadsheet/Style/ConditionalFormatting/" "Mozilla/5.0 AppleWebKit/537.36 (KHTML, like Gecko; compatible; GPTBot/1.3; +https://openai.com/gptbot)"
74.7.227.142 - - [17/Mar/2026:00:38:09 +0000] "GET /vendor/nunomaduro/collision/src/Adapters/Phpunit/Subscribers/EnsurePrinterIsRegisteredSubscriber.php HTTP/1.1" 200 0 "http://www.mianjeepos.bms69.com/vendor/nunomaduro/collision/src/Adapters/Phpunit/Subscribers/" "Mozilla/5.0 AppleWebKit/537.36 (KHTML, like Gecko; compatible; GPTBot/1.3; +https://openai.com/gptbot)"
74.7.227.166 - - [17/Mar/2026:00:38:24 +0000] "GET /vendor/ezyang/htmlpurifier/library/HTMLPurifier/AttrDef/CSS/AlphaValue.php HTTP/1.1" 500 0 "http://mianjeepos.bms69.com/vendor/ezyang/htmlpurifier/library/HTMLPurifier/AttrDef/CSS/?ND" "Mozilla/5.0 AppleWebKit/537.36 (KHTML, like Gecko; compatible; GPTBot/1.3; +https://openai.com/gptbot)"
74.7.227.142 - - [17/Mar/2026:00:40:26 +0000] "GET /resources/js/components/?SA HTTP/1.1" 200 726 "http://www.mianjeepos.bms69.com/resources/js/components/" "Mozilla/5.0 AppleWebKit/537.36 (KHTML, like Gecko; compatible; GPTBot/1.3; +https://openai.com/gptbot)"
74.7.227.142 - - [17/Mar/2026:00:39:57 +0000] "GET /resources/views/emails/?SA HTTP/1.1" 200 707 "http://www.mianjeepos.bms69.com/resources/views/emails/" "Mozilla/5.0 AppleWebKit/537.36 (KHTML, like Gecko; compatible; GPTBot/1.3; +https://openai.com/gptbot)"
74.7.227.142 - - [17/Mar/2026:00:41:18 +0000] "GET /resources/views/emails/?MA HTTP/1.1" 200 709 "http://www.mianjeepos.bms69.com/resources/views/emails/" "Mozilla/5.0 AppleWebKit/537.36 (KHTML, like Gecko; compatible; GPTBot/1.3; +https://openai.com/gptbot)"
74.7.227.166 - - [17/Mar/2026:00:41:33 +0000] "GET /vendor/ezyang/htmlpurifier/library/HTMLPurifier/AttrDef/CSS/TextDecoration.php HTTP/1.1" 500 0 "http://mianjeepos.bms69.com/vendor/ezyang/htmlpurifier/library/HTMLPurifier/AttrDef/CSS/?ND" "Mozilla/5.0 AppleWebKit/537.36 (KHTML, like Gecko; compatible; GPTBot/1.3; +https://openai.com/gptbot)"
74.7.244.31 - - [17/Mar/2026:00:41:39 +0000] "GET /robots.txt HTTP/1.1" 404 1251 "-" "Mozilla/5.0 (Macintosh; Intel Mac OS X 10_15_7) AppleWebKit/537.36 (KHTML, like Gecko) Chrome/131.0.0.0 Safari/537.36; compatible; OAI-SearchBot/1.3; robots.txt; +https://openai.com/searchbot"
74.7.227.142 - - [17/Mar/2026:00:42:18 +0000] "GET /vendor/egulias/email-validator/?MD HTTP/1.1" 200 797 "http://www.mianjeepos.bms69.com/vendor/egulias/email-validator/?MA" "Mozilla/5.0 AppleWebKit/537.36 (KHTML, like Gecko; compatible; GPTBot/1.3; +https://openai.com/gptbot)"
74.7.227.142 - - [17/Mar/2026:00:42:33 +0000] "GET /vendor/egulias/email-validator/?SD HTTP/1.1" 200 799 "http://www.mianjeepos.bms69.com/vendor/egulias/email-validator/?SA" "Mozilla/5.0 AppleWebKit/537.36 (KHTML, like Gecko; compatible; GPTBot/1.3; +https://openai.com/gptbot)"
74.7.227.142 - - [17/Mar/2026:00:42:47 +0000] "GET /vendor/ezyang/htmlpurifier/library/HTMLPurifier/AttrDef/CSS/?SA HTTP/1.1" 200 1464 "http://www.mianjeepos.bms69.com/vendor/ezyang/htmlpurifier/library/HTMLPurifier/AttrDef/CSS/" "Mozilla/5.0 AppleWebKit/537.36 (KHTML, like Gecko; compatible; GPTBot/1.3; +https://openai.com/gptbot)"
74.7.227.142 - - [17/Mar/2026:00:43:04 +0000] "GET /resources/views/emails/?NA HTTP/1.1" 200 701 "http://www.mianjeepos.bms69.com/resources/views/emails/?ND" "Mozilla/5.0 AppleWebKit/537.36 (KHTML, like Gecko; compatible; GPTBot/1.3; +https://openai.com/gptbot)"
74.7.227.142 - - [17/Mar/2026:00:43:14 +0000] "GET /vendor/ezyang/htmlpurifier/library/HTMLPurifier/AttrDef/CSS/?MA HTTP/1.1" 200 1480 "http://www.mianjeepos.bms69.com/vendor/ezyang/htmlpurifier/library/HTMLPurifier/AttrDef/CSS/" "Mozilla/5.0 AppleWebKit/537.36 (KHTML, like Gecko; compatible; GPTBot/1.3; +https://openai.com/gptbot)"
74.7.227.142 - - [17/Mar/2026:00:43:24 +0000] "GET /resources/views/emails/?SA HTTP/1.1" 200 707 "http://www.mianjeepos.bms69.com/resources/views/emails/?ND" "Mozilla/5.0 AppleWebKit/537.36 (KHTML, like Gecko; compatible; GPTBot/1.3; +https://openai.com/gptbot)"
74.7.227.142 - - [17/Mar/2026:00:43:34 +0000] "GET /resources/js/components/?SD HTTP/1.1" 200 729 "http://www.mianjeepos.bms69.com/resources/js/components/?SA" "Mozilla/5.0 AppleWebKit/537.36 (KHTML, like Gecko; compatible; GPTBot/1.3; +https://openai.com/gptbot)"
74.7.227.142 - - [17/Mar/2026:00:43:42 +0000] "GET /resources/views/emails/?MA HTTP/1.1" 200 709 "http://www.mianjeepos.bms69.com/resources/views/emails/?ND" "Mozilla/5.0 AppleWebKit/537.36 (KHTML, like Gecko; compatible; GPTBot/1.3; +https://openai.com/gptbot)"
74.7.227.142 - - [17/Mar/2026:00:43:49 +0000] "GET /resources/views/emails/?SD HTTP/1.1" 200 707 "http://www.mianjeepos.bms69.com/resources/views/emails/?SA" "Mozilla/5.0 AppleWebKit/537.36 (KHTML, like Gecko; compatible; GPTBot/1.3; +https://openai.com/gptbot)"
74.7.227.142 - - [17/Mar/2026:00:43:56 +0000] "GET /resources/js/components/?NA HTTP/1.1" 200 722 "http://www.mianjeepos.bms69.com/resources/js/components/?MA" "Mozilla/5.0 AppleWebKit/537.36 (KHTML, like Gecko; compatible; GPTBot/1.3; +https://openai.com/gptbot)"
74.7.227.142 - - [17/Mar/2026:00:44:02 +0000] "GET /resources/views/emails/?MD HTTP/1.1" 200 707 "http://www.mianjeepos.bms69.com/resources/views/emails/?MA" "Mozilla/5.0 AppleWebKit/537.36 (KHTML, like Gecko; compatible; GPTBot/1.3; +https://openai.com/gptbot)"
74.7.227.142 - - [17/Mar/2026:00:44:07 +0000] "GET /resources/js/components/?MD HTTP/1.1" 200 729 "http://www.mianjeepos.bms69.com/resources/js/components/?MA" "Mozilla/5.0 AppleWebKit/537.36 (KHTML, like Gecko; compatible; GPTBot/1.3; +https://openai.com/gptbot)"
74.7.227.142 - - [17/Mar/2026:00:44:15 +0000] "GET /vendor/phpoffice/phpspreadsheet/?SA HTTP/1.1" 200 1204 "http://www.mianjeepos.bms69.com/vendor/phpoffice/phpspreadsheet/" "Mozilla/5.0 AppleWebKit/537.36 (KHTML, like Gecko; compatible; GPTBot/1.3; +https://openai.com/gptbot)"
74.7.227.142 - - [17/Mar/2026:00:44:23 +0000] "GET /vendor/ezyang/htmlpurifier/library/HTMLPurifier/AttrDef/CSS/Number.php HTTP/1.1" 500 0 "http://www.mianjeepos.bms69.com/vendor/ezyang/htmlpurifier/library/HTMLPurifier/AttrDef/CSS/?SA" "Mozilla/5.0 AppleWebKit/537.36 (KHTML, like Gecko; compatible; GPTBot/1.3; +https://openai.com/gptbot)"
74.7.227.142 - - [17/Mar/2026:00:44:31 +0000] "GET /vendor/ezyang/htmlpurifier/library/HTMLPurifier/AttrDef/CSS/?SD HTTP/1.1" 200 1451 "http://www.mianjeepos.bms69.com/vendor/ezyang/htmlpurifier/library/HTMLPurifier/AttrDef/CSS/?SA" "Mozilla/5.0 AppleWebKit/537.36 (KHTML, like Gecko; compatible; GPTBot/1.3; +https://openai.com/gptbot)"
74.7.227.142 - - [17/Mar/2026:00:44:42 +0000] "GET /vendor/ezyang/htmlpurifier/library/HTMLPurifier/AttrDef/CSS/?MD HTTP/1.1" 200 1483 "http://www.mianjeepos.bms69.com/vendor/ezyang/htmlpurifier/library/HTMLPurifier/AttrDef/CSS/?MA" "Mozilla/5.0 AppleWebKit/537.36 (KHTML, like Gecko; compatible; GPTBot/1.3; +https://openai.com/gptbot)"
74.7.227.166 - - [17/Mar/2026:00:44:42 +0000] "GET /vendor/ezyang/htmlpurifier/library/HTMLPurifier/AttrDef/CSS/ImportantDecorator.php HTTP/1.1" 500 0 "http://mianjeepos.bms69.com/vendor/ezyang/htmlpurifier/library/HTMLPurifier/AttrDef/CSS/?ND" "Mozilla/5.0 AppleWebKit/537.36 (KHTML, like Gecko; compatible; GPTBot/1.3; +https://openai.com/gptbot)"
74.7.227.142 - - [17/Mar/2026:00:44:50 +0000] "GET /vendor/phpoffice/phpspreadsheet/?ND HTTP/1.1" 200 1196 "http://www.mianjeepos.bms69.com/vendor/phpoffice/phpspreadsheet/" "Mozilla/5.0 AppleWebKit/537.36 (KHTML, like Gecko; compatible; GPTBot/1.3; +https://openai.com/gptbot)"
74.7.227.142 - - [17/Mar/2026:00:45:00 +0000] "GET /vendor/phpoffice/phpspreadsheet/?MA HTTP/1.1" 200 1210 "http://www.mianjeepos.bms69.com/vendor/phpoffice/phpspreadsheet/" "Mozilla/5.0 AppleWebKit/537.36 (KHTML, like Gecko; compatible; GPTBot/1.3; +https://openai.com/gptbot)"
74.7.227.142 - - [17/Mar/2026:00:45:10 +0000] "GET /vendor/phar-io/manifest/src/values/Manifest.php HTTP/1.1" 200 0 "http://www.mianjeepos.bms69.com/vendor/phar-io/manifest/src/values/" "Mozilla/5.0 AppleWebKit/537.36 (KHTML, like Gecko; compatible; GPTBot/1.3; +https://openai.com/gptbot)"
74.7.227.142 - - [17/Mar/2026:00:45:16 +0000] "GET /vendor/laravel/framework/src/Illuminate/Redis/LICENSE.md HTTP/1.1" 200 1075 "http://www.mianjeepos.bms69.com/vendor/laravel/framework/src/Illuminate/Redis/" "Mozilla/5.0 AppleWebKit/537.36 (KHTML, like Gecko; compatible; GPTBot/1.3; +https://openai.com/gptbot)"
74.7.227.142 - - [17/Mar/2026:00:45:24 +0000] "GET /vendor/laravel/framework/src/Illuminate/Queue/LICENSE.md HTTP/1.1" 200 1075 "http://www.mianjeepos.bms69.com/vendor/laravel/framework/src/Illuminate/Queue/" "Mozilla/5.0 AppleWebKit/537.36 (KHTML, like Gecko; compatible; GPTBot/1.3; +https://openai.com/gptbot)"
74.7.227.142 - - [17/Mar/2026:00:45:31 +0000] "GET /vendor/laravel/framework/src/Illuminate/Cache/LICENSE.md HTTP/1.1" 200 1075 "http://www.mianjeepos.bms69.com/vendor/laravel/framework/src/Illuminate/Cache/" "Mozilla/5.0 AppleWebKit/537.36 (KHTML, like Gecko; compatible; GPTBot/1.3; +https://openai.com/gptbot)"
74.7.227.142 - - [17/Mar/2026:00:45:35 +0000] "GET /vendor/doctrine/dbal/src/Platforms/MySQL/CollationMetadataProvider/?MA HTTP/1.1" 200 775 "http://www.mianjeepos.bms69.com/vendor/doctrine/dbal/src/Platforms/MySQL/CollationMetadataProvider/" "Mozilla/5.0 AppleWebKit/537.36 (KHTML, like Gecko; compatible; GPTBot/1.3; +https://openai.com/gptbot)"
74.7.227.142 - - [17/Mar/2026:00:45:40 +0000] "GET /vendor/phpoffice/phpspreadsheet/?SD HTTP/1.1" 200 1204 "http://www.mianjeepos.bms69.com/vendor/phpoffice/phpspreadsheet/?SA" "Mozilla/5.0 AppleWebKit/537.36 (KHTML, like Gecko; compatible; GPTBot/1.3; +https://openai.com/gptbot)"
74.7.227.166 - - [17/Mar/2026:00:45:45 +0000] "GET /vendor/ezyang/htmlpurifier/library/HTMLPurifier/AttrDef/CSS/BackgroundPosition.php HTTP/1.1" 500 0 "http://mianjeepos.bms69.com/vendor/ezyang/htmlpurifier/library/HTMLPurifier/AttrDef/CSS/?ND" "Mozilla/5.0 AppleWebKit/537.36 (KHTML, like Gecko; compatible; GPTBot/1.3; +https://openai.com/gptbot)"
74.7.227.142 - - [17/Mar/2026:00:45:45 +0000] "GET /vendor/phpoffice/phpspreadsheet/?NA HTTP/1.1" 200 1199 "http://www.mianjeepos.bms69.com/vendor/phpoffice/phpspreadsheet/?SA" "Mozilla/5.0 AppleWebKit/537.36 (KHTML, like Gecko; compatible; GPTBot/1.3; +https://openai.com/gptbot)"
74.7.227.142 - - [17/Mar/2026:00:45:50 +0000] "GET /vendor/doctrine/dbal/src/Platforms/MySQL/CollationMetadataProvider/?SA HTTP/1.1" 200 772 "http://www.mianjeepos.bms69.com/vendor/doctrine/dbal/src/Platforms/MySQL/CollationMetadataProvider/" "Mozilla/5.0 AppleWebKit/537.36 (KHTML, like Gecko; compatible; GPTBot/1.3; +https://openai.com/gptbot)"
74.7.227.142 - - [17/Mar/2026:00:45:53 +0000] "GET /vendor/doctrine/dbal/src/Platforms/MySQL/CollationMetadataProvider/?ND HTTP/1.1" 200 764 "http://www.mianjeepos.bms69.com/vendor/doctrine/dbal/src/Platforms/MySQL/CollationMetadataProvider/" "Mozilla/5.0 AppleWebKit/537.36 (KHTML, like Gecko; compatible; GPTBot/1.3; +https://openai.com/gptbot)"
74.7.227.142 - - [17/Mar/2026:00:45:56 +0000] "GET /vendor/phpoffice/phpspreadsheet/?MA HTTP/1.1" 200 1210 "http://www.mianjeepos.bms69.com/vendor/phpoffice/phpspreadsheet/?SA" "Mozilla/5.0 AppleWebKit/537.36 (KHTML, like Gecko; compatible; GPTBot/1.3; +https://openai.com/gptbot)"
74.7.227.142 - - [17/Mar/2026:00:46:00 +0000] "GET /vendor/phpoffice/phpspreadsheet/?MD HTTP/1.1" 200 1213 "http://www.mianjeepos.bms69.com/vendor/phpoffice/phpspreadsheet/?MA" "Mozilla/5.0 AppleWebKit/537.36 (KHTML, like Gecko; compatible; GPTBot/1.3; +https://openai.com/gptbot)"
74.7.227.142 - - [17/Mar/2026:00:46:06 +0000] "GET /vendor/laravel/framework/src/Illuminate/Notifications/?ND HTTP/1.1" 200 1489 "http://www.mianjeepos.bms69.com/vendor/laravel/framework/src/Illuminate/Notifications/" "Mozilla/5.0 AppleWebKit/537.36 (KHTML, like Gecko; compatible; GPTBot/1.3; +https://openai.com/gptbot)"
74.7.227.142 - - [17/Mar/2026:00:46:10 +0000] "GET /vendor/laravel/framework/src/Illuminate/Conditionable/composer.json HTTP/1.1" 200 308 "http://www.mianjeepos.bms69.com/vendor/laravel/framework/src/Illuminate/Conditionable/" "Mozilla/5.0 AppleWebKit/537.36 (KHTML, like Gecko; compatible; GPTBot/1.3; +https://openai.com/gptbot)"
74.7.227.142 - - [17/Mar/2026:00:46:12 +0000] "GET /vendor/laravel/framework/src/Illuminate/Notifications/composer.json HTTP/1.1" 200 400 "http://www.mianjeepos.bms69.com/vendor/laravel/framework/src/Illuminate/Notifications/" "Mozilla/5.0 AppleWebKit/537.36 (KHTML, like Gecko; compatible; GPTBot/1.3; +https://openai.com/gptbot)"
74.7.227.142 - - [17/Mar/2026:00:46:16 +0000] "GET /vendor/spatie/laravel-medialibrary/src/ResponsiveImages/Events/?MA HTTP/1.1" 200 746 "http://www.mianjeepos.bms69.com/vendor/spatie/laravel-medialibrary/src/ResponsiveImages/Events/" "Mozilla/5.0 AppleWebKit/537.36 (KHTML, like Gecko; compatible; GPTBot/1.3; +https://openai.com/gptbot)"
74.7.227.142 - - [17/Mar/2026:00:46:19 +0000] "GET /vendor/doctrine/dbal/src/Platforms/MySQL/CollationMetadataProvider/CachingCollationMetadataProvider.php HTTP/1.1" 500 0 "http://www.mianjeepos.bms69.com/vendor/doctrine/dbal/src/Platforms/MySQL/CollationMetadataProvider/?MA" "Mozilla/5.0 AppleWebKit/537.36 (KHTML, like Gecko; compatible; GPTBot/1.3; +https://openai.com/gptbot)"
74.7.227.142 - - [17/Mar/2026:00:46:23 +0000] "GET /vendor/doctrine/dbal/src/Platforms/MySQL/CollationMetadataProvider/ConnectionCollationMetadataProvider.php HTTP/1.1" 500 0 "http://www.mianjeepos.bms69.com/vendor/doctrine/dbal/src/Platforms/MySQL/CollationMetadataProvider/?MA" "Mozilla/5.0 AppleWebKit/537.36 (KHTML, like Gecko; compatible; GPTBot/1.3; +https://openai.com/gptbot)"
74.7.227.142 - - [17/Mar/2026:00:46:27 +0000] "GET /vendor/doctrine/dbal/src/Platforms/MySQL/CollationMetadataProvider/?NA HTTP/1.1" 200 772 "http://www.mianjeepos.bms69.com/vendor/doctrine/dbal/src/Platforms/MySQL/CollationMetadataProvider/?MA" "Mozilla/5.0 AppleWebKit/537.36 (KHTML, like Gecko; compatible; GPTBot/1.3; +https://openai.com/gptbot)"
74.7.227.142 - - [17/Mar/2026:00:46:42 +0000] "GET /vendor/doctrine/dbal/src/Platforms/MySQL/CollationMetadataProvider/?MD HTTP/1.1" 200 770 "http://www.mianjeepos.bms69.com/vendor/doctrine/dbal/src/Platforms/MySQL/CollationMetadataProvider/?MA" "Mozilla/5.0 AppleWebKit/537.36 (KHTML, like Gecko; compatible; GPTBot/1.3; +https://openai.com/gptbot)"
74.7.227.142 - - [17/Mar/2026:00:46:53 +0000] "GET /vendor/doctrine/dbal/src/Platforms/MySQL/CollationMetadataProvider/?SD HTTP/1.1" 200 768 "http://www.mianjeepos.bms69.com/vendor/doctrine/dbal/src/Platforms/MySQL/CollationMetadataProvider/?SA" "Mozilla/5.0 AppleWebKit/537.36 (KHTML, like Gecko; compatible; GPTBot/1.3; +https://openai.com/gptbot)"
74.7.227.142 - - [17/Mar/2026:00:47:07 +0000] "GET /vendor/spatie/laravel-medialibrary/src/ResponsiveImages/Events/?ND HTTP/1.1" 200 740 "http://www.mianjeepos.bms69.com/vendor/spatie/laravel-medialibrary/src/ResponsiveImages/Events/" "Mozilla/5.0 AppleWebKit/537.36 (KHTML, like Gecko; compatible; GPTBot/1.3; +https://openai.com/gptbot)"
74.7.227.166 - - [17/Mar/2026:00:40:28 +0000] "GET /vendor/ezyang/htmlpurifier/library/HTMLPurifier/AttrDef/CSS/DenyElementDecorator.php HTTP/1.1" 500 0 "http://mianjeepos.bms69.com/vendor/ezyang/htmlpurifier/library/HTMLPurifier/AttrDef/CSS/?ND" "Mozilla/5.0 AppleWebKit/537.36 (KHTML, like Gecko; compatible; GPTBot/1.3; +https://openai.com/gptbot)"
74.7.227.142 - - [17/Mar/2026:00:40:52 +0000] "GET /resources/js/components/?ND HTTP/1.1" 200 727 "http://www.mianjeepos.bms69.com/resources/js/components/" "Mozilla/5.0 AppleWebKit/537.36 (KHTML, like Gecko; compatible; GPTBot/1.3; +https://openai.com/gptbot)"
74.7.227.142 - - [17/Mar/2026:00:41:39 +0000] "GET /vendor/spatie/laravel-medialibrary/src/MediaCollections/Exceptions/FunctionalityNotAvailable.php HTTP/1.1" 200 0 "http://www.mianjeepos.bms69.com/vendor/spatie/laravel-medialibrary/src/MediaCollections/Exceptions/" "Mozilla/5.0 AppleWebKit/537.36 (KHTML, like Gecko; compatible; GPTBot/1.3; +https://openai.com/gptbot)"
74.7.227.142 - - [17/Mar/2026:00:41:59 +0000] "GET /vendor/egulias/email-validator/?NA HTTP/1.1" 200 791 "http://www.mianjeepos.bms69.com/vendor/egulias/email-validator/?SA" "Mozilla/5.0 AppleWebKit/537.36 (KHTML, like Gecko; compatible; GPTBot/1.3; +https://openai.com/gptbot)"
74.7.227.166 - - [17/Mar/2026:00:42:34 +0000] "GET /vendor/ezyang/htmlpurifier/library/HTMLPurifier/AttrDef/CSS/Background.php HTTP/1.1" 500 0 "http://mianjeepos.bms69.com/vendor/ezyang/htmlpurifier/library/HTMLPurifier/AttrDef/CSS/?ND" "Mozilla/5.0 AppleWebKit/537.36 (KHTML, like Gecko; compatible; GPTBot/1.3; +https://openai.com/gptbot)"
74.7.227.166 - - [17/Mar/2026:00:43:39 +0000] "GET /vendor/ezyang/htmlpurifier/library/HTMLPurifier/AttrDef/CSS/FontFamily.php HTTP/1.1" 500 0 "http://mianjeepos.bms69.com/vendor/ezyang/htmlpurifier/library/HTMLPurifier/AttrDef/CSS/?ND" "Mozilla/5.0 AppleWebKit/537.36 (KHTML, like Gecko; compatible; GPTBot/1.3; +https://openai.com/gptbot)"
74.7.244.31 - - [17/Mar/2026:00:46:42 +0000] "GET /robots.txt HTTP/1.1" 404 1251 "-" "Mozilla/5.0 (Macintosh; Intel Mac OS X 10_15_7) AppleWebKit/537.36 (KHTML, like Gecko) Chrome/131.0.0.0 Safari/537.36; compatible; OAI-SearchBot/1.3; robots.txt; +https://openai.com/searchbot"
74.7.227.166 - - [17/Mar/2026:00:46:46 +0000] "GET /vendor/ezyang/htmlpurifier/library/HTMLPurifier/AttrDef/CSS/Filter.php HTTP/1.1" 500 0 "http://mianjeepos.bms69.com/vendor/ezyang/htmlpurifier/library/HTMLPurifier/AttrDef/CSS/?ND" "Mozilla/5.0 AppleWebKit/537.36 (KHTML, like Gecko; compatible; GPTBot/1.3; +https://openai.com/gptbot)"
74.7.227.142 - - [17/Mar/2026:00:47:19 +0000] "GET /vendor/spatie/laravel-medialibrary/src/ResponsiveImages/Events/?SA HTTP/1.1" 200 743 "http://www.mianjeepos.bms69.com/vendor/spatie/laravel-medialibrary/src/ResponsiveImages/Events/" "Mozilla/5.0 AppleWebKit/537.36 (KHTML, like Gecko; compatible; GPTBot/1.3; +https://openai.com/gptbot)"
74.7.227.142 - - [17/Mar/2026:00:47:28 +0000] "GET /vendor/laravel/framework/src/Illuminate/Notifications/Notifiable.php HTTP/1.1" 500 0 "http://www.mianjeepos.bms69.com/vendor/laravel/framework/src/Illuminate/Notifications/?ND" "Mozilla/5.0 AppleWebKit/537.36 (KHTML, like Gecko; compatible; GPTBot/1.3; +https://openai.com/gptbot)"
74.7.227.142 - - [17/Mar/2026:00:47:37 +0000] "GET /vendor/laravel/framework/src/Illuminate/Notifications/DatabaseNotification.php HTTP/1.1" 500 0 "http://www.mianjeepos.bms69.com/vendor/laravel/framework/src/Illuminate/Notifications/?ND" "Mozilla/5.0 AppleWebKit/537.36 (KHTML, like Gecko; compatible; GPTBot/1.3; +https://openai.com/gptbot)"
74.7.227.166 - - [17/Mar/2026:00:47:51 +0000] "GET /vendor/ezyang/htmlpurifier/library/HTMLPurifier/AttrDef/CSS/Number.php HTTP/1.1" 500 0 "http://mianjeepos.bms69.com/vendor/ezyang/htmlpurifier/library/HTMLPurifier/AttrDef/CSS/?ND" "Mozilla/5.0 AppleWebKit/537.36 (KHTML, like Gecko; compatible; GPTBot/1.3; +https://openai.com/gptbot)"
74.7.175.187 - - [17/Mar/2026:00:48:55 +0000] "GET /robots.txt HTTP/1.1" 404 1251 "-" "Mozilla/5.0 (Macintosh; Intel Mac OS X 10_15_7) AppleWebKit/537.36 (KHTML, like Gecko) Chrome/131.0.0.0 Safari/537.36; compatible; OAI-SearchBot/1.3; robots.txt; +https://openai.com/searchbot"
74.7.227.142 - - [17/Mar/2026:00:49:04 +0000] "GET /vendor/laravel/framework/src/Illuminate/Notifications/NotificationSender.php HTTP/1.1" 500 0 "http://www.mianjeepos.bms69.com/vendor/laravel/framework/src/Illuminate/Notifications/?ND" "Mozilla/5.0 AppleWebKit/537.36 (KHTML, like Gecko; compatible; GPTBot/1.3; +https://openai.com/gptbot)"
74.7.227.142 - - [17/Mar/2026:00:50:13 +0000] "GET /vendor/laravel/framework/src/Illuminate/Notifications/DatabaseNotificationCollection.php HTTP/1.1" 500 0 "http://www.mianjeepos.bms69.com/vendor/laravel/framework/src/Illuminate/Notifications/?ND" "Mozilla/5.0 AppleWebKit/537.36 (KHTML, like Gecko; compatible; GPTBot/1.3; +https://openai.com/gptbot)"
74.7.227.166 - - [17/Mar/2026:00:52:05 +0000] "GET /vendor/ezyang/htmlpurifier/library/HTMLPurifier/AttrDef/CSS/URI.php HTTP/1.1" 500 0 "http://mianjeepos.bms69.com/vendor/ezyang/htmlpurifier/library/HTMLPurifier/AttrDef/CSS/?ND" "Mozilla/5.0 AppleWebKit/537.36 (KHTML, like Gecko; compatible; GPTBot/1.3; +https://openai.com/gptbot)"
74.7.244.31 - - [17/Mar/2026:00:52:20 +0000] "GET /robots.txt HTTP/1.1" 404 1251 "-" "Mozilla/5.0 (Macintosh; Intel Mac OS X 10_15_7) AppleWebKit/537.36 (KHTML, like Gecko) Chrome/131.0.0.0 Safari/537.36; compatible; OAI-SearchBot/1.3; robots.txt; +https://openai.com/searchbot"
74.7.227.166 - - [17/Mar/2026:00:53:06 +0000] "GET /vendor/ezyang/htmlpurifier/library/HTMLPurifier/AttrDef/URI/IPv6.php HTTP/1.1" 500 0 "http://mianjeepos.bms69.com/vendor/ezyang/htmlpurifier/library/HTMLPurifier/AttrDef/URI/?MA" "Mozilla/5.0 AppleWebKit/537.36 (KHTML, like Gecko; compatible; GPTBot/1.3; +https://openai.com/gptbot)"
74.7.227.166 - - [17/Mar/2026:00:54:11 +0000] "GET /vendor/ezyang/htmlpurifier/library/HTMLPurifier/AttrDef/URI/IPv4.php HTTP/1.1" 500 0 "http://mianjeepos.bms69.com/vendor/ezyang/htmlpurifier/library/HTMLPurifier/AttrDef/URI/?MA" "Mozilla/5.0 AppleWebKit/537.36 (KHTML, like Gecko; compatible; GPTBot/1.3; +https://openai.com/gptbot)"
74.7.227.142 - - [17/Mar/2026:00:54:27 +0000] "GET /vendor/spatie/laravel-medialibrary/src/ResponsiveImages/Events/?MD HTTP/1.1" 200 743 "http://www.mianjeepos.bms69.com/vendor/spatie/laravel-medialibrary/src/ResponsiveImages/Events/?MA" "Mozilla/5.0 AppleWebKit/537.36 (KHTML, like Gecko; compatible; GPTBot/1.3; +https://openai.com/gptbot)"
74.7.227.166 - - [17/Mar/2026:00:55:14 +0000] "GET /vendor/phar-io/version/?SD HTTP/1.1" 200 740 "http://mianjeepos.bms69.com/vendor/phar-io/version/?SA" "Mozilla/5.0 AppleWebKit/537.36 (KHTML, like Gecko; compatible; GPTBot/1.3; +https://openai.com/gptbot)"
74.7.227.166 - - [17/Mar/2026:00:56:16 +0000] "GET /vendor/phar-io/version/?MD HTTP/1.1" 200 739 "http://mianjeepos.bms69.com/vendor/phar-io/version/?MA" "Mozilla/5.0 AppleWebKit/537.36 (KHTML, like Gecko; compatible; GPTBot/1.3; +https://openai.com/gptbot)"
74.7.227.142 - - [17/Mar/2026:00:56:54 +0000] "GET /vendor/ezyang/htmlpurifier/library/HTMLPurifier/Lexer/error_log HTTP/1.1" 403 1242 "http://www.mianjeepos.bms69.com/vendor/ezyang/htmlpurifier/library/HTMLPurifier/Lexer/" "Mozilla/5.0 AppleWebKit/537.36 (KHTML, like Gecko; compatible; GPTBot/1.3; +https://openai.com/gptbot)"
74.7.227.166 - - [17/Mar/2026:00:57:11 +0000] "GET /vendor/phar-io/version/?NA HTTP/1.1" 200 737 "http://mianjeepos.bms69.com/vendor/phar-io/version/?ND" "Mozilla/5.0 AppleWebKit/537.36 (KHTML, like Gecko; compatible; GPTBot/1.3; +https://openai.com/gptbot)"
74.7.227.142 - - [17/Mar/2026:00:48:00 +0000] "GET /vendor/laravel/framework/src/Illuminate/Notifications/Notification.php HTTP/1.1" 500 0 "http://www.mianjeepos.bms69.com/vendor/laravel/framework/src/Illuminate/Notifications/?ND" "Mozilla/5.0 AppleWebKit/537.36 (KHTML, like Gecko; compatible; GPTBot/1.3; +https://openai.com/gptbot)"
74.7.227.166 - - [17/Mar/2026:00:48:55 +0000] "GET /vendor/ezyang/htmlpurifier/library/HTMLPurifier/AttrDef/CSS/Color.php HTTP/1.1" 500 0 "http://mianjeepos.bms69.com/vendor/ezyang/htmlpurifier/library/HTMLPurifier/AttrDef/CSS/?ND" "Mozilla/5.0 AppleWebKit/537.36 (KHTML, like Gecko; compatible; GPTBot/1.3; +https://openai.com/gptbot)"
74.7.227.166 - - [17/Mar/2026:00:49:55 +0000] "GET /vendor/ezyang/htmlpurifier/library/HTMLPurifier/AttrDef/CSS/Border.php HTTP/1.1" 500 0 "http://mianjeepos.bms69.com/vendor/ezyang/htmlpurifier/library/HTMLPurifier/AttrDef/CSS/?ND" "Mozilla/5.0 AppleWebKit/537.36 (KHTML, like Gecko; compatible; GPTBot/1.3; +https://openai.com/gptbot)"
74.7.227.166 - - [17/Mar/2026:00:51:00 +0000] "GET /vendor/ezyang/htmlpurifier/library/HTMLPurifier/AttrDef/CSS/Font.php HTTP/1.1" 500 0 "http://mianjeepos.bms69.com/vendor/ezyang/htmlpurifier/library/HTMLPurifier/AttrDef/CSS/?ND" "Mozilla/5.0 AppleWebKit/537.36 (KHTML, like Gecko; compatible; GPTBot/1.3; +https://openai.com/gptbot)"
74.7.227.142 - - [17/Mar/2026:00:51:12 +0000] "GET /vendor/laravel/framework/src/Illuminate/Notifications/NotificationServiceProvider.php HTTP/1.1" 500 0 "http://www.mianjeepos.bms69.com/vendor/laravel/framework/src/Illuminate/Notifications/?ND" "Mozilla/5.0 AppleWebKit/537.36 (KHTML, like Gecko; compatible; GPTBot/1.3; +https://openai.com/gptbot)"
74.7.227.142 - - [17/Mar/2026:00:52:20 +0000] "GET /vendor/laravel/framework/src/Illuminate/Notifications/ChannelManager.php HTTP/1.1" 500 0 "http://www.mianjeepos.bms69.com/vendor/laravel/framework/src/Illuminate/Notifications/?ND" "Mozilla/5.0 AppleWebKit/537.36 (KHTML, like Gecko; compatible; GPTBot/1.3; +https://openai.com/gptbot)"
74.7.227.142 - - [17/Mar/2026:00:53:23 +0000] "GET /vendor/laravel/framework/src/Illuminate/Notifications/?NA HTTP/1.1" 200 1513 "http://www.mianjeepos.bms69.com/vendor/laravel/framework/src/Illuminate/Notifications/?ND" "Mozilla/5.0 AppleWebKit/537.36 (KHTML, like Gecko; compatible; GPTBot/1.3; +https://openai.com/gptbot)"
74.7.175.187 - - [17/Mar/2026:00:54:11 +0000] "GET /robots.txt HTTP/1.1" 404 1251 "-" "Mozilla/5.0 (Macintosh; Intel Mac OS X 10_15_7) AppleWebKit/537.36 (KHTML, like Gecko) Chrome/131.0.0.0 Safari/537.36; compatible; OAI-SearchBot/1.3; robots.txt; +https://openai.com/searchbot"
74.7.227.142 - - [17/Mar/2026:00:55:18 +0000] "GET /vendor/spatie/laravel-medialibrary/src/ResponsiveImages/Events/?NA HTTP/1.1" 200 738 "http://www.mianjeepos.bms69.com/vendor/spatie/laravel-medialibrary/src/ResponsiveImages/Events/?MA" "Mozilla/5.0 AppleWebKit/537.36 (KHTML, like Gecko; compatible; GPTBot/1.3; +https://openai.com/gptbot)"
74.7.227.142 - - [17/Mar/2026:00:56:11 +0000] "GET /vendor/spatie/laravel-medialibrary/src/ResponsiveImages/Events/?SD HTTP/1.1" 200 742 "http://www.mianjeepos.bms69.com/vendor/spatie/laravel-medialibrary/src/ResponsiveImages/Events/?SA" "Mozilla/5.0 AppleWebKit/537.36 (KHTML, like Gecko; compatible; GPTBot/1.3; +https://openai.com/gptbot)"
74.7.227.142 - - [17/Mar/2026:00:57:34 +0000] "GET /vendor/doctrine/dbal/src/Driver/AbstractSQLServerDriver/Exception/PortWithoutHost.php HTTP/1.1" 500 0 "http://www.mianjeepos.bms69.com/vendor/doctrine/dbal/src/Driver/AbstractSQLServerDriver/Exception/" "Mozilla/5.0 AppleWebKit/537.36 (KHTML, like Gecko; compatible; GPTBot/1.3; +https://openai.com/gptbot)"
74.7.227.166 - - [17/Mar/2026:00:58:00 +0000] "GET /vendor/ezyang/htmlpurifier/library/HTMLPurifier/AttrDef/CSS/?NA HTTP/1.1" 200 1464 "http://mianjeepos.bms69.com/vendor/ezyang/htmlpurifier/library/HTMLPurifier/AttrDef/CSS/?ND" "Mozilla/5.0 AppleWebKit/537.36 (KHTML, like Gecko; compatible; GPTBot/1.3; +https://openai.com/gptbot)"
74.7.244.31 - - [17/Mar/2026:00:57:34 +0000] "GET /robots.txt HTTP/1.1" 404 1251 "-" "Mozilla/5.0 (Macintosh; Intel Mac OS X 10_15_7) AppleWebKit/537.36 (KHTML, like Gecko) Chrome/131.0.0.0 Safari/537.36; compatible; OAI-SearchBot/1.3; robots.txt; +https://openai.com/searchbot"
74.7.227.166 - - [17/Mar/2026:00:58:46 +0000] "GET /vendor/ezyang/htmlpurifier/library/HTMLPurifier/AttrDef/URI/?NA HTTP/1.1" 200 1132 "http://mianjeepos.bms69.com/vendor/ezyang/htmlpurifier/library/HTMLPurifier/AttrDef/URI/?MA" "Mozilla/5.0 AppleWebKit/537.36 (KHTML, like Gecko; compatible; GPTBot/1.3; +https://openai.com/gptbot)"
74.7.227.166 - - [17/Mar/2026:00:59:29 +0000] "GET /vendor/ezyang/htmlpurifier/library/HTMLPurifier/AttrDef/URI/?SD HTTP/1.1" 200 1126 "http://mianjeepos.bms69.com/vendor/ezyang/htmlpurifier/library/HTMLPurifier/AttrDef/URI/?SA" "Mozilla/5.0 AppleWebKit/537.36 (KHTML, like Gecko; compatible; GPTBot/1.3; +https://openai.com/gptbot)"
74.7.227.166 - - [17/Mar/2026:01:00:07 +0000] "GET /vendor/ezyang/htmlpurifier/library/HTMLPurifier/AttrDef/URI/?MD HTTP/1.1" 200 1129 "http://mianjeepos.bms69.com/vendor/ezyang/htmlpurifier/library/HTMLPurifier/AttrDef/URI/?MA" "Mozilla/5.0 AppleWebKit/537.36 (KHTML, like Gecko; compatible; GPTBot/1.3; +https://openai.com/gptbot)"
74.7.227.142 - - [17/Mar/2026:01:01:07 +0000] "GET /vendor/markbaker/matrix/?MA HTTP/1.1" 200 1116 "http://www.mianjeepos.bms69.com/vendor/markbaker/matrix/" "Mozilla/5.0 AppleWebKit/537.36 (KHTML, like Gecko; compatible; GPTBot/1.3; +https://openai.com/gptbot)"
74.7.227.166 - - [17/Mar/2026:01:01:08 +0000] "GET /vendor/laravel/framework/src/Illuminate/Log/Events/ HTTP/1.1" 200 664 "http://mianjeepos.bms69.com/vendor/laravel/framework/src/Illuminate/Log/" "Mozilla/5.0 AppleWebKit/537.36 (KHTML, like Gecko; compatible; GPTBot/1.3; +https://openai.com/gptbot)"
74.7.227.142 - - [17/Mar/2026:01:02:31 +0000] "GET /vendor/nesbot/carbon/lazy/Carbon/PHPStan/ HTTP/1.1" 200 803 "http://www.mianjeepos.bms69.com/vendor/nesbot/carbon/lazy/Carbon/" "Mozilla/5.0 AppleWebKit/537.36 (KHTML, like Gecko; compatible; GPTBot/1.3; +https://openai.com/gptbot)"
74.7.227.142 - - [17/Mar/2026:01:03:11 +0000] "GET /vendor/symfony/routing/Loader/Configurator/Traits/PrefixTrait.php HTTP/1.1" 200 0 "http://www.mianjeepos.bms69.com/vendor/symfony/routing/Loader/Configurator/Traits/" "Mozilla/5.0 AppleWebKit/537.36 (KHTML, like Gecko; compatible; GPTBot/1.3; +https://openai.com/gptbot)"
74.7.227.142 - - [17/Mar/2026:01:04:13 +0000] "GET /vendor/nette/utils/src/Utils/FileInfo.php HTTP/1.1" 200 0 "http://www.mianjeepos.bms69.com/vendor/nette/utils/src/Utils/" "Mozilla/5.0 AppleWebKit/537.36 (KHTML, like Gecko; compatible; GPTBot/1.3; +https://openai.com/gptbot)"
74.7.227.142 - - [17/Mar/2026:00:58:19 +0000] "GET /vendor/phpoffice/phpspreadsheet/src/PhpSpreadsheet/Calculation/BinaryComparison.php HTTP/1.1" 200 0 "http://www.mianjeepos.bms69.com/vendor/phpoffice/phpspreadsheet/src/PhpSpreadsheet/Calculation/" "Mozilla/5.0 AppleWebKit/537.36 (KHTML, like Gecko; compatible; GPTBot/1.3; +https://openai.com/gptbot)"
74.7.227.142 - - [17/Mar/2026:00:59:22 +0000] "GET /vendor/fakerphp/faker/src/Faker/Provider/ HTTP/1.1" 200 3285 "http://www.mianjeepos.bms69.com/vendor/fakerphp/faker/src/Faker/" "Mozilla/5.0 AppleWebKit/537.36 (KHTML, like Gecko; compatible; GPTBot/1.3; +https://openai.com/gptbot)"
74.7.175.187 - - [17/Mar/2026:00:59:29 +0000] "GET /robots.txt HTTP/1.1" 404 1251 "-" "Mozilla/5.0 (Macintosh; Intel Mac OS X 10_15_7) AppleWebKit/537.36 (KHTML, like Gecko) Chrome/131.0.0.0 Safari/537.36; compatible; OAI-SearchBot/1.3; robots.txt; +https://openai.com/searchbot"
74.7.227.142 - - [17/Mar/2026:01:00:14 +0000] "GET /vendor/markbaker/matrix/?SA HTTP/1.1" 200 1113 "http://www.mianjeepos.bms69.com/vendor/markbaker/matrix/" "Mozilla/5.0 AppleWebKit/537.36 (KHTML, like Gecko; compatible; GPTBot/1.3; +https://openai.com/gptbot)"
74.7.227.166 - - [17/Mar/2026:01:00:41 +0000] "GET /vendor/laravel/framework/src/Illuminate/Cache/Events/ HTTP/1.1" 200 1095 "http://mianjeepos.bms69.com/vendor/laravel/framework/src/Illuminate/Cache/" "Mozilla/5.0 AppleWebKit/537.36 (KHTML, like Gecko; compatible; GPTBot/1.3; +https://openai.com/gptbot)"
74.7.227.166 - - [17/Mar/2026:01:01:41 +0000] "GET /vendor/symfony/mailer/Transport/Smtp/Auth/error_log HTTP/1.1" 403 1242 "http://mianjeepos.bms69.com/vendor/symfony/mailer/Transport/Smtp/Auth/" "Mozilla/5.0 AppleWebKit/537.36 (KHTML, like Gecko; compatible; GPTBot/1.3; +https://openai.com/gptbot)"
74.7.227.142 - - [17/Mar/2026:01:01:56 +0000] "GET /vendor/markbaker/matrix/?ND HTTP/1.1" 200 1109 "http://www.mianjeepos.bms69.com/vendor/markbaker/matrix/" "Mozilla/5.0 AppleWebKit/537.36 (KHTML, like Gecko; compatible; GPTBot/1.3; +https://openai.com/gptbot)"
74.7.227.166 - - [17/Mar/2026:01:01:59 +0000] "GET /vendor/laravel/framework/src/Illuminate/Auth/Events/ HTTP/1.1" 200 1242 "http://mianjeepos.bms69.com/vendor/laravel/framework/src/Illuminate/Auth/" "Mozilla/5.0 AppleWebKit/537.36 (KHTML, like Gecko; compatible; GPTBot/1.3; +https://openai.com/gptbot)"
74.7.227.166 - - [17/Mar/2026:01:02:24 +0000] "GET /vendor/doctrine/dbal/src/Platforms/SQLite/error_log HTTP/1.1" 403 1242 "http://mianjeepos.bms69.com/vendor/doctrine/dbal/src/Platforms/SQLite/" "Mozilla/5.0 AppleWebKit/537.36 (KHTML, like Gecko; compatible; GPTBot/1.3; +https://openai.com/gptbot)"
74.7.227.166 - - [17/Mar/2026:01:02:53 +0000] "GET /vendor/laravel/framework/src/Illuminate/Foundation/Providers/FoundationServiceProvider.php HTTP/1.1" 500 0 "http://mianjeepos.bms69.com/vendor/laravel/framework/src/Illuminate/Foundation/Providers/" "Mozilla/5.0 AppleWebKit/537.36 (KHTML, like Gecko; compatible; GPTBot/1.3; +https://openai.com/gptbot)"
74.7.227.166 - - [17/Mar/2026:01:03:09 +0000] "GET /vendor/doctrine/dbal/src/Driver/PDO/Statement.php HTTP/1.1" 500 0 "http://mianjeepos.bms69.com/vendor/doctrine/dbal/src/Driver/PDO/" "Mozilla/5.0 AppleWebKit/537.36 (KHTML, like Gecko; compatible; GPTBot/1.3; +https://openai.com/gptbot)"
74.7.227.142 - - [17/Mar/2026:01:03:42 +0000] "GET /vendor/laravel/framework/src/Illuminate/Foundation/MaintenanceModeManager.php HTTP/1.1" 500 0 "http://www.mianjeepos.bms69.com/vendor/laravel/framework/src/Illuminate/Foundation/" "Mozilla/5.0 AppleWebKit/537.36 (KHTML, like Gecko; compatible; GPTBot/1.3; +https://openai.com/gptbot)"
74.7.227.166 - - [17/Mar/2026:01:04:10 +0000] "GET /vendor/doctrine/dbal/src/Driver/Mysqli/Result.php HTTP/1.1" 500 0 "http://mianjeepos.bms69.com/vendor/doctrine/dbal/src/Driver/Mysqli/" "Mozilla/5.0 AppleWebKit/537.36 (KHTML, like Gecko; compatible; GPTBot/1.3; +https://openai.com/gptbot)"
74.7.227.166 - - [17/Mar/2026:01:05:17 +0000] "GET /vendor/doctrine/dbal/src/Driver/SQLSrv/Result.php HTTP/1.1" 500 0 "http://mianjeepos.bms69.com/vendor/doctrine/dbal/src/Driver/SQLSrv/" "Mozilla/5.0 AppleWebKit/537.36 (KHTML, like Gecko; compatible; GPTBot/1.3; +https://openai.com/gptbot)"
74.7.227.142 - - [17/Mar/2026:01:05:19 +0000] "GET /vendor/psy/psysh/src/Input/ShellInput.php HTTP/1.1" 500 0 "http://www.mianjeepos.bms69.com/vendor/psy/psysh/src/Input/" "Mozilla/5.0 AppleWebKit/537.36 (KHTML, like Gecko; compatible; GPTBot/1.3; +https://openai.com/gptbot)"
74.7.227.142 - - [17/Mar/2026:01:07:19 +0000] "GET /vendor/nette/utils/src/Utils/Callback.php HTTP/1.1" 500 0 "http://www.mianjeepos.bms69.com/vendor/nette/utils/src/Utils/" "Mozilla/5.0 AppleWebKit/537.36 (KHTML, like Gecko; compatible; GPTBot/1.3; +https://openai.com/gptbot)"
74.7.227.166 - - [17/Mar/2026:01:07:19 +0000] "GET /vendor/doctrine/dbal/src/SQL/Parser/Exception.php HTTP/1.1" 200 0 "http://mianjeepos.bms69.com/vendor/doctrine/dbal/src/SQL/Parser/" "Mozilla/5.0 AppleWebKit/537.36 (KHTML, like Gecko; compatible; GPTBot/1.3; +https://openai.com/gptbot)"
74.7.227.166 - - [17/Mar/2026:01:08:21 +0000] "GET /vendor/laravel/framework/src/Illuminate/Cache/Events/error_log HTTP/1.1" 403 1242 "http://mianjeepos.bms69.com/vendor/laravel/framework/src/Illuminate/Cache/Events/" "Mozilla/5.0 AppleWebKit/537.36 (KHTML, like Gecko; compatible; GPTBot/1.3; +https://openai.com/gptbot)"
74.7.227.166 - - [17/Mar/2026:01:09:17 +0000] "GET /vendor/laravel/framework/src/Illuminate/Cache/Events/KeyForgotten.php HTTP/1.1" 500 0 "http://mianjeepos.bms69.com/vendor/laravel/framework/src/Illuminate/Cache/Events/" "Mozilla/5.0 AppleWebKit/537.36 (KHTML, like Gecko; compatible; GPTBot/1.3; +https://openai.com/gptbot)"
74.7.227.142 - - [17/Mar/2026:01:11:10 +0000] "GET /vendor/markbaker/matrix/?SD HTTP/1.1" 200 1105 "http://www.mianjeepos.bms69.com/vendor/markbaker/matrix/?SA" "Mozilla/5.0 AppleWebKit/537.36 (KHTML, like Gecko; compatible; GPTBot/1.3; +https://openai.com/gptbot)"
74.7.175.187 - - [17/Mar/2026:01:11:16 +0000] "GET /robots.txt HTTP/1.1" 404 1251 "-" "Mozilla/5.0 (Macintosh; Intel Mac OS X 10_15_7) AppleWebKit/537.36 (KHTML, like Gecko) Chrome/131.0.0.0 Safari/537.36; compatible; OAI-SearchBot/1.3; robots.txt; +https://openai.com/searchbot"
74.7.227.142 - - [17/Mar/2026:01:11:57 +0000] "GET /vendor/nesbot/carbon/lazy/Carbon/PHPStan/AbstractMacroStatic.php HTTP/1.1" 500 0 "http://www.mianjeepos.bms69.com/vendor/nesbot/carbon/lazy/Carbon/PHPStan/" "Mozilla/5.0 AppleWebKit/537.36 (KHTML, like Gecko; compatible; GPTBot/1.3; +https://openai.com/gptbot)"
74.7.227.166 - - [17/Mar/2026:01:13:11 +0000] "GET /vendor/laravel/framework/src/Illuminate/Auth/Events/CurrentDeviceLogout.php HTTP/1.1" 500 0 "http://mianjeepos.bms69.com/vendor/laravel/framework/src/Illuminate/Auth/Events/" "Mozilla/5.0 AppleWebKit/537.36 (KHTML, like Gecko; compatible; GPTBot/1.3; +https://openai.com/gptbot)"
74.7.227.142 - - [17/Mar/2026:01:13:46 +0000] "GET /vendor/league/commonmark/src/Renderer/Block/DocumentRenderer.php HTTP/1.1" 500 0 "http://www.mianjeepos.bms69.com/vendor/league/commonmark/src/Renderer/Block/" "Mozilla/5.0 AppleWebKit/537.36 (KHTML, like Gecko; compatible; GPTBot/1.3; +https://openai.com/gptbot)"
74.7.244.31 - - [17/Mar/2026:01:13:46 +0000] "GET /robots.txt HTTP/1.1" 404 1251 "-" "Mozilla/5.0 (Macintosh; Intel Mac OS X 10_15_7) AppleWebKit/537.36 (KHTML, like Gecko) Chrome/131.0.0.0 Safari/537.36; compatible; OAI-SearchBot/1.3; robots.txt; +https://openai.com/searchbot"
74.7.227.166 - - [17/Mar/2026:01:14:15 +0000] "GET /vendor/laravel/framework/src/Illuminate/Auth/Events/PasswordReset.php HTTP/1.1" 500 0 "http://mianjeepos.bms69.com/vendor/laravel/framework/src/Illuminate/Auth/Events/" "Mozilla/5.0 AppleWebKit/537.36 (KHTML, like Gecko; compatible; GPTBot/1.3; +https://openai.com/gptbot)"
74.7.227.142 - - [17/Mar/2026:01:06:17 +0000] "GET /vendor/psy/psysh/src/Sudo/SudoVisitor.php HTTP/1.1" 500 0 "http://www.mianjeepos.bms69.com/vendor/psy/psysh/src/Sudo/" "Mozilla/5.0 AppleWebKit/537.36 (KHTML, like Gecko; compatible; GPTBot/1.3; +https://openai.com/gptbot)"
74.7.227.166 - - [17/Mar/2026:01:06:17 +0000] "GET /vendor/league/commonmark/src/Node/Inline/Text.php HTTP/1.1" 500 0 "http://mianjeepos.bms69.com/vendor/league/commonmark/src/Node/Inline/" "Mozilla/5.0 AppleWebKit/537.36 (KHTML, like Gecko; compatible; GPTBot/1.3; +https://openai.com/gptbot)"
74.7.227.142 - - [17/Mar/2026:01:08:21 +0000] "GET /vendor/fakerphp/faker/src/Faker/Provider/en_NZ/ HTTP/1.1" 200 762 "http://www.mianjeepos.bms69.com/vendor/fakerphp/faker/src/Faker/Provider/" "Mozilla/5.0 AppleWebKit/537.36 (KHTML, like Gecko; compatible; GPTBot/1.3; +https://openai.com/gptbot)"
