74.7.227.166 - - [16/Mar/2026:14:36:50 +0000] "GET /vendor/laravel/framework/src/Illuminate/Redis/Connections/error_log HTTP/1.1" 403 1242 "http://mianjeepos.bms69.com/vendor/laravel/framework/src/Illuminate/Redis/Connections/" "Mozilla/5.0 AppleWebKit/537.36 (KHTML, like Gecko; compatible; GPTBot/1.3; +https://openai.com/gptbot)"
74.7.227.142 - - [16/Mar/2026:14:37:22 +0000] "GET /vendor/ezyang/htmlpurifier/library/HTMLPurifier/VarParser/Flexible.php HTTP/1.1" 500 0 "http://www.mianjeepos.bms69.com/vendor/ezyang/htmlpurifier/library/HTMLPurifier/VarParser/" "Mozilla/5.0 AppleWebKit/537.36 (KHTML, like Gecko; compatible; GPTBot/1.3; +https://openai.com/gptbot)"
74.7.175.187 - - [16/Mar/2026:14:37:54 +0000] "GET /robots.txt HTTP/1.1" 404 1251 "-" "Mozilla/5.0 (Macintosh; Intel Mac OS X 10_15_7) AppleWebKit/537.36 (KHTML, like Gecko) Chrome/131.0.0.0 Safari/537.36; compatible; OAI-SearchBot/1.3; robots.txt; +https://openai.com/searchbot"
74.7.227.166 - - [16/Mar/2026:14:39:59 +0000] "GET /vendor/laravel/framework/src/Illuminate/Foundation/Routing/PrecognitionCallableDispatcher.php HTTP/1.1" 500 0 "http://mianjeepos.bms69.com/vendor/laravel/framework/src/Illuminate/Foundation/Routing/" "Mozilla/5.0 AppleWebKit/537.36 (KHTML, like Gecko; compatible; GPTBot/1.3; +https://openai.com/gptbot)"
74.7.227.166 - - [16/Mar/2026:14:41:01 +0000] "GET /vendor/laravel/framework/src/Illuminate/Redis/Connections/PacksPhpRedisValues.php HTTP/1.1" 200 0 "http://mianjeepos.bms69.com/vendor/laravel/framework/src/Illuminate/Redis/Connections/" "Mozilla/5.0 AppleWebKit/537.36 (KHTML, like Gecko; compatible; GPTBot/1.3; +https://openai.com/gptbot)"
74.7.227.142 - - [16/Mar/2026:14:42:36 +0000] "GET /vendor/ezyang/htmlpurifier/library/HTMLPurifier/HTMLModule/Image.php HTTP/1.1" 500 0 "http://www.mianjeepos.bms69.com/vendor/ezyang/htmlpurifier/library/HTMLPurifier/HTMLModule/" "Mozilla/5.0 AppleWebKit/537.36 (KHTML, like Gecko; compatible; GPTBot/1.3; +https://openai.com/gptbot)"
74.7.175.187 - - [16/Mar/2026:14:43:00 +0000] "GET /robots.txt HTTP/1.1" 404 1251 "-" "Mozilla/5.0 (Macintosh; Intel Mac OS X 10_15_7) AppleWebKit/537.36 (KHTML, like Gecko) Chrome/131.0.0.0 Safari/537.36; compatible; OAI-SearchBot/1.3; robots.txt; +https://openai.com/searchbot"
74.7.227.166 - - [16/Mar/2026:14:42:04 +0000] "GET /vendor/laravel/framework/src/Illuminate/Foundation/Routing/PrecognitionControllerDispatcher.php HTTP/1.1" 500 0 "http://mianjeepos.bms69.com/vendor/laravel/framework/src/Illuminate/Foundation/Routing/" "Mozilla/5.0 AppleWebKit/537.36 (KHTML, like Gecko; compatible; GPTBot/1.3; +https://openai.com/gptbot)"
74.7.227.166 - - [16/Mar/2026:14:42:59 +0000] "GET /vendor/spatie/error-solutions/src/SolutionProviders/Laravel/error_log HTTP/1.1" 403 1242 "http://mianjeepos.bms69.com/vendor/spatie/error-solutions/src/SolutionProviders/Laravel/" "Mozilla/5.0 AppleWebKit/537.36 (KHTML, like Gecko; compatible; GPTBot/1.3; +https://openai.com/gptbot)"
74.7.227.142 - - [16/Mar/2026:14:43:41 +0000] "GET /vendor/ezyang/htmlpurifier/library/HTMLPurifier/HTMLModule/Legacy.php HTTP/1.1" 500 0 "http://www.mianjeepos.bms69.com/vendor/ezyang/htmlpurifier/library/HTMLPurifier/HTMLModule/" "Mozilla/5.0 AppleWebKit/537.36 (KHTML, like Gecko; compatible; GPTBot/1.3; +https://openai.com/gptbot)"
74.7.227.166 - - [16/Mar/2026:14:44:02 +0000] "GET /vendor/ezyang/htmlpurifier/library/HTMLPurifier/AttrDef/?MA HTTP/1.1" 200 1282 "http://mianjeepos.bms69.com/vendor/ezyang/htmlpurifier/library/HTMLPurifier/AttrDef/" "Mozilla/5.0 AppleWebKit/537.36 (KHTML, like Gecko; compatible; GPTBot/1.3; +https://openai.com/gptbot)"
74.7.227.166 - - [16/Mar/2026:14:45:04 +0000] "GET /vendor/myclabs/deep-copy/src/DeepCopy/TypeFilter/error_log HTTP/1.1" 403 1242 "http://mianjeepos.bms69.com/vendor/myclabs/deep-copy/src/DeepCopy/TypeFilter/" "Mozilla/5.0 AppleWebKit/537.36 (KHTML, like Gecko; compatible; GPTBot/1.3; +https://openai.com/gptbot)"
74.7.227.142 - - [16/Mar/2026:14:45:42 +0000] "GET /vendor/staudenmeir/laravel-adjacency-list/src/Query/Grammars/ HTTP/1.1" 200 1294 "http://www.mianjeepos.bms69.com/vendor/staudenmeir/laravel-adjacency-list/src/Query/" "Mozilla/5.0 AppleWebKit/537.36 (KHTML, like Gecko; compatible; GPTBot/1.3; +https://openai.com/gptbot)"
74.7.227.166 - - [16/Mar/2026:14:46:02 +0000] "GET /vendor/composer/semver/src/?SA HTTP/1.1" 200 1112 "http://mianjeepos.bms69.com/vendor/composer/semver/src/" "Mozilla/5.0 AppleWebKit/537.36 (KHTML, like Gecko; compatible; GPTBot/1.3; +https://openai.com/gptbot)"
74.7.227.142 - - [16/Mar/2026:14:46:43 +0000] "GET /vendor/phpunit/php-code-coverage/src/Driver/PcovDriver.php HTTP/1.1" 500 0 "http://www.mianjeepos.bms69.com/vendor/phpunit/php-code-coverage/src/Driver/" "Mozilla/5.0 AppleWebKit/537.36 (KHTML, like Gecko; compatible; GPTBot/1.3; +https://openai.com/gptbot)"
74.7.227.166 - - [16/Mar/2026:14:47:46 +0000] "GET /vendor/composer/semver/src/?MA HTTP/1.1" 200 1115 "http://mianjeepos.bms69.com/vendor/composer/semver/src/" "Mozilla/5.0 AppleWebKit/537.36 (KHTML, like Gecko; compatible; GPTBot/1.3; +https://openai.com/gptbot)"
74.7.175.187 - - [16/Mar/2026:14:48:35 +0000] "GET /robots.txt HTTP/1.1" 404 1251 "-" "Mozilla/5.0 (Macintosh; Intel Mac OS X 10_15_7) AppleWebKit/537.36 (KHTML, like Gecko) Chrome/131.0.0.0 Safari/537.36; compatible; OAI-SearchBot/1.3; robots.txt; +https://openai.com/searchbot"
74.7.227.142 - - [16/Mar/2026:14:48:46 +0000] "GET /vendor/ramsey/uuid/src/Provider/Node/?SA HTTP/1.1" 200 1107 "http://www.mianjeepos.bms69.com/vendor/ramsey/uuid/src/Provider/Node/" "Mozilla/5.0 AppleWebKit/537.36 (KHTML, like Gecko; compatible; GPTBot/1.3; +https://openai.com/gptbot)"
74.7.227.166 - - [16/Mar/2026:14:49:15 +0000] "GET /vendor/phpoffice/phpspreadsheet/src/PhpSpreadsheet/Collection/Memory/?ND HTTP/1.1" 200 746 "http://mianjeepos.bms69.com/vendor/phpoffice/phpspreadsheet/src/PhpSpreadsheet/Collection/Memory/" "Mozilla/5.0 AppleWebKit/537.36 (KHTML, like Gecko; compatible; GPTBot/1.3; +https://openai.com/gptbot)"
74.7.227.142 - - [16/Mar/2026:14:49:45 +0000] "GET /vendor/nette/caching/src/Bridges/Psr/?ND HTTP/1.1" 200 718 "http://www.mianjeepos.bms69.com/vendor/nette/caching/src/Bridges/Psr/" "Mozilla/5.0 AppleWebKit/537.36 (KHTML, like Gecko; compatible; GPTBot/1.3; +https://openai.com/gptbot)"
74.7.227.166 - - [16/Mar/2026:14:49:54 +0000] "GET /vendor/phpoffice/phpspreadsheet/src/PhpSpreadsheet/Collection/Memory/?NA HTTP/1.1" 200 742 "http://mianjeepos.bms69.com/vendor/phpoffice/phpspreadsheet/src/PhpSpreadsheet/Collection/Memory/?MA" "Mozilla/5.0 AppleWebKit/537.36 (KHTML, like Gecko; compatible; GPTBot/1.3; +https://openai.com/gptbot)"
74.7.227.142 - - [16/Mar/2026:14:50:39 +0000] "GET /vendor/ramsey/uuid/src/Provider/Time/?MA HTTP/1.1" 200 751 "http://www.mianjeepos.bms69.com/vendor/ramsey/uuid/src/Provider/Time/" "Mozilla/5.0 AppleWebKit/537.36 (KHTML, like Gecko; compatible; GPTBot/1.3; +https://openai.com/gptbot)"
74.7.227.166 - - [16/Mar/2026:14:51:25 +0000] "GET /vendor/laravel/sanctum/src/Http/Middleware/CheckForAnyAbility.php HTTP/1.1" 200 0 "http://mianjeepos.bms69.com/vendor/laravel/sanctum/src/Http/Middleware/" "Mozilla/5.0 AppleWebKit/537.36 (KHTML, like Gecko; compatible; GPTBot/1.3; +https://openai.com/gptbot)"
74.7.244.31 - - [16/Mar/2026:14:51:28 +0000] "GET /robots.txt HTTP/1.1" 404 1251 "-" "Mozilla/5.0 (Macintosh; Intel Mac OS X 10_15_7) AppleWebKit/537.36 (KHTML, like Gecko) Chrome/131.0.0.0 Safari/537.36; compatible; OAI-SearchBot/1.3; robots.txt; +https://openai.com/searchbot"
74.7.227.166 - - [16/Mar/2026:14:51:49 +0000] "GET /vendor/ezyang/htmlpurifier/library/HTMLPurifier/AttrDef/?MD HTTP/1.1" 200 1280 "http://mianjeepos.bms69.com/vendor/ezyang/htmlpurifier/library/HTMLPurifier/AttrDef/?MA" "Mozilla/5.0 AppleWebKit/537.36 (KHTML, like Gecko; compatible; GPTBot/1.3; +https://openai.com/gptbot)"
74.7.227.166 - - [16/Mar/2026:14:53:33 +0000] "GET /vendor/composer/semver/src/?SD HTTP/1.1" 200 1108 "http://mianjeepos.bms69.com/vendor/composer/semver/src/?SA" "Mozilla/5.0 AppleWebKit/537.36 (KHTML, like Gecko; compatible; GPTBot/1.3; +https://openai.com/gptbot)"
74.7.227.142 - - [16/Mar/2026:14:53:36 +0000] "GET /vendor/ramsey/uuid/src/Provider/Time/?ND HTTP/1.1" 200 743 "http://www.mianjeepos.bms69.com/vendor/ramsey/uuid/src/Provider/Time/" "Mozilla/5.0 AppleWebKit/537.36 (KHTML, like Gecko; compatible; GPTBot/1.3; +https://openai.com/gptbot)"
74.7.227.142 - - [16/Mar/2026:14:54:06 +0000] "GET /vendor/nette/caching/src/Bridges/Psr/?SA HTTP/1.1" 200 723 "http://www.mianjeepos.bms69.com/vendor/nette/caching/src/Bridges/Psr/" "Mozilla/5.0 AppleWebKit/537.36 (KHTML, like Gecko; compatible; GPTBot/1.3; +https://openai.com/gptbot)"
74.7.227.166 - - [16/Mar/2026:14:54:28 +0000] "GET /vendor/composer/semver/src/?MD HTTP/1.1" 200 1115 "http://mianjeepos.bms69.com/vendor/composer/semver/src/?MA" "Mozilla/5.0 AppleWebKit/537.36 (KHTML, like Gecko; compatible; GPTBot/1.3; +https://openai.com/gptbot)"
74.7.175.187 - - [16/Mar/2026:14:54:28 +0000] "GET /robots.txt HTTP/1.1" 404 1251 "-" "Mozilla/5.0 (Macintosh; Intel Mac OS X 10_15_7) AppleWebKit/537.36 (KHTML, like Gecko) Chrome/131.0.0.0 Safari/537.36; compatible; OAI-SearchBot/1.3; robots.txt; +https://openai.com/searchbot"
74.7.227.142 - - [16/Mar/2026:14:54:36 +0000] "GET /vendor/doctrine/dbal/src/SQL/Builder/?SA HTTP/1.1" 200 810 "http://www.mianjeepos.bms69.com/vendor/doctrine/dbal/src/SQL/Builder/" "Mozilla/5.0 AppleWebKit/537.36 (KHTML, like Gecko; compatible; GPTBot/1.3; +https://openai.com/gptbot)"
74.7.227.142 - - [16/Mar/2026:14:55:05 +0000] "GET /vendor/ramsey/uuid/src/Provider/Node/?MA HTTP/1.1" 200 1117 "http://www.mianjeepos.bms69.com/vendor/ramsey/uuid/src/Provider/Node/" "Mozilla/5.0 AppleWebKit/537.36 (KHTML, like Gecko; compatible; GPTBot/1.3; +https://openai.com/gptbot)"
74.7.227.142 - - [16/Mar/2026:14:55:29 +0000] "GET /vendor/ramsey/uuid/src/Provider/Time/?SA HTTP/1.1" 200 750 "http://www.mianjeepos.bms69.com/vendor/ramsey/uuid/src/Provider/Time/" "Mozilla/5.0 AppleWebKit/537.36 (KHTML, like Gecko; compatible; GPTBot/1.3; +https://openai.com/gptbot)"
74.7.227.142 - - [16/Mar/2026:14:44:39 +0000] "GET /vendor/ezyang/htmlpurifier/library/HTMLPurifier/HTMLModule/Scripting.php HTTP/1.1" 500 0 "http://www.mianjeepos.bms69.com/vendor/ezyang/htmlpurifier/library/HTMLPurifier/HTMLModule/" "Mozilla/5.0 AppleWebKit/537.36 (KHTML, like Gecko; compatible; GPTBot/1.3; +https://openai.com/gptbot)"
74.7.244.31 - - [16/Mar/2026:14:45:42 +0000] "GET /robots.txt HTTP/1.1" 404 1251 "-" "Mozilla/5.0 (Macintosh; Intel Mac OS X 10_15_7) AppleWebKit/537.36 (KHTML, like Gecko) Chrome/131.0.0.0 Safari/537.36; compatible; OAI-SearchBot/1.3; robots.txt; +https://openai.com/searchbot"
74.7.227.166 - - [16/Mar/2026:14:46:55 +0000] "GET /vendor/composer/semver/src/?ND HTTP/1.1" 200 1102 "http://mianjeepos.bms69.com/vendor/composer/semver/src/" "Mozilla/5.0 AppleWebKit/537.36 (KHTML, like Gecko; compatible; GPTBot/1.3; +https://openai.com/gptbot)"
74.7.227.142 - - [16/Mar/2026:14:47:40 +0000] "GET /vendor/phpunit/php-code-coverage/src/Driver/XdebugDriver.php HTTP/1.1" 500 0 "http://www.mianjeepos.bms69.com/vendor/phpunit/php-code-coverage/src/Driver/" "Mozilla/5.0 AppleWebKit/537.36 (KHTML, like Gecko; compatible; GPTBot/1.3; +https://openai.com/gptbot)"
74.7.227.166 - - [16/Mar/2026:14:48:34 +0000] "GET /vendor/phpoffice/phpspreadsheet/src/PhpSpreadsheet/Calculation/Token/?SA HTTP/1.1" 200 672 "http://mianjeepos.bms69.com/vendor/phpoffice/phpspreadsheet/src/PhpSpreadsheet/Calculation/Token/" "Mozilla/5.0 AppleWebKit/537.36 (KHTML, like Gecko; compatible; GPTBot/1.3; +https://openai.com/gptbot)"
74.7.227.166 - - [16/Mar/2026:14:50:28 +0000] "GET /vendor/phpoffice/phpspreadsheet/src/PhpSpreadsheet/Calculation/Engine/?SA HTTP/1.1" 200 1186 "http://mianjeepos.bms69.com/vendor/phpoffice/phpspreadsheet/src/PhpSpreadsheet/Calculation/Engine/" "Mozilla/5.0 AppleWebKit/537.36 (KHTML, like Gecko; compatible; GPTBot/1.3; +https://openai.com/gptbot)"
74.7.227.166 - - [16/Mar/2026:14:50:58 +0000] "GET /vendor/phpoffice/phpspreadsheet/src/PhpSpreadsheet/Style/NumberFormat/?SA HTTP/1.1" 200 1205 "http://mianjeepos.bms69.com/vendor/phpoffice/phpspreadsheet/src/PhpSpreadsheet/Style/NumberFormat/" "Mozilla/5.0 AppleWebKit/537.36 (KHTML, like Gecko; compatible; GPTBot/1.3; +https://openai.com/gptbot)"
74.7.227.142 - - [16/Mar/2026:14:51:28 +0000] "GET /vendor/doctrine/dbal/src/SQL/Builder/?MA HTTP/1.1" 200 808 "http://www.mianjeepos.bms69.com/vendor/doctrine/dbal/src/SQL/Builder/" "Mozilla/5.0 AppleWebKit/537.36 (KHTML, like Gecko; compatible; GPTBot/1.3; +https://openai.com/gptbot)"
74.7.227.166 - - [16/Mar/2026:14:52:18 +0000] "GET /vendor/doctrine/dbal/src/Schema/Exception/ColumnAlreadyExists.php HTTP/1.1" 500 0 "http://mianjeepos.bms69.com/vendor/doctrine/dbal/src/Schema/Exception/" "Mozilla/5.0 AppleWebKit/537.36 (KHTML, like Gecko; compatible; GPTBot/1.3; +https://openai.com/gptbot)"
74.7.227.142 - - [16/Mar/2026:14:52:20 +0000] "GET /vendor/nette/caching/src/Bridges/Psr/?MA HTTP/1.1" 200 725 "http://www.mianjeepos.bms69.com/vendor/nette/caching/src/Bridges/Psr/" "Mozilla/5.0 AppleWebKit/537.36 (KHTML, like Gecko; compatible; GPTBot/1.3; +https://openai.com/gptbot)"
74.7.227.166 - - [16/Mar/2026:14:52:31 +0000] "GET /vendor/composer/semver/src/?NA HTTP/1.1" 200 1110 "http://mianjeepos.bms69.com/vendor/composer/semver/src/?SA" "Mozilla/5.0 AppleWebKit/537.36 (KHTML, like Gecko; compatible; GPTBot/1.3; +https://openai.com/gptbot)"
74.7.227.142 - - [16/Mar/2026:14:52:55 +0000] "GET /vendor/doctrine/dbal/src/SQL/Builder/?ND HTTP/1.1" 200 810 "http://www.mianjeepos.bms69.com/vendor/doctrine/dbal/src/SQL/Builder/" "Mozilla/5.0 AppleWebKit/537.36 (KHTML, like Gecko; compatible; GPTBot/1.3; +https://openai.com/gptbot)"
74.7.227.166 - - [16/Mar/2026:14:55:12 +0000] "GET /vendor/phpoffice/phpspreadsheet/src/PhpSpreadsheet/Calculation/Token/?SD HTTP/1.1" 200 672 "http://mianjeepos.bms69.com/vendor/phpoffice/phpspreadsheet/src/PhpSpreadsheet/Calculation/Token/?SA" "Mozilla/5.0 AppleWebKit/537.36 (KHTML, like Gecko; compatible; GPTBot/1.3; +https://openai.com/gptbot)"
74.7.227.166 - - [16/Mar/2026:14:55:54 +0000] "GET /vendor/laravel/sanctum/src/Http/Middleware/CheckForAnyScope.php HTTP/1.1" 200 0 "http://mianjeepos.bms69.com/vendor/laravel/sanctum/src/Http/Middleware/" "Mozilla/5.0 AppleWebKit/537.36 (KHTML, like Gecko; compatible; GPTBot/1.3; +https://openai.com/gptbot)"
74.7.227.142 - - [16/Mar/2026:14:56:10 +0000] "GET /vendor/nette/caching/src/Bridges/Psr/?NA HTTP/1.1" 200 714 "http://www.mianjeepos.bms69.com/vendor/nette/caching/src/Bridges/Psr/?ND" "Mozilla/5.0 AppleWebKit/537.36 (KHTML, like Gecko; compatible; GPTBot/1.3; +https://openai.com/gptbot)"
74.7.227.142 - - [16/Mar/2026:14:56:28 +0000] "GET /vendor/ramsey/uuid/src/Provider/Time/?MD HTTP/1.1" 200 745 "http://www.mianjeepos.bms69.com/vendor/ramsey/uuid/src/Provider/Time/?MA" "Mozilla/5.0 AppleWebKit/537.36 (KHTML, like Gecko; compatible; GPTBot/1.3; +https://openai.com/gptbot)"
74.7.227.166 - - [16/Mar/2026:14:56:32 +0000] "GET /vendor/egulias/email-validator/src/Result/Reason/UnableToGetDNSRecord.php HTTP/1.1" 500 0 "http://mianjeepos.bms69.com/vendor/egulias/email-validator/src/Result/Reason/" "Mozilla/5.0 AppleWebKit/537.36 (KHTML, like Gecko; compatible; GPTBot/1.3; +https://openai.com/gptbot)"
74.7.227.142 - - [16/Mar/2026:14:56:43 +0000] "GET /vendor/doctrine/dbal/src/SQL/Builder/DefaultSelectSQLBuilder.php HTTP/1.1" 500 0 "http://www.mianjeepos.bms69.com/vendor/doctrine/dbal/src/SQL/Builder/?MA" "Mozilla/5.0 AppleWebKit/537.36 (KHTML, like Gecko; compatible; GPTBot/1.3; +https://openai.com/gptbot)"
74.7.227.166 - - [16/Mar/2026:14:57:09 +0000] "GET /vendor/phpoffice/phpspreadsheet/src/PhpSpreadsheet/Calculation/Engine/?SD HTTP/1.1" 200 1187 "http://mianjeepos.bms69.com/vendor/phpoffice/phpspreadsheet/src/PhpSpreadsheet/Calculation/Engine/?SA" "Mozilla/5.0 AppleWebKit/537.36 (KHTML, like Gecko; compatible; GPTBot/1.3; +https://openai.com/gptbot)"
74.7.227.142 - - [16/Mar/2026:14:57:39 +0000] "GET /vendor/doctrine/dbal/src/SQL/Builder/?NA HTTP/1.1" 200 804 "http://www.mianjeepos.bms69.com/vendor/doctrine/dbal/src/SQL/Builder/?MA" "Mozilla/5.0 AppleWebKit/537.36 (KHTML, like Gecko; compatible; GPTBot/1.3; +https://openai.com/gptbot)"
74.7.227.166 - - [16/Mar/2026:14:58:11 +0000] "GET /vendor/phpoffice/phpspreadsheet/src/PhpSpreadsheet/Style/NumberFormat/?SD HTTP/1.1" 200 1200 "http://mianjeepos.bms69.com/vendor/phpoffice/phpspreadsheet/src/PhpSpreadsheet/Style/NumberFormat/?SA" "Mozilla/5.0 AppleWebKit/537.36 (KHTML, like Gecko; compatible; GPTBot/1.3; +https://openai.com/gptbot)"
74.7.227.142 - - [16/Mar/2026:14:58:54 +0000] "GET /vendor/nette/caching/src/Bridges/Psr/?SD HTTP/1.1" 200 719 "http://www.mianjeepos.bms69.com/vendor/nette/caching/src/Bridges/Psr/?SA" "Mozilla/5.0 AppleWebKit/537.36 (KHTML, like Gecko; compatible; GPTBot/1.3; +https://openai.com/gptbot)"
74.7.227.142 - - [16/Mar/2026:14:59:26 +0000] "GET /vendor/doctrine/dbal/src/SQL/Builder/?SD HTTP/1.1" 200 800 "http://www.mianjeepos.bms69.com/vendor/doctrine/dbal/src/SQL/Builder/?SA" "Mozilla/5.0 AppleWebKit/537.36 (KHTML, like Gecko; compatible; GPTBot/1.3; +https://openai.com/gptbot)"
74.7.227.166 - - [16/Mar/2026:14:59:59 +0000] "GET /vendor/laravel/framework/src/Illuminate/Auth/MustVerifyEmail.php HTTP/1.1" 200 0 "http://mianjeepos.bms69.com/vendor/laravel/framework/src/Illuminate/Auth/" "Mozilla/5.0 AppleWebKit/537.36 (KHTML, like Gecko; compatible; GPTBot/1.3; +https://openai.com/gptbot)"
74.7.175.187 - - [16/Mar/2026:14:59:59 +0000] "GET /robots.txt HTTP/1.1" 404 1251 "-" "Mozilla/5.0 (Macintosh; Intel Mac OS X 10_15_7) AppleWebKit/537.36 (KHTML, like Gecko) Chrome/131.0.0.0 Safari/537.36; compatible; OAI-SearchBot/1.3; robots.txt; +https://openai.com/searchbot"
74.7.227.142 - - [16/Mar/2026:15:00:22 +0000] "GET /vendor/ramsey/uuid/src/Provider/Time/?SD HTTP/1.1" 200 747 "http://www.mianjeepos.bms69.com/vendor/ramsey/uuid/src/Provider/Time/?SA" "Mozilla/5.0 AppleWebKit/537.36 (KHTML, like Gecko; compatible; GPTBot/1.3; +https://openai.com/gptbot)"
74.7.227.166 - - [16/Mar/2026:15:00:59 +0000] "GET /vendor/laravel/framework/src/Illuminate/Container/RewindableGenerator.php HTTP/1.1" 200 0 "http://mianjeepos.bms69.com/vendor/laravel/framework/src/Illuminate/Container/" "Mozilla/5.0 AppleWebKit/537.36 (KHTML, like Gecko; compatible; GPTBot/1.3; +https://openai.com/gptbot)"
74.7.227.142 - - [16/Mar/2026:15:01:05 +0000] "GET /vendor/ezyang/htmlpurifier/library/HTMLPurifier/AttrTransform/TargetNoopener.php HTTP/1.1" 500 0 "http://www.mianjeepos.bms69.com/vendor/ezyang/htmlpurifier/library/HTMLPurifier/AttrTransform/" "Mozilla/5.0 AppleWebKit/537.36 (KHTML, like Gecko; compatible; GPTBot/1.3; +https://openai.com/gptbot)"
74.7.227.166 - - [16/Mar/2026:15:02:00 +0000] "GET /vendor/nunomaduro/collision/src/Adapters/Laravel/ExceptionHandler.php HTTP/1.1" 500 0 "http://mianjeepos.bms69.com/vendor/nunomaduro/collision/src/Adapters/Laravel/" "Mozilla/5.0 AppleWebKit/537.36 (KHTML, like Gecko; compatible; GPTBot/1.3; +https://openai.com/gptbot)"
74.7.227.142 - - [16/Mar/2026:15:02:21 +0000] "GET /vendor/intervention/image/src/Intervention/Image/ImageServiceProviderLaravelRecent.php HTTP/1.1" 500 0 "http://www.mianjeepos.bms69.com/vendor/intervention/image/src/Intervention/Image/" "Mozilla/5.0 AppleWebKit/537.36 (KHTML, like Gecko; compatible; GPTBot/1.3; +https://openai.com/gptbot)"
74.7.244.31 - - [16/Mar/2026:15:02:21 +0000] "GET /robots.txt HTTP/1.1" 404 1251 "-" "Mozilla/5.0 (Macintosh; Intel Mac OS X 10_15_7) AppleWebKit/537.36 (KHTML, like Gecko) Chrome/131.0.0.0 Safari/537.36; compatible; OAI-SearchBot/1.3; robots.txt; +https://openai.com/searchbot"
74.7.227.142 - - [16/Mar/2026:15:03:12 +0000] "GET /vendor/phpoffice/phpspreadsheet/src/PhpSpreadsheet/Worksheet/ColumnCellIterator.php HTTP/1.1" 500 0 "http://www.mianjeepos.bms69.com/vendor/phpoffice/phpspreadsheet/src/PhpSpreadsheet/Worksheet/" "Mozilla/5.0 AppleWebKit/537.36 (KHTML, like Gecko; compatible; GPTBot/1.3; +https://openai.com/gptbot)"
74.7.227.142 - - [16/Mar/2026:15:04:15 +0000] "GET /vendor/phpoffice/phpspreadsheet/src/PhpSpreadsheet/Worksheet/HeaderFooterDrawing.php HTTP/1.1" 500 0 "http://www.mianjeepos.bms69.com/vendor/phpoffice/phpspreadsheet/src/PhpSpreadsheet/Worksheet/" "Mozilla/5.0 AppleWebKit/537.36 (KHTML, like Gecko; compatible; GPTBot/1.3; +https://openai.com/gptbot)"
74.7.227.166 - - [16/Mar/2026:15:04:44 +0000] "GET /vendor/laravel/framework/src/Illuminate/Console/GeneratorCommand.php HTTP/1.1" 500 0 "http://mianjeepos.bms69.com/vendor/laravel/framework/src/Illuminate/Console/" "Mozilla/5.0 AppleWebKit/537.36 (KHTML, like Gecko; compatible; GPTBot/1.3; +https://openai.com/gptbot)"
74.7.175.187 - - [16/Mar/2026:15:05:49 +0000] "GET /robots.txt HTTP/1.1" 404 1251 "-" "Mozilla/5.0 (Macintosh; Intel Mac OS X 10_15_7) AppleWebKit/537.36 (KHTML, like Gecko) Chrome/131.0.0.0 Safari/537.36; compatible; OAI-SearchBot/1.3; robots.txt; +https://openai.com/searchbot"
74.7.227.166 - - [16/Mar/2026:15:06:54 +0000] "GET /vendor/laravel/framework/src/Illuminate/Database/Eloquent/PendingHasThroughRelationship.php HTTP/1.1" 200 0 "http://mianjeepos.bms69.com/vendor/laravel/framework/src/Illuminate/Database/Eloquent/" "Mozilla/5.0 AppleWebKit/537.36 (KHTML, like Gecko; compatible; GPTBot/1.3; +https://openai.com/gptbot)"
74.7.227.142 - - [16/Mar/2026:15:07:15 +0000] "GET /vendor/laravel/framework/src/Illuminate/Foundation/Bootstrap/LoadConfiguration.php HTTP/1.1" 200 0 "http://www.mianjeepos.bms69.com/vendor/laravel/framework/src/Illuminate/Foundation/Bootstrap/" "Mozilla/5.0 AppleWebKit/537.36 (KHTML, like Gecko; compatible; GPTBot/1.3; +https://openai.com/gptbot)"
74.7.227.166 - - [16/Mar/2026:15:07:52 +0000] "GET /vendor/laravel/framework/src/Illuminate/Database/Eloquent/HigherOrderBuilderProxy.php HTTP/1.1" 200 0 "http://mianjeepos.bms69.com/vendor/laravel/framework/src/Illuminate/Database/Eloquent/" "Mozilla/5.0 AppleWebKit/537.36 (KHTML, like Gecko; compatible; GPTBot/1.3; +https://openai.com/gptbot)"
74.7.227.142 - - [16/Mar/2026:14:55:51 +0000] "GET /vendor/ramsey/uuid/src/Provider/Node/?SD HTTP/1.1" 200 1115 "http://www.mianjeepos.bms69.com/vendor/ramsey/uuid/src/Provider/Node/?SA" "Mozilla/5.0 AppleWebKit/537.36 (KHTML, like Gecko; compatible; GPTBot/1.3; +https://openai.com/gptbot)"
74.7.227.142 - - [16/Mar/2026:14:56:58 +0000] "GET /vendor/nette/caching/src/Bridges/Psr/?MD HTTP/1.1" 200 722 "http://www.mianjeepos.bms69.com/vendor/nette/caching/src/Bridges/Psr/?MA" "Mozilla/5.0 AppleWebKit/537.36 (KHTML, like Gecko; compatible; GPTBot/1.3; +https://openai.com/gptbot)"
74.7.227.142 - - [16/Mar/2026:14:58:18 +0000] "GET /vendor/doctrine/dbal/src/SQL/Builder/?MD HTTP/1.1" 200 806 "http://www.mianjeepos.bms69.com/vendor/doctrine/dbal/src/SQL/Builder/?MA" "Mozilla/5.0 AppleWebKit/537.36 (KHTML, like Gecko; compatible; GPTBot/1.3; +https://openai.com/gptbot)"
74.7.227.166 - - [16/Mar/2026:14:59:13 +0000] "GET /vendor/laravel/framework/src/Illuminate/Cache/DynamoDbLock.php HTTP/1.1" 500 0 "http://mianjeepos.bms69.com/vendor/laravel/framework/src/Illuminate/Cache/" "Mozilla/5.0 AppleWebKit/537.36 (KHTML, like Gecko; compatible; GPTBot/1.3; +https://openai.com/gptbot)"
74.7.227.142 - - [16/Mar/2026:14:59:57 +0000] "GET /vendor/ramsey/uuid/src/Provider/Node/?MD HTTP/1.1" 200 1116 "http://www.mianjeepos.bms69.com/vendor/ramsey/uuid/src/Provider/Node/?MA" "Mozilla/5.0 AppleWebKit/537.36 (KHTML, like Gecko; compatible; GPTBot/1.3; +https://openai.com/gptbot)"
74.7.227.142 - - [16/Mar/2026:15:00:45 +0000] "GET /vendor/ramsey/uuid/src/Provider/Time/?NA HTTP/1.1" 200 740 "http://www.mianjeepos.bms69.com/vendor/ramsey/uuid/src/Provider/Time/?MA" "Mozilla/5.0 AppleWebKit/537.36 (KHTML, like Gecko; compatible; GPTBot/1.3; +https://openai.com/gptbot)"
74.7.227.142 - - [16/Mar/2026:15:01:24 +0000] "GET /vendor/phpoffice/phpspreadsheet/src/PhpSpreadsheet/Calculation/ExceptionHandler.php HTTP/1.1" 200 0 "http://www.mianjeepos.bms69.com/vendor/phpoffice/phpspreadsheet/src/PhpSpreadsheet/Calculation/" "Mozilla/5.0 AppleWebKit/537.36 (KHTML, like Gecko; compatible; GPTBot/1.3; +https://openai.com/gptbot)"
74.7.227.166 - - [16/Mar/2026:15:02:47 +0000] "GET /vendor/laravel/framework/src/Illuminate/Database/ConnectionInterface.php HTTP/1.1" 200 0 "http://mianjeepos.bms69.com/vendor/laravel/framework/src/Illuminate/Database/" "Mozilla/5.0 AppleWebKit/537.36 (KHTML, like Gecko; compatible; GPTBot/1.3; +https://openai.com/gptbot)"
74.7.227.166 - - [16/Mar/2026:15:03:49 +0000] "GET /vendor/spatie/laravel-medialibrary/src/Conversions/ImageGenerators/Video.php HTTP/1.1" 500 0 "http://mianjeepos.bms69.com/vendor/spatie/laravel-medialibrary/src/Conversions/ImageGenerators/" "Mozilla/5.0 AppleWebKit/537.36 (KHTML, like Gecko; compatible; GPTBot/1.3; +https://openai.com/gptbot)"
74.7.227.142 - - [16/Mar/2026:15:05:14 +0000] "GET /vendor/ezyang/htmlpurifier/library/HTMLPurifier/ConfigSchema/Builder/?ND HTTP/1.1" 200 702 "http://www.mianjeepos.bms69.com/vendor/ezyang/htmlpurifier/library/HTMLPurifier/ConfigSchema/Builder/" "Mozilla/5.0 AppleWebKit/537.36 (KHTML, like Gecko; compatible; GPTBot/1.3; +https://openai.com/gptbot)"
74.7.227.166 - - [16/Mar/2026:15:05:49 +0000] "GET /vendor/phpunit/php-code-coverage/src/Exception/Exception.php HTTP/1.1" 200 0 "http://mianjeepos.bms69.com/vendor/phpunit/php-code-coverage/src/Exception/" "Mozilla/5.0 AppleWebKit/537.36 (KHTML, like Gecko; compatible; GPTBot/1.3; +https://openai.com/gptbot)"
74.7.227.142 - - [16/Mar/2026:15:06:19 +0000] "GET /vendor/ezyang/htmlpurifier/library/HTMLPurifier/ConfigSchema/Builder/?NA HTTP/1.1" 200 710 "http://www.mianjeepos.bms69.com/vendor/ezyang/htmlpurifier/library/HTMLPurifier/ConfigSchema/Builder/?SA" "Mozilla/5.0 AppleWebKit/537.36 (KHTML, like Gecko; compatible; GPTBot/1.3; +https://openai.com/gptbot)"
74.7.227.142 - - [16/Mar/2026:15:08:08 +0000] "GET /vendor/laravel/framework/src/Illuminate/Console/Scheduling/CacheSchedulingMutex.php HTTP/1.1" 500 0 "http://www.mianjeepos.bms69.com/vendor/laravel/framework/src/Illuminate/Console/Scheduling/" "Mozilla/5.0 AppleWebKit/537.36 (KHTML, like Gecko; compatible; GPTBot/1.3; +https://openai.com/gptbot)"
74.7.227.142 - - [16/Mar/2026:15:08:55 +0000] "GET /vendor/psy/psysh/src/Command/ListCommand/ HTTP/1.1" 200 1175 "http://www.mianjeepos.bms69.com/vendor/psy/psysh/src/Command/" "Mozilla/5.0 AppleWebKit/537.36 (KHTML, like Gecko; compatible; GPTBot/1.3; +https://openai.com/gptbot)"
74.7.227.142 - - [16/Mar/2026:15:09:57 +0000] "GET /vendor/phpoffice/phpspreadsheet/src/PhpSpreadsheet/Style/ConditionalFormatting/?SA HTTP/1.1" 200 1251 "http://www.mianjeepos.bms69.com/vendor/phpoffice/phpspreadsheet/src/PhpSpreadsheet/Style/ConditionalFormatting/" "Mozilla/5.0 AppleWebKit/537.36 (KHTML, like Gecko; compatible; GPTBot/1.3; +https://openai.com/gptbot)"
74.7.227.166 - - [16/Mar/2026:15:10:52 +0000] "GET /vendor/doctrine/dbal/?SA HTTP/1.1" 200 785 "http://mianjeepos.bms69.com/vendor/doctrine/dbal/" "Mozilla/5.0 AppleWebKit/537.36 (KHTML, like Gecko; compatible; GPTBot/1.3; +https://openai.com/gptbot)"
74.7.227.142 - - [16/Mar/2026:15:10:54 +0000] "GET /vendor/masterminds/html5/src/HTML5/Parser/InputStream.php HTTP/1.1" 200 0 "http://www.mianjeepos.bms69.com/vendor/masterminds/html5/src/HTML5/Parser/" "Mozilla/5.0 AppleWebKit/537.36 (KHTML, like Gecko; compatible; GPTBot/1.3; +https://openai.com/gptbot)"
74.7.227.166 - - [16/Mar/2026:15:11:27 +0000] "GET /vendor/psr/container/?MA HTTP/1.1" 200 719 "http://mianjeepos.bms69.com/vendor/psr/container/" "Mozilla/5.0 AppleWebKit/537.36 (KHTML, like Gecko; compatible; GPTBot/1.3; +https://openai.com/gptbot)"
74.7.227.142 - - [16/Mar/2026:15:11:42 +0000] "GET /vendor/masterminds/html5/src/HTML5/Parser/EventHandler.php HTTP/1.1" 200 0 "http://www.mianjeepos.bms69.com/vendor/masterminds/html5/src/HTML5/Parser/" "Mozilla/5.0 AppleWebKit/537.36 (KHTML, like Gecko; compatible; GPTBot/1.3; +https://openai.com/gptbot)"
74.7.227.166 - - [16/Mar/2026:15:12:01 +0000] "GET /vendor/doctrine/dbal/?MA HTTP/1.1" 200 790 "http://mianjeepos.bms69.com/vendor/doctrine/dbal/" "Mozilla/5.0 AppleWebKit/537.36 (KHTML, like Gecko; compatible; GPTBot/1.3; +https://openai.com/gptbot)"
74.7.227.142 - - [16/Mar/2026:15:12:30 +0000] "GET /vendor/laravel/framework/src/Illuminate/Notifications/Channels/DatabaseChannel.php HTTP/1.1" 200 0 "http://www.mianjeepos.bms69.com/vendor/laravel/framework/src/Illuminate/Notifications/Channels/" "Mozilla/5.0 AppleWebKit/537.36 (KHTML, like Gecko; compatible; GPTBot/1.3; +https://openai.com/gptbot)"
74.7.227.166 - - [16/Mar/2026:15:13:00 +0000] "GET /vendor/nette/caching/?SA HTTP/1.1" 200 741 "http://mianjeepos.bms69.com/vendor/nette/caching/" "Mozilla/5.0 AppleWebKit/537.36 (KHTML, like Gecko; compatible; GPTBot/1.3; +https://openai.com/gptbot)"
74.7.244.31 - - [16/Mar/2026:15:13:11 +0000] "GET /robots.txt HTTP/1.1" 404 1251 "-" "Mozilla/5.0 (Macintosh; Intel Mac OS X 10_15_7) AppleWebKit/537.36 (KHTML, like Gecko) Chrome/131.0.0.0 Safari/537.36; compatible; OAI-SearchBot/1.3; robots.txt; +https://openai.com/searchbot"
74.7.227.166 - - [16/Mar/2026:15:13:24 +0000] "GET /vendor/nette/caching/?ND HTTP/1.1" 200 732 "http://mianjeepos.bms69.com/vendor/nette/caching/" "Mozilla/5.0 AppleWebKit/537.36 (KHTML, like Gecko; compatible; GPTBot/1.3; +https://openai.com/gptbot)"
74.7.227.142 - - [16/Mar/2026:15:13:49 +0000] "GET /vendor/dompdf/php-font-lib/src/FontLib/Table/Type/ HTTP/1.1" 200 1274 "http://www.mianjeepos.bms69.com/vendor/dompdf/php-font-lib/src/FontLib/Table/" "Mozilla/5.0 AppleWebKit/537.36 (KHTML, like Gecko; compatible; GPTBot/1.3; +https://openai.com/gptbot)"
74.7.227.166 - - [16/Mar/2026:15:14:22 +0000] "GET /vendor/doctrine/dbal/?ND HTTP/1.1" 200 777 "http://mianjeepos.bms69.com/vendor/doctrine/dbal/" "Mozilla/5.0 AppleWebKit/537.36 (KHTML, like Gecko; compatible; GPTBot/1.3; +https://openai.com/gptbot)"
74.7.227.166 - - [16/Mar/2026:15:14:38 +0000] "GET /vendor/spatie/laravel-medialibrary/src/MediaCollections/Exceptions/?MD HTTP/1.1" 200 1545 "http://mianjeepos.bms69.com/vendor/spatie/laravel-medialibrary/src/MediaCollections/Exceptions/?MA" "Mozilla/5.0 AppleWebKit/537.36 (KHTML, like Gecko; compatible; GPTBot/1.3; +https://openai.com/gptbot)"
74.7.227.166 - - [16/Mar/2026:15:14:53 +0000] "GET /vendor/maennchen/zipstream-php/src/Time.php HTTP/1.1" 200 0 "http://mianjeepos.bms69.com/vendor/maennchen/zipstream-php/src/?SA" "Mozilla/5.0 AppleWebKit/537.36 (KHTML, like Gecko; compatible; GPTBot/1.3; +https://openai.com/gptbot)"
74.7.227.142 - - [16/Mar/2026:15:14:58 +0000] "GET /vendor/laravel/framework/src/Illuminate/Translation/ArrayLoader.php HTTP/1.1" 500 0 "http://www.mianjeepos.bms69.com/vendor/laravel/framework/src/Illuminate/Translation/" "Mozilla/5.0 AppleWebKit/537.36 (KHTML, like Gecko; compatible; GPTBot/1.3; +https://openai.com/gptbot)"
74.7.227.166 - - [16/Mar/2026:15:15:06 +0000] "GET /vendor/doctrine/dbal/?SD HTTP/1.1" 200 784 "http://mianjeepos.bms69.com/vendor/doctrine/dbal/?SA" "Mozilla/5.0 AppleWebKit/537.36 (KHTML, like Gecko; compatible; GPTBot/1.3; +https://openai.com/gptbot)"
74.7.227.166 - - [16/Mar/2026:15:15:18 +0000] "GET /vendor/doctrine/dbal/?NA HTTP/1.1" 200 781 "http://mianjeepos.bms69.com/vendor/doctrine/dbal/?SA" "Mozilla/5.0 AppleWebKit/537.36 (KHTML, like Gecko; compatible; GPTBot/1.3; +https://openai.com/gptbot)"
74.7.227.166 - - [16/Mar/2026:15:15:27 +0000] "GET /vendor/doctrine/dbal/?MA HTTP/1.1" 200 790 "http://mianjeepos.bms69.com/vendor/doctrine/dbal/?SA" "Mozilla/5.0 AppleWebKit/537.36 (KHTML, like Gecko; compatible; GPTBot/1.3; +https://openai.com/gptbot)"
74.7.227.166 - - [16/Mar/2026:15:15:36 +0000] "GET /vendor/doctrine/dbal/?MD HTTP/1.1" 200 783 "http://mianjeepos.bms69.com/vendor/doctrine/dbal/?MA" "Mozilla/5.0 AppleWebKit/537.36 (KHTML, like Gecko; compatible; GPTBot/1.3; +https://openai.com/gptbot)"
74.7.227.166 - - [16/Mar/2026:15:15:45 +0000] "GET /vendor/nette/caching/?NA HTTP/1.1" 200 734 "http://mianjeepos.bms69.com/vendor/nette/caching/?SA" "Mozilla/5.0 AppleWebKit/537.36 (KHTML, like Gecko; compatible; GPTBot/1.3; +https://openai.com/gptbot)"
74.7.227.166 - - [16/Mar/2026:15:15:55 +0000] "GET /vendor/nette/caching/?MA HTTP/1.1" 200 740 "http://mianjeepos.bms69.com/vendor/nette/caching/?SA" "Mozilla/5.0 AppleWebKit/537.36 (KHTML, like Gecko; compatible; GPTBot/1.3; +https://openai.com/gptbot)"
74.7.175.187 - - [16/Mar/2026:15:15:55 +0000] "GET /robots.txt HTTP/1.1" 404 1251 "-" "Mozilla/5.0 (Macintosh; Intel Mac OS X 10_15_7) AppleWebKit/537.36 (KHTML, like Gecko) Chrome/131.0.0.0 Safari/537.36; compatible; OAI-SearchBot/1.3; robots.txt; +https://openai.com/searchbot"
74.7.227.166 - - [16/Mar/2026:15:15:59 +0000] "GET /vendor/psr/container/?MD HTTP/1.1" 200 719 "http://mianjeepos.bms69.com/vendor/psr/container/?MA" "Mozilla/5.0 AppleWebKit/537.36 (KHTML, like Gecko; compatible; GPTBot/1.3; +https://openai.com/gptbot)"
74.7.227.166 - - [16/Mar/2026:15:16:06 +0000] "GET /vendor/psr/container/?SD HTTP/1.1" 200 719 "http://mianjeepos.bms69.com/vendor/psr/container/?SA" "Mozilla/5.0 AppleWebKit/537.36 (KHTML, like Gecko; compatible; GPTBot/1.3; +https://openai.com/gptbot)"
74.7.227.166 - - [16/Mar/2026:15:16:11 +0000] "GET /vendor/nette/caching/?MD HTTP/1.1" 200 738 "http://mianjeepos.bms69.com/vendor/nette/caching/?MA" "Mozilla/5.0 AppleWebKit/537.36 (KHTML, like Gecko; compatible; GPTBot/1.3; +https://openai.com/gptbot)"
74.7.227.166 - - [16/Mar/2026:15:16:18 +0000] "GET /vendor/psr/container/?NA HTTP/1.1" 200 715 "http://mianjeepos.bms69.com/vendor/psr/container/?MA" "Mozilla/5.0 AppleWebKit/537.36 (KHTML, like Gecko; compatible; GPTBot/1.3; +https://openai.com/gptbot)"
74.7.227.166 - - [16/Mar/2026:15:16:21 +0000] "GET /vendor/nette/caching/?SD HTTP/1.1" 200 738 "http://mianjeepos.bms69.com/vendor/nette/caching/?SA" "Mozilla/5.0 AppleWebKit/537.36 (KHTML, like Gecko; compatible; GPTBot/1.3; +https://openai.com/gptbot)"
74.7.227.166 - - [16/Mar/2026:15:16:25 +0000] "GET /vendor/maennchen/zipstream-php/src/File.php HTTP/1.1" 200 0 "http://mianjeepos.bms69.com/vendor/maennchen/zipstream-php/src/?SA" "Mozilla/5.0 AppleWebKit/537.36 (KHTML, like Gecko; compatible; GPTBot/1.3; +https://openai.com/gptbot)"
74.7.227.166 - - [16/Mar/2026:15:16:28 +0000] "GET /vendor/league/commonmark/src/Extension/DescriptionList/Node/DescriptionTerm.php HTTP/1.1" 500 0 "http://mianjeepos.bms69.com/vendor/league/commonmark/src/Extension/DescriptionList/Node/" "Mozilla/5.0 AppleWebKit/537.36 (KHTML, like Gecko; compatible; GPTBot/1.3; +https://openai.com/gptbot)"
74.7.227.142 - - [16/Mar/2026:15:16:31 +0000] "GET /vendor/laravel/framework/src/Illuminate/Cache/RateLimiting/ HTTP/1.1" 200 778 "http://www.mianjeepos.bms69.com/vendor/laravel/framework/src/Illuminate/Cache/" "Mozilla/5.0 AppleWebKit/537.36 (KHTML, like Gecko; compatible; GPTBot/1.3; +https://openai.com/gptbot)"
74.7.227.166 - - [16/Mar/2026:15:16:31 +0000] "GET /vendor/phpoffice/phpspreadsheet/src/PhpSpreadsheet/Calculation/MathTrig/Sum.php HTTP/1.1" 200 0 "http://mianjeepos.bms69.com/vendor/phpoffice/phpspreadsheet/src/PhpSpreadsheet/Calculation/MathTrig/" "Mozilla/5.0 AppleWebKit/537.36 (KHTML, like Gecko; compatible; GPTBot/1.3; +https://openai.com/gptbot)"
74.7.227.166 - - [16/Mar/2026:15:16:41 +0000] "GET /vendor/laravel/framework/src/Illuminate/Redis/Connections/PredisConnection.php HTTP/1.1" 500 0 "http://mianjeepos.bms69.com/vendor/laravel/framework/src/Illuminate/Redis/Connections/" "Mozilla/5.0 AppleWebKit/537.36 (KHTML, like Gecko; compatible; GPTBot/1.3; +https://openai.com/gptbot)"
74.7.227.166 - - [16/Mar/2026:15:16:50 +0000] "GET /vendor/laravel/framework/src/Illuminate/Redis/Connections/PhpRedisConnection.php HTTP/1.1" 500 0 "http://mianjeepos.bms69.com/vendor/laravel/framework/src/Illuminate/Redis/Connections/" "Mozilla/5.0 AppleWebKit/537.36 (KHTML, like Gecko; compatible; GPTBot/1.3; +https://openai.com/gptbot)"
74.7.227.166 - - [16/Mar/2026:15:17:19 +0000] "GET /vendor/phpoffice/phpspreadsheet/src/PhpSpreadsheet/Calculation/MathTrig/Lcm.php HTTP/1.1" 200 0 "http://mianjeepos.bms69.com/vendor/phpoffice/phpspreadsheet/src/PhpSpreadsheet/Calculation/MathTrig/" "Mozilla/5.0 AppleWebKit/537.36 (KHTML, like Gecko; compatible; GPTBot/1.3; +https://openai.com/gptbot)"
74.7.227.166 - - [16/Mar/2026:15:18:23 +0000] "GET /vendor/phpoffice/phpspreadsheet/src/PhpSpreadsheet/Calculation/MathTrig/Round.php HTTP/1.1" 500 0 "http://mianjeepos.bms69.com/vendor/phpoffice/phpspreadsheet/src/PhpSpreadsheet/Calculation/MathTrig/" "Mozilla/5.0 AppleWebKit/537.36 (KHTML, like Gecko; compatible; GPTBot/1.3; +https://openai.com/gptbot)"
74.7.244.31 - - [16/Mar/2026:15:18:33 +0000] "GET /robots.txt HTTP/1.1" 404 1251 "-" "Mozilla/5.0 (Macintosh; Intel Mac OS X 10_15_7) AppleWebKit/537.36 (KHTML, like Gecko) Chrome/131.0.0.0 Safari/537.36; compatible; OAI-SearchBot/1.3; robots.txt; +https://openai.com/searchbot"
74.7.227.166 - - [16/Mar/2026:15:19:21 +0000] "GET /vendor/phpoffice/phpspreadsheet/src/PhpSpreadsheet/Calculation/MathTrig/Roman.php HTTP/1.1" 500 0 "http://mianjeepos.bms69.com/vendor/phpoffice/phpspreadsheet/src/PhpSpreadsheet/Calculation/MathTrig/" "Mozilla/5.0 AppleWebKit/537.36 (KHTML, like Gecko; compatible; GPTBot/1.3; +https://openai.com/gptbot)"
74.7.227.142 - - [16/Mar/2026:15:19:34 +0000] "GET /vendor/phpoffice/phpspreadsheet/src/PhpSpreadsheet/Style/ConditionalFormatting/?SD HTTP/1.1" 200 1249 "http://www.mianjeepos.bms69.com/vendor/phpoffice/phpspreadsheet/src/PhpSpreadsheet/Style/ConditionalFormatting/?SA" "Mozilla/5.0 AppleWebKit/537.36 (KHTML, like Gecko; compatible; GPTBot/1.3; +https://openai.com/gptbot)"
74.7.227.166 - - [16/Mar/2026:15:20:25 +0000] "GET /vendor/phpoffice/phpspreadsheet/src/PhpSpreadsheet/Calculation/MathTrig/Exp.php HTTP/1.1" 500 0 "http://mianjeepos.bms69.com/vendor/phpoffice/phpspreadsheet/src/PhpSpreadsheet/Calculation/MathTrig/" "Mozilla/5.0 AppleWebKit/537.36 (KHTML, like Gecko; compatible; GPTBot/1.3; +https://openai.com/gptbot)"
74.7.244.31 - - [16/Mar/2026:15:08:08 +0000] "GET /robots.txt HTTP/1.1" 404 1251 "-" "Mozilla/5.0 (Macintosh; Intel Mac OS X 10_15_7) AppleWebKit/537.36 (KHTML, like Gecko) Chrome/131.0.0.0 Safari/537.36; compatible; OAI-SearchBot/1.3; robots.txt; +https://openai.com/searchbot"
74.7.227.166 - - [16/Mar/2026:15:08:45 +0000] "GET /vendor/doctrine/inflector/lib/Doctrine/Inflector/WordInflector.php HTTP/1.1" 200 0 "http://mianjeepos.bms69.com/vendor/doctrine/inflector/lib/Doctrine/Inflector/" "Mozilla/5.0 AppleWebKit/537.36 (KHTML, like Gecko; compatible; GPTBot/1.3; +https://openai.com/gptbot)"
74.7.227.166 - - [16/Mar/2026:15:09:31 +0000] "GET /vendor/spatie/laravel-medialibrary/src/MediaCollections/Exceptions/?MA HTTP/1.1" 200 1538 "http://mianjeepos.bms69.com/vendor/spatie/laravel-medialibrary/src/MediaCollections/Exceptions/" "Mozilla/5.0 AppleWebKit/537.36 (KHTML, like Gecko; compatible; GPTBot/1.3; +https://openai.com/gptbot)"
74.7.227.166 - - [16/Mar/2026:15:10:13 +0000] "GET /vendor/spatie/laravel-medialibrary/src/Conversions/ImageGenerators/error_log HTTP/1.1" 403 1242 "http://mianjeepos.bms69.com/vendor/spatie/laravel-medialibrary/src/Conversions/ImageGenerators/" "Mozilla/5.0 AppleWebKit/537.36 (KHTML, like Gecko; compatible; GPTBot/1.3; +https://openai.com/gptbot)"
74.7.227.166 - - [16/Mar/2026:15:12:31 +0000] "GET /vendor/psr/container/?SA HTTP/1.1" 200 719 "http://mianjeepos.bms69.com/vendor/psr/container/" "Mozilla/5.0 AppleWebKit/537.36 (KHTML, like Gecko; compatible; GPTBot/1.3; +https://openai.com/gptbot)"
74.7.227.142 - - [16/Mar/2026:15:13:11 +0000] "GET /vendor/nesbot/carbon/src/Carbon/error_log HTTP/1.1" 403 1242 "http://www.mianjeepos.bms69.com/vendor/nesbot/carbon/src/Carbon/" "Mozilla/5.0 AppleWebKit/537.36 (KHTML, like Gecko; compatible; GPTBot/1.3; +https://openai.com/gptbot)"
74.7.227.166 - - [16/Mar/2026:15:13:49 +0000] "GET /vendor/nette/caching/?MA HTTP/1.1" 200 740 "http://mianjeepos.bms69.com/vendor/nette/caching/" "Mozilla/5.0 AppleWebKit/537.36 (KHTML, like Gecko; compatible; GPTBot/1.3; +https://openai.com/gptbot)"
74.7.227.166 - - [16/Mar/2026:15:14:05 +0000] "GET /vendor/psr/container/?ND HTTP/1.1" 200 710 "http://mianjeepos.bms69.com/vendor/psr/container/" "Mozilla/5.0 AppleWebKit/537.36 (KHTML, like Gecko; compatible; GPTBot/1.3; +https://openai.com/gptbot)"
74.7.227.142 - - [16/Mar/2026:15:14:22 +0000] "GET /vendor/laravel/framework/src/Illuminate/Support/ServiceProvider.php HTTP/1.1" 200 0 "http://www.mianjeepos.bms69.com/vendor/laravel/framework/src/Illuminate/Support/" "Mozilla/5.0 AppleWebKit/537.36 (KHTML, like Gecko; compatible; GPTBot/1.3; +https://openai.com/gptbot)"
74.7.227.142 - - [16/Mar/2026:15:15:27 +0000] "GET /vendor/league/commonmark/src/Extension/SmartPunct/error_log HTTP/1.1" 403 1242 "http://www.mianjeepos.bms69.com/vendor/league/commonmark/src/Extension/SmartPunct/" "Mozilla/5.0 AppleWebKit/537.36 (KHTML, like Gecko; compatible; GPTBot/1.3; +https://openai.com/gptbot)"
74.7.227.142 - - [16/Mar/2026:15:17:36 +0000] "GET /vendor/psy/psysh/src/Command/ListCommand/ClassConstantEnumerator.php HTTP/1.1" 500 0 "http://www.mianjeepos.bms69.com/vendor/psy/psysh/src/Command/ListCommand/" "Mozilla/5.0 AppleWebKit/537.36 (KHTML, like Gecko; compatible; GPTBot/1.3; +https://openai.com/gptbot)"
74.7.227.142 - - [16/Mar/2026:15:18:33 +0000] "GET /vendor/psy/psysh/src/Command/ListCommand/VariableEnumerator.php HTTP/1.1" 500 0 "http://www.mianjeepos.bms69.com/vendor/psy/psysh/src/Command/ListCommand/" "Mozilla/5.0 AppleWebKit/537.36 (KHTML, like Gecko; compatible; GPTBot/1.3; +https://openai.com/gptbot)"
74.7.227.166 - - [16/Mar/2026:15:21:27 +0000] "GET /vendor/laravel/framework/src/Illuminate/Notifications/Events/NotificationSent.php HTTP/1.1" 500 0 "http://mianjeepos.bms69.com/vendor/laravel/framework/src/Illuminate/Notifications/Events/" "Mozilla/5.0 AppleWebKit/537.36 (KHTML, like Gecko; compatible; GPTBot/1.3; +https://openai.com/gptbot)"
74.7.227.142 - - [16/Mar/2026:15:20:36 +0000] "GET /vendor/dipokhalder/laravel-env-editor/?SA HTTP/1.1" 200 763 "http://www.mianjeepos.bms69.com/vendor/dipokhalder/laravel-env-editor/" "Mozilla/5.0 AppleWebKit/537.36 (KHTML, like Gecko; compatible; GPTBot/1.3; +https://openai.com/gptbot)"
74.7.227.166 - - [16/Mar/2026:15:22:31 +0000] "GET /vendor/ezyang/htmlpurifier/library/HTMLPurifier/AttrDef/CSS/URI.php HTTP/1.1" 500 0 "http://mianjeepos.bms69.com/vendor/ezyang/htmlpurifier/library/HTMLPurifier/AttrDef/CSS/" "Mozilla/5.0 AppleWebKit/537.36 (KHTML, like Gecko; compatible; GPTBot/1.3; +https://openai.com/gptbot)"
74.7.227.142 - - [16/Mar/2026:15:23:56 +0000] "GET /vendor/laravel/framework/src/Illuminate/Contracts/Filesystem/FileNotFoundException.php HTTP/1.1" 200 0 "http://www.mianjeepos.bms69.com/vendor/laravel/framework/src/Illuminate/Contracts/Filesystem/" "Mozilla/5.0 AppleWebKit/537.36 (KHTML, like Gecko; compatible; GPTBot/1.3; +https://openai.com/gptbot)"
74.7.227.166 - - [16/Mar/2026:15:24:36 +0000] "GET /vendor/symfony/service-contracts/Attribute/?SA HTTP/1.1" 200 680 "http://mianjeepos.bms69.com/vendor/symfony/service-contracts/Attribute/" "Mozilla/5.0 AppleWebKit/537.36 (KHTML, like Gecko; compatible; GPTBot/1.3; +https://openai.com/gptbot)"
74.7.227.142 - - [16/Mar/2026:15:24:59 +0000] "GET /vendor/masterminds/html5/src/HTML5/Parser/Tokenizer.php HTTP/1.1" 200 0 "http://www.mianjeepos.bms69.com/vendor/masterminds/html5/src/HTML5/Parser/" "Mozilla/5.0 AppleWebKit/537.36 (KHTML, like Gecko; compatible; GPTBot/1.3; +https://openai.com/gptbot)"
74.7.227.142 - - [16/Mar/2026:15:25:58 +0000] "GET /vendor/masterminds/html5/src/HTML5/Parser/Scanner.php HTTP/1.1" 200 0 "http://www.mianjeepos.bms69.com/vendor/masterminds/html5/src/HTML5/Parser/" "Mozilla/5.0 AppleWebKit/537.36 (KHTML, like Gecko; compatible; GPTBot/1.3; +https://openai.com/gptbot)"
74.7.227.166 - - [16/Mar/2026:15:26:38 +0000] "GET /vendor/symfony/service-contracts/Attribute/?ND HTTP/1.1" 200 678 "http://mianjeepos.bms69.com/vendor/symfony/service-contracts/Attribute/" "Mozilla/5.0 AppleWebKit/537.36 (KHTML, like Gecko; compatible; GPTBot/1.3; +https://openai.com/gptbot)"
74.7.227.142 - - [16/Mar/2026:15:26:49 +0000] "GET /vendor/laravel/framework/src/Illuminate/Cache/RateLimiting/error_log HTTP/1.1" 403 1242 "http://www.mianjeepos.bms69.com/vendor/laravel/framework/src/Illuminate/Cache/RateLimiting/" "Mozilla/5.0 AppleWebKit/537.36 (KHTML, like Gecko; compatible; GPTBot/1.3; +https://openai.com/gptbot)"
74.7.227.166 - - [16/Mar/2026:15:28:16 +0000] "GET /resources/js/components/admin/productsReport/?MA HTTP/1.1" 200 704 "http://mianjeepos.bms69.com/resources/js/components/admin/productsReport/" "Mozilla/5.0 AppleWebKit/537.36 (KHTML, like Gecko; compatible; GPTBot/1.3; +https://openai.com/gptbot)"
74.7.244.31 - - [16/Mar/2026:15:29:26 +0000] "GET /robots.txt HTTP/1.1" 404 1251 "-" "Mozilla/5.0 (Macintosh; Intel Mac OS X 10_15_7) AppleWebKit/537.36 (KHTML, like Gecko) Chrome/131.0.0.0 Safari/537.36; compatible; OAI-SearchBot/1.3; robots.txt; +https://openai.com/searchbot"
74.7.227.166 - - [16/Mar/2026:15:29:36 +0000] "GET /vendor/ezyang/htmlpurifier/library/HTMLPurifier/AttrTransform/Input.php HTTP/1.1" 500 0 "http://mianjeepos.bms69.com/vendor/ezyang/htmlpurifier/library/HTMLPurifier/AttrTransform/?MA" "Mozilla/5.0 AppleWebKit/537.36 (KHTML, like Gecko; compatible; GPTBot/1.3; +https://openai.com/gptbot)"
74.7.227.166 - - [16/Mar/2026:15:30:09 +0000] "GET /vendor/ezyang/htmlpurifier/library/HTMLPurifier/AttrTransform/BdoDir.php HTTP/1.1" 500 0 "http://mianjeepos.bms69.com/vendor/ezyang/htmlpurifier/library/HTMLPurifier/AttrTransform/?MA" "Mozilla/5.0 AppleWebKit/537.36 (KHTML, like Gecko; compatible; GPTBot/1.3; +https://openai.com/gptbot)"
74.7.227.142 - - [16/Mar/2026:15:30:32 +0000] "GET /vendor/dipokhalder/laravel-env-editor/?NA HTTP/1.1" 200 761 "http://www.mianjeepos.bms69.com/vendor/dipokhalder/laravel-env-editor/?SA" "Mozilla/5.0 AppleWebKit/537.36 (KHTML, like Gecko; compatible; GPTBot/1.3; +https://openai.com/gptbot)"
74.7.175.187 - - [16/Mar/2026:15:21:27 +0000] "GET /robots.txt HTTP/1.1" 404 1251 "-" "Mozilla/5.0 (Macintosh; Intel Mac OS X 10_15_7) AppleWebKit/537.36 (KHTML, like Gecko) Chrome/131.0.0.0 Safari/537.36; compatible; OAI-SearchBot/1.3; robots.txt; +https://openai.com/searchbot"
74.7.227.142 - - [16/Mar/2026:15:21:38 +0000] "GET /vendor/dipokhalder/laravel-env-editor/?ND HTTP/1.1" 200 760 "http://www.mianjeepos.bms69.com/vendor/dipokhalder/laravel-env-editor/" "Mozilla/5.0 AppleWebKit/537.36 (KHTML, like Gecko; compatible; GPTBot/1.3; +https://openai.com/gptbot)"
74.7.227.142 - - [16/Mar/2026:15:22:29 +0000] "GET /vendor/dipokhalder/laravel-env-editor/?MA HTTP/1.1" 200 761 "http://www.mianjeepos.bms69.com/vendor/dipokhalder/laravel-env-editor/" "Mozilla/5.0 AppleWebKit/537.36 (KHTML, like Gecko; compatible; GPTBot/1.3; +https://openai.com/gptbot)"
74.7.227.142 - - [16/Mar/2026:15:23:13 +0000] "GET /vendor/dompdf/php-font-lib/src/FontLib/Table/Type/post.php HTTP/1.1" 500 0 "http://www.mianjeepos.bms69.com/vendor/dompdf/php-font-lib/src/FontLib/Table/Type/" "Mozilla/5.0 AppleWebKit/537.36 (KHTML, like Gecko; compatible; GPTBot/1.3; +https://openai.com/gptbot)"
74.7.227.166 - - [16/Mar/2026:15:23:39 +0000] "GET /vendor/ezyang/htmlpurifier/library/HTMLPurifier/AttrDef/URI/Host.php HTTP/1.1" 500 0 "http://mianjeepos.bms69.com/vendor/ezyang/htmlpurifier/library/HTMLPurifier/AttrDef/URI/" "Mozilla/5.0 AppleWebKit/537.36 (KHTML, like Gecko; compatible; GPTBot/1.3; +https://openai.com/gptbot)"
74.7.244.31 - - [16/Mar/2026:15:23:56 +0000] "GET /robots.txt HTTP/1.1" 404 1251 "-" "Mozilla/5.0 (Macintosh; Intel Mac OS X 10_15_7) AppleWebKit/537.36 (KHTML, like Gecko) Chrome/131.0.0.0 Safari/537.36; compatible; OAI-SearchBot/1.3; robots.txt; +https://openai.com/searchbot"
74.7.227.166 - - [16/Mar/2026:15:25:38 +0000] "GET /vendor/symfony/service-contracts/Attribute/?MA HTTP/1.1" 200 681 "http://mianjeepos.bms69.com/vendor/symfony/service-contracts/Attribute/" "Mozilla/5.0 AppleWebKit/537.36 (KHTML, like Gecko; compatible; GPTBot/1.3; +https://openai.com/gptbot)"
74.7.227.166 - - [16/Mar/2026:15:27:29 +0000] "GET /resources/js/components/admin/productsReport/?SA HTTP/1.1" 200 702 "http://mianjeepos.bms69.com/resources/js/components/admin/productsReport/" "Mozilla/5.0 AppleWebKit/537.36 (KHTML, like Gecko; compatible; GPTBot/1.3; +https://openai.com/gptbot)"
74.7.227.142 - - [16/Mar/2026:15:27:34 +0000] "GET /vendor/laravel/framework/src/Illuminate/Cache/RateLimiting/Unlimited.php HTTP/1.1" 500 0 "http://www.mianjeepos.bms69.com/vendor/laravel/framework/src/Illuminate/Cache/RateLimiting/" "Mozilla/5.0 AppleWebKit/537.36 (KHTML, like Gecko; compatible; GPTBot/1.3; +https://openai.com/gptbot)"
74.7.227.142 - - [16/Mar/2026:15:28:20 +0000] "GET /vendor/laravel/framework/src/Illuminate/Cache/RateLimiting/GlobalLimit.php HTTP/1.1" 500 0 "http://www.mianjeepos.bms69.com/vendor/laravel/framework/src/Illuminate/Cache/RateLimiting/" "Mozilla/5.0 AppleWebKit/537.36 (KHTML, like Gecko; compatible; GPTBot/1.3; +https://openai.com/gptbot)"
74.7.227.166 - - [16/Mar/2026:15:28:58 +0000] "GET /resources/js/components/admin/productsReport/?ND HTTP/1.1" 200 696 "http://mianjeepos.bms69.com/resources/js/components/admin/productsReport/" "Mozilla/5.0 AppleWebKit/537.36 (KHTML, like Gecko; compatible; GPTBot/1.3; +https://openai.com/gptbot)"
74.7.227.142 - - [16/Mar/2026:15:29:26 +0000] "GET /vendor/nesbot/carbon/src/Carbon/Lang/br.php HTTP/1.1" 200 0 "http://www.mianjeepos.bms69.com/vendor/nesbot/carbon/src/Carbon/Lang/" "Mozilla/5.0 AppleWebKit/537.36 (KHTML, like Gecko; compatible; GPTBot/1.3; +https://openai.com/gptbot)"
