74.7.227.142 - - [16/Mar/2026:20:40:51 +0000] "GET /vendor/spatie/laravel-ignition/src/Commands/stubs/solution-provider.stub HTTP/1.1" 200 354 "http://www.mianjeepos.bms69.com/vendor/spatie/laravel-ignition/src/Commands/stubs/" "Mozilla/5.0 AppleWebKit/537.36 (KHTML, like Gecko; compatible; GPTBot/1.3; +https://openai.com/gptbot)"
74.7.227.166 - - [16/Mar/2026:20:41:03 +0000] "GET /vendor/vlucas/phpdotenv/src/Repository/Adapter/ImmutableWriter.php HTTP/1.1" 500 0 "http://mianjeepos.bms69.com/vendor/vlucas/phpdotenv/src/Repository/Adapter/" "Mozilla/5.0 AppleWebKit/537.36 (KHTML, like Gecko; compatible; GPTBot/1.3; +https://openai.com/gptbot)"
74.7.227.142 - - [16/Mar/2026:20:41:25 +0000] "GET /vendor/symfony/var-dumper/Resources/bin/?ND HTTP/1.1" 200 639 "http://www.mianjeepos.bms69.com/vendor/symfony/var-dumper/Resources/bin/" "Mozilla/5.0 AppleWebKit/537.36 (KHTML, like Gecko; compatible; GPTBot/1.3; +https://openai.com/gptbot)"
74.7.227.166 - - [16/Mar/2026:20:41:56 +0000] "GET /vendor/egulias/email-validator/src/Result/Reason/DomainAcceptsNoMail.php HTTP/1.1" 500 0 "http://mianjeepos.bms69.com/vendor/egulias/email-validator/src/Result/Reason/" "Mozilla/5.0 AppleWebKit/537.36 (KHTML, like Gecko; compatible; GPTBot/1.3; +https://openai.com/gptbot)"
74.7.227.142 - - [16/Mar/2026:20:41:56 +0000] "GET /vendor/spatie/laravel-ignition/src/Views/?MA HTTP/1.1" 200 713 "http://www.mianjeepos.bms69.com/vendor/spatie/laravel-ignition/src/Views/" "Mozilla/5.0 AppleWebKit/537.36 (KHTML, like Gecko; compatible; GPTBot/1.3; +https://openai.com/gptbot)"
74.7.227.166 - - [16/Mar/2026:20:43:02 +0000] "GET /vendor/egulias/email-validator/src/Result/Reason/LocalOrReservedDomain.php HTTP/1.1" 500 0 "http://mianjeepos.bms69.com/vendor/egulias/email-validator/src/Result/Reason/" "Mozilla/5.0 AppleWebKit/537.36 (KHTML, like Gecko; compatible; GPTBot/1.3; +https://openai.com/gptbot)"
74.7.227.142 - - [16/Mar/2026:20:43:48 +0000] "GET /vendor/spatie/laravel-ignition/src/Http/?SA HTTP/1.1" 200 725 "http://www.mianjeepos.bms69.com/vendor/spatie/laravel-ignition/src/Http/" "Mozilla/5.0 AppleWebKit/537.36 (KHTML, like Gecko; compatible; GPTBot/1.3; +https://openai.com/gptbot)"
74.7.227.142 - - [16/Mar/2026:20:44:04 +0000] "GET /vendor/laravel/framework/src/Illuminate/Contracts/Config/Repository.php HTTP/1.1" 200 0 "http://www.mianjeepos.bms69.com/vendor/laravel/framework/src/Illuminate/Contracts/Config/" "Mozilla/5.0 AppleWebKit/537.36 (KHTML, like Gecko; compatible; GPTBot/1.3; +https://openai.com/gptbot)"
74.7.244.31 - - [16/Mar/2026:20:44:32 +0000] "GET /robots.txt HTTP/1.1" 404 1251 "-" "Mozilla/5.0 (Macintosh; Intel Mac OS X 10_15_7) AppleWebKit/537.36 (KHTML, like Gecko) Chrome/131.0.0.0 Safari/537.36; compatible; OAI-SearchBot/1.3; robots.txt; +https://openai.com/searchbot"
74.7.227.142 - - [16/Mar/2026:20:44:44 +0000] "GET /vendor/spatie/laravel-ignition/src/Views/?SA HTTP/1.1" 200 714 "http://www.mianjeepos.bms69.com/vendor/spatie/laravel-ignition/src/Views/" "Mozilla/5.0 AppleWebKit/537.36 (KHTML, like Gecko; compatible; GPTBot/1.3; +https://openai.com/gptbot)"
74.7.227.142 - - [16/Mar/2026:20:44:54 +0000] "GET /vendor/symfony/var-dumper/Resources/bin/?NA HTTP/1.1" 200 637 "http://www.mianjeepos.bms69.com/vendor/symfony/var-dumper/Resources/bin/?ND" "Mozilla/5.0 AppleWebKit/537.36 (KHTML, like Gecko; compatible; GPTBot/1.3; +https://openai.com/gptbot)"
74.7.227.142 - - [16/Mar/2026:20:45:03 +0000] "GET /vendor/spatie/laravel-ignition/src/Views/?NA HTTP/1.1" 200 710 "http://www.mianjeepos.bms69.com/vendor/spatie/laravel-ignition/src/Views/?MA" "Mozilla/5.0 AppleWebKit/537.36 (KHTML, like Gecko; compatible; GPTBot/1.3; +https://openai.com/gptbot)"
74.7.227.142 - - [16/Mar/2026:20:45:11 +0000] "GET /vendor/staudenmeir/laravel-cte/src/Query/?SA HTTP/1.1" 200 1133 "http://www.mianjeepos.bms69.com/vendor/staudenmeir/laravel-cte/src/Query/" "Mozilla/5.0 AppleWebKit/537.36 (KHTML, like Gecko; compatible; GPTBot/1.3; +https://openai.com/gptbot)"
74.7.227.166 - - [16/Mar/2026:20:45:13 +0000] "GET /vendor/doctrine/dbal/src/Schema/Exception/SequenceDoesNotExist.php HTTP/1.1" 500 0 "http://mianjeepos.bms69.com/vendor/doctrine/dbal/src/Schema/Exception/" "Mozilla/5.0 AppleWebKit/537.36 (KHTML, like Gecko; compatible; GPTBot/1.3; +https://openai.com/gptbot)"
74.7.227.142 - - [16/Mar/2026:20:45:18 +0000] "GET /vendor/spatie/laravel-ignition/src/Http/?MA HTTP/1.1" 200 722 "http://www.mianjeepos.bms69.com/vendor/spatie/laravel-ignition/src/Http/" "Mozilla/5.0 AppleWebKit/537.36 (KHTML, like Gecko; compatible; GPTBot/1.3; +https://openai.com/gptbot)"
74.7.227.142 - - [16/Mar/2026:20:45:25 +0000] "GET /vendor/staudenmeir/laravel-cte/src/Query/?ND HTTP/1.1" 200 1127 "http://www.mianjeepos.bms69.com/vendor/staudenmeir/laravel-cte/src/Query/" "Mozilla/5.0 AppleWebKit/537.36 (KHTML, like Gecko; compatible; GPTBot/1.3; +https://openai.com/gptbot)"
74.7.227.142 - - [16/Mar/2026:20:45:32 +0000] "GET /vendor/symfony/var-dumper/Resources/bin/?SA HTTP/1.1" 200 643 "http://www.mianjeepos.bms69.com/vendor/symfony/var-dumper/Resources/bin/" "Mozilla/5.0 AppleWebKit/537.36 (KHTML, like Gecko; compatible; GPTBot/1.3; +https://openai.com/gptbot)"
74.7.227.142 - - [16/Mar/2026:20:45:38 +0000] "GET /vendor/spatie/laravel-ignition/src/Http/?NA HTTP/1.1" 200 719 "http://www.mianjeepos.bms69.com/vendor/spatie/laravel-ignition/src/Http/?SA" "Mozilla/5.0 AppleWebKit/537.36 (KHTML, like Gecko; compatible; GPTBot/1.3; +https://openai.com/gptbot)"
74.7.227.142 - - [16/Mar/2026:20:45:42 +0000] "GET /vendor/staudenmeir/laravel-cte/src/Query/?MA HTTP/1.1" 200 1137 "http://www.mianjeepos.bms69.com/vendor/staudenmeir/laravel-cte/src/Query/" "Mozilla/5.0 AppleWebKit/537.36 (KHTML, like Gecko; compatible; GPTBot/1.3; +https://openai.com/gptbot)"
74.7.227.142 - - [16/Mar/2026:20:45:46 +0000] "GET /vendor/spatie/laravel-ignition/src/Http/?SD HTTP/1.1" 200 724 "http://www.mianjeepos.bms69.com/vendor/spatie/laravel-ignition/src/Http/?SA" "Mozilla/5.0 AppleWebKit/537.36 (KHTML, like Gecko; compatible; GPTBot/1.3; +https://openai.com/gptbot)"
74.7.227.142 - - [16/Mar/2026:20:45:50 +0000] "GET /vendor/symfony/var-dumper/Resources/bin/?MD HTTP/1.1" 200 643 "http://www.mianjeepos.bms69.com/vendor/symfony/var-dumper/Resources/bin/?MA" "Mozilla/5.0 AppleWebKit/537.36 (KHTML, like Gecko; compatible; GPTBot/1.3; +https://openai.com/gptbot)"
74.7.227.142 - - [16/Mar/2026:20:45:54 +0000] "GET /vendor/spatie/laravel-ignition/src/Views/?SD HTTP/1.1" 200 710 "http://www.mianjeepos.bms69.com/vendor/spatie/laravel-ignition/src/Views/?SA" "Mozilla/5.0 AppleWebKit/537.36 (KHTML, like Gecko; compatible; GPTBot/1.3; +https://openai.com/gptbot)"
74.7.227.142 - - [16/Mar/2026:20:45:58 +0000] "GET /vendor/spatie/laravel-ignition/src/Views/?MD HTTP/1.1" 200 712 "http://www.mianjeepos.bms69.com/vendor/spatie/laravel-ignition/src/Views/?MA" "Mozilla/5.0 AppleWebKit/537.36 (KHTML, like Gecko; compatible; GPTBot/1.3; +https://openai.com/gptbot)"
74.7.227.142 - - [16/Mar/2026:20:46:00 +0000] "GET /vendor/laravel/framework/src/Illuminate/Bus/LICENSE.md HTTP/1.1" 200 1075 "http://www.mianjeepos.bms69.com/vendor/laravel/framework/src/Illuminate/Bus/" "Mozilla/5.0 AppleWebKit/537.36 (KHTML, like Gecko; compatible; GPTBot/1.3; +https://openai.com/gptbot)"
74.7.227.142 - - [16/Mar/2026:20:46:03 +0000] "GET /vendor/staudenmeir/laravel-cte/src/Query/SingleStoreBuilder.php HTTP/1.1" 500 0 "http://www.mianjeepos.bms69.com/vendor/staudenmeir/laravel-cte/src/Query/?SA" "Mozilla/5.0 AppleWebKit/537.36 (KHTML, like Gecko; compatible; GPTBot/1.3; +https://openai.com/gptbot)"
74.7.227.142 - - [16/Mar/2026:20:46:06 +0000] "GET /vendor/staudenmeir/laravel-cte/src/Query/FirebirdBuilder.php HTTP/1.1" 500 0 "http://www.mianjeepos.bms69.com/vendor/staudenmeir/laravel-cte/src/Query/?SA" "Mozilla/5.0 AppleWebKit/537.36 (KHTML, like Gecko; compatible; GPTBot/1.3; +https://openai.com/gptbot)"
74.7.227.142 - - [16/Mar/2026:20:46:13 +0000] "GET /vendor/staudenmeir/laravel-cte/src/Query/OracleBuilder.php HTTP/1.1" 500 0 "http://www.mianjeepos.bms69.com/vendor/staudenmeir/laravel-cte/src/Query/?SA" "Mozilla/5.0 AppleWebKit/537.36 (KHTML, like Gecko; compatible; GPTBot/1.3; +https://openai.com/gptbot)"
74.7.227.166 - - [16/Mar/2026:20:46:15 +0000] "GET /vendor/doctrine/dbal/src/Schema/Exception/TableDoesNotExist.php HTTP/1.1" 500 0 "http://mianjeepos.bms69.com/vendor/doctrine/dbal/src/Schema/Exception/" "Mozilla/5.0 AppleWebKit/537.36 (KHTML, like Gecko; compatible; GPTBot/1.3; +https://openai.com/gptbot)"
74.7.227.166 - - [16/Mar/2026:20:40:00 +0000] "GET /vendor/laravel/framework/src/Illuminate/Events/QueuedClosure.php HTTP/1.1" 200 0 "http://mianjeepos.bms69.com/vendor/laravel/framework/src/Illuminate/Events/" "Mozilla/5.0 AppleWebKit/537.36 (KHTML, like Gecko; compatible; GPTBot/1.3; +https://openai.com/gptbot)"
74.7.175.187 - - [16/Mar/2026:20:41:04 +0000] "GET /robots.txt HTTP/1.1" 404 1251 "-" "Mozilla/5.0 (Macintosh; Intel Mac OS X 10_15_7) AppleWebKit/537.36 (KHTML, like Gecko) Chrome/131.0.0.0 Safari/537.36; compatible; OAI-SearchBot/1.3; robots.txt; +https://openai.com/searchbot"
74.7.227.142 - - [16/Mar/2026:20:42:24 +0000] "GET /vendor/spatie/laravel-medialibrary/src/ResponsiveImages/?NA HTTP/1.1" 200 1210 "http://www.mianjeepos.bms69.com/vendor/spatie/laravel-medialibrary/src/ResponsiveImages/?SA" "Mozilla/5.0 AppleWebKit/537.36 (KHTML, like Gecko; compatible; GPTBot/1.3; +https://openai.com/gptbot)"
74.7.227.142 - - [16/Mar/2026:20:42:48 +0000] "GET /vendor/spatie/laravel-medialibrary/src/ResponsiveImages/?SD HTTP/1.1" 200 1211 "http://www.mianjeepos.bms69.com/vendor/spatie/laravel-medialibrary/src/ResponsiveImages/?SA" "Mozilla/5.0 AppleWebKit/537.36 (KHTML, like Gecko; compatible; GPTBot/1.3; +https://openai.com/gptbot)"
74.7.227.142 - - [16/Mar/2026:20:43:09 +0000] "GET /vendor/spatie/laravel-medialibrary/src/ResponsiveImages/?MD HTTP/1.1" 200 1204 "http://www.mianjeepos.bms69.com/vendor/spatie/laravel-medialibrary/src/ResponsiveImages/?MA" "Mozilla/5.0 AppleWebKit/537.36 (KHTML, like Gecko; compatible; GPTBot/1.3; +https://openai.com/gptbot)"
74.7.227.142 - - [16/Mar/2026:20:43:31 +0000] "GET /vendor/spatie/laravel-ignition/src/Views/?ND HTTP/1.1" 200 707 "http://www.mianjeepos.bms69.com/vendor/spatie/laravel-ignition/src/Views/" "Mozilla/5.0 AppleWebKit/537.36 (KHTML, like Gecko; compatible; GPTBot/1.3; +https://openai.com/gptbot)"
74.7.227.166 - - [16/Mar/2026:20:44:08 +0000] "GET /vendor/laravel/framework/src/Illuminate/Console/OutputStyle.php HTTP/1.1" 500 0 "http://mianjeepos.bms69.com/vendor/laravel/framework/src/Illuminate/Console/" "Mozilla/5.0 AppleWebKit/537.36 (KHTML, like Gecko; compatible; GPTBot/1.3; +https://openai.com/gptbot)"
74.7.227.142 - - [16/Mar/2026:20:44:24 +0000] "GET /vendor/spatie/laravel-ignition/src/Http/?ND HTTP/1.1" 200 720 "http://www.mianjeepos.bms69.com/vendor/spatie/laravel-ignition/src/Http/" "Mozilla/5.0 AppleWebKit/537.36 (KHTML, like Gecko; compatible; GPTBot/1.3; +https://openai.com/gptbot)"
74.7.227.142 - - [16/Mar/2026:20:44:32 +0000] "GET /vendor/symfony/var-dumper/Resources/bin/?MA HTTP/1.1" 200 642 "http://www.mianjeepos.bms69.com/vendor/symfony/var-dumper/Resources/bin/" "Mozilla/5.0 AppleWebKit/537.36 (KHTML, like Gecko; compatible; GPTBot/1.3; +https://openai.com/gptbot)"
74.7.227.142 - - [16/Mar/2026:20:46:36 +0000] "GET /vendor/staudenmeir/laravel-cte/src/Query/Builder.php HTTP/1.1" 500 0 "http://www.mianjeepos.bms69.com/vendor/staudenmeir/laravel-cte/src/Query/?SA" "Mozilla/5.0 AppleWebKit/537.36 (KHTML, like Gecko; compatible; GPTBot/1.3; +https://openai.com/gptbot)"
74.7.227.142 - - [16/Mar/2026:20:48:43 +0000] "GET /vendor/symfony/var-dumper/Resources/bin/?SD HTTP/1.1" 200 642 "http://www.mianjeepos.bms69.com/vendor/symfony/var-dumper/Resources/bin/?SA" "Mozilla/5.0 AppleWebKit/537.36 (KHTML, like Gecko; compatible; GPTBot/1.3; +https://openai.com/gptbot)"
74.7.227.166 - - [16/Mar/2026:20:49:19 +0000] "GET /vendor/laravel/framework/src/Illuminate/Events/NullDispatcher.php HTTP/1.1" 500 0 "http://mianjeepos.bms69.com/vendor/laravel/framework/src/Illuminate/Events/" "Mozilla/5.0 AppleWebKit/537.36 (KHTML, like Gecko; compatible; GPTBot/1.3; +https://openai.com/gptbot)"
74.7.227.166 - - [16/Mar/2026:20:50:25 +0000] "GET /vendor/laravel/framework/src/Illuminate/Http/ResponseTrait.php HTTP/1.1" 200 0 "http://mianjeepos.bms69.com/vendor/laravel/framework/src/Illuminate/Http/" "Mozilla/5.0 AppleWebKit/537.36 (KHTML, like Gecko; compatible; GPTBot/1.3; +https://openai.com/gptbot)"
74.7.227.142 - - [16/Mar/2026:20:50:28 +0000] "GET /vendor/spatie/laravel-ignition/src/Http/?MD HTTP/1.1" 200 723 "http://www.mianjeepos.bms69.com/vendor/spatie/laravel-ignition/src/Http/?MA" "Mozilla/5.0 AppleWebKit/537.36 (KHTML, like Gecko; compatible; GPTBot/1.3; +https://openai.com/gptbot)"
74.7.175.187 - - [16/Mar/2026:20:51:30 +0000] "GET /robots.txt HTTP/1.1" 404 1251 "-" "Mozilla/5.0 (Macintosh; Intel Mac OS X 10_15_7) AppleWebKit/537.36 (KHTML, like Gecko) Chrome/131.0.0.0 Safari/537.36; compatible; OAI-SearchBot/1.3; robots.txt; +https://openai.com/searchbot"
74.7.227.142 - - [16/Mar/2026:20:51:52 +0000] "GET /vendor/laravel/framework/src/Illuminate/Log/LICENSE.md HTTP/1.1" 200 1075 "http://www.mianjeepos.bms69.com/vendor/laravel/framework/src/Illuminate/Log/" "Mozilla/5.0 AppleWebKit/537.36 (KHTML, like Gecko; compatible; GPTBot/1.3; +https://openai.com/gptbot)"
74.7.227.166 - - [16/Mar/2026:20:52:27 +0000] "GET /vendor/laravel/framework/src/Illuminate/Support/MessageBag.php HTTP/1.1" 500 0 "http://mianjeepos.bms69.com/vendor/laravel/framework/src/Illuminate/Support/" "Mozilla/5.0 AppleWebKit/537.36 (KHTML, like Gecko; compatible; GPTBot/1.3; +https://openai.com/gptbot)"
74.7.227.142 - - [16/Mar/2026:20:52:30 +0000] "GET /vendor/symfony/routing/Generator/Dumper/?ND HTTP/1.1" 200 775 "http://www.mianjeepos.bms69.com/vendor/symfony/routing/Generator/Dumper/" "Mozilla/5.0 AppleWebKit/537.36 (KHTML, like Gecko; compatible; GPTBot/1.3; +https://openai.com/gptbot)"
74.7.175.187 - - [16/Mar/2026:20:46:15 +0000] "GET /robots.txt HTTP/1.1" 404 1251 "-" "Mozilla/5.0 (Macintosh; Intel Mac OS X 10_15_7) AppleWebKit/537.36 (KHTML, like Gecko) Chrome/131.0.0.0 Safari/537.36; compatible; OAI-SearchBot/1.3; robots.txt; +https://openai.com/searchbot"
74.7.227.166 - - [16/Mar/2026:20:47:17 +0000] "GET /vendor/laravel/framework/src/Illuminate/Support/ProcessUtils.php HTTP/1.1" 200 0 "http://mianjeepos.bms69.com/vendor/laravel/framework/src/Illuminate/Support/" "Mozilla/5.0 AppleWebKit/537.36 (KHTML, like Gecko; compatible; GPTBot/1.3; +https://openai.com/gptbot)"
74.7.227.142 - - [16/Mar/2026:20:47:36 +0000] "GET /vendor/staudenmeir/laravel-cte/src/Query/?SD HTTP/1.1" 200 1141 "http://www.mianjeepos.bms69.com/vendor/staudenmeir/laravel-cte/src/Query/?SA" "Mozilla/5.0 AppleWebKit/537.36 (KHTML, like Gecko; compatible; GPTBot/1.3; +https://openai.com/gptbot)"
74.7.227.166 - - [16/Mar/2026:20:48:22 +0000] "GET /vendor/laravel/framework/src/Illuminate/Collections/Enumerable.php HTTP/1.1" 500 0 "http://mianjeepos.bms69.com/vendor/laravel/framework/src/Illuminate/Collections/" "Mozilla/5.0 AppleWebKit/537.36 (KHTML, like Gecko; compatible; GPTBot/1.3; +https://openai.com/gptbot)"
74.7.227.142 - - [16/Mar/2026:20:49:39 +0000] "GET /vendor/staudenmeir/laravel-cte/src/Query/?NA HTTP/1.1" 200 1138 "http://www.mianjeepos.bms69.com/vendor/staudenmeir/laravel-cte/src/Query/?SA" "Mozilla/5.0 AppleWebKit/537.36 (KHTML, like Gecko; compatible; GPTBot/1.3; +https://openai.com/gptbot)"
74.7.227.142 - - [16/Mar/2026:20:51:12 +0000] "GET /vendor/staudenmeir/laravel-cte/src/Query/?MD HTTP/1.1" 200 1144 "http://www.mianjeepos.bms69.com/vendor/staudenmeir/laravel-cte/src/Query/?MA" "Mozilla/5.0 AppleWebKit/537.36 (KHTML, like Gecko; compatible; GPTBot/1.3; +https://openai.com/gptbot)"
74.7.227.166 - - [16/Mar/2026:20:51:30 +0000] "GET /vendor/laravel/framework/src/Illuminate/Routing/UrlGenerator.php HTTP/1.1" 500 0 "http://mianjeepos.bms69.com/vendor/laravel/framework/src/Illuminate/Routing/" "Mozilla/5.0 AppleWebKit/537.36 (KHTML, like Gecko; compatible; GPTBot/1.3; +https://openai.com/gptbot)"
74.7.227.142 - - [16/Mar/2026:20:53:06 +0000] "GET /vendor/symfony/routing/Generator/Dumper/?MA HTTP/1.1" 200 781 "http://www.mianjeepos.bms69.com/vendor/symfony/routing/Generator/Dumper/" "Mozilla/5.0 AppleWebKit/537.36 (KHTML, like Gecko; compatible; GPTBot/1.3; +https://openai.com/gptbot)"
74.7.227.166 - - [16/Mar/2026:20:53:31 +0000] "GET /vendor/spatie/laravel-medialibrary/src/Conversions/ImageGenerators/Pdf.php HTTP/1.1" 500 0 "http://mianjeepos.bms69.com/vendor/spatie/laravel-medialibrary/src/Conversions/ImageGenerators/" "Mozilla/5.0 AppleWebKit/537.36 (KHTML, like Gecko; compatible; GPTBot/1.3; +https://openai.com/gptbot)"
74.7.227.142 - - [16/Mar/2026:20:53:35 +0000] "GET /vendor/maatwebsite/excel/src/Exceptions/?MA HTTP/1.1" 200 1233 "http://www.mianjeepos.bms69.com/vendor/maatwebsite/excel/src/Exceptions/" "Mozilla/5.0 AppleWebKit/537.36 (KHTML, like Gecko; compatible; GPTBot/1.3; +https://openai.com/gptbot)"
74.7.227.142 - - [16/Mar/2026:20:54:02 +0000] "GET /resources/js/components/layouts/backend/?SA HTTP/1.1" 200 687 "http://www.mianjeepos.bms69.com/resources/js/components/layouts/backend/" "Mozilla/5.0 AppleWebKit/537.36 (KHTML, like Gecko; compatible; GPTBot/1.3; +https://openai.com/gptbot)"
74.7.227.166 - - [16/Mar/2026:20:54:37 +0000] "GET /vendor/laravel/framework/src/Illuminate/Auth/GuardHelpers.php HTTP/1.1" 200 0 "http://mianjeepos.bms69.com/vendor/laravel/framework/src/Illuminate/Auth/" "Mozilla/5.0 AppleWebKit/537.36 (KHTML, like Gecko; compatible; GPTBot/1.3; +https://openai.com/gptbot)"
74.7.227.142 - - [16/Mar/2026:20:54:53 +0000] "GET /vendor/sebastian/complexity/src/Visitor/?SA HTTP/1.1" 200 760 "http://www.mianjeepos.bms69.com/vendor/sebastian/complexity/src/Visitor/" "Mozilla/5.0 AppleWebKit/537.36 (KHTML, like Gecko; compatible; GPTBot/1.3; +https://openai.com/gptbot)"
74.7.244.31 - - [16/Mar/2026:20:54:53 +0000] "GET /robots.txt HTTP/1.1" 404 1251 "-" "Mozilla/5.0 (Macintosh; Intel Mac OS X 10_15_7) AppleWebKit/537.36 (KHTML, like Gecko) Chrome/131.0.0.0 Safari/537.36; compatible; OAI-SearchBot/1.3; robots.txt; +https://openai.com/searchbot"
74.7.227.142 - - [16/Mar/2026:20:55:59 +0000] "GET /resources/js/components/layouts/backend/?ND HTTP/1.1" 200 686 "http://www.mianjeepos.bms69.com/resources/js/components/layouts/backend/" "Mozilla/5.0 AppleWebKit/537.36 (KHTML, like Gecko; compatible; GPTBot/1.3; +https://openai.com/gptbot)"
74.7.227.142 - - [16/Mar/2026:20:56:11 +0000] "GET /vendor/maatwebsite/excel/src/Exceptions/?ND HTTP/1.1" 200 1231 "http://www.mianjeepos.bms69.com/vendor/maatwebsite/excel/src/Exceptions/" "Mozilla/5.0 AppleWebKit/537.36 (KHTML, like Gecko; compatible; GPTBot/1.3; +https://openai.com/gptbot)"
74.7.227.142 - - [16/Mar/2026:20:57:04 +0000] "GET /vendor/maatwebsite/excel/src/Exceptions/SheetNotFoundException.php HTTP/1.1" 500 0 "http://www.mianjeepos.bms69.com/vendor/maatwebsite/excel/src/Exceptions/?MA" "Mozilla/5.0 AppleWebKit/537.36 (KHTML, like Gecko; compatible; GPTBot/1.3; +https://openai.com/gptbot)"
74.7.227.166 - - [16/Mar/2026:20:57:44 +0000] "GET /vendor/laravel/framework/src/Illuminate/Queue/WorkerOptions.php HTTP/1.1" 200 0 "http://mianjeepos.bms69.com/vendor/laravel/framework/src/Illuminate/Queue/" "Mozilla/5.0 AppleWebKit/537.36 (KHTML, like Gecko; compatible; GPTBot/1.3; +https://openai.com/gptbot)"
74.7.227.142 - - [16/Mar/2026:20:58:06 +0000] "GET /vendor/maatwebsite/excel/src/Exceptions/NoFilePathGivenException.php HTTP/1.1" 500 0 "http://www.mianjeepos.bms69.com/vendor/maatwebsite/excel/src/Exceptions/?MA" "Mozilla/5.0 AppleWebKit/537.36 (KHTML, like Gecko; compatible; GPTBot/1.3; +https://openai.com/gptbot)"
74.7.227.166 - - [16/Mar/2026:20:59:40 +0000] "GET /vendor/symfony/http-kernel/Controller/ArgumentResolver/?SD HTTP/1.1" 200 1313 "http://mianjeepos.bms69.com/vendor/symfony/http-kernel/Controller/ArgumentResolver/?SA" "Mozilla/5.0 AppleWebKit/537.36 (KHTML, like Gecko; compatible; GPTBot/1.3; +https://openai.com/gptbot)"
74.7.227.142 - - [16/Mar/2026:20:54:27 +0000] "GET /vendor/maatwebsite/excel/src/Exceptions/?SA HTTP/1.1" 200 1221 "http://www.mianjeepos.bms69.com/vendor/maatwebsite/excel/src/Exceptions/" "Mozilla/5.0 AppleWebKit/537.36 (KHTML, like Gecko; compatible; GPTBot/1.3; +https://openai.com/gptbot)"
74.7.227.142 - - [16/Mar/2026:20:55:10 +0000] "GET /vendor/symfony/routing/Generator/Dumper/?SA HTTP/1.1" 200 786 "http://www.mianjeepos.bms69.com/vendor/symfony/routing/Generator/Dumper/" "Mozilla/5.0 AppleWebKit/537.36 (KHTML, like Gecko; compatible; GPTBot/1.3; +https://openai.com/gptbot)"
74.7.227.142 - - [16/Mar/2026:20:55:27 +0000] "GET /resources/js/components/layouts/backend/?MA HTTP/1.1" 200 688 "http://www.mianjeepos.bms69.com/resources/js/components/layouts/backend/" "Mozilla/5.0 AppleWebKit/537.36 (KHTML, like Gecko; compatible; GPTBot/1.3; +https://openai.com/gptbot)"
74.7.227.166 - - [16/Mar/2026:20:55:40 +0000] "GET /vendor/laravel/framework/src/Illuminate/Queue/SerializesModels.php HTTP/1.1" 500 0 "http://mianjeepos.bms69.com/vendor/laravel/framework/src/Illuminate/Queue/" "Mozilla/5.0 AppleWebKit/537.36 (KHTML, like Gecko; compatible; GPTBot/1.3; +https://openai.com/gptbot)"
74.7.227.142 - - [16/Mar/2026:20:55:43 +0000] "GET /vendor/sebastian/complexity/src/Visitor/?MA HTTP/1.1" 200 762 "http://www.mianjeepos.bms69.com/vendor/sebastian/complexity/src/Visitor/" "Mozilla/5.0 AppleWebKit/537.36 (KHTML, like Gecko; compatible; GPTBot/1.3; +https://openai.com/gptbot)"
74.7.227.142 - - [16/Mar/2026:20:56:22 +0000] "GET /vendor/symfony/routing/Generator/Dumper/CompiledUrlGeneratorDumper.php HTTP/1.1" 500 0 "http://www.mianjeepos.bms69.com/vendor/symfony/routing/Generator/Dumper/?ND" "Mozilla/5.0 AppleWebKit/537.36 (KHTML, like Gecko; compatible; GPTBot/1.3; +https://openai.com/gptbot)"
74.7.227.142 - - [16/Mar/2026:20:56:33 +0000] "GET /vendor/symfony/routing/Generator/Dumper/GeneratorDumper.php HTTP/1.1" 500 0 "http://www.mianjeepos.bms69.com/vendor/symfony/routing/Generator/Dumper/?ND" "Mozilla/5.0 AppleWebKit/537.36 (KHTML, like Gecko; compatible; GPTBot/1.3; +https://openai.com/gptbot)"
74.7.227.166 - - [16/Mar/2026:20:56:39 +0000] "GET /vendor/doctrine/dbal/src/Driver/Exception/UnknownParameterType.php HTTP/1.1" 500 0 "http://mianjeepos.bms69.com/vendor/doctrine/dbal/src/Driver/Exception/" "Mozilla/5.0 AppleWebKit/537.36 (KHTML, like Gecko; compatible; GPTBot/1.3; +https://openai.com/gptbot)"
74.7.175.187 - - [16/Mar/2026:20:56:39 +0000] "GET /robots.txt HTTP/1.1" 404 1251 "-" "Mozilla/5.0 (Macintosh; Intel Mac OS X 10_15_7) AppleWebKit/537.36 (KHTML, like Gecko) Chrome/131.0.0.0 Safari/537.36; compatible; OAI-SearchBot/1.3; robots.txt; +https://openai.com/searchbot"
74.7.227.166 - - [16/Mar/2026:20:58:44 +0000] "GET /vendor/laravel/framework/src/Illuminate/Http/UploadedFile.php HTTP/1.1" 500 0 "http://mianjeepos.bms69.com/vendor/laravel/framework/src/Illuminate/Http/" "Mozilla/5.0 AppleWebKit/537.36 (KHTML, like Gecko; compatible; GPTBot/1.3; +https://openai.com/gptbot)"
74.7.227.142 - - [16/Mar/2026:20:59:09 +0000] "GET /vendor/maatwebsite/excel/src/Exceptions/NoSheetsFoundException.php HTTP/1.1" 500 0 "http://www.mianjeepos.bms69.com/vendor/maatwebsite/excel/src/Exceptions/?MA" "Mozilla/5.0 AppleWebKit/537.36 (KHTML, like Gecko; compatible; GPTBot/1.3; +https://openai.com/gptbot)"
74.7.227.142 - - [16/Mar/2026:21:00:14 +0000] "GET /vendor/sebastian/complexity/src/Visitor/CyclomaticComplexityCalculatingVisitor.php HTTP/1.1" 500 0 "http://www.mianjeepos.bms69.com/vendor/sebastian/complexity/src/Visitor/?SA" "Mozilla/5.0 AppleWebKit/537.36 (KHTML, like Gecko; compatible; GPTBot/1.3; +https://openai.com/gptbot)"
74.7.244.31 - - [16/Mar/2026:21:00:14 +0000] "GET /robots.txt HTTP/1.1" 404 1251 "-" "Mozilla/5.0 (Macintosh; Intel Mac OS X 10_15_7) AppleWebKit/537.36 (KHTML, like Gecko) Chrome/131.0.0.0 Safari/537.36; compatible; OAI-SearchBot/1.3; robots.txt; +https://openai.com/searchbot"
74.7.227.142 - - [16/Mar/2026:21:01:19 +0000] "GET /vendor/sebastian/complexity/src/Visitor/ComplexityCalculatingVisitor.php HTTP/1.1" 500 0 "http://www.mianjeepos.bms69.com/vendor/sebastian/complexity/src/Visitor/?SA" "Mozilla/5.0 AppleWebKit/537.36 (KHTML, like Gecko; compatible; GPTBot/1.3; +https://openai.com/gptbot)"
74.7.227.166 - - [16/Mar/2026:21:01:40 +0000] "GET /vendor/symfony/http-kernel/Controller/ArgumentResolver/?MD HTTP/1.1" 200 1316 "http://mianjeepos.bms69.com/vendor/symfony/http-kernel/Controller/ArgumentResolver/?MA" "Mozilla/5.0 AppleWebKit/537.36 (KHTML, like Gecko; compatible; GPTBot/1.3; +https://openai.com/gptbot)"
74.7.227.166 - - [16/Mar/2026:21:02:34 +0000] "GET /vendor/league/config/?MA HTTP/1.1" 200 756 "http://mianjeepos.bms69.com/vendor/league/config/" "Mozilla/5.0 AppleWebKit/537.36 (KHTML, like Gecko; compatible; GPTBot/1.3; +https://openai.com/gptbot)"
74.7.227.166 - - [16/Mar/2026:21:03:21 +0000] "GET /vendor/league/config/?SA HTTP/1.1" 200 753 "http://mianjeepos.bms69.com/vendor/league/config/" "Mozilla/5.0 AppleWebKit/537.36 (KHTML, like Gecko; compatible; GPTBot/1.3; +https://openai.com/gptbot)"
74.7.227.166 - - [16/Mar/2026:21:04:03 +0000] "GET /vendor/league/config/?ND HTTP/1.1" 200 745 "http://mianjeepos.bms69.com/vendor/league/config/" "Mozilla/5.0 AppleWebKit/537.36 (KHTML, like Gecko; compatible; GPTBot/1.3; +https://openai.com/gptbot)"
74.7.227.142 - - [16/Mar/2026:21:04:29 +0000] "GET /vendor/maatwebsite/excel/src/Exceptions/NoTypeDetectedException.php HTTP/1.1" 500 0 "http://www.mianjeepos.bms69.com/vendor/maatwebsite/excel/src/Exceptions/?MA" "Mozilla/5.0 AppleWebKit/537.36 (KHTML, like Gecko; compatible; GPTBot/1.3; +https://openai.com/gptbot)"
74.7.227.142 - - [16/Mar/2026:21:05:33 +0000] "GET /vendor/maatwebsite/excel/src/Exceptions/ConcernConflictException.php HTTP/1.1" 500 0 "http://www.mianjeepos.bms69.com/vendor/maatwebsite/excel/src/Exceptions/?MA" "Mozilla/5.0 AppleWebKit/537.36 (KHTML, like Gecko; compatible; GPTBot/1.3; +https://openai.com/gptbot)"
74.7.227.166 - - [16/Mar/2026:21:06:20 +0000] "GET /vendor/laravel/framework/src/Illuminate/Broadcasting/InteractsWithSockets.php HTTP/1.1" 200 0 "http://mianjeepos.bms69.com/vendor/laravel/framework/src/Illuminate/Broadcasting/" "Mozilla/5.0 AppleWebKit/537.36 (KHTML, like Gecko; compatible; GPTBot/1.3; +https://openai.com/gptbot)"
74.7.227.166 - - [16/Mar/2026:21:07:19 +0000] "GET /vendor/phpoffice/phpspreadsheet/src/PhpSpreadsheet/Calculation/DateTimeExcel/NetworkDays.php HTTP/1.1" 500 0 "http://mianjeepos.bms69.com/vendor/phpoffice/phpspreadsheet/src/PhpSpreadsheet/Calculation/DateTimeExcel/" "Mozilla/5.0 AppleWebKit/537.36 (KHTML, like Gecko; compatible; GPTBot/1.3; +https://openai.com/gptbot)"
74.7.175.187 - - [16/Mar/2026:21:07:19 +0000] "GET /robots.txt HTTP/1.1" 404 1251 "-" "Mozilla/5.0 (Macintosh; Intel Mac OS X 10_15_7) AppleWebKit/537.36 (KHTML, like Gecko) Chrome/131.0.0.0 Safari/537.36; compatible; OAI-SearchBot/1.3; robots.txt; +https://openai.com/searchbot"
74.7.227.142 - - [16/Mar/2026:21:07:43 +0000] "GET /vendor/maatwebsite/excel/src/Exceptions/?MD HTTP/1.1" 200 1226 "http://www.mianjeepos.bms69.com/vendor/maatwebsite/excel/src/Exceptions/?MA" "Mozilla/5.0 AppleWebKit/537.36 (KHTML, like Gecko; compatible; GPTBot/1.3; +https://openai.com/gptbot)"
74.7.227.166 - - [16/Mar/2026:21:08:08 +0000] "GET /vendor/league/commonmark/src/Extension/TableOfContents/Normalizer/FlatNormalizerStrategy.php HTTP/1.1" 500 0 "http://mianjeepos.bms69.com/vendor/league/commonmark/src/Extension/TableOfContents/Normalizer/" "Mozilla/5.0 AppleWebKit/537.36 (KHTML, like Gecko; compatible; GPTBot/1.3; +https://openai.com/gptbot)"
74.7.227.166 - - [16/Mar/2026:21:09:14 +0000] "GET /vendor/symfony/http-kernel/Controller/ArgumentResolver/NotTaggedControllerValueResolver.php HTTP/1.1" 500 0 "http://mianjeepos.bms69.com/vendor/symfony/http-kernel/Controller/ArgumentResolver/?SD" "Mozilla/5.0 AppleWebKit/537.36 (KHTML, like Gecko; compatible; GPTBot/1.3; +https://openai.com/gptbot)"
74.7.227.166 - - [16/Mar/2026:21:00:41 +0000] "GET /vendor/symfony/http-kernel/Controller/ArgumentResolver/?ND HTTP/1.1" 200 1326 "http://mianjeepos.bms69.com/vendor/symfony/http-kernel/Controller/ArgumentResolver/" "Mozilla/5.0 AppleWebKit/537.36 (KHTML, like Gecko; compatible; GPTBot/1.3; +https://openai.com/gptbot)"
74.7.175.187 - - [16/Mar/2026:21:01:41 +0000] "GET /robots.txt HTTP/1.1" 404 1251 "-" "Mozilla/5.0 (Macintosh; Intel Mac OS X 10_15_7) AppleWebKit/537.36 (KHTML, like Gecko) Chrome/131.0.0.0 Safari/537.36; compatible; OAI-SearchBot/1.3; robots.txt; +https://openai.com/searchbot"
74.7.227.142 - - [16/Mar/2026:21:02:24 +0000] "GET /vendor/maatwebsite/excel/src/Exceptions/NoFilenameGivenException.php HTTP/1.1" 500 0 "http://www.mianjeepos.bms69.com/vendor/maatwebsite/excel/src/Exceptions/?MA" "Mozilla/5.0 AppleWebKit/537.36 (KHTML, like Gecko; compatible; GPTBot/1.3; +https://openai.com/gptbot)"
74.7.227.142 - - [16/Mar/2026:21:03:26 +0000] "GET /vendor/maatwebsite/excel/src/Exceptions/UnreadableFileException.php HTTP/1.1" 500 0 "http://www.mianjeepos.bms69.com/vendor/maatwebsite/excel/src/Exceptions/?MA" "Mozilla/5.0 AppleWebKit/537.36 (KHTML, like Gecko; compatible; GPTBot/1.3; +https://openai.com/gptbot)"
74.7.227.166 - - [16/Mar/2026:21:04:41 +0000] "GET /vendor/laravel/framework/src/Illuminate/Database/ConfigurationUrlParser.php HTTP/1.1" 500 0 "http://mianjeepos.bms69.com/vendor/laravel/framework/src/Illuminate/Database/" "Mozilla/5.0 AppleWebKit/537.36 (KHTML, like Gecko; compatible; GPTBot/1.3; +https://openai.com/gptbot)"
74.7.227.166 - - [16/Mar/2026:21:05:16 +0000] "GET /vendor/laravel/framework/src/Illuminate/Routing/ControllerMiddlewareOptions.php HTTP/1.1" 200 0 "http://mianjeepos.bms69.com/vendor/laravel/framework/src/Illuminate/Routing/" "Mozilla/5.0 AppleWebKit/537.36 (KHTML, like Gecko; compatible; GPTBot/1.3; +https://openai.com/gptbot)"
74.7.244.31 - - [16/Mar/2026:21:05:33 +0000] "GET /robots.txt HTTP/1.1" 404 1251 "-" "Mozilla/5.0 (Macintosh; Intel Mac OS X 10_15_7) AppleWebKit/537.36 (KHTML, like Gecko) Chrome/131.0.0.0 Safari/537.36; compatible; OAI-SearchBot/1.3; robots.txt; +https://openai.com/searchbot"
74.7.227.142 - - [16/Mar/2026:21:06:38 +0000] "GET /vendor/maatwebsite/excel/src/Exceptions/?NA HTTP/1.1" 200 1223 "http://www.mianjeepos.bms69.com/vendor/maatwebsite/excel/src/Exceptions/?MA" "Mozilla/5.0 AppleWebKit/537.36 (KHTML, like Gecko; compatible; GPTBot/1.3; +https://openai.com/gptbot)"
74.7.227.142 - - [16/Mar/2026:21:08:40 +0000] "GET /vendor/sebastian/complexity/src/Visitor/?SD HTTP/1.1" 200 754 "http://www.mianjeepos.bms69.com/vendor/sebastian/complexity/src/Visitor/?SA" "Mozilla/5.0 AppleWebKit/537.36 (KHTML, like Gecko; compatible; GPTBot/1.3; +https://openai.com/gptbot)"
74.7.227.142 - - [16/Mar/2026:21:09:33 +0000] "GET /vendor/sebastian/complexity/src/Visitor/?MD HTTP/1.1" 200 755 "http://www.mianjeepos.bms69.com/vendor/sebastian/complexity/src/Visitor/?MA" "Mozilla/5.0 AppleWebKit/537.36 (KHTML, like Gecko; compatible; GPTBot/1.3; +https://openai.com/gptbot)"
74.7.227.142 - - [16/Mar/2026:21:10:20 +0000] "GET /resources/js/components/layouts/backend/?NA HTTP/1.1" 200 681 "http://www.mianjeepos.bms69.com/resources/js/components/layouts/backend/?SA" "Mozilla/5.0 AppleWebKit/537.36 (KHTML, like Gecko; compatible; GPTBot/1.3; +https://openai.com/gptbot)"
74.7.227.142 - - [16/Mar/2026:21:11:02 +0000] "GET /vendor/maatwebsite/excel/src/Exceptions/?SD HTTP/1.1" 200 1240 "http://www.mianjeepos.bms69.com/vendor/maatwebsite/excel/src/Exceptions/?SA" "Mozilla/5.0 AppleWebKit/537.36 (KHTML, like Gecko; compatible; GPTBot/1.3; +https://openai.com/gptbot)"
74.7.244.31 - - [16/Mar/2026:21:11:02 +0000] "GET /robots.txt HTTP/1.1" 404 1251 "-" "Mozilla/5.0 (Macintosh; Intel Mac OS X 10_15_7) AppleWebKit/537.36 (KHTML, like Gecko) Chrome/131.0.0.0 Safari/537.36; compatible; OAI-SearchBot/1.3; robots.txt; +https://openai.com/searchbot"
74.7.227.142 - - [16/Mar/2026:21:11:39 +0000] "GET /vendor/sebastian/complexity/src/Visitor/?NA HTTP/1.1" 200 756 "http://www.mianjeepos.bms69.com/vendor/sebastian/complexity/src/Visitor/?SA" "Mozilla/5.0 AppleWebKit/537.36 (KHTML, like Gecko; compatible; GPTBot/1.3; +https://openai.com/gptbot)"
74.7.227.166 - - [16/Mar/2026:21:12:22 +0000] "GET /vendor/league/config/CHANGELOG.md HTTP/1.1" 200 1283 "http://mianjeepos.bms69.com/vendor/league/config/?MA" "Mozilla/5.0 AppleWebKit/537.36 (KHTML, like Gecko; compatible; GPTBot/1.3; +https://openai.com/gptbot)"
74.7.227.142 - - [16/Mar/2026:21:12:41 +0000] "GET /vendor/symfony/routing/Generator/Dumper/?SD HTTP/1.1" 200 774 "http://www.mianjeepos.bms69.com/vendor/symfony/routing/Generator/Dumper/?SA" "Mozilla/5.0 AppleWebKit/537.36 (KHTML, like Gecko; compatible; GPTBot/1.3; +https://openai.com/gptbot)"
74.7.227.142 - - [16/Mar/2026:21:13:10 +0000] "GET /resources/js/components/layouts/backend/?SD HTTP/1.1" 200 688 "http://www.mianjeepos.bms69.com/resources/js/components/layouts/backend/?SA" "Mozilla/5.0 AppleWebKit/537.36 (KHTML, like Gecko; compatible; GPTBot/1.3; +https://openai.com/gptbot)"
74.7.227.166 - - [16/Mar/2026:21:13:25 +0000] "GET /vendor/symfony/http-kernel/Controller/ArgumentResolver/VariadicValueResolver.php HTTP/1.1" 500 0 "http://mianjeepos.bms69.com/vendor/symfony/http-kernel/Controller/ArgumentResolver/?SD" "Mozilla/5.0 AppleWebKit/537.36 (KHTML, like Gecko; compatible; GPTBot/1.3; +https://openai.com/gptbot)"
74.7.227.142 - - [16/Mar/2026:21:13:31 +0000] "GET /vendor/symfony/routing/Generator/Dumper/?MD HTTP/1.1" 200 782 "http://www.mianjeepos.bms69.com/vendor/symfony/routing/Generator/Dumper/?MA" "Mozilla/5.0 AppleWebKit/537.36 (KHTML, like Gecko; compatible; GPTBot/1.3; +https://openai.com/gptbot)"
74.7.227.142 - - [16/Mar/2026:21:14:31 +0000] "GET /vendor/doctrine/dbal/src/Driver/PDO/Result.php HTTP/1.1" 500 0 "http://www.mianjeepos.bms69.com/vendor/doctrine/dbal/src/Driver/PDO/" "Mozilla/5.0 AppleWebKit/537.36 (KHTML, like Gecko; compatible; GPTBot/1.3; +https://openai.com/gptbot)"
74.7.227.142 - - [16/Mar/2026:21:14:47 +0000] "GET /vendor/ezyang/htmlpurifier/library/HTMLPurifier/Printer/CSSDefinition.php HTTP/1.1" 500 0 "http://www.mianjeepos.bms69.com/vendor/ezyang/htmlpurifier/library/HTMLPurifier/Printer/" "Mozilla/5.0 AppleWebKit/537.36 (KHTML, like Gecko; compatible; GPTBot/1.3; +https://openai.com/gptbot)"
74.7.227.142 - - [16/Mar/2026:21:15:33 +0000] "GET /vendor/maximebf/debugbar/src/DebugBar/DataCollector/MemoryCollector.php HTTP/1.1" 500 0 "http://www.mianjeepos.bms69.com/vendor/maximebf/debugbar/src/DebugBar/DataCollector/" "Mozilla/5.0 AppleWebKit/537.36 (KHTML, like Gecko; compatible; GPTBot/1.3; +https://openai.com/gptbot)"
74.7.227.166 - - [16/Mar/2026:21:16:25 +0000] "GET /vendor/symfony/http-kernel/Controller/ArgumentResolver/DefaultValueResolver.php HTTP/1.1" 500 0 "http://mianjeepos.bms69.com/vendor/symfony/http-kernel/Controller/ArgumentResolver/?SD" "Mozilla/5.0 AppleWebKit/537.36 (KHTML, like Gecko; compatible; GPTBot/1.3; +https://openai.com/gptbot)"
74.7.227.166 - - [16/Mar/2026:21:10:20 +0000] "GET /vendor/symfony/http-kernel/Controller/ArgumentResolver/TraceableValueResolver.php HTTP/1.1" 500 0 "http://mianjeepos.bms69.com/vendor/symfony/http-kernel/Controller/ArgumentResolver/?SD" "Mozilla/5.0 AppleWebKit/537.36 (KHTML, like Gecko; compatible; GPTBot/1.3; +https://openai.com/gptbot)"
74.7.227.166 - - [16/Mar/2026:21:11:20 +0000] "GET /vendor/symfony/http-kernel/Controller/ArgumentResolver/DateTimeValueResolver.php HTTP/1.1" 500 0 "http://mianjeepos.bms69.com/vendor/symfony/http-kernel/Controller/ArgumentResolver/?SD" "Mozilla/5.0 AppleWebKit/537.36 (KHTML, like Gecko; compatible; GPTBot/1.3; +https://openai.com/gptbot)"
74.7.227.142 - - [16/Mar/2026:21:12:12 +0000] "GET /vendor/symfony/routing/Generator/Dumper/?NA HTTP/1.1" 200 775 "http://www.mianjeepos.bms69.com/vendor/symfony/routing/Generator/Dumper/?ND" "Mozilla/5.0 AppleWebKit/537.36 (KHTML, like Gecko; compatible; GPTBot/1.3; +https://openai.com/gptbot)"
74.7.175.187 - - [16/Mar/2026:21:12:22 +0000] "GET /robots.txt HTTP/1.1" 404 1251 "-" "Mozilla/5.0 (Macintosh; Intel Mac OS X 10_15_7) AppleWebKit/537.36 (KHTML, like Gecko) Chrome/131.0.0.0 Safari/537.36; compatible; OAI-SearchBot/1.3; robots.txt; +https://openai.com/searchbot"
74.7.227.142 - - [16/Mar/2026:21:13:53 +0000] "GET /resources/js/components/layouts/backend/?MD HTTP/1.1" 200 688 "http://www.mianjeepos.bms69.com/resources/js/components/layouts/backend/?MA" "Mozilla/5.0 AppleWebKit/537.36 (KHTML, like Gecko; compatible; GPTBot/1.3; +https://openai.com/gptbot)"
74.7.227.142 - - [16/Mar/2026:21:14:14 +0000] "GET /vendor/sebastian/complexity/src/Visitor/?ND HTTP/1.1" 200 750 "http://www.mianjeepos.bms69.com/vendor/sebastian/complexity/src/Visitor/" "Mozilla/5.0 AppleWebKit/537.36 (KHTML, like Gecko; compatible; GPTBot/1.3; +https://openai.com/gptbot)"
74.7.227.166 - - [16/Mar/2026:21:14:21 +0000] "GET /vendor/symfony/http-kernel/Controller/ArgumentResolver/UidValueResolver.php HTTP/1.1" 500 0 "http://mianjeepos.bms69.com/vendor/symfony/http-kernel/Controller/ArgumentResolver/?SD" "Mozilla/5.0 AppleWebKit/537.36 (KHTML, like Gecko; compatible; GPTBot/1.3; +https://openai.com/gptbot)"
74.7.227.166 - - [16/Mar/2026:21:15:22 +0000] "GET /vendor/symfony/http-kernel/Controller/ArgumentResolver/SessionValueResolver.php HTTP/1.1" 500 0 "http://mianjeepos.bms69.com/vendor/symfony/http-kernel/Controller/ArgumentResolver/?SD" "Mozilla/5.0 AppleWebKit/537.36 (KHTML, like Gecko; compatible; GPTBot/1.3; +https://openai.com/gptbot)"
74.7.244.31 - - [16/Mar/2026:21:16:36 +0000] "GET /robots.txt HTTP/1.1" 404 1251 "-" "Mozilla/5.0 (Macintosh; Intel Mac OS X 10_15_7) AppleWebKit/537.36 (KHTML, like Gecko) Chrome/131.0.0.0 Safari/537.36; compatible; OAI-SearchBot/1.3; robots.txt; +https://openai.com/searchbot"
74.7.227.166 - - [16/Mar/2026:21:17:27 +0000] "GET /vendor/symfony/http-kernel/Controller/ArgumentResolver/ServiceValueResolver.php HTTP/1.1" 500 0 "http://mianjeepos.bms69.com/vendor/symfony/http-kernel/Controller/ArgumentResolver/?SD" "Mozilla/5.0 AppleWebKit/537.36 (KHTML, like Gecko; compatible; GPTBot/1.3; +https://openai.com/gptbot)"
74.7.227.142 - - [16/Mar/2026:21:18:43 +0000] "GET /vendor/ezyang/htmlpurifier/library/HTMLPurifier/Printer/ConfigForm.php HTTP/1.1" 500 0 "http://www.mianjeepos.bms69.com/vendor/ezyang/htmlpurifier/library/HTMLPurifier/Printer/" "Mozilla/5.0 AppleWebKit/537.36 (KHTML, like Gecko; compatible; GPTBot/1.3; +https://openai.com/gptbot)"
74.7.227.166 - - [16/Mar/2026:21:20:42 +0000] "GET /vendor/symfony/http-kernel/Controller/ArgumentResolver/BackedEnumValueResolver.php HTTP/1.1" 500 0 "http://mianjeepos.bms69.com/vendor/symfony/http-kernel/Controller/ArgumentResolver/?SD" "Mozilla/5.0 AppleWebKit/537.36 (KHTML, like Gecko; compatible; GPTBot/1.3; +https://openai.com/gptbot)"
74.7.227.142 - - [16/Mar/2026:21:16:36 +0000] "GET /vendor/maximebf/debugbar/src/DebugBar/DataCollector/ConfigCollector.php HTTP/1.1" 500 0 "http://www.mianjeepos.bms69.com/vendor/maximebf/debugbar/src/DebugBar/DataCollector/" "Mozilla/5.0 AppleWebKit/537.36 (KHTML, like Gecko; compatible; GPTBot/1.3; +https://openai.com/gptbot)"
74.7.175.187 - - [16/Mar/2026:21:17:27 +0000] "GET /robots.txt HTTP/1.1" 404 1251 "-" "Mozilla/5.0 (Macintosh; Intel Mac OS X 10_15_7) AppleWebKit/537.36 (KHTML, like Gecko) Chrome/131.0.0.0 Safari/537.36; compatible; OAI-SearchBot/1.3; robots.txt; +https://openai.com/searchbot"
74.7.227.142 - - [16/Mar/2026:21:17:38 +0000] "GET /vendor/ezyang/htmlpurifier/library/HTMLPurifier/VarParser/Native.php HTTP/1.1" 500 0 "http://www.mianjeepos.bms69.com/vendor/ezyang/htmlpurifier/library/HTMLPurifier/VarParser/" "Mozilla/5.0 AppleWebKit/537.36 (KHTML, like Gecko; compatible; GPTBot/1.3; +https://openai.com/gptbot)"
74.7.227.166 - - [16/Mar/2026:21:18:32 +0000] "GET /vendor/symfony/http-kernel/Controller/ArgumentResolver/RequestValueResolver.php HTTP/1.1" 500 0 "http://mianjeepos.bms69.com/vendor/symfony/http-kernel/Controller/ArgumentResolver/?SD" "Mozilla/5.0 AppleWebKit/537.36 (KHTML, like Gecko; compatible; GPTBot/1.3; +https://openai.com/gptbot)"
74.7.227.166 - - [16/Mar/2026:21:19:36 +0000] "GET /vendor/symfony/http-kernel/Controller/ArgumentResolver/RequestAttributeValueResolver.php HTTP/1.1" 500 0 "http://mianjeepos.bms69.com/vendor/symfony/http-kernel/Controller/ArgumentResolver/?SD" "Mozilla/5.0 AppleWebKit/537.36 (KHTML, like Gecko; compatible; GPTBot/1.3; +https://openai.com/gptbot)"
74.7.227.142 - - [16/Mar/2026:21:19:44 +0000] "GET /vendor/league/commonmark/src/Extension/TaskList/TaskListItemMarker.php HTTP/1.1" 500 0 "http://www.mianjeepos.bms69.com/vendor/league/commonmark/src/Extension/TaskList/" "Mozilla/5.0 AppleWebKit/537.36 (KHTML, like Gecko; compatible; GPTBot/1.3; +https://openai.com/gptbot)"
74.7.227.166 - - [16/Mar/2026:21:21:42 +0000] "GET /vendor/symfony/http-kernel/Controller/ArgumentResolver/QueryParameterValueResolver.php HTTP/1.1" 500 0 "http://mianjeepos.bms69.com/vendor/symfony/http-kernel/Controller/ArgumentResolver/?SD" "Mozilla/5.0 AppleWebKit/537.36 (KHTML, like Gecko; compatible; GPTBot/1.3; +https://openai.com/gptbot)"
74.7.227.142 - - [16/Mar/2026:21:21:54 +0000] "GET /vendor/maximebf/debugbar/src/DebugBar/DataCollector/MessagesCollector.php HTTP/1.1" 500 0 "http://www.mianjeepos.bms69.com/vendor/maximebf/debugbar/src/DebugBar/DataCollector/" "Mozilla/5.0 AppleWebKit/537.36 (KHTML, like Gecko; compatible; GPTBot/1.3; +https://openai.com/gptbot)"
74.7.244.31 - - [16/Mar/2026:21:21:54 +0000] "GET /robots.txt HTTP/1.1" 404 1251 "-" "Mozilla/5.0 (Macintosh; Intel Mac OS X 10_15_7) AppleWebKit/537.36 (KHTML, like Gecko) Chrome/131.0.0.0 Safari/537.36; compatible; OAI-SearchBot/1.3; robots.txt; +https://openai.com/searchbot"
74.7.227.166 - - [16/Mar/2026:21:22:45 +0000] "GET /vendor/symfony/http-kernel/Controller/ArgumentResolver/RequestPayloadValueResolver.php HTTP/1.1" 500 0 "http://mianjeepos.bms69.com/vendor/symfony/http-kernel/Controller/ArgumentResolver/?SD" "Mozilla/5.0 AppleWebKit/537.36 (KHTML, like Gecko; compatible; GPTBot/1.3; +https://openai.com/gptbot)"
74.7.227.166 - - [16/Mar/2026:21:23:50 +0000] "GET /vendor/league/config/?NA HTTP/1.1" 200 748 "http://mianjeepos.bms69.com/vendor/league/config/?MA" "Mozilla/5.0 AppleWebKit/537.36 (KHTML, like Gecko; compatible; GPTBot/1.3; +https://openai.com/gptbot)"
74.7.227.142 - - [16/Mar/2026:21:23:57 +0000] "GET /vendor/symfony/polyfill-intl-normalizer/Resources/unidata/?SA HTTP/1.1" 200 769 "http://www.mianjeepos.bms69.com/vendor/symfony/polyfill-intl-normalizer/Resources/unidata/" "Mozilla/5.0 AppleWebKit/537.36 (KHTML, like Gecko; compatible; GPTBot/1.3; +https://openai.com/gptbot)"
74.7.227.142 - - [16/Mar/2026:21:20:49 +0000] "GET /vendor/psy/psysh/src/Command/ListCommand/GlobalVariableEnumerator.php HTTP/1.1" 500 0 "http://www.mianjeepos.bms69.com/vendor/psy/psysh/src/Command/ListCommand/" "Mozilla/5.0 AppleWebKit/537.36 (KHTML, like Gecko; compatible; GPTBot/1.3; +https://openai.com/gptbot)"
74.7.175.187 - - [16/Mar/2026:21:22:45 +0000] "GET /robots.txt HTTP/1.1" 404 1251 "-" "Mozilla/5.0 (Macintosh; Intel Mac OS X 10_15_7) AppleWebKit/537.36 (KHTML, like Gecko) Chrome/131.0.0.0 Safari/537.36; compatible; OAI-SearchBot/1.3; robots.txt; +https://openai.com/searchbot"
74.7.227.142 - - [16/Mar/2026:21:22:57 +0000] "GET /vendor/symfony/polyfill-intl-normalizer/Resources/unidata/?MA HTTP/1.1" 200 765 "http://www.mianjeepos.bms69.com/vendor/symfony/polyfill-intl-normalizer/Resources/unidata/" "Mozilla/5.0 AppleWebKit/537.36 (KHTML, like Gecko; compatible; GPTBot/1.3; +https://openai.com/gptbot)"
74.7.227.142 - - [16/Mar/2026:21:24:54 +0000] "GET /vendor/symfony/polyfill-intl-normalizer/Resources/unidata/?ND HTTP/1.1" 200 769 "http://www.mianjeepos.bms69.com/vendor/symfony/polyfill-intl-normalizer/Resources/unidata/" "Mozilla/5.0 AppleWebKit/537.36 (KHTML, like Gecko; compatible; GPTBot/1.3; +https://openai.com/gptbot)"
74.7.227.142 - - [16/Mar/2026:21:25:46 +0000] "GET /vendor/laravel/framework/src/Illuminate/Validation/ValidatesWhenResolvedTrait.php HTTP/1.1" 200 0 "http://www.mianjeepos.bms69.com/vendor/laravel/framework/src/Illuminate/Validation/" "Mozilla/5.0 AppleWebKit/537.36 (KHTML, like Gecko; compatible; GPTBot/1.3; +https://openai.com/gptbot)"
74.7.227.166 - - [16/Mar/2026:21:25:51 +0000] "GET /vendor/league/config/?MD HTTP/1.1" 200 754 "http://mianjeepos.bms69.com/vendor/league/config/?MA" "Mozilla/5.0 AppleWebKit/537.36 (KHTML, like Gecko; compatible; GPTBot/1.3; +https://openai.com/gptbot)"
74.7.227.166 - - [16/Mar/2026:21:24:54 +0000] "GET /vendor/league/config/?SD HTTP/1.1" 200 751 "http://mianjeepos.bms69.com/vendor/league/config/?SA" "Mozilla/5.0 AppleWebKit/537.36 (KHTML, like Gecko; compatible; GPTBot/1.3; +https://openai.com/gptbot)"
74.7.227.142 - - [16/Mar/2026:21:26:34 +0000] "GET /vendor/league/commonmark/src/Environment/?MA HTTP/1.1" 200 784 "http://www.mianjeepos.bms69.com/vendor/league/commonmark/src/Environment/" "Mozilla/5.0 AppleWebKit/537.36 (KHTML, like Gecko; compatible; GPTBot/1.3; +https://openai.com/gptbot)"
74.7.227.166 - - [16/Mar/2026:21:26:44 +0000] "GET /vendor/spatie/laravel-medialibrary/src/Conversions/Actions/PerformConversionAction.php HTTP/1.1" 200 0 "http://mianjeepos.bms69.com/vendor/spatie/laravel-medialibrary/src/Conversions/Actions/" "Mozilla/5.0 AppleWebKit/537.36 (KHTML, like Gecko; compatible; GPTBot/1.3; +https://openai.com/gptbot)"
74.7.227.142 - - [16/Mar/2026:21:27:15 +0000] "GET /vendor/league/commonmark/src/Environment/?ND HTTP/1.1" 200 786 "http://www.mianjeepos.bms69.com/vendor/league/commonmark/src/Environment/" "Mozilla/5.0 AppleWebKit/537.36 (KHTML, like Gecko; compatible; GPTBot/1.3; +https://openai.com/gptbot)"
74.7.227.166 - - [16/Mar/2026:21:27:29 +0000] "GET /vendor/spatie/laravel-medialibrary/src/Conversions/Events/ConversionHasBeenCompleted.php HTTP/1.1" 500 0 "http://mianjeepos.bms69.com/vendor/spatie/laravel-medialibrary/src/Conversions/Events/" "Mozilla/5.0 AppleWebKit/537.36 (KHTML, like Gecko; compatible; GPTBot/1.3; +https://openai.com/gptbot)"
74.7.227.142 - - [16/Mar/2026:21:28:26 +0000] "GET /vendor/league/commonmark/src/Environment/?SA HTTP/1.1" 200 786 "http://www.mianjeepos.bms69.com/vendor/league/commonmark/src/Environment/" "Mozilla/5.0 AppleWebKit/537.36 (KHTML, like Gecko; compatible; GPTBot/1.3; +https://openai.com/gptbot)"
74.7.227.166 - - [16/Mar/2026:21:29:13 +0000] "GET /vendor/spatie/laravel-medialibrary/src/MediaCollections/Events/?ND HTTP/1.1" 200 766 "http://mianjeepos.bms69.com/vendor/spatie/laravel-medialibrary/src/MediaCollections/Events/" "Mozilla/5.0 AppleWebKit/537.36 (KHTML, like Gecko; compatible; GPTBot/1.3; +https://openai.com/gptbot)"
74.7.227.142 - - [16/Mar/2026:21:29:22 +0000] "GET /vendor/symfony/console/Tester/Constraint/?MA HTTP/1.1" 200 726 "http://www.mianjeepos.bms69.com/vendor/symfony/console/Tester/Constraint/" "Mozilla/5.0 AppleWebKit/537.36 (KHTML, like Gecko; compatible; GPTBot/1.3; +https://openai.com/gptbot)"
74.7.227.142 - - [16/Mar/2026:21:30:08 +0000] "GET /vendor/symfony/polyfill-intl-normalizer/Resources/unidata/?MD HTTP/1.1" 200 764 "http://www.mianjeepos.bms69.com/vendor/symfony/polyfill-intl-normalizer/Resources/unidata/?MA" "Mozilla/5.0 AppleWebKit/537.36 (KHTML, like Gecko; compatible; GPTBot/1.3; +https://openai.com/gptbot)"
74.7.227.166 - - [16/Mar/2026:21:30:14 +0000] "GET /vendor/spatie/laravel-medialibrary/src/MediaCollections/Events/?SA HTTP/1.1" 200 769 "http://mianjeepos.bms69.com/vendor/spatie/laravel-medialibrary/src/MediaCollections/Events/" "Mozilla/5.0 AppleWebKit/537.36 (KHTML, like Gecko; compatible; GPTBot/1.3; +https://openai.com/gptbot)"
74.7.227.142 - - [16/Mar/2026:21:31:13 +0000] "GET /vendor/symfony/polyfill-intl-normalizer/Resources/unidata/?SD HTTP/1.1" 200 770 "http://www.mianjeepos.bms69.com/vendor/symfony/polyfill-intl-normalizer/Resources/unidata/?SA" "Mozilla/5.0 AppleWebKit/537.36 (KHTML, like Gecko; compatible; GPTBot/1.3; +https://openai.com/gptbot)"
74.7.227.166 - - [16/Mar/2026:21:32:05 +0000] "GET /vendor/laravel/framework/src/Illuminate/Testing/PendingCommand.php HTTP/1.1" 200 0 "http://mianjeepos.bms69.com/vendor/laravel/framework/src/Illuminate/Testing/" "Mozilla/5.0 AppleWebKit/537.36 (KHTML, like Gecko; compatible; GPTBot/1.3; +https://openai.com/gptbot)"
74.7.244.31 - - [16/Mar/2026:21:33:03 +0000] "GET /robots.txt HTTP/1.1" 404 1251 "-" "Mozilla/5.0 (Macintosh; Intel Mac OS X 10_15_7) AppleWebKit/537.36 (KHTML, like Gecko) Chrome/131.0.0.0 Safari/537.36; compatible; OAI-SearchBot/1.3; robots.txt; +https://openai.com/searchbot"
74.7.227.142 - - [16/Mar/2026:21:27:50 +0000] "GET /vendor/symfony/console/Tester/Constraint/?ND HTTP/1.1" 200 719 "http://www.mianjeepos.bms69.com/vendor/symfony/console/Tester/Constraint/" "Mozilla/5.0 AppleWebKit/537.36 (KHTML, like Gecko; compatible; GPTBot/1.3; +https://openai.com/gptbot)"
74.7.227.166 - - [16/Mar/2026:21:28:11 +0000] "GET /vendor/spatie/laravel-medialibrary/src/Support/PathGenerator/DefaultPathGenerator.php HTTP/1.1" 500 0 "http://mianjeepos.bms69.com/vendor/spatie/laravel-medialibrary/src/Support/PathGenerator/" "Mozilla/5.0 AppleWebKit/537.36 (KHTML, like Gecko; compatible; GPTBot/1.3; +https://openai.com/gptbot)"
74.7.227.142 - - [16/Mar/2026:21:28:54 +0000] "GET /vendor/symfony/console/Tester/Constraint/?SA HTTP/1.1" 200 725 "http://www.mianjeepos.bms69.com/vendor/symfony/console/Tester/Constraint/" "Mozilla/5.0 AppleWebKit/537.36 (KHTML, like Gecko; compatible; GPTBot/1.3; +https://openai.com/gptbot)"
